[INFO] fetching crate uasset-lens-analysis 0.2.0...
[INFO] testing uasset-lens-analysis-0.2.0 against 1.99.0-beta.8 for beta-1.100-2
[INFO] extracting crate uasset-lens-analysis 0.2.0 into /workspace/builds/worker-0-tc1/source
[INFO] started tweaking crates.io crate uasset-lens-analysis 0.2.0
[INFO] finished tweaking crates.io crate uasset-lens-analysis 0.2.0
[INFO] tweaked toml for crates.io crate uasset-lens-analysis 0.2.0 written to /workspace/builds/worker-0-tc1/source/Cargo.toml
[INFO] validating manifest of crates.io crate uasset-lens-analysis 0.2.0 on toolchain 1.99.0-beta.8
[INFO] running `Command { std: CARGO_HOME="/workspace/cargo-home" RUSTUP_HOME="/workspace/rustup-home" "/workspace/cargo-home/bin/cargo" "+1.99.0-beta.8" "metadata" "--manifest-path" "Cargo.toml" "--no-deps", kill_on_drop: false }`
[INFO] crate crates.io crate uasset-lens-analysis 0.2.0 already has a lockfile, it will not be regenerated
[INFO] running `Command { std: CARGO_HOME="/workspace/cargo-home" RUSTUP_HOME="/workspace/rustup-home" "/workspace/cargo-home/bin/cargo" "+1.99.0-beta.8" "fetch" "--manifest-path" "Cargo.toml", kill_on_drop: false }`
[INFO] [stderr]     Updating crates.io index
[INFO] [stderr]  Downloading crates ...
[INFO] [stderr]   Downloaded uasset-lens-shared v0.2.0
[INFO] [stderr]   Downloaded uasset-lens-dependency-graph v0.2.0
[INFO] [stderr]   Downloaded hashlink v0.12.0
[INFO] [stderr]   Downloaded uasset-lens-asset-db v0.2.0
[INFO] [stderr]   Downloaded uasset-lens-scanner v0.2.0
[INFO] running `Command { std: "docker" "create" "-v" "/var/lib/crater-agent-workspace/builds/worker-0-tc1/source:/opt/rustwide/workdir:ro,Z" "-v" "/var/lib/crater-agent-workspace/builds/worker-0-tc1/target:/opt/rustwide/target:rw,Z" "-v" "/var/lib/crater-agent-workspace/cargo-home:/opt/rustwide/cargo-home:ro,Z" "-v" "/var/lib/crater-agent-workspace/rustup-home:/opt/rustwide/rustup-home:ro,Z" "-m" "1610612736" "--network" "none" "ghcr.io/rust-lang/crates-build-env/linux@sha256:3111399a4047eeb3a02b7a90e478d715f38a8c6669b5c4b49d30a17385265909" "sleep" "infinity", kill_on_drop: false }`
[INFO] [stdout] 4d1314472e091dc841141ce3a4916f75aefa9be1f9c8b42b5a8f76de1b3732d3
[INFO] running `Command { std: "docker" "start" "4d1314472e091dc841141ce3a4916f75aefa9be1f9c8b42b5a8f76de1b3732d3", kill_on_drop: false }`
[INFO] running `Command { std: "docker" "inspect" "4d1314472e091dc841141ce3a4916f75aefa9be1f9c8b42b5a8f76de1b3732d3", kill_on_drop: false }`
[INFO] running `Command { std: "docker" "exec" "-e" "SOURCE_DIR=/opt/rustwide/workdir" "-e" "CARGO_HOME=/opt/rustwide/cargo-home" "-e" "RUSTUP_HOME=/opt/rustwide/rustup-home" "-e" "CARGO_TARGET_DIR=/opt/rustwide/target" "-w" "/opt/rustwide/workdir" "--user" "0:0" "4d1314472e091dc841141ce3a4916f75aefa9be1f9c8b42b5a8f76de1b3732d3" "/opt/rustwide/cargo-home/bin/cargo" "+1.99.0-beta.8" "metadata" "--no-deps" "--format-version=1", kill_on_drop: false }`
[INFO] running `Command { std: "docker" "inspect" "4d1314472e091dc841141ce3a4916f75aefa9be1f9c8b42b5a8f76de1b3732d3", kill_on_drop: false }`
[INFO] running `Command { std: "docker" "exec" "-e" "SOURCE_DIR=/opt/rustwide/workdir" "-e" "CARGO_HOME=/opt/rustwide/cargo-home" "-e" "RUSTUP_HOME=/opt/rustwide/rustup-home" "-e" "CARGO_TARGET_DIR=/opt/rustwide/target" "-e" "CARGO_INCREMENTAL=0" "-e" "RUST_BACKTRACE=full" "-e" "RUSTFLAGS=--cap-lints=warn" "-e" "RUSTDOCFLAGS=--cap-lints=warn" "-w" "/opt/rustwide/workdir" "--user" "0:0" "4d1314472e091dc841141ce3a4916f75aefa9be1f9c8b42b5a8f76de1b3732d3" "/opt/rustwide/cargo-home/bin/cargo" "+1.99.0-beta.8" "build" "--frozen" "--message-format=json", kill_on_drop: false }`
[INFO] [stderr]    Compiling hashbrown v0.17.1
[INFO] [stderr]    Compiling aho-corasick v1.1.4
[INFO] [stderr]    Compiling either v1.15.0
[INFO] [stderr]    Compiling libsqlite3-sys v0.38.1
[INFO] [stderr]    Compiling bstr v1.12.1
[INFO] [stderr]    Compiling syn v2.0.117
[INFO] [stderr]    Compiling hashbrown v0.15.5
[INFO] [stderr]    Compiling bitflags v2.11.1
[INFO] [stderr]    Compiling fixedbitset v0.5.7
[INFO] [stderr]    Compiling serde_json v1.0.150
[INFO] [stderr]    Compiling rayon v1.12.0
[INFO] [stderr]    Compiling regex-automata v0.4.14
[INFO] [stderr]    Compiling hashlink v0.12.0
[INFO] [stderr]    Compiling indexmap v2.14.0
[INFO] [stderr]    Compiling petgraph v0.8.3
[INFO] [stderr]    Compiling globset v0.4.18
[INFO] [stderr]    Compiling thiserror-impl v2.0.18
[INFO] [stderr]    Compiling serde_derive v1.0.228
[INFO] [stderr]    Compiling tracing-attributes v0.1.31
[INFO] [stderr]    Compiling tracing v0.1.44
[INFO] [stderr]    Compiling thiserror v2.0.18
[INFO] [stderr]    Compiling serde v1.0.228
[INFO] [stderr]    Compiling uasset-lens-shared v0.2.0
[INFO] [stderr]    Compiling uasset-lens-scanner v0.2.0
[INFO] [stderr]    Compiling uasset-lens-dependency-graph v0.2.0
[INFO] [stderr]    Compiling rusqlite v0.40.1
[INFO] [stderr]    Compiling uasset-lens-asset-db v0.2.0
[INFO] [stderr]    Compiling uasset-lens-analysis v0.2.0 (/opt/rustwide/workdir)
[INFO] [stderr]     Finished `dev` profile [unoptimized + debuginfo] target(s) in 23.63s
[INFO] running `Command { std: "docker" "inspect" "4d1314472e091dc841141ce3a4916f75aefa9be1f9c8b42b5a8f76de1b3732d3", kill_on_drop: false }`
[INFO] running `Command { std: "docker" "exec" "-e" "SOURCE_DIR=/opt/rustwide/workdir" "-e" "CARGO_HOME=/opt/rustwide/cargo-home" "-e" "RUSTUP_HOME=/opt/rustwide/rustup-home" "-e" "CARGO_TARGET_DIR=/opt/rustwide/target" "-e" "CARGO_INCREMENTAL=0" "-e" "RUST_BACKTRACE=full" "-e" "RUSTFLAGS=--cap-lints=warn" "-e" "RUSTDOCFLAGS=--cap-lints=warn" "-w" "/opt/rustwide/workdir" "--user" "0:0" "4d1314472e091dc841141ce3a4916f75aefa9be1f9c8b42b5a8f76de1b3732d3" "/opt/rustwide/cargo-home/bin/cargo" "+1.99.0-beta.8" "test" "--frozen" "--no-run" "--message-format=json", kill_on_drop: false }`
[INFO] [stderr]    Compiling uasset-lens-scanner v0.2.0
[INFO] [stderr]    Compiling uasset-lens-asset-db v0.2.0
[INFO] [stderr]    Compiling uasset-lens-analysis v0.2.0 (/opt/rustwide/workdir)
[INFO] [stderr]     Finished `test` profile [unoptimized + debuginfo] target(s) in 2.28s
[INFO] running `Command { std: "docker" "inspect" "4d1314472e091dc841141ce3a4916f75aefa9be1f9c8b42b5a8f76de1b3732d3", kill_on_drop: false }`
[INFO] running `Command { std: "docker" "exec" "-e" "SOURCE_DIR=/opt/rustwide/workdir" "-e" "CARGO_HOME=/opt/rustwide/cargo-home" "-e" "RUSTUP_HOME=/opt/rustwide/rustup-home" "-e" "CARGO_TARGET_DIR=/opt/rustwide/target" "-e" "CARGO_INCREMENTAL=0" "-e" "RUST_BACKTRACE=full" "-e" "RUSTFLAGS=--cap-lints=warn" "-e" "RUSTDOCFLAGS=--cap-lints=warn" "-w" "/opt/rustwide/workdir" "--user" "0:0" "4d1314472e091dc841141ce3a4916f75aefa9be1f9c8b42b5a8f76de1b3732d3" "/opt/rustwide/cargo-home/bin/cargo" "+1.99.0-beta.8" "test" "--frozen", kill_on_drop: false }`
[INFO] [stderr]     Finished `test` profile [unoptimized + debuginfo] target(s) in 0.06s
[INFO] [stderr]      Running unittests src/lib.rs (/opt/rustwide/target/debug/deps/uasset_lens_analysis-dcef676c81c72d31)
[INFO] [stdout] 
[INFO] [stdout] running 37 tests
[INFO] [stdout] test blueprint::tests::is_complex_should_return_warning_for_each_threshold_exceeded ... ok
[INFO] [stdout] test blueprint::tests::analyze_should_return_none_for_non_blueprint_asset ... ok
[INFO] [stdout] test blueprint::tests::is_complex_should_return_empty_when_all_metrics_below_thresholds ... ok
[INFO] [stdout] test blueprint::tests::is_complex_should_not_warn_when_metrics_equal_thresholds ... ok
[INFO] [stdout] test blueprint::tests::complexity_thresholds_default_should_match_documented_values ... ok
[INFO] [stdout] test budget::tests::effective_should_include_both_default_texture2d_and_user_defined_types ... ok
[INFO] [stdout] test budget::tests::check_budget_should_report_violation_when_asset_is_one_byte_over_budget ... ok
[INFO] [stdout] test blueprint::tests::analyze_should_return_some_for_blueprint_asset ... ok
[INFO] [stdout] test budget::tests::check_budget_should_not_report_violation_when_asset_type_has_no_budget ... ok
[INFO] [stdout] test lint::rules::blueprint_complexity::tests::blueprint_complexity_rule_should_fall_back_to_global_threshold_when_type_not_in_depth_by_type ... ok
[INFO] [stdout] test lint::rules::blueprint_complexity::tests::blueprint_complexity_rule_should_return_no_violations_when_metrics_is_none ... ok
[INFO] [stdout] test budget::tests::effective_should_override_default_when_texture2d_is_in_user_config ... ok
[INFO] [stdout] test budget::tests::effective_should_apply_texture2d_default_when_user_config_is_empty ... ok
[INFO] [stdout] test lint::rules::blueprint_complexity::tests::blueprint_complexity_rule_should_return_no_violations_when_metrics_below_all_thresholds ... ok
[INFO] [stdout] test lint::rules::blueprint_complexity::tests::blueprint_complexity_rule_should_return_violation_with_node_count_rule_when_node_count_exceeds_threshold ... ok
[INFO] [stdout] test budget::tests::check_budget_should_report_violations_per_type_with_independent_budgets ... ok
[INFO] [stdout] test lint::rules::naming_prefix::tests::naming_prefix_rule_should_accept_ns_prefix_for_niagara_system ... ok
[INFO] [stdout] test lint::rules::blueprint_complexity::tests::blueprint_complexity_rule_should_not_fire_when_depth_equals_per_type_threshold ... ok
[INFO] [stdout] test lint::rules::blueprint_complexity::tests::blueprint_complexity_rule_should_return_violation_with_event_tick_rule_when_event_tick_count_exceeds_threshold ... ok
[INFO] [stdout] test lint::rules::blueprint_complexity::tests::blueprint_complexity_rule_should_use_per_type_depth_when_type_is_in_depth_by_type ... ok
[INFO] [stdout] test blueprint::tests::is_complex_should_return_node_count_warning_when_only_node_count_exceeds_threshold ... ok
[INFO] [stdout] test lint::rules::naming_prefix::tests::naming_prefix_rule_should_accept_s_prefix_for_sound_wave ... ok
[INFO] [stdout] test lint::rules::naming_prefix::tests::naming_prefix_rule_should_accept_sk_prefix_for_skeletal_mesh ... ok
[INFO] [stdout] test lint::rules::naming_prefix::tests::naming_prefix_rule_should_accept_skm_prefix_for_skeletal_mesh ... ok
[INFO] [stdout] test budget::tests::check_budget_should_return_no_violations_when_all_assets_are_within_budget ... ok
[INFO] [stdout] test lint::rules::naming_prefix::tests::naming_prefix_rule_should_accept_sw_prefix_for_sound_wave ... ok
[INFO] [stdout] test lint::rules::naming_prefix::tests::naming_prefix_rule_should_emit_violation_for_niagara_system_without_prefix ... ok
[INFO] [stdout] test lint::rules::naming_prefix::tests::naming_prefix_rule_should_not_emit_violation_for_correctly_prefixed_texture ... ok
[INFO] [stdout] test lint::rules::naming_prefix::tests::naming_prefix_rule_should_not_emit_violation_for_type_not_in_prefix_map ... ok
[INFO] [stdout] test lint::rules::naming_prefix::tests::naming_prefix_rule_should_emit_violation_for_texture_without_prefix ... ok
[INFO] [stdout] test material::tests::analyze_should_return_instance_chain_depth_three_for_three_hop_chain ... ok
[INFO] [stdout] test material::tests::analyze_should_return_none_for_non_material_assets ... ok
[INFO] [stdout] test material::tests::analyze_should_return_zero_texture_samples_when_metadata_has_none ... ok
[INFO] [stdout] test material::tests::analyze_should_propagate_texture_sample_count_from_metadata_for_material ... ok
[INFO] [stdout] test lint::rules::naming_prefix::tests::naming_prefix_rule_should_skip_unknown_asset_type ... ok
[INFO] [stdout] test lint::tests::lint_engine_with_no_rules_should_return_empty_violations_for_any_input ... ok
[INFO] [stdout] test material::tests::analyze_should_return_non_zero_texture_count_for_material_fixture ... FAILED
[INFO] [stdout] 
[INFO] [stdout] failures:
[INFO] [stdout] 
[INFO] [stdout] ---- material::tests::analyze_should_return_non_zero_texture_count_for_material_fixture stdout ----
[INFO] [stdout] 
[INFO] [stdout] thread 'material::tests::analyze_should_return_non_zero_texture_count_for_material_fixture' (606) panicked at src/material.rs:160:9:
[INFO] [stdout] M_Basic fixture should scan successfully
[INFO] [stdout] stack backtrace:
[INFO] [stdout]    0:     0x614661b779f1 - std[70759c8f55707aa4]::backtrace_rs::backtrace::libunwind::trace
[INFO] [stdout]                                at /rustc/dfb0accb7f508ae8be965d8629557221c889dd98/library/std/src/../../backtrace/src/backtrace/libunwind.rs:117:9
[INFO] [stdout]    1:     0x614661b779f1 - std[70759c8f55707aa4]::backtrace_rs::backtrace::trace_unsynchronized::<std[70759c8f55707aa4]::sys::backtrace::_print_fmt::{closure#1}>
[INFO] [stdout]                                at /rustc/dfb0accb7f508ae8be965d8629557221c889dd98/library/std/src/../../backtrace/src/backtrace/mod.rs:66:14
[INFO] [stdout]    2:     0x614661b779f1 - std[70759c8f55707aa4]::sys::backtrace::_print_fmt
[INFO] [stdout]                                at /rustc/dfb0accb7f508ae8be965d8629557221c889dd98/library/std/src/sys/backtrace.rs:74:9
[INFO] [stdout]    3:     0x614661b779f1 - <<std[70759c8f55707aa4]::sys::backtrace::BacktraceLock>::print::DisplayBacktrace as core[df12db4294e9bfd3]::fmt::Display>::fmt
[INFO] [stdout]                                at /rustc/dfb0accb7f508ae8be965d8629557221c889dd98/library/std/src/sys/backtrace.rs:44:26
[INFO] [stdout]    4:     0x614661b8be3a - <core[df12db4294e9bfd3]::fmt::rt::Argument>::fmt
[INFO] [stdout]                                at /rustc/dfb0accb7f508ae8be965d8629557221c889dd98/library/core/src/fmt/rt.rs:152:76
[INFO] [stdout]    5:     0x614661b8be3a - core[df12db4294e9bfd3]::fmt::write
[INFO] [stdout]    6:     0x614661b7befc - core[df12db4294e9bfd3]::io::write::default_write_fmt::<alloc[2182bb758b4b3781]::vec::Vec<u8>>
[INFO] [stdout]                                at /rustc/dfb0accb7f508ae8be965d8629557221c889dd98/library/core/src/io/write.rs:402:11
[INFO] [stdout]    7:     0x614661b7befc - <alloc[2182bb758b4b3781]::vec::Vec<u8> as core[df12db4294e9bfd3]::io::write::Write>::write_fmt
[INFO] [stdout]                                at /rustc/dfb0accb7f508ae8be965d8629557221c889dd98/library/core/src/io/write.rs:335:13
[INFO] [stdout]    8:     0x614661b531e6 - <std[70759c8f55707aa4]::sys::backtrace::BacktraceLock>::print
[INFO] [stdout]                                at /rustc/dfb0accb7f508ae8be965d8629557221c889dd98/library/std/src/sys/backtrace.rs:47:9
[INFO] [stdout]    9:     0x614661b531e6 - std[70759c8f55707aa4]::panicking::default_hook::{closure#0}
[INFO] [stdout]                                at /rustc/dfb0accb7f508ae8be965d8629557221c889dd98/library/std/src/panicking.rs:292:27
[INFO] [stdout]   10:     0x614661b6fa99 - std[70759c8f55707aa4]::panicking::default_hook
[INFO] [stdout]                                at /rustc/dfb0accb7f508ae8be965d8629557221c889dd98/library/std/src/panicking.rs:316:9
[INFO] [stdout]   11:     0x614661a92240 - <alloc[2182bb758b4b3781]::boxed::Box<dyn for<'a, 'b> core[df12db4294e9bfd3]::ops::function::Fn<(&'a std[70759c8f55707aa4]::panic::PanicHookInfo<'b>,), Output = ()> + core[df12db4294e9bfd3]::marker::Send + core[df12db4294e9bfd3]::marker::Sync> as core[df12db4294e9bfd3]::ops::function::Fn<(&std[70759c8f55707aa4]::panic::PanicHookInfo,)>>::call
[INFO] [stdout]                                at /rustc/dfb0accb7f508ae8be965d8629557221c889dd98/library/alloc/src/boxed.rs:2334:9
[INFO] [stdout]   12:     0x614661a92240 - test[9d35eded1c95d3be]::test_main_inner::<test[9d35eded1c95d3be]::test_main_static::{closure#0}>::{closure#0}
[INFO] [stdout]                                at /rustc/dfb0accb7f508ae8be965d8629557221c889dd98/library/test/src/lib.rs:155:21
[INFO] [stdout]   13:     0x614661b6fdc2 - <alloc[2182bb758b4b3781]::boxed::Box<dyn for<'a, 'b> core[df12db4294e9bfd3]::ops::function::Fn<(&'a std[70759c8f55707aa4]::panic::PanicHookInfo<'b>,), Output = ()> + core[df12db4294e9bfd3]::marker::Send + core[df12db4294e9bfd3]::marker::Sync> as core[df12db4294e9bfd3]::ops::function::Fn<(&std[70759c8f55707aa4]::panic::PanicHookInfo,)>>::call
[INFO] [stdout]                                at /rustc/dfb0accb7f508ae8be965d8629557221c889dd98/library/alloc/src/boxed.rs:2334:9
[INFO] [stdout]   14:     0x614661b6fdc2 - std[70759c8f55707aa4]::panicking::panic_with_hook
[INFO] [stdout]                                at /rustc/dfb0accb7f508ae8be965d8629557221c889dd98/library/std/src/panicking.rs:823:13
[INFO] [stdout]   15:     0x614661b532c4 - std[70759c8f55707aa4]::panicking::panic_handler::{closure#0}
[INFO] [stdout]                                at /rustc/dfb0accb7f508ae8be965d8629557221c889dd98/library/std/src/panicking.rs:681:13
[INFO] [stdout]   16:     0x614661b4be89 - std[70759c8f55707aa4]::sys::backtrace::__rust_end_short_backtrace::<std[70759c8f55707aa4]::panicking::panic_handler::{closure#0}, !>
[INFO] [stdout]                                at /rustc/dfb0accb7f508ae8be965d8629557221c889dd98/library/std/src/sys/backtrace.rs:182:18
[INFO] [stdout]   17:     0x614661b53e8d - __rustc[8fa7c3cbc660c2b3]::rust_begin_unwind
[INFO] [stdout]                                at /rustc/dfb0accb7f508ae8be965d8629557221c889dd98/library/std/src/panicking.rs:679:5
[INFO] [stdout]   18:     0x614661b8c65c - core[df12db4294e9bfd3]::panicking::panic_fmt
[INFO] [stdout]                                at /rustc/dfb0accb7f508ae8be965d8629557221c889dd98/library/core/src/panicking.rs:80:14
[INFO] [stdout]   19:     0x614661a81bdb - uasset_lens_analysis[6ec84d09634e2021]::material::tests::analyze_should_return_non_zero_texture_count_for_material_fixture
[INFO] [stdout]                                at /opt/rustwide/workdir/src/material.rs:160:9
[INFO] [stdout]   20:     0x614661a805b7 - uasset_lens_analysis[6ec84d09634e2021]::material::tests::analyze_should_return_non_zero_texture_count_for_material_fixture::{closure#0}
[INFO] [stdout]                                at /opt/rustwide/workdir/src/material.rs:156:75
[INFO] [stdout]   21:     0x614661a7a726 - <uasset_lens_analysis[6ec84d09634e2021]::material::tests::analyze_should_return_non_zero_texture_count_for_material_fixture::{closure#0} as core[df12db4294e9bfd3]::ops::function::FnOnce<()>>::call_once
[INFO] [stdout]                                at /rustc/dfb0accb7f508ae8be965d8629557221c889dd98/library/core/src/ops/function.rs:250:5
[INFO] [stdout]   22:     0x614661a8552b - <fn() -> core[df12db4294e9bfd3]::result::Result<(), alloc[2182bb758b4b3781]::string::String> as core[df12db4294e9bfd3]::ops::function::FnOnce<()>>::call_once
[INFO] [stdout]                                at /rustc/dfb0accb7f508ae8be965d8629557221c889dd98/library/core/src/ops/function.rs:250:5
[INFO] [stdout]   23:     0x614661a8552b - test[9d35eded1c95d3be]::__rust_begin_short_backtrace::<core[df12db4294e9bfd3]::result::Result<(), alloc[2182bb758b4b3781]::string::String>, fn() -> core[df12db4294e9bfd3]::result::Result<(), alloc[2182bb758b4b3781]::string::String>>
[INFO] [stdout]                                at /rustc/dfb0accb7f508ae8be965d8629557221c889dd98/library/test/src/lib.rs:733:18
[INFO] [stdout]   24:     0x614661a92b95 - test[9d35eded1c95d3be]::run_test_in_process::{closure#0}
[INFO] [stdout]                                at /rustc/dfb0accb7f508ae8be965d8629557221c889dd98/library/test/src/lib.rs:756:74
[INFO] [stdout]   25:     0x614661a92b95 - <core[df12db4294e9bfd3]::panic::unwind_safe::AssertUnwindSafe<test[9d35eded1c95d3be]::run_test_in_process::{closure#0}> as core[df12db4294e9bfd3]::ops::function::FnOnce<()>>::call_once
[INFO] [stdout]                                at /rustc/dfb0accb7f508ae8be965d8629557221c889dd98/library/core/src/panic/unwind_safe.rs:275:9
[INFO] [stdout]   26:     0x614661a92b95 - std[70759c8f55707aa4]::panicking::catch_unwind::do_call::<core[df12db4294e9bfd3]::panic::unwind_safe::AssertUnwindSafe<test[9d35eded1c95d3be]::run_test_in_process::{closure#0}>, core[df12db4294e9bfd3]::result::Result<(), alloc[2182bb758b4b3781]::string::String>>
[INFO] [stdout]                                at /rustc/dfb0accb7f508ae8be965d8629557221c889dd98/library/std/src/panicking.rs:576:43
[INFO] [stdout]   27:     0x614661a92b95 - std[70759c8f55707aa4]::panicking::catch_unwind::<core[df12db4294e9bfd3]::result::Result<(), alloc[2182bb758b4b3781]::string::String>, core[df12db4294e9bfd3]::panic::unwind_safe::AssertUnwindSafe<test[9d35eded1c95d3be]::run_test_in_process::{closure#0}>>
[INFO] [stdout]                                at /rustc/dfb0accb7f508ae8be965d8629557221c889dd98/library/std/src/panicking.rs:544:19
[INFO] [stdout]   28:     0x614661a92b95 - std[70759c8f55707aa4]::panic::catch_unwind::<core[df12db4294e9bfd3]::panic::unwind_safe::AssertUnwindSafe<test[9d35eded1c95d3be]::run_test_in_process::{closure#0}>, core[df12db4294e9bfd3]::result::Result<(), alloc[2182bb758b4b3781]::string::String>>
[INFO] [stdout]                                at /rustc/dfb0accb7f508ae8be965d8629557221c889dd98/library/std/src/panic.rs:359:14
[INFO] [stdout]   29:     0x614661a92b95 - test[9d35eded1c95d3be]::run_test_in_process
[INFO] [stdout]                                at /rustc/dfb0accb7f508ae8be965d8629557221c889dd98/library/test/src/lib.rs:756:27
[INFO] [stdout]   30:     0x614661a92b95 - test[9d35eded1c95d3be]::run_test::{closure#0}
[INFO] [stdout]                                at /rustc/dfb0accb7f508ae8be965d8629557221c889dd98/library/test/src/lib.rs:677:43
[INFO] [stdout]   31:     0x614661a8c454 - test[9d35eded1c95d3be]::run_test::{closure#1}
[INFO] [stdout]                                at /rustc/dfb0accb7f508ae8be965d8629557221c889dd98/library/test/src/lib.rs:707:41
[INFO] [stdout]   32:     0x614661a8c454 - std[70759c8f55707aa4]::sys::backtrace::__rust_begin_short_backtrace::<test[9d35eded1c95d3be]::run_test::{closure#1}, ()>
[INFO] [stdout]                                at /rustc/dfb0accb7f508ae8be965d8629557221c889dd98/library/std/src/sys/backtrace.rs:166:18
[INFO] [stdout]   33:     0x614661a95cf2 - std[70759c8f55707aa4]::thread::lifecycle::spawn_unchecked::<test[9d35eded1c95d3be]::run_test::{closure#1}, ()>::{closure#1}::{closure#0}
[INFO] [stdout]                                at /rustc/dfb0accb7f508ae8be965d8629557221c889dd98/library/std/src/thread/lifecycle.rs:70:13
[INFO] [stdout]   34:     0x614661a95cf2 - <core[df12db4294e9bfd3]::panic::unwind_safe::AssertUnwindSafe<std[70759c8f55707aa4]::thread::lifecycle::spawn_unchecked<test[9d35eded1c95d3be]::run_test::{closure#1}, ()>::{closure#1}::{closure#0}> as core[df12db4294e9bfd3]::ops::function::FnOnce<()>>::call_once
[INFO] [stdout]                                at /rustc/dfb0accb7f508ae8be965d8629557221c889dd98/library/core/src/panic/unwind_safe.rs:275:9
[INFO] [stdout]   35:     0x614661a95cf2 - std[70759c8f55707aa4]::panicking::catch_unwind::do_call::<core[df12db4294e9bfd3]::panic::unwind_safe::AssertUnwindSafe<std[70759c8f55707aa4]::thread::lifecycle::spawn_unchecked<test[9d35eded1c95d3be]::run_test::{closure#1}, ()>::{closure#1}::{closure#0}>, ()>
[INFO] [stdout]                                at /rustc/dfb0accb7f508ae8be965d8629557221c889dd98/library/std/src/panicking.rs:576:43
[INFO] [stdout]   36:     0x614661a95cf2 - std[70759c8f55707aa4]::panicking::catch_unwind::<(), core[df12db4294e9bfd3]::panic::unwind_safe::AssertUnwindSafe<std[70759c8f55707aa4]::thread::lifecycle::spawn_unchecked<test[9d35eded1c95d3be]::run_test::{closure#1}, ()>::{closure#1}::{closure#0}>>
[INFO] [stdout]                                at /rustc/dfb0accb7f508ae8be965d8629557221c889dd98/library/std/src/panicking.rs:544:19
[INFO] [stdout]   37:     0x614661a95cf2 - std[70759c8f55707aa4]::panic::catch_unwind::<core[df12db4294e9bfd3]::panic::unwind_safe::AssertUnwindSafe<std[70759c8f55707aa4]::thread::lifecycle::spawn_unchecked<test[9d35eded1c95d3be]::run_test::{closure#1}, ()>::{closure#1}::{closure#0}>, ()>
[INFO] [stdout]                                at /rustc/dfb0accb7f508ae8be965d8629557221c889dd98/library/std/src/panic.rs:359:14
[INFO] [stdout]   38:     0x614661a95cf2 - std[70759c8f55707aa4]::thread::lifecycle::spawn_unchecked::<test[9d35eded1c95d3be]::run_test::{closure#1}, ()>::{closure#1}
[INFO] [stdout]                                at /rustc/dfb0accb7f508ae8be965d8629557221c889dd98/library/std/src/thread/lifecycle.rs:68:26
[INFO] [stdout]   39:     0x614661a95cf2 - <std[70759c8f55707aa4]::thread::lifecycle::spawn_unchecked<test[9d35eded1c95d3be]::run_test::{closure#1}, ()>::{closure#1} as core[df12db4294e9bfd3]::ops::function::FnOnce<()>>::call_once::{shim:vtable#0}
[INFO] [stdout]                                at /rustc/dfb0accb7f508ae8be965d8629557221c889dd98/library/core/src/ops/function.rs:250:5
[INFO] [stdout]   40:     0x614661b76f69 - <alloc[2182bb758b4b3781]::boxed::Box<dyn core[df12db4294e9bfd3]::ops::function::FnOnce<(), Output = ()> + core[df12db4294e9bfd3]::marker::Send> as core[df12db4294e9bfd3]::ops::function::FnOnce<()>>::call_once
[INFO] [stdout]                                at /rustc/dfb0accb7f508ae8be965d8629557221c889dd98/library/alloc/src/boxed.rs:2320:9
[INFO] [stdout]   41:     0x614661b76f69 - <std[70759c8f55707aa4]::sys::thread::unix::Thread>::new::thread_start
[INFO] [stdout]                                at /rustc/dfb0accb7f508ae8be965d8629557221c889dd98/library/std/src/sys/thread/unix.rs:123:17
[INFO] [stdout]   42:     0x7af4ebc2ddfa - <unknown>
[INFO] [stdout]   43:     0x7af4ebcc13d4 - clone
[INFO] [stdout]   44:                0x0 - <unknown>
[INFO] [stdout] 
[INFO] [stdout] 
[INFO] [stdout] failures:
[INFO] [stdout]     material::tests::analyze_should_return_non_zero_texture_count_for_material_fixture
[INFO] [stdout] 
[INFO] [stdout] test result: FAILED. 36 passed; 1 failed; 0 ignored; 0 measured; 0 filtered out; finished in 0.07s
[INFO] [stdout] 
[INFO] [stderr] error: test failed, to rerun pass `--lib`
[INFO] running `Command { std: "docker" "inspect" "4d1314472e091dc841141ce3a4916f75aefa9be1f9c8b42b5a8f76de1b3732d3", kill_on_drop: false }`
[INFO] running `Command { std: "docker" "rm" "-f" "4d1314472e091dc841141ce3a4916f75aefa9be1f9c8b42b5a8f76de1b3732d3", kill_on_drop: false }`
[INFO] [stdout] 4d1314472e091dc841141ce3a4916f75aefa9be1f9c8b42b5a8f76de1b3732d3
