[INFO] fetching crate tx3-tir 0.19.0...
[INFO] testing tx3-tir-0.19.0 against 1.99.0-beta.8 for beta-1.100-2
[INFO] extracting crate tx3-tir 0.19.0 into /workspace/builds/worker-5-tc1/source
[INFO] started tweaking crates.io crate tx3-tir 0.19.0
[INFO] finished tweaking crates.io crate tx3-tir 0.19.0
[INFO] tweaked toml for crates.io crate tx3-tir 0.19.0 written to /workspace/builds/worker-5-tc1/source/Cargo.toml
[INFO] validating manifest of crates.io crate tx3-tir 0.19.0 on toolchain 1.99.0-beta.8
[INFO] running `Command { std: CARGO_HOME="/workspace/cargo-home" RUSTUP_HOME="/workspace/rustup-home" "/workspace/cargo-home/bin/cargo" "+1.99.0-beta.8" "metadata" "--manifest-path" "Cargo.toml" "--no-deps", kill_on_drop: false }`
[INFO] crate crates.io crate tx3-tir 0.19.0 already has a lockfile, it will not be regenerated
[INFO] running `Command { std: CARGO_HOME="/workspace/cargo-home" RUSTUP_HOME="/workspace/rustup-home" "/workspace/cargo-home/bin/cargo" "+1.99.0-beta.8" "fetch" "--manifest-path" "Cargo.toml", kill_on_drop: false }`
[INFO] [stderr]  Downloading crates ...
[INFO] [stderr]   Downloaded fastrand v2.4.1
[INFO] running `Command { std: "docker" "create" "-v" "/var/lib/crater-agent-workspace/builds/worker-5-tc1/source:/opt/rustwide/workdir:ro,Z" "-v" "/var/lib/crater-agent-workspace/builds/worker-5-tc1/target:/opt/rustwide/target:rw,Z" "-v" "/var/lib/crater-agent-workspace/cargo-home:/opt/rustwide/cargo-home:ro,Z" "-v" "/var/lib/crater-agent-workspace/rustup-home:/opt/rustwide/rustup-home:ro,Z" "-m" "1610612736" "--network" "none" "ghcr.io/rust-lang/crates-build-env/linux@sha256:3111399a4047eeb3a02b7a90e478d715f38a8c6669b5c4b49d30a17385265909" "sleep" "infinity", kill_on_drop: false }`
[INFO] [stdout] a308dc3cd76c910189f35e81480f2707d080532eca4700ef5c4a81e25b77e208
[INFO] running `Command { std: "docker" "start" "a308dc3cd76c910189f35e81480f2707d080532eca4700ef5c4a81e25b77e208", kill_on_drop: false }`
[INFO] running `Command { std: "docker" "inspect" "a308dc3cd76c910189f35e81480f2707d080532eca4700ef5c4a81e25b77e208", kill_on_drop: false }`
[INFO] running `Command { std: "docker" "exec" "-e" "SOURCE_DIR=/opt/rustwide/workdir" "-e" "CARGO_HOME=/opt/rustwide/cargo-home" "-e" "RUSTUP_HOME=/opt/rustwide/rustup-home" "-e" "CARGO_TARGET_DIR=/opt/rustwide/target" "-w" "/opt/rustwide/workdir" "--user" "0:0" "a308dc3cd76c910189f35e81480f2707d080532eca4700ef5c4a81e25b77e208" "/opt/rustwide/cargo-home/bin/cargo" "+1.99.0-beta.8" "metadata" "--no-deps" "--format-version=1", kill_on_drop: false }`
[INFO] running `Command { std: "docker" "inspect" "a308dc3cd76c910189f35e81480f2707d080532eca4700ef5c4a81e25b77e208", kill_on_drop: false }`
[INFO] running `Command { std: "docker" "exec" "-e" "SOURCE_DIR=/opt/rustwide/workdir" "-e" "CARGO_HOME=/opt/rustwide/cargo-home" "-e" "RUSTUP_HOME=/opt/rustwide/rustup-home" "-e" "CARGO_TARGET_DIR=/opt/rustwide/target" "-e" "CARGO_INCREMENTAL=0" "-e" "RUST_BACKTRACE=full" "-e" "RUSTFLAGS=--cap-lints=warn" "-e" "RUSTDOCFLAGS=--cap-lints=warn" "-w" "/opt/rustwide/workdir" "--user" "0:0" "a308dc3cd76c910189f35e81480f2707d080532eca4700ef5c4a81e25b77e208" "/opt/rustwide/cargo-home/bin/cargo" "+1.99.0-beta.8" "build" "--frozen" "--message-format=json", kill_on_drop: false }`
[INFO] [stderr]    Compiling thiserror-impl v2.0.18
[INFO] [stderr]    Compiling thiserror v2.0.18
[INFO] [stderr]    Compiling tx3-tir v0.19.0 (/opt/rustwide/workdir)
[INFO] [stdout] warning: a method with this name may be added to the standard library in the future
[INFO] [stdout]     --> src/reduce/mod.rs:1520:37
[INFO] [stdout]      |
[INFO] [stdout] 1520 |             validity: self.validity.reduce()?,
[INFO] [stdout]      |                                     ^^^^^^
[INFO] [stdout]      |
[INFO] [stdout]      = help: call with fully qualified syntax `Apply::reduce(...)` to keep using the current method
[INFO] [stdout]      = warning: once this associated item is added to the standard library, the ambiguity may cause an error or change in behavior!
[INFO] [stdout]      = note: for more information, see issue #48919 <https://github.com/rust-lang/rust/issues/48919>
[INFO] [stdout]      = note: `#[warn(unstable_name_collisions)]` (part of `#[warn(future_incompatible)]`) on by default
[INFO] [stdout] 
[INFO] [stdout] 
[INFO] [stdout] warning: a method with this name may be added to the standard library in the future
[INFO] [stdout]     --> src/reduce/mod.rs:1526:35
[INFO] [stdout]      |
[INFO] [stdout] 1526 |             signers: self.signers.reduce()?,
[INFO] [stdout]      |                                   ^^^^^^
[INFO] [stdout]      |
[INFO] [stdout]      = help: call with fully qualified syntax `Apply::reduce(...)` to keep using the current method
[INFO] [stdout]      = warning: once this associated item is added to the standard library, the ambiguity may cause an error or change in behavior!
[INFO] [stdout]      = note: for more information, see issue #48919 <https://github.com/rust-lang/rust/issues/48919>
[INFO] [stdout] 
[INFO] [stdout] 
[INFO] [stdout] warning: unused variable: `x`
[INFO] [stdout]    --> src/reduce/mod.rs:733:30
[INFO] [stdout]     |
[INFO] [stdout] 733 |             Self::IntoScript(x) => todo!(),
[INFO] [stdout]     |                              ^ help: if this is intentional, prefix it with an underscore: `_x`
[INFO] [stdout]     |
[INFO] [stdout]     = note: `#[warn(unused_variables)]` (part of `#[warn(unused)]`) on by default
[INFO] [stdout] 
[INFO] [stdout] 
[INFO] [stderr]     Finished `dev` profile [unoptimized + debuginfo] target(s) in 9.15s
[INFO] running `Command { std: "docker" "inspect" "a308dc3cd76c910189f35e81480f2707d080532eca4700ef5c4a81e25b77e208", kill_on_drop: false }`
[INFO] running `Command { std: "docker" "exec" "-e" "SOURCE_DIR=/opt/rustwide/workdir" "-e" "CARGO_HOME=/opt/rustwide/cargo-home" "-e" "RUSTUP_HOME=/opt/rustwide/rustup-home" "-e" "CARGO_TARGET_DIR=/opt/rustwide/target" "-e" "CARGO_INCREMENTAL=0" "-e" "RUST_BACKTRACE=full" "-e" "RUSTFLAGS=--cap-lints=warn" "-e" "RUSTDOCFLAGS=--cap-lints=warn" "-w" "/opt/rustwide/workdir" "--user" "0:0" "a308dc3cd76c910189f35e81480f2707d080532eca4700ef5c4a81e25b77e208" "/opt/rustwide/cargo-home/bin/cargo" "+1.99.0-beta.8" "test" "--frozen" "--no-run" "--message-format=json", kill_on_drop: false }`
[INFO] [stderr]    Compiling getrandom v0.3.4
[INFO] [stderr]    Compiling rustix v1.1.4
[INFO] [stderr]    Compiling getrandom v0.4.2
[INFO] [stderr]    Compiling bitflags v2.11.1
[INFO] [stderr]    Compiling once_cell v1.21.4
[INFO] [stderr]    Compiling fastrand v2.4.1
[INFO] [stderr]    Compiling ppv-lite86 v0.2.21
[INFO] [stderr]    Compiling wait-timeout v0.2.1
[INFO] [stderr]    Compiling bit-vec v0.8.0
[INFO] [stderr]    Compiling quick-error v1.2.3
[INFO] [stderr]    Compiling regex-syntax v0.8.10
[INFO] [stderr]    Compiling unarray v0.1.4
[INFO] [stdout] warning: a method with this name may be added to the standard library in the future
[INFO] [stdout]     --> src/reduce/mod.rs:1520:37
[INFO] [stdout]      |
[INFO] [stdout] 1520 |             validity: self.validity.reduce()?,
[INFO] [stdout]      |                                     ^^^^^^
[INFO] [stdout]      |
[INFO] [stdout]      = help: call with fully qualified syntax `Apply::reduce(...)` to keep using the current method
[INFO] [stdout]      = warning: once this associated item is added to the standard library, the ambiguity may cause an error or change in behavior!
[INFO] [stdout]      = note: for more information, see issue #48919 <https://github.com/rust-lang/rust/issues/48919>
[INFO] [stdout]      = note: `#[warn(unstable_name_collisions)]` (part of `#[warn(future_incompatible)]`) on by default
[INFO] [stdout] 
[INFO] [stdout] 
[INFO] [stdout] warning: a method with this name may be added to the standard library in the future
[INFO] [stdout]     --> src/reduce/mod.rs:1526:35
[INFO] [stdout]      |
[INFO] [stdout] 1526 |             signers: self.signers.reduce()?,
[INFO] [stdout]      |                                   ^^^^^^
[INFO] [stdout]      |
[INFO] [stdout]      = help: call with fully qualified syntax `Apply::reduce(...)` to keep using the current method
[INFO] [stdout]      = warning: once this associated item is added to the standard library, the ambiguity may cause an error or change in behavior!
[INFO] [stdout]      = note: for more information, see issue #48919 <https://github.com/rust-lang/rust/issues/48919>
[INFO] [stdout] 
[INFO] [stdout] 
[INFO] [stdout] warning: unused variable: `x`
[INFO] [stdout]    --> src/reduce/mod.rs:733:30
[INFO] [stdout]     |
[INFO] [stdout] 733 |             Self::IntoScript(x) => todo!(),
[INFO] [stdout]     |                              ^ help: if this is intentional, prefix it with an underscore: `_x`
[INFO] [stdout]     |
[INFO] [stdout]     = note: `#[warn(unused_variables)]` (part of `#[warn(unused)]`) on by default
[INFO] [stdout] 
[INFO] [stdout] 
[INFO] [stderr]    Compiling rand_core v0.9.5
[INFO] [stderr]    Compiling bit-set v0.8.0
[INFO] [stderr]    Compiling rand v0.9.4
[INFO] [stderr]    Compiling rand_xorshift v0.4.0
[INFO] [stderr]    Compiling rand_chacha v0.9.0
[INFO] [stderr]    Compiling tempfile v3.27.0
[INFO] [stderr]    Compiling rusty-fork v0.3.1
[INFO] [stderr]    Compiling proptest v1.11.0
[INFO] [stderr]    Compiling tx3-tir v0.19.0 (/opt/rustwide/workdir)
[INFO] [stdout] warning: a method with this name may be added to the standard library in the future
[INFO] [stdout]     --> src/reduce/mod.rs:1520:37
[INFO] [stdout]      |
[INFO] [stdout] 1520 |             validity: self.validity.reduce()?,
[INFO] [stdout]      |                                     ^^^^^^
[INFO] [stdout]      |
[INFO] [stdout]      = help: call with fully qualified syntax `reduce::Apply::reduce(...)` to keep using the current method
[INFO] [stdout]      = warning: once this associated item is added to the standard library, the ambiguity may cause an error or change in behavior!
[INFO] [stdout]      = note: for more information, see issue #48919 <https://github.com/rust-lang/rust/issues/48919>
[INFO] [stdout]      = note: `#[warn(unstable_name_collisions)]` (part of `#[warn(future_incompatible)]`) on by default
[INFO] [stdout] 
[INFO] [stdout] 
[INFO] [stdout] warning: a method with this name may be added to the standard library in the future
[INFO] [stdout]     --> src/reduce/mod.rs:1526:35
[INFO] [stdout]      |
[INFO] [stdout] 1526 |             signers: self.signers.reduce()?,
[INFO] [stdout]      |                                   ^^^^^^
[INFO] [stdout]      |
[INFO] [stdout]      = help: call with fully qualified syntax `reduce::Apply::reduce(...)` to keep using the current method
[INFO] [stdout]      = warning: once this associated item is added to the standard library, the ambiguity may cause an error or change in behavior!
[INFO] [stdout]      = note: for more information, see issue #48919 <https://github.com/rust-lang/rust/issues/48919>
[INFO] [stdout] 
[INFO] [stdout] 
[INFO] [stdout] warning: unused variable: `x`
[INFO] [stdout]    --> src/reduce/mod.rs:733:30
[INFO] [stdout]     |
[INFO] [stdout] 733 |             Self::IntoScript(x) => todo!(),
[INFO] [stdout]     |                              ^ help: if this is intentional, prefix it with an underscore: `_x`
[INFO] [stdout]     |
[INFO] [stdout]     = note: `#[warn(unused_variables)]` (part of `#[warn(unused)]`) on by default
[INFO] [stdout] 
[INFO] [stdout] 
[INFO] [stderr]     Finished `test` profile [unoptimized + debuginfo] target(s) in 24.60s
[INFO] running `Command { std: "docker" "inspect" "a308dc3cd76c910189f35e81480f2707d080532eca4700ef5c4a81e25b77e208", kill_on_drop: false }`
[INFO] running `Command { std: "docker" "exec" "-e" "SOURCE_DIR=/opt/rustwide/workdir" "-e" "CARGO_HOME=/opt/rustwide/cargo-home" "-e" "RUSTUP_HOME=/opt/rustwide/rustup-home" "-e" "CARGO_TARGET_DIR=/opt/rustwide/target" "-e" "CARGO_INCREMENTAL=0" "-e" "RUST_BACKTRACE=full" "-e" "RUSTFLAGS=--cap-lints=warn" "-e" "RUSTDOCFLAGS=--cap-lints=warn" "-w" "/opt/rustwide/workdir" "--user" "0:0" "a308dc3cd76c910189f35e81480f2707d080532eca4700ef5c4a81e25b77e208" "/opt/rustwide/cargo-home/bin/cargo" "+1.99.0-beta.8" "test" "--frozen", kill_on_drop: false }`
[INFO] [stderr] warning: a method with this name may be added to the standard library in the future
[INFO] [stderr]     --> src/reduce/mod.rs:1520:37
[INFO] [stderr]      |
[INFO] [stderr] 1520 |             validity: self.validity.reduce()?,
[INFO] [stderr]      |                                     ^^^^^^
[INFO] [stderr]      |
[INFO] [stderr]      = help: call with fully qualified syntax `Apply::reduce(...)` to keep using the current method
[INFO] [stderr]      = warning: once this associated item is added to the standard library, the ambiguity may cause an error or change in behavior!
[INFO] [stderr]      = note: for more information, see issue #48919 <https://github.com/rust-lang/rust/issues/48919>
[INFO] [stderr]      = note: `#[warn(unstable_name_collisions)]` (part of `#[warn(future_incompatible)]`) on by default
[INFO] [stderr] 
[INFO] [stderr] warning: a method with this name may be added to the standard library in the future
[INFO] [stderr]     --> src/reduce/mod.rs:1526:35
[INFO] [stderr]      |
[INFO] [stderr] 1526 |             signers: self.signers.reduce()?,
[INFO] [stderr]      |                                   ^^^^^^
[INFO] [stderr]      |
[INFO] [stderr]      = help: call with fully qualified syntax `Apply::reduce(...)` to keep using the current method
[INFO] [stderr]      = warning: once this associated item is added to the standard library, the ambiguity may cause an error or change in behavior!
[INFO] [stderr]      = note: for more information, see issue #48919 <https://github.com/rust-lang/rust/issues/48919>
[INFO] [stderr] 
[INFO] [stderr] warning: unused variable: `x`
[INFO] [stderr]    --> src/reduce/mod.rs:733:30
[INFO] [stderr]     |
[INFO] [stderr] 733 |             Self::IntoScript(x) => todo!(),
[INFO] [stderr]     |                              ^ help: if this is intentional, prefix it with an underscore: `_x`
[INFO] [stderr]     |
[INFO] [stderr]     = note: `#[warn(unused_variables)]` (part of `#[warn(unused)]`) on by default
[INFO] [stderr] 
[INFO] [stderr] warning: `tx3-tir` (lib) generated 3 warnings (run `cargo fix --lib -p tx3-tir` to apply 1 suggestion)
[INFO] [stderr] warning: a method with this name may be added to the standard library in the future
[INFO] [stderr]     --> src/reduce/mod.rs:1520:37
[INFO] [stderr]      |
[INFO] [stderr] 1520 |             validity: self.validity.reduce()?,
[INFO] [stderr]      |                                     ^^^^^^
[INFO] [stderr]      |
[INFO] [stderr]      = help: call with fully qualified syntax `reduce::Apply::reduce(...)` to keep using the current method
[INFO] [stderr]      = warning: once this associated item is added to the standard library, the ambiguity may cause an error or change in behavior!
[INFO] [stderr]      = note: for more information, see issue #48919 <https://github.com/rust-lang/rust/issues/48919>
[INFO] [stderr]      = note: `#[warn(unstable_name_collisions)]` (part of `#[warn(future_incompatible)]`) on by default
[INFO] [stderr] 
[INFO] [stderr] warning: a method with this name may be added to the standard library in the future
[INFO] [stderr]     --> src/reduce/mod.rs:1526:35
[INFO] [stderr]      |
[INFO] [stderr] 1526 |             signers: self.signers.reduce()?,
[INFO] [stderr]      |                                   ^^^^^^
[INFO] [stderr]      |
[INFO] [stderr]      = help: call with fully qualified syntax `reduce::Apply::reduce(...)` to keep using the current method
[INFO] [stderr]      = warning: once this associated item is added to the standard library, the ambiguity may cause an error or change in behavior!
[INFO] [stderr]      = note: for more information, see issue #48919 <https://github.com/rust-lang/rust/issues/48919>
[INFO] [stderr] 
[INFO] [stderr] warning: `tx3-tir` (lib test) generated 3 warnings (1 duplicate)
[INFO] [stderr]     Finished `test` profile [unoptimized + debuginfo] target(s) in 0.12s
[INFO] [stderr]      Running unittests src/lib.rs (/opt/rustwide/target/debug/deps/tx3_tir-6bc25e0f0aae580b)
[INFO] [stdout] 
[INFO] [stdout] running 58 tests
[INFO] [stdout] test model::assets::tests::empty_is_contained_in_everything ... ok
[INFO] [stdout] test model::core::tests::utxo_set_sorted_helpers_are_canonical ... ok
[INFO] [stdout] test model::core::tests::utxo_set_total_assets_sums_values ... ok
[INFO] [stdout] test reduce::tests::asset_divided_is_reduced ... ok
[INFO] [stdout] test encoding::tests::test_decoding_is_backward_compatible ... FAILED
[INFO] [stdout] test reduce::tests::asset_scaled_commutes_is_reduced ... ok
[INFO] [stdout] test reduce::tests::asset_scaled_is_reduced ... ok
[INFO] [stdout] test reduce::tests::built_in_expression_is_reduced ... ok
[INFO] [stdout] test reduce::tests::div_by_zero_errors ... ok
[INFO] [stdout] test reduce::tests::div_binds_like_mul_is_reduced ... ok
[INFO] [stdout] test reduce::tests::nested_numeric_binary_op_is_reduced ... ok
[INFO] [stdout] test reduce::tests::mul_binds_tighter_than_add_is_reduced ... ok
[INFO] [stdout] test reduce::tests::nested_param_expression_is_applied ... ok
[INFO] [stdout] test reduce::tests::numeric_add_is_reduced ... ok
[INFO] [stdout] test reduce::tests::numeric_div_is_reduced ... ok
[INFO] [stdout] test model::assets::tests::add_positive_makes_it_present ... ok
[INFO] [stdout] test reduce::tests::numeric_sub_is_reduced ... ok
[INFO] [stdout] test model::assets::tests::sub_on_empty_makes_it_negative ... ok
[INFO] [stdout] test reduce::tests::numeric_mul_is_reduced ... ok
[INFO] [stdout] test reduce::tests::test_apply_args ... ok
[INFO] [stdout] test reduce::tests::param_expression_is_applied ... ok
[INFO] [stdout] test reduce::tests::param_expression_is_reduced ... ok
[INFO] [stdout] test model::assets::tests::empty_doesnt_contain_anything ... ok
[INFO] [stdout] test reduce::tests::test_apply_inputs ... ok
[INFO] [stdout] test reduce::tests::test_arg_value_list_into_expr ... ok
[INFO] [stdout] test reduce::tests::test_arg_value_map_into_expr ... ok
[INFO] [stdout] test reduce::tests::test_arg_value_tuple_into_expr ... ok
[INFO] [stdout] test reduce::tests::test_arg_value_struct_into_expr ... ok
[INFO] [stdout] test reduce::tests::test_coerce_utxo_set_into_datum ... ok
[INFO] [stdout] test reduce::tests::test_concat_type_mismatch_error ... ok
[INFO] [stdout] test reduce::tests::test_apply_fees ... ok
[INFO] [stdout] test reduce::tests::test_concat_with_none ... ok
[INFO] [stdout] test reduce::tests::test_index_list_with_expression ... ok
[INFO] [stdout] test reduce::tests::test_index_none_expression ... ok
[INFO] [stdout] test reduce::tests::test_index_struct_with_expression ... ok
[INFO] [stdout] test reduce::tests::test_index_tuple_with_expression ... ok
[INFO] [stdout] test reduce::tests::test_indexable_trait_on_expression ... ok
[INFO] [stdout] test reduce::tests::test_list_concat_is_reduced ... ok
[INFO] [stdout] test reduce::tests::test_min_utxo_add_non_reduction ... ok
[INFO] [stdout] test reduce::tests::test_min_utxo_sub_non_reduction ... ok
[INFO] [stdout] test reduce::tests::test_n_tuple_params_and_apply ... ok
[INFO] [stdout] test reduce::tests::test_apply_args_nested_struct ... ok
[INFO] [stdout] test reduce::tests::test_nested_property_access ... ok
[INFO] [stdout] test reduce::tests::test_reduce_coerce_noop ... ok
[INFO] [stdout] test reduce::tests::test_reduce_list_property_access ... ok
[INFO] [stdout] test reduce::tests::test_reduce_mixed_asset_binary_op ... ok
[INFO] [stdout] test reduce::tests::test_reduce_native_asset_binary_op ... ok
[INFO] [stdout] test reduce::tests::test_reduce_single_custom_asset_binary_op ... ok
[INFO] [stdout] test reduce::tests::test_reduce_struct_property_access ... ok
[INFO] [stdout] test reduce::tests::test_reduce_tuple_property_access ... ok
[INFO] [stdout] test reduce::tests::test_string_concat_is_reduced ... ok
[INFO] [stdout] test reduce::tests::test_string_number_concat_is_reduced ... ok
[INFO] [stdout] test reduce::tests::test_bytes_concat_is_reduced ... ok
[INFO] [stdout] test reduce::tests::test_index_list_out_of_bounds ... ok
[INFO] [stdout] test reduce::tests::test_coerce_utxo_set_into_assets ... ok
[INFO] [stdout] test model::assets::tests::composite_contains_some_naked ... ok
[INFO] [stdout] test model::assets::tests::add_is_inverse_of_sub ... ok
[INFO] [stdout] test model::assets::tests::composite_contains_some_composite ... ok
[INFO] [stdout] 
[INFO] [stdout] failures:
[INFO] [stdout] 
[INFO] [stdout] ---- encoding::tests::test_decoding_is_backward_compatible stdout ----
[INFO] [stdout] 
[INFO] [stdout] thread 'encoding::tests::test_decoding_is_backward_compatible' (445) panicked at src/encoding.rs:162:51:
[INFO] [stdout] called `Result::unwrap()` on an `Err` value: Os { code: 2, kind: NotFound, message: "No such file or directory" }
[INFO] [stdout] stack backtrace:
[INFO] [stdout]    0:     0x64a081e01d61 - std[70759c8f55707aa4]::backtrace_rs::backtrace::libunwind::trace
[INFO] [stdout]                                at /rustc/dfb0accb7f508ae8be965d8629557221c889dd98/library/std/src/../../backtrace/src/backtrace/libunwind.rs:117:9
[INFO] [stdout]    1:     0x64a081e01d61 - std[70759c8f55707aa4]::backtrace_rs::backtrace::trace_unsynchronized::<std[70759c8f55707aa4]::sys::backtrace::_print_fmt::{closure#1}>
[INFO] [stdout]                                at /rustc/dfb0accb7f508ae8be965d8629557221c889dd98/library/std/src/../../backtrace/src/backtrace/mod.rs:66:14
[INFO] [stdout]    2:     0x64a081e01d61 - std[70759c8f55707aa4]::sys::backtrace::_print_fmt
[INFO] [stdout]                                at /rustc/dfb0accb7f508ae8be965d8629557221c889dd98/library/std/src/sys/backtrace.rs:74:9
[INFO] [stdout]    3:     0x64a081e01d61 - <<std[70759c8f55707aa4]::sys::backtrace::BacktraceLock>::print::DisplayBacktrace as core[df12db4294e9bfd3]::fmt::Display>::fmt
[INFO] [stdout]                                at /rustc/dfb0accb7f508ae8be965d8629557221c889dd98/library/std/src/sys/backtrace.rs:44:26
[INFO] [stdout]    4:     0x64a081e183aa - <core[df12db4294e9bfd3]::fmt::rt::Argument>::fmt
[INFO] [stdout]                                at /rustc/dfb0accb7f508ae8be965d8629557221c889dd98/library/core/src/fmt/rt.rs:152:76
[INFO] [stdout]    5:     0x64a081e183aa - core[df12db4294e9bfd3]::fmt::write
[INFO] [stdout]    6:     0x64a081e0665c - core[df12db4294e9bfd3]::io::write::default_write_fmt::<alloc[2182bb758b4b3781]::vec::Vec<u8>>
[INFO] [stdout]                                at /rustc/dfb0accb7f508ae8be965d8629557221c889dd98/library/core/src/io/write.rs:402:11
[INFO] [stdout]    7:     0x64a081e0665c - <alloc[2182bb758b4b3781]::vec::Vec<u8> as core[df12db4294e9bfd3]::io::write::Write>::write_fmt
[INFO] [stdout]                                at /rustc/dfb0accb7f508ae8be965d8629557221c889dd98/library/core/src/io/write.rs:335:13
[INFO] [stdout]    8:     0x64a081ddc9e6 - <std[70759c8f55707aa4]::sys::backtrace::BacktraceLock>::print
[INFO] [stdout]                                at /rustc/dfb0accb7f508ae8be965d8629557221c889dd98/library/std/src/sys/backtrace.rs:47:9
[INFO] [stdout]    9:     0x64a081ddc9e6 - std[70759c8f55707aa4]::panicking::default_hook::{closure#0}
[INFO] [stdout]                                at /rustc/dfb0accb7f508ae8be965d8629557221c889dd98/library/std/src/panicking.rs:292:27
[INFO] [stdout]   10:     0x64a081df9f69 - std[70759c8f55707aa4]::panicking::default_hook
[INFO] [stdout]                                at /rustc/dfb0accb7f508ae8be965d8629557221c889dd98/library/std/src/panicking.rs:316:9
[INFO] [stdout]   11:     0x64a081d29980 - <alloc[2182bb758b4b3781]::boxed::Box<dyn for<'a, 'b> core[df12db4294e9bfd3]::ops::function::Fn<(&'a std[70759c8f55707aa4]::panic::PanicHookInfo<'b>,), Output = ()> + core[df12db4294e9bfd3]::marker::Send + core[df12db4294e9bfd3]::marker::Sync> as core[df12db4294e9bfd3]::ops::function::Fn<(&std[70759c8f55707aa4]::panic::PanicHookInfo,)>>::call
[INFO] [stdout]                                at /rustc/dfb0accb7f508ae8be965d8629557221c889dd98/library/alloc/src/boxed.rs:2334:9
[INFO] [stdout]   12:     0x64a081d29980 - test[9d35eded1c95d3be]::test_main_inner::<test[9d35eded1c95d3be]::test_main_static::{closure#0}>::{closure#0}
[INFO] [stdout]                                at /rustc/dfb0accb7f508ae8be965d8629557221c889dd98/library/test/src/lib.rs:155:21
[INFO] [stdout]   13:     0x64a081dfa122 - <alloc[2182bb758b4b3781]::boxed::Box<dyn for<'a, 'b> core[df12db4294e9bfd3]::ops::function::Fn<(&'a std[70759c8f55707aa4]::panic::PanicHookInfo<'b>,), Output = ()> + core[df12db4294e9bfd3]::marker::Send + core[df12db4294e9bfd3]::marker::Sync> as core[df12db4294e9bfd3]::ops::function::Fn<(&std[70759c8f55707aa4]::panic::PanicHookInfo,)>>::call
[INFO] [stdout]                                at /rustc/dfb0accb7f508ae8be965d8629557221c889dd98/library/alloc/src/boxed.rs:2334:9
[INFO] [stdout]   14:     0x64a081dfa122 - std[70759c8f55707aa4]::panicking::panic_with_hook
[INFO] [stdout]                                at /rustc/dfb0accb7f508ae8be965d8629557221c889dd98/library/std/src/panicking.rs:823:13
[INFO] [stdout]   15:     0x64a081ddca92 - std[70759c8f55707aa4]::panicking::panic_handler::{closure#0}
[INFO] [stdout]                                at /rustc/dfb0accb7f508ae8be965d8629557221c889dd98/library/std/src/panicking.rs:688:13
[INFO] [stdout]   16:     0x64a081dd5539 - std[70759c8f55707aa4]::sys::backtrace::__rust_end_short_backtrace::<std[70759c8f55707aa4]::panicking::panic_handler::{closure#0}, !>
[INFO] [stdout]                                at /rustc/dfb0accb7f508ae8be965d8629557221c889dd98/library/std/src/sys/backtrace.rs:182:18
[INFO] [stdout]   17:     0x64a081ddd68d - __rustc[8fa7c3cbc660c2b3]::rust_begin_unwind
[INFO] [stdout]                                at /rustc/dfb0accb7f508ae8be965d8629557221c889dd98/library/std/src/panicking.rs:679:5
[INFO] [stdout]   18:     0x64a081e18bcc - core[df12db4294e9bfd3]::panicking::panic_fmt
[INFO] [stdout]                                at /rustc/dfb0accb7f508ae8be965d8629557221c889dd98/library/core/src/panicking.rs:80:14
[INFO] [stdout]   19:     0x64a081e18922 - core[df12db4294e9bfd3]::result::unwrap_failed
[INFO] [stdout]                                at /rustc/dfb0accb7f508ae8be965d8629557221c889dd98/library/core/src/result.rs:1871:5
[INFO] [stdout]   20:     0x64a081c17418 - <core[df12db4294e9bfd3]::result::Result<alloc[2182bb758b4b3781]::string::String, core[df12db4294e9bfd3]::io::error::Error>>::unwrap
[INFO] [stdout]                                at /rustc/dfb0accb7f508ae8be965d8629557221c889dd98/library/core/src/result.rs:1232:23
[INFO] [stdout]   21:     0x64a081c17418 - tx3_tir[b9cf76f73c0a70de]::encoding::tests::decode_version_snapshot
[INFO] [stdout]                                at /opt/rustwide/workdir/src/encoding.rs:162:51
[INFO] [stdout]   22:     0x64a081c17742 - tx3_tir[b9cf76f73c0a70de]::encoding::tests::test_decoding_is_backward_compatible
[INFO] [stdout]                                at /opt/rustwide/workdir/src/encoding.rs:172:13
[INFO] [stdout]   23:     0x64a081c0f0d7 - tx3_tir[b9cf76f73c0a70de]::encoding::tests::test_decoding_is_backward_compatible::{closure#0}
[INFO] [stdout]                                at /opt/rustwide/workdir/src/encoding.rs:170:46
[INFO] [stdout]   24:     0x64a081cc41d6 - <tx3_tir[b9cf76f73c0a70de]::encoding::tests::test_decoding_is_backward_compatible::{closure#0} as core[df12db4294e9bfd3]::ops::function::FnOnce<()>>::call_once
[INFO] [stdout]                                at /rustc/dfb0accb7f508ae8be965d8629557221c889dd98/library/core/src/ops/function.rs:250:5
[INFO] [stdout]   25:     0x64a081d1cc6b - <fn() -> core[df12db4294e9bfd3]::result::Result<(), alloc[2182bb758b4b3781]::string::String> as core[df12db4294e9bfd3]::ops::function::FnOnce<()>>::call_once
[INFO] [stdout]                                at /rustc/dfb0accb7f508ae8be965d8629557221c889dd98/library/core/src/ops/function.rs:250:5
[INFO] [stdout]   26:     0x64a081d1cc6b - test[9d35eded1c95d3be]::__rust_begin_short_backtrace::<core[df12db4294e9bfd3]::result::Result<(), alloc[2182bb758b4b3781]::string::String>, fn() -> core[df12db4294e9bfd3]::result::Result<(), alloc[2182bb758b4b3781]::string::String>>
[INFO] [stdout]                                at /rustc/dfb0accb7f508ae8be965d8629557221c889dd98/library/test/src/lib.rs:733:18
[INFO] [stdout]   27:     0x64a081d2a2d5 - test[9d35eded1c95d3be]::run_test_in_process::{closure#0}
[INFO] [stdout]                                at /rustc/dfb0accb7f508ae8be965d8629557221c889dd98/library/test/src/lib.rs:756:74
[INFO] [stdout]   28:     0x64a081d2a2d5 - <core[df12db4294e9bfd3]::panic::unwind_safe::AssertUnwindSafe<test[9d35eded1c95d3be]::run_test_in_process::{closure#0}> as core[df12db4294e9bfd3]::ops::function::FnOnce<()>>::call_once
[INFO] [stdout]                                at /rustc/dfb0accb7f508ae8be965d8629557221c889dd98/library/core/src/panic/unwind_safe.rs:275:9
[INFO] [stdout]   29:     0x64a081d2a2d5 - std[70759c8f55707aa4]::panicking::catch_unwind::do_call::<core[df12db4294e9bfd3]::panic::unwind_safe::AssertUnwindSafe<test[9d35eded1c95d3be]::run_test_in_process::{closure#0}>, core[df12db4294e9bfd3]::result::Result<(), alloc[2182bb758b4b3781]::string::String>>
[INFO] [stdout]                                at /rustc/dfb0accb7f508ae8be965d8629557221c889dd98/library/std/src/panicking.rs:576:43
[INFO] [stdout]   30:     0x64a081d2a2d5 - std[70759c8f55707aa4]::panicking::catch_unwind::<core[df12db4294e9bfd3]::result::Result<(), alloc[2182bb758b4b3781]::string::String>, core[df12db4294e9bfd3]::panic::unwind_safe::AssertUnwindSafe<test[9d35eded1c95d3be]::run_test_in_process::{closure#0}>>
[INFO] [stdout]                                at /rustc/dfb0accb7f508ae8be965d8629557221c889dd98/library/std/src/panicking.rs:544:19
[INFO] [stdout]   31:     0x64a081d2a2d5 - std[70759c8f55707aa4]::panic::catch_unwind::<core[df12db4294e9bfd3]::panic::unwind_safe::AssertUnwindSafe<test[9d35eded1c95d3be]::run_test_in_process::{closure#0}>, core[df12db4294e9bfd3]::result::Result<(), alloc[2182bb758b4b3781]::string::String>>
[INFO] [stdout]                                at /rustc/dfb0accb7f508ae8be965d8629557221c889dd98/library/std/src/panic.rs:359:14
[INFO] [stdout]   32:     0x64a081d2a2d5 - test[9d35eded1c95d3be]::run_test_in_process
[INFO] [stdout]                                at /rustc/dfb0accb7f508ae8be965d8629557221c889dd98/library/test/src/lib.rs:756:27
[INFO] [stdout]   33:     0x64a081d2a2d5 - test[9d35eded1c95d3be]::run_test::{closure#0}
[INFO] [stdout]                                at /rustc/dfb0accb7f508ae8be965d8629557221c889dd98/library/test/src/lib.rs:677:43
[INFO] [stdout]   34:     0x64a081d23b94 - test[9d35eded1c95d3be]::run_test::{closure#1}
[INFO] [stdout]                                at /rustc/dfb0accb7f508ae8be965d8629557221c889dd98/library/test/src/lib.rs:707:41
[INFO] [stdout]   35:     0x64a081d23b94 - std[70759c8f55707aa4]::sys::backtrace::__rust_begin_short_backtrace::<test[9d35eded1c95d3be]::run_test::{closure#1}, ()>
[INFO] [stdout]                                at /rustc/dfb0accb7f508ae8be965d8629557221c889dd98/library/std/src/sys/backtrace.rs:166:18
[INFO] [stdout]   36:     0x64a081d2d432 - std[70759c8f55707aa4]::thread::lifecycle::spawn_unchecked::<test[9d35eded1c95d3be]::run_test::{closure#1}, ()>::{closure#1}::{closure#0}
[INFO] [stdout]                                at /rustc/dfb0accb7f508ae8be965d8629557221c889dd98/library/std/src/thread/lifecycle.rs:70:13
[INFO] [stdout]   37:     0x64a081d2d432 - <core[df12db4294e9bfd3]::panic::unwind_safe::AssertUnwindSafe<std[70759c8f55707aa4]::thread::lifecycle::spawn_unchecked<test[9d35eded1c95d3be]::run_test::{closure#1}, ()>::{closure#1}::{closure#0}> as core[df12db4294e9bfd3]::ops::function::FnOnce<()>>::call_once
[INFO] [stdout]                                at /rustc/dfb0accb7f508ae8be965d8629557221c889dd98/library/core/src/panic/unwind_safe.rs:275:9
[INFO] [stdout]   38:     0x64a081d2d432 - std[70759c8f55707aa4]::panicking::catch_unwind::do_call::<core[df12db4294e9bfd3]::panic::unwind_safe::AssertUnwindSafe<std[70759c8f55707aa4]::thread::lifecycle::spawn_unchecked<test[9d35eded1c95d3be]::run_test::{closure#1}, ()>::{closure#1}::{closure#0}>, ()>
[INFO] [stdout]                                at /rustc/dfb0accb7f508ae8be965d8629557221c889dd98/library/std/src/panicking.rs:576:43
[INFO] [stdout]   39:     0x64a081d2d432 - std[70759c8f55707aa4]::panicking::catch_unwind::<(), core[df12db4294e9bfd3]::panic::unwind_safe::AssertUnwindSafe<std[70759c8f55707aa4]::thread::lifecycle::spawn_unchecked<test[9d35eded1c95d3be]::run_test::{closure#1}, ()>::{closure#1}::{closure#0}>>
[INFO] [stdout]                                at /rustc/dfb0accb7f508ae8be965d8629557221c889dd98/library/std/src/panicking.rs:544:19
[INFO] [stdout]   40:     0x64a081d2d432 - std[70759c8f55707aa4]::panic::catch_unwind::<core[df12db4294e9bfd3]::panic::unwind_safe::AssertUnwindSafe<std[70759c8f55707aa4]::thread::lifecycle::spawn_unchecked<test[9d35eded1c95d3be]::run_test::{closure#1}, ()>::{closure#1}::{closure#0}>, ()>
[INFO] [stdout]                                at /rustc/dfb0accb7f508ae8be965d8629557221c889dd98/library/std/src/panic.rs:359:14
[INFO] [stdout]   41:     0x64a081d2d432 - std[70759c8f55707aa4]::thread::lifecycle::spawn_unchecked::<test[9d35eded1c95d3be]::run_test::{closure#1}, ()>::{closure#1}
[INFO] [stdout]                                at /rustc/dfb0accb7f508ae8be965d8629557221c889dd98/library/std/src/thread/lifecycle.rs:68:26
[INFO] [stdout]   42:     0x64a081d2d432 - <std[70759c8f55707aa4]::thread::lifecycle::spawn_unchecked<test[9d35eded1c95d3be]::run_test::{closure#1}, ()>::{closure#1} as core[df12db4294e9bfd3]::ops::function::FnOnce<()>>::call_once::{shim:vtable#0}
[INFO] [stdout]                                at /rustc/dfb0accb7f508ae8be965d8629557221c889dd98/library/core/src/ops/function.rs:250:5
[INFO] [stdout]   43:     0x64a081e012c9 - <alloc[2182bb758b4b3781]::boxed::Box<dyn core[df12db4294e9bfd3]::ops::function::FnOnce<(), Output = ()> + core[df12db4294e9bfd3]::marker::Send> as core[df12db4294e9bfd3]::ops::function::FnOnce<()>>::call_once
[INFO] [stdout]                                at /rustc/dfb0accb7f508ae8be965d8629557221c889dd98/library/alloc/src/boxed.rs:2320:9
[INFO] [stdout]   44:     0x64a081e012c9 - <std[70759c8f55707aa4]::sys::thread::unix::Thread>::new::thread_start
[INFO] [stdout]                                at /rustc/dfb0accb7f508ae8be965d8629557221c889dd98/library/std/src/sys/thread/unix.rs:123:17
[INFO] [stdout]   45:     0x7a99876d2dfa - <unknown>
[INFO] [stdout]   46:     0x7a99877663d4 - clone
[INFO] [stdout]   47:                0x0 - <unknown>
[INFO] [stdout] 
[INFO] [stdout] 
[INFO] [stdout] failures:
[INFO] [stdout]     encoding::tests::test_decoding_is_backward_compatible
[INFO] [stdout] 
[INFO] [stdout] test result: FAILED. 57 passed; 1 failed; 0 ignored; 0 measured; 0 filtered out; finished in 0.36s
[INFO] [stdout] 
[INFO] [stderr] error: test failed, to rerun pass `--lib`
[INFO] running `Command { std: "docker" "inspect" "a308dc3cd76c910189f35e81480f2707d080532eca4700ef5c4a81e25b77e208", kill_on_drop: false }`
[INFO] running `Command { std: "docker" "rm" "-f" "a308dc3cd76c910189f35e81480f2707d080532eca4700ef5c4a81e25b77e208", kill_on_drop: false }`
[INFO] [stdout] a308dc3cd76c910189f35e81480f2707d080532eca4700ef5c4a81e25b77e208
