[INFO] fetching crate turbospark-image 0.1.0...
[INFO] testing turbospark-image-0.1.0 against 1.99.0-beta.8 for beta-1.100-2
[INFO] extracting crate turbospark-image 0.1.0 into /workspace/builds/worker-2-tc1/source
[INFO] started tweaking crates.io crate turbospark-image 0.1.0
[INFO] removed 0 missing tests
[INFO] finished tweaking crates.io crate turbospark-image 0.1.0
[INFO] tweaked toml for crates.io crate turbospark-image 0.1.0 written to /workspace/builds/worker-2-tc1/source/Cargo.toml
[INFO] validating manifest of crates.io crate turbospark-image 0.1.0 on toolchain 1.99.0-beta.8
[INFO] running `Command { std: CARGO_HOME="/workspace/cargo-home" RUSTUP_HOME="/workspace/rustup-home" "/workspace/cargo-home/bin/cargo" "+1.99.0-beta.8" "metadata" "--manifest-path" "Cargo.toml" "--no-deps", kill_on_drop: false }`
[INFO] crate crates.io crate turbospark-image 0.1.0 already has a lockfile, it will not be regenerated
[INFO] running `Command { std: CARGO_HOME="/workspace/cargo-home" RUSTUP_HOME="/workspace/rustup-home" "/workspace/cargo-home/bin/cargo" "+1.99.0-beta.8" "fetch" "--manifest-path" "Cargo.toml", kill_on_drop: false }`
[INFO] [stderr]     Updating crates.io index
[INFO] [stderr]  Downloading crates ...
[INFO] [stderr]   Downloaded rayon-cond v0.3.0
[INFO] [stderr]   Downloaded turbospark-core v0.1.0
[INFO] [stderr]   Downloaded tokenizers v0.20.4
[INFO] [stderr]   Downloaded memo-map v0.3.3
[INFO] [stderr]   Downloaded minijinja-contrib v2.22.0
[INFO] [stderr]   Downloaded cc v1.4.0
[INFO] [stderr]   Downloaded turbospark-tokenizer v0.1.0
[INFO] [stderr]   Downloaded turbospark-model-io v0.1.0
[INFO] [stderr]   Downloaded turbospark-compute v0.1.0
[INFO] [stderr]   Downloaded minijinja v2.22.0
[INFO] [stderr]   Downloaded turbospark-repack v0.1.0
[INFO] [stderr]   Downloaded crc32fast v1.5.1
[INFO] [stderr]   Downloaded turbospark-gpu v0.1.0
[INFO] [stderr]   Downloaded ndarray v0.16.1
[INFO] [stderr]   Downloaded metal v0.33.0
[INFO] running `Command { std: "docker" "create" "-v" "/var/lib/crater-agent-workspace/builds/worker-2-tc1/source:/opt/rustwide/workdir:ro,Z" "-v" "/var/lib/crater-agent-workspace/builds/worker-2-tc1/target:/opt/rustwide/target:rw,Z" "-v" "/var/lib/crater-agent-workspace/cargo-home:/opt/rustwide/cargo-home:ro,Z" "-v" "/var/lib/crater-agent-workspace/rustup-home:/opt/rustwide/rustup-home:ro,Z" "-m" "1610612736" "--network" "none" "ghcr.io/rust-lang/crates-build-env/linux@sha256:3111399a4047eeb3a02b7a90e478d715f38a8c6669b5c4b49d30a17385265909" "sleep" "infinity", kill_on_drop: false }`
[INFO] [stdout] 29fe56b6d8e82123cfbcb51c3744550ce0503ae40c619bb4b81966b37a21ced1
[INFO] running `Command { std: "docker" "start" "29fe56b6d8e82123cfbcb51c3744550ce0503ae40c619bb4b81966b37a21ced1", kill_on_drop: false }`
[INFO] running `Command { std: "docker" "inspect" "29fe56b6d8e82123cfbcb51c3744550ce0503ae40c619bb4b81966b37a21ced1", kill_on_drop: false }`
[INFO] running `Command { std: "docker" "exec" "-e" "SOURCE_DIR=/opt/rustwide/workdir" "-e" "CARGO_HOME=/opt/rustwide/cargo-home" "-e" "RUSTUP_HOME=/opt/rustwide/rustup-home" "-e" "CARGO_TARGET_DIR=/opt/rustwide/target" "-w" "/opt/rustwide/workdir" "--user" "0:0" "29fe56b6d8e82123cfbcb51c3744550ce0503ae40c619bb4b81966b37a21ced1" "/opt/rustwide/cargo-home/bin/cargo" "+1.99.0-beta.8" "metadata" "--no-deps" "--format-version=1", kill_on_drop: false }`
[INFO] running `Command { std: "docker" "inspect" "29fe56b6d8e82123cfbcb51c3744550ce0503ae40c619bb4b81966b37a21ced1", kill_on_drop: false }`
[INFO] running `Command { std: "docker" "exec" "-e" "SOURCE_DIR=/opt/rustwide/workdir" "-e" "CARGO_HOME=/opt/rustwide/cargo-home" "-e" "RUSTUP_HOME=/opt/rustwide/rustup-home" "-e" "CARGO_TARGET_DIR=/opt/rustwide/target" "-e" "CARGO_INCREMENTAL=0" "-e" "RUST_BACKTRACE=full" "-e" "RUSTFLAGS=--cap-lints=warn" "-e" "RUSTDOCFLAGS=--cap-lints=warn" "-w" "/opt/rustwide/workdir" "--user" "0:0" "29fe56b6d8e82123cfbcb51c3744550ce0503ae40c619bb4b81966b37a21ced1" "/opt/rustwide/cargo-home/bin/cargo" "+1.99.0-beta.8" "build" "--frozen" "--message-format=json", kill_on_drop: false }`
[INFO] [stderr]    Compiling syn v2.0.119
[INFO] [stderr]    Compiling syn v3.0.3
[INFO] [stderr]    Compiling cc v1.4.0
[INFO] [stderr]    Compiling num-traits v0.2.19
[INFO] [stderr]    Compiling aho-corasick v1.1.5
[INFO] [stderr]    Compiling generic-array v0.14.7
[INFO] [stderr]    Compiling serde_json v1.0.151
[INFO] [stderr]    Compiling esaxx-rs v0.1.10
[INFO] [stderr]    Compiling crc32fast v1.5.1
[INFO] [stderr]    Compiling nom v7.1.3
[INFO] [stderr]    Compiling itertools v0.11.0
[INFO] [stderr]    Compiling matrixmultiply v0.3.11
[INFO] [stderr]    Compiling macro_rules_attribute-proc_macro v0.2.3
[INFO] [stderr]    Compiling pastey v0.2.3
[INFO] [stderr]    Compiling memo-map v0.3.3
[INFO] [stderr]    Compiling base64 v0.13.1
[INFO] [stderr]    Compiling unicode-normalization-alignments v0.1.12
[INFO] [stderr]    Compiling itertools v0.12.1
[INFO] [stderr]    Compiling unicode_categories v0.1.1
[INFO] [stderr]    Compiling fdeflate v0.3.7
[INFO] [stderr]    Compiling flate2 v1.1.9
[INFO] [stderr]    Compiling macro_rules_attribute v0.2.3
[INFO] [stderr]    Compiling crypto-common v0.1.7
[INFO] [stderr]    Compiling block-buffer v0.10.4
[INFO] [stderr]    Compiling digest v0.10.7
[INFO] [stderr]    Compiling sha2 v0.10.9
[INFO] [stderr]    Compiling png v0.18.1
[INFO] [stderr]    Compiling num-complex v0.4.6
[INFO] [stderr]    Compiling num-integer v0.1.47
[INFO] [stderr]    Compiling regex-automata v0.4.18
[INFO] [stderr]    Compiling rayon-cond v0.3.0
[INFO] [stderr]    Compiling onig_sys v69.9.3
[INFO] [stderr]    Compiling ndarray v0.16.1
[INFO] [stderr]    Compiling serde_derive v1.0.229
[INFO] [stderr]    Compiling darling_core v0.20.11
[INFO] [stderr]    Compiling regex v1.13.1
[INFO] [stderr]    Compiling zerocopy-derive v0.8.55
[INFO] [stderr]    Compiling thiserror-impl v1.0.69
[INFO] [stderr]    Compiling monostate-impl v0.1.18
[INFO] [stderr]    Compiling monostate v0.1.18
[INFO] [stderr]    Compiling thiserror v1.0.69
[INFO] [stderr]    Compiling serde v1.0.229
[INFO] [stderr]    Compiling zerocopy v0.8.55
[INFO] [stderr]    Compiling darling_macro v0.20.11
[INFO] [stderr]    Compiling darling v0.20.11
[INFO] [stderr]    Compiling derive_builder_core v0.20.2
[INFO] [stderr]    Compiling spm_precompiled v0.1.4
[INFO] [stderr]    Compiling minijinja v2.22.0
[INFO] [stderr]    Compiling derive_builder_macro v0.20.2
[INFO] [stderr]    Compiling derive_builder v0.20.2
[INFO] [stderr]    Compiling onig v6.5.3
[INFO] [stderr]    Compiling minijinja-contrib v2.22.0
[INFO] [stderr]    Compiling half v2.7.1
[INFO] [stderr]    Compiling ppv-lite86 v0.2.21
[INFO] [stderr]    Compiling turbospark-core v0.1.0
[INFO] [stderr]    Compiling rand_chacha v0.3.1
[INFO] [stderr]    Compiling turbospark-model-io v0.1.0
[INFO] [stderr]    Compiling turbospark-compute v0.1.0
[INFO] [stderr]    Compiling rand v0.8.7
[INFO] [stderr]    Compiling tokenizers v0.20.4
[INFO] [stderr]    Compiling turbospark-tokenizer v0.1.0
[INFO] [stderr]    Compiling turbospark-image v0.1.0 (/opt/rustwide/workdir)
[INFO] [stdout] warning: method `read_payload_range` is never used
[INFO] [stdout]    --> src/packed.rs:277:19
[INFO] [stdout]     |
[INFO] [stdout] 129 | impl PackedTensorStore {
[INFO] [stdout]     | ---------------------- method in this implementation
[INFO] [stdout] ...
[INFO] [stdout] 277 |     pub(crate) fn read_payload_range(&self, offset: u64, length: usize) -> Result<Vec<u8>, String> {
[INFO] [stdout]     |                   ^^^^^^^^^^^^^^^^^^
[INFO] [stdout]     |
[INFO] [stdout]     = note: `#[warn(dead_code)]` (part of `#[warn(unused)]`) on by default
[INFO] [stdout] 
[INFO] [stdout] 
[INFO] [stderr]     Finished `dev` profile [unoptimized + debuginfo] target(s) in 27.37s
[INFO] running `Command { std: "docker" "inspect" "29fe56b6d8e82123cfbcb51c3744550ce0503ae40c619bb4b81966b37a21ced1", kill_on_drop: false }`
[INFO] running `Command { std: "docker" "exec" "-e" "SOURCE_DIR=/opt/rustwide/workdir" "-e" "CARGO_HOME=/opt/rustwide/cargo-home" "-e" "RUSTUP_HOME=/opt/rustwide/rustup-home" "-e" "CARGO_TARGET_DIR=/opt/rustwide/target" "-e" "CARGO_INCREMENTAL=0" "-e" "RUST_BACKTRACE=full" "-e" "RUSTFLAGS=--cap-lints=warn" "-e" "RUSTDOCFLAGS=--cap-lints=warn" "-w" "/opt/rustwide/workdir" "--user" "0:0" "29fe56b6d8e82123cfbcb51c3744550ce0503ae40c619bb4b81966b37a21ced1" "/opt/rustwide/cargo-home/bin/cargo" "+1.99.0-beta.8" "test" "--frozen" "--no-run" "--message-format=json", kill_on_drop: false }`
[INFO] [stderr]    Compiling syn v2.0.119
[INFO] [stderr]    Compiling syn v3.0.3
[INFO] [stderr]    Compiling ring v0.17.14
[INFO] [stderr]    Compiling futures-sink v0.3.33
[INFO] [stderr]    Compiling tokio v1.53.1
[INFO] [stderr]    Compiling aho-corasick v1.1.5
[INFO] [stderr]    Compiling nom v7.1.3
[INFO] [stderr]    Compiling sync_wrapper v1.0.2
[INFO] [stderr]    Compiling ipnet v2.12.1
[INFO] [stderr]    Compiling webpki-roots v1.0.9
[INFO] [stderr]    Compiling unicode-normalization-alignments v0.1.12
[INFO] [stderr]    Compiling futures-util v0.3.33
[INFO] [stderr]    Compiling futures-channel v0.3.33
[INFO] [stderr]    Compiling displaydoc v0.2.7
[INFO] [stderr]    Compiling serde_derive v1.0.229
[INFO] [stderr]    Compiling regex-automata v0.4.18
[INFO] [stderr]    Compiling rustls v0.23.43
[INFO] [stderr]    Compiling hyper v1.11.0
[INFO] [stderr]    Compiling tower v0.5.3
[INFO] [stderr]    Compiling synstructure v0.13.2
[INFO] [stderr]    Compiling darling_core v0.20.11
[INFO] [stderr]    Compiling serde v1.0.229
[INFO] [stderr]    Compiling regex v1.13.1
[INFO] [stderr]    Compiling zerofrom-derive v0.1.7
[INFO] [stderr]    Compiling yoke-derive v0.8.2
[INFO] [stderr]    Compiling zerovec-derive v0.11.3
[INFO] [stderr]    Compiling zerocopy-derive v0.8.55
[INFO] [stderr]    Compiling monostate-impl v0.1.18
[INFO] [stderr]    Compiling thiserror-impl v1.0.69
[INFO] [stderr]    Compiling hyper-util v0.1.20
[INFO] [stderr]    Compiling monostate v0.1.18
[INFO] [stderr]    Compiling minijinja v2.22.0
[INFO] [stderr]    Compiling spm_precompiled v0.1.4
[INFO] [stderr]    Compiling serde_urlencoded v0.7.1
[INFO] [stderr]    Compiling rustls-webpki v0.103.13
[INFO] [stderr]    Compiling zerofrom v0.1.8
[INFO] [stderr]    Compiling thiserror v1.0.69
[INFO] [stderr]    Compiling yoke v0.8.3
[INFO] [stderr]    Compiling zerocopy v0.8.55
[INFO] [stderr]    Compiling zerovec v0.11.6
[INFO] [stderr]    Compiling zerotrie v0.2.4
[INFO] [stderr]    Compiling darling_macro v0.20.11
[INFO] [stderr]    Compiling darling v0.20.11
[INFO] [stderr]    Compiling derive_builder_core v0.20.2
[INFO] [stderr]    Compiling tinystr v0.8.3
[INFO] [stderr]    Compiling potential_utf v0.1.5
[INFO] [stderr]    Compiling icu_collections v2.2.0
[INFO] [stderr]    Compiling icu_locale_core v2.2.0
[INFO] [stderr]    Compiling derive_builder_macro v0.20.2
[INFO] [stderr]    Compiling derive_builder v0.20.2
[INFO] [stderr]    Compiling icu_provider v2.2.0
[INFO] [stderr]    Compiling icu_properties v2.2.0
[INFO] [stderr]    Compiling icu_normalizer v2.2.0
[INFO] [stderr]    Compiling idna_adapter v1.2.2
[INFO] [stderr]    Compiling idna v1.1.0
[INFO] [stderr]    Compiling url v2.5.8
[INFO] [stderr]    Compiling half v2.7.1
[INFO] [stderr]    Compiling ppv-lite86 v0.2.21
[INFO] [stderr]    Compiling rand_chacha v0.3.1
[INFO] [stderr]    Compiling rand v0.8.7
[INFO] [stderr]    Compiling turbospark-core v0.1.0
[INFO] [stderr]    Compiling turbospark-compute v0.1.0
[INFO] [stderr]    Compiling turbospark-model-io v0.1.0
[INFO] [stderr]    Compiling tower-http v0.6.11
[INFO] [stderr]    Compiling minijinja-contrib v2.22.0
[INFO] [stderr]    Compiling tokio-rustls v0.26.4
[INFO] [stderr]    Compiling tokenizers v0.20.4
[INFO] [stderr]    Compiling hyper-rustls v0.27.9
[INFO] [stderr]    Compiling reqwest v0.12.28
[INFO] [stderr]    Compiling turbospark-repack v0.1.0
[INFO] [stderr]    Compiling turbospark-tokenizer v0.1.0
[INFO] [stderr]    Compiling turbospark-image v0.1.0 (/opt/rustwide/workdir)
[INFO] [stdout] warning: method `read_payload_range` is never used
[INFO] [stdout]    --> src/packed.rs:277:19
[INFO] [stdout]     |
[INFO] [stdout] 129 | impl PackedTensorStore {
[INFO] [stdout]     | ---------------------- method in this implementation
[INFO] [stdout] ...
[INFO] [stdout] 277 |     pub(crate) fn read_payload_range(&self, offset: u64, length: usize) -> Result<Vec<u8>, String> {
[INFO] [stdout]     |                   ^^^^^^^^^^^^^^^^^^
[INFO] [stdout]     |
[INFO] [stdout]     = note: `#[warn(dead_code)]` (part of `#[warn(unused)]`) on by default
[INFO] [stdout] 
[INFO] [stdout] 
[INFO] [stdout] warning: method `read_payload_range` is never used
[INFO] [stdout]    --> src/packed.rs:277:19
[INFO] [stdout]     |
[INFO] [stdout] 129 | impl PackedTensorStore {
[INFO] [stdout]     | ---------------------- method in this implementation
[INFO] [stdout] ...
[INFO] [stdout] 277 |     pub(crate) fn read_payload_range(&self, offset: u64, length: usize) -> Result<Vec<u8>, String> {
[INFO] [stdout]     |                   ^^^^^^^^^^^^^^^^^^
[INFO] [stdout]     |
[INFO] [stdout]     = note: `#[warn(dead_code)]` (part of `#[warn(unused)]`) on by default
[INFO] [stdout] 
[INFO] [stdout] 
[INFO] [stderr]     Finished `test` profile [unoptimized + debuginfo] target(s) in 1m 02s
[INFO] running `Command { std: "docker" "inspect" "29fe56b6d8e82123cfbcb51c3744550ce0503ae40c619bb4b81966b37a21ced1", kill_on_drop: false }`
[INFO] running `Command { std: "docker" "exec" "-e" "SOURCE_DIR=/opt/rustwide/workdir" "-e" "CARGO_HOME=/opt/rustwide/cargo-home" "-e" "RUSTUP_HOME=/opt/rustwide/rustup-home" "-e" "CARGO_TARGET_DIR=/opt/rustwide/target" "-e" "CARGO_INCREMENTAL=0" "-e" "RUST_BACKTRACE=full" "-e" "RUSTFLAGS=--cap-lints=warn" "-e" "RUSTDOCFLAGS=--cap-lints=warn" "-w" "/opt/rustwide/workdir" "--user" "0:0" "29fe56b6d8e82123cfbcb51c3744550ce0503ae40c619bb4b81966b37a21ced1" "/opt/rustwide/cargo-home/bin/cargo" "+1.99.0-beta.8" "test" "--frozen", kill_on_drop: false }`
[INFO] [stderr] warning: method `read_payload_range` is never used
[INFO] [stderr]    --> src/packed.rs:277:19
[INFO] [stderr]     |
[INFO] [stderr] 129 | impl PackedTensorStore {
[INFO] [stderr]     | ---------------------- method in this implementation
[INFO] [stderr] ...
[INFO] [stderr] 277 |     pub(crate) fn read_payload_range(&self, offset: u64, length: usize) -> Result<Vec<u8>, String> {
[INFO] [stderr]     |                   ^^^^^^^^^^^^^^^^^^
[INFO] [stderr]     |
[INFO] [stderr]     = note: `#[warn(dead_code)]` (part of `#[warn(unused)]`) on by default
[INFO] [stderr] 
[INFO] [stderr] warning: `turbospark-image` (lib) generated 1 warning
[INFO] [stderr] warning: `turbospark-image` (lib test) generated 1 warning (1 duplicate)
[INFO] [stderr]     Finished `test` profile [unoptimized + debuginfo] target(s) in 0.37s
[INFO] [stderr]      Running unittests src/lib.rs (/opt/rustwide/target/debug/deps/turbospark_image-08fc7552f64283e2)
[INFO] [stdout] 
[INFO] [stdout] running 36 tests
[INFO] [stdout] test install::tests::validates_the_frozen_ig2_envelope_and_stage_owners ... ok
[INFO] [stdout] test builder::tests::owners_follow_the_frozen_stage_boundary ... ok
[INFO] [stdout] test install::tests::rejects_oversized_manifest_before_reading_it ... ok
[INFO] [stdout] test install::tests::rejects_manifest_paths_that_escape_the_install_root ... ok
[INFO] [stdout] test patchify::tests::test_pad_with_ids_boundary ... ok
[INFO] [stdout] test patchify::tests::test_create_coordinate_grid_ordering ... ok
[INFO] [stdout] test builder::tests::files_outside_components_are_rejected ... ok
[INFO] [stdout] test pipeline::tests::padding_keeps_image_tokens_attendable ... ok
[INFO] [stdout] test patchify::tests::test_patchify_unpatchify_roundtrip ... ok
[INFO] [stdout] test runtime::tests::budget_refusal_happens_before_execution ... ok
[INFO] [stdout] test packed::tests::packs_unquantized_f16_source_as_f32 ... ok
[INFO] [stdout] test packed::tests::quantizes_only_the_frozen_quality_projection_families ... ok
[INFO] [stdout] test packed::tests::packs_linear_weights_with_the_shared_int4_layout ... ok
[INFO] [stdout] test runtime::tests::cancellation_stops_before_transformer_stage ... ok
[INFO] [stdout] test rope::tests::test_rope_dimensions_and_step_zero ... ok
[INFO] [stdout] test runtime::tests::image_requests_accept_every_mlx_width_label ... ok
[INFO] [stdout] test runtime::tests::image_requests_reject_non_mlx_or_unsupported_width_labels ... ok
[INFO] [stdout] test runtime::tests::two_slots_reject_early_reuse_and_bound_live_storage ... ok
[INFO] [stdout] test packed::tests::decodes_every_supported_mlx_affine_width ... ok
[INFO] [stdout] test packed::tests::refuses_a_modified_packed_payload ... ok
[INFO] [stdout] test pipeline::tests::timestep_embedding_starts_with_cosine_then_sine ... ok
[INFO] [stdout] test transformer::tests::batched_linear_matches_independent_rows ... ok
[INFO] [stdout] test packed::tests::rejects_mlx_affine_shape_byte_length_overflow ... ok
[INFO] [stdout] test rope::tests::test_apply_rotary_emb_orthogonal_rotation ... ok
[INFO] [stdout] test runtime::tests::cancellation_waits_for_registered_consumers ... ok
[INFO] [stdout] test runtime::tests::generation_waits_for_backend_consumers_after_cancellation ... ok
[INFO] [stdout] test builder::tests::builds_and_reopens_a_complete_synthetic_install ... ok
[INFO] [stdout] test rope::tests::test_apply_rotary_emb_identity_at_zero ... ok
[INFO] [stdout] test packed::tests::packs_all_supported_mlx_affine_widths ... ok
[INFO] [stdout] test transformer::tests::linear_adds_bias_after_dot_product ... ok
[INFO] [stdout] test transformer::tests::rms_reduction_is_pairwise ... ok
[INFO] [stdout] test builder::tests::builds_fp16_source_through_complete_install ... ok
[INFO] [stdout] test builder::tests::builds_all_mlx_widths_through_complete_install ... ok
[INFO] [stdout] test runtime::tests::generation_preserves_the_selected_mlx_width_in_metadata ... ok
[INFO] [stdout] test runtime::tests::generation_embeds_contract_metadata_and_stage_progress ... ok
[INFO] [stdout] test runtime::tests::cancellation_stops_after_each_owned_stage ... ok
[INFO] [stdout] 
[INFO] [stdout] test result: ok. 36 passed; 0 failed; 0 ignored; 0 measured; 0 filtered out; finished in 0.89s
[INFO] [stdout] 
[INFO] [stderr]      Running tests/conditioning_parity.rs (/opt/rustwide/target/debug/deps/conditioning_parity-7ccb1de023d80e8a)
[INFO] [stdout] 
[INFO] [stdout] running 2 tests
[INFO] [stdout] test test_conditioning_framing_exact_parity ... ok
[INFO] [stdout] test test_conditioning_tokenization_exact_parity ... ok
[INFO] [stdout] 
[INFO] [stdout] test result: ok. 2 passed; 0 failed; 0 ignored; 0 measured; 0 filtered out; finished in 0.00s
[INFO] [stdout] 
[INFO] [stderr]      Running tests/metal_parity.rs (/opt/rustwide/target/debug/deps/metal_parity-548eb432aeb6213d)
[INFO] [stdout] 
[INFO] [stdout] running 0 tests
[INFO] [stdout] 
[INFO] [stdout] test result: ok. 0 passed; 0 failed; 0 ignored; 0 measured; 0 filtered out; finished in 0.00s
[INFO] [stdout] 
[INFO] [stderr]      Running tests/pipeline_parity.rs (/opt/rustwide/target/debug/deps/pipeline_parity-5e83c2b724381e88)
[INFO] [stdout] 
[INFO] [stdout] running 2 tests
[INFO] [stdout] test test_z_image_all_steps_from_captured_input_parity ... ignored, opt-in full 1024 checkpoint forward from every captured timestep
[INFO] [stdout] test test_z_image_full_nine_step_checkpoint_parity ... ignored, opt-in full 1024 checkpoint forward (very slow CPU reference gate)
[INFO] [stdout] 
[INFO] [stdout] test result: ok. 0 passed; 0 failed; 2 ignored; 0 measured; 0 filtered out; finished in 0.00s
[INFO] [stdout] 
[INFO] [stderr]      Running tests/scheduler_parity.rs (/opt/rustwide/target/debug/deps/scheduler_parity-c753cfad07ef9f3c)
[INFO] [stdout] 
[INFO] [stdout] running 3 tests
[INFO] [stdout] test test_scheduler_euler_step_parity_latents ... ok
[INFO] [stdout] test test_scheduler_captured_timesteps_sigmas_exact ... ok
[INFO] [stdout] test test_scheduler_schedules_exact_contract ... FAILED
[INFO] [stdout] 
[INFO] [stdout] failures:
[INFO] [stdout] 
[INFO] [stdout] ---- test_scheduler_schedules_exact_contract stdout ----
[INFO] [stdout] 
[INFO] [stdout] thread 'test_scheduler_schedules_exact_contract' (2747) panicked at tests/scheduler_parity.rs:8:5:
[INFO] [stdout] contracts json must exist at /opt/docs/verification/z-image-ig0-contracts.json
[INFO] [stdout] stack backtrace:
[INFO] [stdout]    0:     0x56f19f88ba21 - std[70759c8f55707aa4]::backtrace_rs::backtrace::libunwind::trace
[INFO] [stdout]                                at /rustc/dfb0accb7f508ae8be965d8629557221c889dd98/library/std/src/../../backtrace/src/backtrace/libunwind.rs:117:9
[INFO] [stdout]    1:     0x56f19f88ba21 - std[70759c8f55707aa4]::backtrace_rs::backtrace::trace_unsynchronized::<std[70759c8f55707aa4]::sys::backtrace::_print_fmt::{closure#1}>
[INFO] [stdout]                                at /rustc/dfb0accb7f508ae8be965d8629557221c889dd98/library/std/src/../../backtrace/src/backtrace/mod.rs:66:14
[INFO] [stdout]    2:     0x56f19f88ba21 - std[70759c8f55707aa4]::sys::backtrace::_print_fmt
[INFO] [stdout]                                at /rustc/dfb0accb7f508ae8be965d8629557221c889dd98/library/std/src/sys/backtrace.rs:74:9
[INFO] [stdout]    3:     0x56f19f88ba21 - <<std[70759c8f55707aa4]::sys::backtrace::BacktraceLock>::print::DisplayBacktrace as core[df12db4294e9bfd3]::fmt::Display>::fmt
[INFO] [stdout]                                at /rustc/dfb0accb7f508ae8be965d8629557221c889dd98/library/std/src/sys/backtrace.rs:44:26
[INFO] [stdout]    4:     0x56f19f8a0b1a - <core[df12db4294e9bfd3]::fmt::rt::Argument>::fmt
[INFO] [stdout]                                at /rustc/dfb0accb7f508ae8be965d8629557221c889dd98/library/core/src/fmt/rt.rs:152:76
[INFO] [stdout]    5:     0x56f19f8a0b1a - core[df12db4294e9bfd3]::fmt::write
[INFO] [stdout]    6:     0x56f19f88fedc - core[df12db4294e9bfd3]::io::write::default_write_fmt::<alloc[2182bb758b4b3781]::vec::Vec<u8>>
[INFO] [stdout]                                at /rustc/dfb0accb7f508ae8be965d8629557221c889dd98/library/core/src/io/write.rs:402:11
[INFO] [stdout]    7:     0x56f19f88fedc - <alloc[2182bb758b4b3781]::vec::Vec<u8> as core[df12db4294e9bfd3]::io::write::Write>::write_fmt
[INFO] [stdout]                                at /rustc/dfb0accb7f508ae8be965d8629557221c889dd98/library/core/src/io/write.rs:335:13
[INFO] [stdout]    8:     0x56f19f867a16 - <std[70759c8f55707aa4]::sys::backtrace::BacktraceLock>::print
[INFO] [stdout]                                at /rustc/dfb0accb7f508ae8be965d8629557221c889dd98/library/std/src/sys/backtrace.rs:47:9
[INFO] [stdout]    9:     0x56f19f867a16 - std[70759c8f55707aa4]::panicking::default_hook::{closure#0}
[INFO] [stdout]                                at /rustc/dfb0accb7f508ae8be965d8629557221c889dd98/library/std/src/panicking.rs:292:27
[INFO] [stdout]   10:     0x56f19f883e19 - std[70759c8f55707aa4]::panicking::default_hook
[INFO] [stdout]                                at /rustc/dfb0accb7f508ae8be965d8629557221c889dd98/library/std/src/panicking.rs:316:9
[INFO] [stdout]   11:     0x56f19f7ece60 - <alloc[2182bb758b4b3781]::boxed::Box<dyn for<'a, 'b> core[df12db4294e9bfd3]::ops::function::Fn<(&'a std[70759c8f55707aa4]::panic::PanicHookInfo<'b>,), Output = ()> + core[df12db4294e9bfd3]::marker::Send + core[df12db4294e9bfd3]::marker::Sync> as core[df12db4294e9bfd3]::ops::function::Fn<(&std[70759c8f55707aa4]::panic::PanicHookInfo,)>>::call
[INFO] [stdout]                                at /rustc/dfb0accb7f508ae8be965d8629557221c889dd98/library/alloc/src/boxed.rs:2334:9
[INFO] [stdout]   12:     0x56f19f7ece60 - test[9d35eded1c95d3be]::test_main_inner::<test[9d35eded1c95d3be]::test_main_static::{closure#0}>::{closure#0}
[INFO] [stdout]                                at /rustc/dfb0accb7f508ae8be965d8629557221c889dd98/library/test/src/lib.rs:155:21
[INFO] [stdout]   13:     0x56f19f883fd2 - <alloc[2182bb758b4b3781]::boxed::Box<dyn for<'a, 'b> core[df12db4294e9bfd3]::ops::function::Fn<(&'a std[70759c8f55707aa4]::panic::PanicHookInfo<'b>,), Output = ()> + core[df12db4294e9bfd3]::marker::Send + core[df12db4294e9bfd3]::marker::Sync> as core[df12db4294e9bfd3]::ops::function::Fn<(&std[70759c8f55707aa4]::panic::PanicHookInfo,)>>::call
[INFO] [stdout]                                at /rustc/dfb0accb7f508ae8be965d8629557221c889dd98/library/alloc/src/boxed.rs:2334:9
[INFO] [stdout]   14:     0x56f19f883fd2 - std[70759c8f55707aa4]::panicking::panic_with_hook
[INFO] [stdout]                                at /rustc/dfb0accb7f508ae8be965d8629557221c889dd98/library/std/src/panicking.rs:823:13
[INFO] [stdout]   15:     0x56f19f867ac2 - std[70759c8f55707aa4]::panicking::panic_handler::{closure#0}
[INFO] [stdout]                                at /rustc/dfb0accb7f508ae8be965d8629557221c889dd98/library/std/src/panicking.rs:688:13
[INFO] [stdout]   16:     0x56f19f8606b9 - std[70759c8f55707aa4]::sys::backtrace::__rust_end_short_backtrace::<std[70759c8f55707aa4]::panicking::panic_handler::{closure#0}, !>
[INFO] [stdout]                                at /rustc/dfb0accb7f508ae8be965d8629557221c889dd98/library/std/src/sys/backtrace.rs:182:18
[INFO] [stdout]   17:     0x56f19f8686bd - __rustc[8fa7c3cbc660c2b3]::rust_begin_unwind
[INFO] [stdout]                                at /rustc/dfb0accb7f508ae8be965d8629557221c889dd98/library/std/src/panicking.rs:679:5
[INFO] [stdout]   18:     0x56f19f8a130c - core[df12db4294e9bfd3]::panicking::panic_fmt
[INFO] [stdout]                                at /rustc/dfb0accb7f508ae8be965d8629557221c889dd98/library/core/src/panicking.rs:80:14
[INFO] [stdout]   19:     0x56f19f7dc987 - scheduler_parity[73922d0f83282ce7]::test_scheduler_schedules_exact_contract
[INFO] [stdout]                                at /opt/rustwide/workdir/tests/scheduler_parity.rs:8:5
[INFO] [stdout]   20:     0x56f19f7dc657 - scheduler_parity[73922d0f83282ce7]::test_scheduler_schedules_exact_contract::{closure#0}
[INFO] [stdout]                                at /opt/rustwide/workdir/tests/scheduler_parity.rs:6:45
[INFO] [stdout]   21:     0x56f19f7e00b6 - <scheduler_parity[73922d0f83282ce7]::test_scheduler_schedules_exact_contract::{closure#0} as core[df12db4294e9bfd3]::ops::function::FnOnce<()>>::call_once
[INFO] [stdout]                                at /rustc/dfb0accb7f508ae8be965d8629557221c889dd98/library/core/src/ops/function.rs:250:5
[INFO] [stdout]   22:     0x56f19f7e014b - <fn() -> core[df12db4294e9bfd3]::result::Result<(), alloc[2182bb758b4b3781]::string::String> as core[df12db4294e9bfd3]::ops::function::FnOnce<()>>::call_once
[INFO] [stdout]                                at /rustc/dfb0accb7f508ae8be965d8629557221c889dd98/library/core/src/ops/function.rs:250:5
[INFO] [stdout]   23:     0x56f19f7e014b - test[9d35eded1c95d3be]::__rust_begin_short_backtrace::<core[df12db4294e9bfd3]::result::Result<(), alloc[2182bb758b4b3781]::string::String>, fn() -> core[df12db4294e9bfd3]::result::Result<(), alloc[2182bb758b4b3781]::string::String>>
[INFO] [stdout]                                at /rustc/dfb0accb7f508ae8be965d8629557221c889dd98/library/test/src/lib.rs:733:18
[INFO] [stdout]   24:     0x56f19f7ed7b5 - test[9d35eded1c95d3be]::run_test_in_process::{closure#0}
[INFO] [stdout]                                at /rustc/dfb0accb7f508ae8be965d8629557221c889dd98/library/test/src/lib.rs:756:74
[INFO] [stdout]   25:     0x56f19f7ed7b5 - <core[df12db4294e9bfd3]::panic::unwind_safe::AssertUnwindSafe<test[9d35eded1c95d3be]::run_test_in_process::{closure#0}> as core[df12db4294e9bfd3]::ops::function::FnOnce<()>>::call_once
[INFO] [stdout]                                at /rustc/dfb0accb7f508ae8be965d8629557221c889dd98/library/core/src/panic/unwind_safe.rs:275:9
[INFO] [stdout]   26:     0x56f19f7ed7b5 - std[70759c8f55707aa4]::panicking::catch_unwind::do_call::<core[df12db4294e9bfd3]::panic::unwind_safe::AssertUnwindSafe<test[9d35eded1c95d3be]::run_test_in_process::{closure#0}>, core[df12db4294e9bfd3]::result::Result<(), alloc[2182bb758b4b3781]::string::String>>
[INFO] [stdout]                                at /rustc/dfb0accb7f508ae8be965d8629557221c889dd98/library/std/src/panicking.rs:576:43
[INFO] [stdout]   27:     0x56f19f7ed7b5 - std[70759c8f55707aa4]::panicking::catch_unwind::<core[df12db4294e9bfd3]::result::Result<(), alloc[2182bb758b4b3781]::string::String>, core[df12db4294e9bfd3]::panic::unwind_safe::AssertUnwindSafe<test[9d35eded1c95d3be]::run_test_in_process::{closure#0}>>
[INFO] [stdout]                                at /rustc/dfb0accb7f508ae8be965d8629557221c889dd98/library/std/src/panicking.rs:544:19
[INFO] [stdout]   28:     0x56f19f7ed7b5 - std[70759c8f55707aa4]::panic::catch_unwind::<core[df12db4294e9bfd3]::panic::unwind_safe::AssertUnwindSafe<test[9d35eded1c95d3be]::run_test_in_process::{closure#0}>, core[df12db4294e9bfd3]::result::Result<(), alloc[2182bb758b4b3781]::string::String>>
[INFO] [stdout]                                at /rustc/dfb0accb7f508ae8be965d8629557221c889dd98/library/std/src/panic.rs:359:14
[INFO] [stdout]   29:     0x56f19f7ed7b5 - test[9d35eded1c95d3be]::run_test_in_process
[INFO] [stdout]                                at /rustc/dfb0accb7f508ae8be965d8629557221c889dd98/library/test/src/lib.rs:756:27
[INFO] [stdout]   30:     0x56f19f7ed7b5 - test[9d35eded1c95d3be]::run_test::{closure#0}
[INFO] [stdout]                                at /rustc/dfb0accb7f508ae8be965d8629557221c889dd98/library/test/src/lib.rs:677:43
[INFO] [stdout]   31:     0x56f19f7e7074 - test[9d35eded1c95d3be]::run_test::{closure#1}
[INFO] [stdout]                                at /rustc/dfb0accb7f508ae8be965d8629557221c889dd98/library/test/src/lib.rs:707:41
[INFO] [stdout]   32:     0x56f19f7e7074 - std[70759c8f55707aa4]::sys::backtrace::__rust_begin_short_backtrace::<test[9d35eded1c95d3be]::run_test::{closure#1}, ()>
[INFO] [stdout]                                at /rustc/dfb0accb7f508ae8be965d8629557221c889dd98/library/std/src/sys/backtrace.rs:166:18
[INFO] [stdout]   33:     0x56f19f7f0912 - std[70759c8f55707aa4]::thread::lifecycle::spawn_unchecked::<test[9d35eded1c95d3be]::run_test::{closure#1}, ()>::{closure#1}::{closure#0}
[INFO] [stdout]                                at /rustc/dfb0accb7f508ae8be965d8629557221c889dd98/library/std/src/thread/lifecycle.rs:70:13
[INFO] [stdout]   34:     0x56f19f7f0912 - <core[df12db4294e9bfd3]::panic::unwind_safe::AssertUnwindSafe<std[70759c8f55707aa4]::thread::lifecycle::spawn_unchecked<test[9d35eded1c95d3be]::run_test::{closure#1}, ()>::{closure#1}::{closure#0}> as core[df12db4294e9bfd3]::ops::function::FnOnce<()>>::call_once
[INFO] [stdout]                                at /rustc/dfb0accb7f508ae8be965d8629557221c889dd98/library/core/src/panic/unwind_safe.rs:275:9
[INFO] [stdout]   35:     0x56f19f7f0912 - std[70759c8f55707aa4]::panicking::catch_unwind::do_call::<core[df12db4294e9bfd3]::panic::unwind_safe::AssertUnwindSafe<std[70759c8f55707aa4]::thread::lifecycle::spawn_unchecked<test[9d35eded1c95d3be]::run_test::{closure#1}, ()>::{closure#1}::{closure#0}>, ()>
[INFO] [stdout]                                at /rustc/dfb0accb7f508ae8be965d8629557221c889dd98/library/std/src/panicking.rs:576:43
[INFO] [stdout]   36:     0x56f19f7f0912 - std[70759c8f55707aa4]::panicking::catch_unwind::<(), core[df12db4294e9bfd3]::panic::unwind_safe::AssertUnwindSafe<std[70759c8f55707aa4]::thread::lifecycle::spawn_unchecked<test[9d35eded1c95d3be]::run_test::{closure#1}, ()>::{closure#1}::{closure#0}>>
[INFO] [stdout]                                at /rustc/dfb0accb7f508ae8be965d8629557221c889dd98/library/std/src/panicking.rs:544:19
[INFO] [stdout]   37:     0x56f19f7f0912 - std[70759c8f55707aa4]::panic::catch_unwind::<core[df12db4294e9bfd3]::panic::unwind_safe::AssertUnwindSafe<std[70759c8f55707aa4]::thread::lifecycle::spawn_unchecked<test[9d35eded1c95d3be]::run_test::{closure#1}, ()>::{closure#1}::{closure#0}>, ()>
[INFO] [stdout]                                at /rustc/dfb0accb7f508ae8be965d8629557221c889dd98/library/std/src/panic.rs:359:14
[INFO] [stdout]   38:     0x56f19f7f0912 - std[70759c8f55707aa4]::thread::lifecycle::spawn_unchecked::<test[9d35eded1c95d3be]::run_test::{closure#1}, ()>::{closure#1}
[INFO] [stdout]                                at /rustc/dfb0accb7f508ae8be965d8629557221c889dd98/library/std/src/thread/lifecycle.rs:68:26
[INFO] [stdout]   39:     0x56f19f7f0912 - <std[70759c8f55707aa4]::thread::lifecycle::spawn_unchecked<test[9d35eded1c95d3be]::run_test::{closure#1}, ()>::{closure#1} as core[df12db4294e9bfd3]::ops::function::FnOnce<()>>::call_once::{shim:vtable#0}
[INFO] [stdout]                                at /rustc/dfb0accb7f508ae8be965d8629557221c889dd98/library/core/src/ops/function.rs:250:5
[INFO] [stdout]   40:     0x56f19f88af89 - <alloc[2182bb758b4b3781]::boxed::Box<dyn core[df12db4294e9bfd3]::ops::function::FnOnce<(), Output = ()> + core[df12db4294e9bfd3]::marker::Send> as core[df12db4294e9bfd3]::ops::function::FnOnce<()>>::call_once
[INFO] [stdout]                                at /rustc/dfb0accb7f508ae8be965d8629557221c889dd98/library/alloc/src/boxed.rs:2320:9
[INFO] [stdout]   41:     0x56f19f88af89 - <std[70759c8f55707aa4]::sys::thread::unix::Thread>::new::thread_start
[INFO] [stdout]                                at /rustc/dfb0accb7f508ae8be965d8629557221c889dd98/library/std/src/sys/thread/unix.rs:123:17
[INFO] [stdout]   42:     0x7e71a90b6dfa - <unknown>
[INFO] [stdout]   43:     0x7e71a914a3d4 - clone
[INFO] [stdout]   44:                0x0 - <unknown>
[INFO] [stdout] 
[INFO] [stdout] 
[INFO] [stdout] failures:
[INFO] [stdout]     test_scheduler_schedules_exact_contract
[INFO] [stdout] 
[INFO] [stdout] test result: FAILED. 2 passed; 1 failed; 0 ignored; 0 measured; 0 filtered out; finished in 0.18s
[INFO] [stdout] 
[INFO] [stderr] error: test failed, to rerun pass `--test scheduler_parity`
[INFO] running `Command { std: "docker" "inspect" "29fe56b6d8e82123cfbcb51c3744550ce0503ae40c619bb4b81966b37a21ced1", kill_on_drop: false }`
[INFO] running `Command { std: "docker" "rm" "-f" "29fe56b6d8e82123cfbcb51c3744550ce0503ae40c619bb4b81966b37a21ced1", kill_on_drop: false }`
[INFO] [stdout] 29fe56b6d8e82123cfbcb51c3744550ce0503ae40c619bb4b81966b37a21ced1
