[INFO] fetching crate turbograph 0.5.0...
[INFO] testing turbograph-0.5.0 against 1.100.0-beta.1 for beta-1.100-2
[INFO] extracting crate turbograph 0.5.0 into /workspace/builds/worker-0-tc2/source
[INFO] started tweaking crates.io crate turbograph 0.5.0
[INFO] removed 0 missing tests
[INFO] finished tweaking crates.io crate turbograph 0.5.0
[INFO] tweaked toml for crates.io crate turbograph 0.5.0 written to /workspace/builds/worker-0-tc2/source/Cargo.toml
[INFO] validating manifest of crates.io crate turbograph 0.5.0 on toolchain 1.100.0-beta.1
[INFO] running `Command { std: CARGO_HOME="/workspace/cargo-home" RUSTUP_HOME="/workspace/rustup-home" "/workspace/cargo-home/bin/cargo" "+1.100.0-beta.1" "metadata" "--manifest-path" "Cargo.toml" "--no-deps", kill_on_drop: false }`
[INFO] crate crates.io crate turbograph 0.5.0 already has a lockfile, it will not be regenerated
[INFO] running `Command { std: CARGO_HOME="/workspace/cargo-home" RUSTUP_HOME="/workspace/rustup-home" "/workspace/cargo-home/bin/cargo" "+1.100.0-beta.1" "fetch" "--manifest-path" "Cargo.toml", kill_on_drop: false }`
[INFO] [stderr] warning: `package.homepage` is redundant with `package.repository`
[INFO] [stderr]   --> Cargo.toml:59:12
[INFO] [stderr]    |
[INFO] [stderr] 59 | homepage = "https://github.com/mdsadiqueinam/Turbograph"
[INFO] [stderr]    |            ^^^^^^^^^^^^^^^^^^^^^^^^^^^^^^^^^^^^^^^^^^^^^
[INFO] [stderr] ...
[INFO] [stderr] 64 | repository = "https://github.com/mdsadiqueinam/Turbograph"
[INFO] [stderr]    |              ---------------------------------------------
[INFO] [stderr]    |
[INFO] [stderr]    = note: `cargo::redundant_homepage` is set to `warn` by default
[INFO] [stderr] help: consider removing `package.homepage`
[INFO] [stderr] warning: `turbograph` (manifest) generated 1 warning
[INFO] running `Command { std: "docker" "create" "-v" "/var/lib/crater-agent-workspace/builds/worker-0-tc2/source:/opt/rustwide/workdir:ro,Z" "-v" "/var/lib/crater-agent-workspace/builds/worker-0-tc2/target:/opt/rustwide/target:rw,Z" "-v" "/var/lib/crater-agent-workspace/cargo-home:/opt/rustwide/cargo-home:ro,Z" "-v" "/var/lib/crater-agent-workspace/rustup-home:/opt/rustwide/rustup-home:ro,Z" "-m" "1610612736" "--network" "none" "ghcr.io/rust-lang/crates-build-env/linux@sha256:3111399a4047eeb3a02b7a90e478d715f38a8c6669b5c4b49d30a17385265909" "sleep" "infinity", kill_on_drop: false }`
[INFO] [stdout] a2e22696863551ba468a1142cf30a24dc39af747fe0a8bc2fbb5f74377e864f9
[INFO] running `Command { std: "docker" "start" "a2e22696863551ba468a1142cf30a24dc39af747fe0a8bc2fbb5f74377e864f9", kill_on_drop: false }`
[INFO] running `Command { std: "docker" "inspect" "a2e22696863551ba468a1142cf30a24dc39af747fe0a8bc2fbb5f74377e864f9", kill_on_drop: false }`
[INFO] running `Command { std: "docker" "exec" "-e" "SOURCE_DIR=/opt/rustwide/workdir" "-e" "CARGO_HOME=/opt/rustwide/cargo-home" "-e" "RUSTUP_HOME=/opt/rustwide/rustup-home" "-e" "CARGO_TARGET_DIR=/opt/rustwide/target" "-w" "/opt/rustwide/workdir" "--user" "0:0" "a2e22696863551ba468a1142cf30a24dc39af747fe0a8bc2fbb5f74377e864f9" "/opt/rustwide/cargo-home/bin/cargo" "+1.100.0-beta.1" "metadata" "--no-deps" "--format-version=1", kill_on_drop: false }`
[INFO] running `Command { std: "docker" "inspect" "a2e22696863551ba468a1142cf30a24dc39af747fe0a8bc2fbb5f74377e864f9", kill_on_drop: false }`
[INFO] running `Command { std: "docker" "exec" "-e" "SOURCE_DIR=/opt/rustwide/workdir" "-e" "CARGO_HOME=/opt/rustwide/cargo-home" "-e" "RUSTUP_HOME=/opt/rustwide/rustup-home" "-e" "CARGO_TARGET_DIR=/opt/rustwide/target" "-e" "CARGO_INCREMENTAL=0" "-e" "RUST_BACKTRACE=full" "-e" "RUSTFLAGS=--cap-lints=warn" "-e" "RUSTDOCFLAGS=--cap-lints=warn" "-w" "/opt/rustwide/workdir" "--user" "0:0" "a2e22696863551ba468a1142cf30a24dc39af747fe0a8bc2fbb5f74377e864f9" "/opt/rustwide/cargo-home/bin/cargo" "+1.100.0-beta.1" "build" "--frozen" "--message-format=json", kill_on_drop: false }`
[INFO] [stderr] warning: `package.homepage` is redundant with `package.repository`
[INFO] [stderr]   --> Cargo.toml:59:12
[INFO] [stderr]    |
[INFO] [stderr] 59 | homepage = "https://github.com/mdsadiqueinam/Turbograph"
[INFO] [stderr]    |            ^^^^^^^^^^^^^^^^^^^^^^^^^^^^^^^^^^^^^^^^^^^^^
[INFO] [stderr] ...
[INFO] [stderr] 64 | repository = "https://github.com/mdsadiqueinam/Turbograph"
[INFO] [stderr]    |              ---------------------------------------------
[INFO] [stderr]    |
[INFO] [stderr]    = note: `cargo::redundant_homepage` is set to `warn` by default
[INFO] [stderr] help: consider removing `package.homepage`
[INFO] [stderr] warning: `turbograph` (manifest) generated 1 warning
[INFO] [stderr]    Compiling typenum v1.19.0
[INFO] [stderr]    Compiling syn v2.0.117
[INFO] [stderr]    Compiling pest v2.8.6
[INFO] [stderr]    Compiling parking_lot_core v0.9.12
[INFO] [stderr]    Compiling getrandom v0.3.4
[INFO] [stderr]    Compiling num-traits v0.2.19
[INFO] [stderr]    Compiling serde_json v1.0.149
[INFO] [stderr]    Compiling tinyvec v1.11.0
[INFO] [stderr]    Compiling rand_core v0.9.5
[INFO] [stderr]    Compiling ppv-lite86 v0.2.21
[INFO] [stderr]    Compiling parking_lot v0.12.5
[INFO] [stderr]    Compiling indexmap v2.13.0
[INFO] [stderr]    Compiling mio v1.1.1
[INFO] [stderr]    Compiling socket2 v0.6.3
[INFO] [stderr]    Compiling rustix v1.1.4
[INFO] [stderr]    Compiling generic-array v0.14.7
[INFO] [stderr]    Compiling rand_chacha v0.9.0
[INFO] [stderr]    Compiling unicode-normalization v0.1.25
[INFO] [stderr]    Compiling bitflags v2.11.0
[INFO] [stderr]    Compiling linux-raw-sys v0.12.1
[INFO] [stderr]    Compiling crypto-common v0.1.7
[INFO] [stderr]    Compiling block-buffer v0.10.4
[INFO] [stderr]    Compiling unicode-properties v0.1.4
[INFO] [stderr]    Compiling digest v0.10.7
[INFO] [stderr]    Compiling unicode-bidi v0.3.18
[INFO] [stderr]    Compiling pest_meta v2.8.6
[INFO] [stderr]    Compiling sha2 v0.10.9
[INFO] [stderr]    Compiling hmac v0.12.1
[INFO] [stderr]    Compiling md-5 v0.10.6
[INFO] [stderr]    Compiling rand v0.9.2
[INFO] [stderr]    Compiling stringprep v0.1.5
[INFO] [stderr]    Compiling aho-corasick v1.1.4
[INFO] [stderr]    Compiling regex-syntax v0.8.10
[INFO] [stderr]    Compiling fallible-iterator v0.2.0
[INFO] [stderr]    Compiling phf_shared v0.13.1
[INFO] [stderr]    Compiling toml_edit v0.25.8+spec-1.1.0
[INFO] [stderr]    Compiling uuid v1.22.0
[INFO] [stderr]    Compiling multer v3.1.0
[INFO] [stderr]    Compiling darling_core v0.20.11
[INFO] [stderr]    Compiling darling_core v0.23.0
[INFO] [stderr]    Compiling regex-automata v0.4.14
[INFO] [stderr]    Compiling pest_generator v2.8.6
[INFO] [stderr]    Compiling array-init v2.1.0
[INFO] [stderr]    Compiling num-modular v0.6.1
[INFO] [stderr]    Compiling proc-macro-crate v3.5.0
[INFO] [stderr]    Compiling phf v0.13.1
[INFO] [stderr]    Compiling num-order v1.2.0
[INFO] [stderr]    Compiling getrandom v0.4.2
[INFO] [stderr]    Compiling futures-lite v2.6.1
[INFO] [stderr]    Compiling whoami v2.1.1
[INFO] [stderr]    Compiling serde_derive v1.0.228
[INFO] [stderr]    Compiling tokio-macros v2.6.1
[INFO] [stderr]    Compiling futures-macro v0.3.32
[INFO] [stderr]    Compiling thiserror-impl v2.0.18
[INFO] [stderr]    Compiling async-trait v0.1.89
[INFO] [stderr]    Compiling darling_macro v0.23.0
[INFO] [stderr]    Compiling strum_macros v0.27.2
[INFO] [stderr]    Compiling futures-util v0.3.32
[INFO] [stderr]    Compiling darling_macro v0.20.11
[INFO] [stderr]    Compiling darling v0.20.11
[INFO] [stderr]    Compiling derive_builder_core v0.20.2
[INFO] [stderr]    Compiling darling v0.23.0
[INFO] [stderr]    Compiling regex v1.12.3
[INFO] [stderr]    Compiling thiserror v2.0.18
[INFO] [stderr]    Compiling polling v3.11.0
[INFO] [stderr]    Compiling pest_derive v2.8.6
[INFO] [stderr]    Compiling tracing-attributes v0.1.31
[INFO] [stderr]    Compiling num_cpus v1.17.0
[INFO] [stderr]    Compiling encoding_rs v0.8.35
[INFO] [stderr]    Compiling derive_builder_macro v0.20.2
[INFO] [stderr]    Compiling spin v0.9.8
[INFO] [stderr]    Compiling ascii_utils v0.9.3
[INFO] [stderr]    Compiling derive_builder v0.20.2
[INFO] [stderr]    Compiling mime v0.3.17
[INFO] [stderr]    Compiling Inflector v0.11.4
[INFO] [stderr]    Compiling tempfile v3.27.0
[INFO] [stderr]    Compiling tracing v0.1.44
[INFO] [stderr]    Compiling fast_chemail v0.9.6
[INFO] [stderr]    Compiling async-io v2.6.0
[INFO] [stderr]    Compiling asynk-strim v0.1.5
[INFO] [stderr]    Compiling static_assertions_next v1.1.2
[INFO] [stderr]    Compiling pluralizer v0.5.0
[INFO] [stderr]    Compiling serde v1.0.228
[INFO] [stderr]    Compiling strum v0.27.2
[INFO] [stderr]    Compiling bytes v1.11.1
[INFO] [stderr]    Compiling chrono v0.4.44
[INFO] [stderr]    Compiling handlebars v6.4.0
[INFO] [stderr]    Compiling serde_urlencoded v0.7.1
[INFO] [stderr]    Compiling tokio v1.50.0
[INFO] [stderr]    Compiling postgres-protocol v0.6.10
[INFO] [stderr]    Compiling http v1.4.0
[INFO] [stderr]    Compiling async-graphql-value v7.2.1
[INFO] [stderr]    Compiling async-graphql-parser v7.2.1
[INFO] [stderr]    Compiling postgres-types v0.2.12
[INFO] [stderr]    Compiling async-graphql-derive v7.2.1
[INFO] [stderr]    Compiling tokio-util v0.7.18
[INFO] [stderr]    Compiling deadpool-runtime v0.1.4
[INFO] [stderr]    Compiling deadpool v0.12.3
[INFO] [stderr]    Compiling tokio-postgres v0.7.16
[INFO] [stderr]    Compiling deadpool-postgres v0.14.1
[INFO] [stderr]    Compiling async-graphql v7.2.1
[INFO] [stderr]    Compiling turbograph v0.5.0 (/opt/rustwide/workdir)
[INFO] [stderr]     Finished `dev` profile [unoptimized + debuginfo] target(s) in 2m 05s
[INFO] running `Command { std: "docker" "inspect" "a2e22696863551ba468a1142cf30a24dc39af747fe0a8bc2fbb5f74377e864f9", kill_on_drop: false }`
[INFO] running `Command { std: "docker" "exec" "-e" "SOURCE_DIR=/opt/rustwide/workdir" "-e" "CARGO_HOME=/opt/rustwide/cargo-home" "-e" "RUSTUP_HOME=/opt/rustwide/rustup-home" "-e" "CARGO_TARGET_DIR=/opt/rustwide/target" "-e" "CARGO_INCREMENTAL=0" "-e" "RUST_BACKTRACE=full" "-e" "RUSTFLAGS=--cap-lints=warn" "-e" "RUSTDOCFLAGS=--cap-lints=warn" "-w" "/opt/rustwide/workdir" "--user" "0:0" "a2e22696863551ba468a1142cf30a24dc39af747fe0a8bc2fbb5f74377e864f9" "/opt/rustwide/cargo-home/bin/cargo" "+1.100.0-beta.1" "test" "--frozen" "--no-run" "--message-format=json", kill_on_drop: false }`
[INFO] [stderr] warning: `package.homepage` is redundant with `package.repository`
[INFO] [stderr]   --> Cargo.toml:59:12
[INFO] [stderr]    |
[INFO] [stderr] 59 | homepage = "https://github.com/mdsadiqueinam/Turbograph"
[INFO] [stderr]    |            ^^^^^^^^^^^^^^^^^^^^^^^^^^^^^^^^^^^^^^^^^^^^^
[INFO] [stderr] ...
[INFO] [stderr] 64 | repository = "https://github.com/mdsadiqueinam/Turbograph"
[INFO] [stderr]    |              ---------------------------------------------
[INFO] [stderr]    |
[INFO] [stderr]    = note: `cargo::redundant_homepage` is set to `warn` by default
[INFO] [stderr] help: consider removing `package.homepage`
[INFO] [stderr] warning: `turbograph` (manifest) generated 1 warning
[INFO] [stderr]    Compiling turbograph v0.5.0 (/opt/rustwide/workdir)
[INFO] [stderr]     Finished `test` profile [unoptimized + debuginfo] target(s) in 7.77s
[INFO] running `Command { std: "docker" "inspect" "a2e22696863551ba468a1142cf30a24dc39af747fe0a8bc2fbb5f74377e864f9", kill_on_drop: false }`
[INFO] running `Command { std: "docker" "exec" "-e" "SOURCE_DIR=/opt/rustwide/workdir" "-e" "CARGO_HOME=/opt/rustwide/cargo-home" "-e" "RUSTUP_HOME=/opt/rustwide/rustup-home" "-e" "CARGO_TARGET_DIR=/opt/rustwide/target" "-e" "CARGO_INCREMENTAL=0" "-e" "RUST_BACKTRACE=full" "-e" "RUSTFLAGS=--cap-lints=warn" "-e" "RUSTDOCFLAGS=--cap-lints=warn" "-w" "/opt/rustwide/workdir" "--user" "0:0" "a2e22696863551ba468a1142cf30a24dc39af747fe0a8bc2fbb5f74377e864f9" "/opt/rustwide/cargo-home/bin/cargo" "+1.100.0-beta.1" "test" "--frozen", kill_on_drop: false }`
[INFO] [stderr] warning: `package.homepage` is redundant with `package.repository`
[INFO] [stderr]   --> Cargo.toml:59:12
[INFO] [stderr]    |
[INFO] [stderr] 59 | homepage = "https://github.com/mdsadiqueinam/Turbograph"
[INFO] [stderr]    |            ^^^^^^^^^^^^^^^^^^^^^^^^^^^^^^^^^^^^^^^^^^^^^
[INFO] [stderr] ...
[INFO] [stderr] 64 | repository = "https://github.com/mdsadiqueinam/Turbograph"
[INFO] [stderr]    |              ---------------------------------------------
[INFO] [stderr]    |
[INFO] [stderr]    = note: `cargo::redundant_homepage` is set to `warn` by default
[INFO] [stderr] help: consider removing `package.homepage`
[INFO] [stderr] warning: `turbograph` (manifest) generated 1 warning
[INFO] [stderr]     Finished `test` profile [unoptimized + debuginfo] target(s) in 0.20s
[INFO] [stderr]      Running unittests src/lib.rs (/opt/rustwide/target/debug/build/turbograph/c2a7468c5ad86109/out/turbograph-c2a7468c5ad86109)
[INFO] [stdout] 
[INFO] [stdout] running 104 tests
[INFO] [stdout] test db::query::delete::tests::test_delete_schema_qualified ... ok
[INFO] [stdout] test db::query::delete::tests::test_delete_with_complex_where ... ok
[INFO] [stdout] test db::query::delete::tests::test_delete_with_where ... ok
[INFO] [stdout] test db::query::delete::tests::test_delete_simple ... ok
[INFO] [stdout] test db::query::select::tests::test_order_direction ... ok
[INFO] [stdout] test db::query::select::tests::test_schema_qualified ... ok
[INFO] [stdout] test db::query::insert::tests::test_insert_schema_qualified ... ok
[INFO] [stdout] test db::query::select::tests::test_count_query_with_where ... ok
[INFO] [stdout] test db::query::select::tests::test_select_multiple_order ... ok
[INFO] [stdout] test db::query::select::tests::test_select_full_pipeline ... ok
[INFO] [stdout] test db::query::select::tests::test_select_no_order ... ok
[INFO] [stdout] test db::query::insert::tests::test_insert_single_row ... ok
[INFO] [stdout] test db::query::insert::tests::test_insert_multiple_rows ... ok
[INFO] [stdout] test db::query::select::tests::test_select_order_appears_in_query ... ok
[INFO] [stdout] test db::query::select::tests::test_select_with_limit ... ok
[INFO] [stdout] test db::query::select::tests::test_select_order_before_limit ... ok
[INFO] [stdout] test db::query::select::tests::test_select_single_order ... ok
[INFO] [stdout] test db::query::select::tests::test_select_with_limit_and_offset ... ok
[INFO] [stdout] test db::query::insert::tests::test_insert_default_values ... ok
[INFO] [stdout] test db::query::select::tests::test_select_simple ... ok
[INFO] [stdout] test db::query::select::tests::test_select_with_offset ... ok
[INFO] [stdout] test db::query::select::tests::test_select_with_where_limit_offset ... ok
[INFO] [stdout] test db::query::select::tests::test_select_with_where ... ok
[INFO] [stdout] test db::query::select::tests::test_where_is_null ... ok
[INFO] [stdout] test db::query::update::tests::test_shift_param_indices ... ok
[INFO] [stdout] test db::query::select::tests::test_select_with_multiple_where ... ok
[INFO] [stdout] test db::query::update::tests::test_update_with_multiple_set ... ok
[INFO] [stdout] test db::query::update::tests::test_update_with_set_and_where ... ok
[INFO] [stdout] test db::query::update::tests::test_update_with_set ... ok
[INFO] [stdout] test db::query::select::tests::test_select_with_or_where ... ok
[INFO] [stdout] test db::query::select::tests::test_select_with_where_block ... ok
[INFO] [stdout] test db::query::update::tests::test_update_simple ... ok
[INFO] [stdout] test graphql::filter::tests::test_supports_range_for_datetime ... ok
[INFO] [stdout] test graphql::filter::tests::test_supports_range_for_non_numeric ... ok
[INFO] [stdout] test graphql::filter::tests::test_supports_range_for_numeric ... ok
[INFO] [stdout] test graphql::type_mapping::tests::test_condition_type_ref_array_excluded ... ok
[INFO] [stdout] test graphql::type_mapping::tests::test_condition_type_ref_bool_array_excluded ... ok
[INFO] [stdout] test graphql::type_mapping::tests::test_condition_type_ref_int8_as_string ... ok
[INFO] [stdout] test graphql::type_mapping::tests::test_condition_type_ref_jsonb_nullable ... ok
[INFO] [stdout] test graphql::type_mapping::tests::test_condition_type_ref_bool_nullable ... ok
[INFO] [stdout] test graphql::type_mapping::tests::test_condition_type_ref_int4_nullable ... ok
[INFO] [stdout] test graphql::type_mapping::tests::test_condition_type_ref_text_nullable ... ok
[INFO] [stdout] test graphql::type_mapping::tests::test_condition_type_ref_uuid ... ok
[INFO] [stdout] test graphql::type_mapping::tests::test_condition_type_ref_uuid_array_excluded ... ok
[INFO] [stdout] test graphql::type_mapping::tests::test_field_value_bool_array_present ... ok
[INFO] [stdout] test graphql::type_mapping::tests::test_field_value_bool_present ... ok
[INFO] [stdout] test graphql::type_mapping::tests::test_field_value_float8_array_present ... ok
[INFO] [stdout] test graphql::type_mapping::tests::test_field_value_float8_present ... ok
[INFO] [stdout] test graphql::type_mapping::tests::test_field_value_int2_present ... ok
[INFO] [stdout] test graphql::type_mapping::tests::test_field_value_int4_array_present ... ok
[INFO] [stdout] test graphql::type_mapping::tests::test_field_value_int4_present ... ok
[INFO] [stdout] test graphql::type_mapping::tests::test_field_value_int8_array_present ... ok
[INFO] [stdout] test graphql::type_mapping::tests::test_field_value_int8_present ... ok
[INFO] [stdout] test graphql::type_mapping::tests::test_field_value_jsonb_array_present ... ok
[INFO] [stdout] test graphql::type_mapping::tests::test_field_value_jsonb_present ... ok
[INFO] [stdout] test graphql::type_mapping::tests::test_field_value_text_array_present ... ok
[INFO] [stdout] test graphql::type_mapping::tests::test_field_value_text_present ... ok
[INFO] [stdout] test graphql::type_mapping::tests::test_field_value_missing_key_returns_none ... ok
[INFO] [stdout] test graphql::type_mapping::tests::test_field_value_null_returns_none ... ok
[INFO] [stdout] test graphql::type_mapping::tests::test_field_value_uuid_present ... ok
[INFO] [stdout] test graphql::type_mapping::tests::test_field_value_uuid_array_present ... ok
[INFO] [stdout] test graphql::type_mapping::tests::test_to_sql_scalar_array_col_returns_none ... ok
[INFO] [stdout] test graphql::type_mapping::tests::test_to_sql_scalar_bool ... ok
[INFO] [stdout] test graphql::type_mapping::tests::test_to_sql_scalar_bool_array ... ok
[INFO] [stdout] test graphql::type_mapping::tests::test_to_sql_scalar_int4_array ... ok
[INFO] [stdout] test graphql::type_mapping::tests::test_to_sql_scalar_int8_from_string ... ok
[INFO] [stdout] test graphql::type_mapping::tests::test_to_sql_scalar_text_array ... ok
[INFO] [stdout] test graphql::type_mapping::tests::test_to_sql_scalar_uuid ... ok
[INFO] [stdout] test graphql::type_mapping::tests::test_to_sql_scalar_wrong_type_returns_none ... ok
[INFO] [stdout] test graphql::type_mapping::tests::test_type_ref_bool_array_non_nullable ... ok
[INFO] [stdout] test graphql::type_mapping::tests::test_type_ref_bool_array_nullable ... ok
[INFO] [stdout] test graphql::type_mapping::tests::test_to_sql_scalar_int4 ... ok
[INFO] [stdout] test graphql::type_mapping::tests::test_to_sql_scalar_text ... ok
[INFO] [stdout] test graphql::type_mapping::tests::test_type_ref_bool_non_nullable ... ok
[INFO] [stdout] test graphql::type_mapping::tests::test_type_ref_bool_nullable ... ok
[INFO] [stdout] test graphql::type_mapping::tests::test_type_ref_float4_non_nullable ... ok
[INFO] [stdout] test graphql::type_mapping::tests::test_type_ref_float8_nullable ... ok
[INFO] [stdout] test graphql::type_mapping::tests::test_type_ref_int4_array_non_nullable ... ok
[INFO] [stdout] test graphql::type_mapping::tests::test_type_ref_int4_array_nullable ... ok
[INFO] [stdout] test graphql::type_mapping::tests::test_type_ref_int4_non_nullable ... ok
[INFO] [stdout] test graphql::type_mapping::tests::test_type_ref_int4_nullable ... ok
[INFO] [stdout] test graphql::type_mapping::tests::test_type_ref_int8_exposed_as_string ... ok
[INFO] [stdout] test graphql::type_mapping::tests::test_type_ref_json_nullable ... ok
[INFO] [stdout] test graphql::type_mapping::tests::test_type_ref_jsonb_array_non_nullable ... ok
[INFO] [stdout] test graphql::type_mapping::tests::test_type_ref_jsonb_non_nullable ... ok
[INFO] [stdout] test graphql::type_mapping::tests::test_type_ref_text_array_non_nullable ... ok
[INFO] [stdout] test graphql::type_mapping::tests::test_type_ref_text_non_nullable ... ok
[INFO] [stdout] test graphql::type_mapping::tests::test_type_ref_uuid_array_non_nullable ... ok
[INFO] [stdout] test graphql::type_mapping::tests::test_type_ref_uuid_array_nullable ... ok
[INFO] [stdout] test graphql::type_mapping::tests::test_type_ref_uuid_nullable ... ok
[INFO] [stdout] test graphql::type_mapping::tests::test_type_ref_varchar_non_nullable ... ok
[INFO] [stdout] test graphql::type_mapping::tests::test_type_ref_uuid_non_nullable ... ok
[INFO] [stdout] test utils::inflection::tests::test_camel_to_snake_case ... ok
[INFO] [stdout] test utils::inflection::tests::test_kebab_to_camel_case ... ok
[INFO] [stdout] test utils::inflection::tests::test_pascal_to_camel_case ... ok
[INFO] [stdout] test utils::inflection::tests::test_kebab_to_snake_case ... ok
[INFO] [stdout] test utils::inflection::tests::test_snake_to_camel_case ... ok
[INFO] [stdout] test utils::inflection::tests::test_pascal_to_snake_case ... ok
[INFO] [stdout] test graphql::entity::tests::test_entity_omit_read_column_excluded ... ok
[INFO] [stdout] test graphql::entity::tests::test_entity_name_single_word ... ok
[INFO] [stdout] test graphql::entity::tests::test_entity_name_singularized_and_pascal_cased ... ok
[INFO] [stdout] test utils::inflection::tests::test_singularize ... ok
[INFO] [stdout] test graphql::entity::tests::test_entity_name_already_singular ... ok
[INFO] [stdout] test graphql::entity::tests::test_entity_no_columns_empty_object ... ok
[INFO] [stdout] 
[INFO] [stdout] test result: ok. 104 passed; 0 failed; 0 ignored; 0 measured; 0 filtered out; finished in 0.16s
[INFO] [stdout] 
[INFO] [stderr]      Running tests/schema_integration_test.rs (/opt/rustwide/target/debug/build/turbograph/8ee4b98b90757564/out/schema_integration_test-8ee4b98b90757564)
[INFO] [stdout] 
[INFO] [stdout] running 1 test
[INFO] [stdout] test all_db_tables_are_present_in_schema ... FAILED
[INFO] [stdout] 
[INFO] [stdout] failures:
[INFO] [stdout] 
[INFO] [stdout] ---- all_db_tables_are_present_in_schema stdout ----
[INFO] [stdout] 
[INFO] [stdout] thread 'all_db_tables_are_present_in_schema' (1646) panicked at tests/schema_integration_test.rs:36:6:
[INFO] [stdout] build_schema failed: Pool("Error occurred while creating a new object: error connecting to server")
[INFO] [stdout] stack backtrace:
[INFO] [stdout]    0:     0x55f5f559fe21 - std[617be2ca0a6fd877]::backtrace_rs::backtrace::libunwind::trace
[INFO] [stdout]                                at /rustc/e3feeb59cd1bdd011a2bfcc0747b55125d9b8527/library/std/src/../../backtrace/src/backtrace/libunwind.rs:117:9
[INFO] [stdout]    1:     0x55f5f559fe21 - std[617be2ca0a6fd877]::backtrace_rs::backtrace::trace_unsynchronized::<std[617be2ca0a6fd877]::sys::backtrace::_print_fmt::{closure#1}>
[INFO] [stdout]                                at /rustc/e3feeb59cd1bdd011a2bfcc0747b55125d9b8527/library/std/src/../../backtrace/src/backtrace/mod.rs:66:14
[INFO] [stdout]    2:     0x55f5f559fe21 - std[617be2ca0a6fd877]::sys::backtrace::_print_fmt
[INFO] [stdout]                                at /rustc/e3feeb59cd1bdd011a2bfcc0747b55125d9b8527/library/std/src/sys/backtrace.rs:74:9
[INFO] [stdout]    3:     0x55f5f559fe21 - <<std[617be2ca0a6fd877]::sys::backtrace::BacktraceLock>::print::DisplayBacktrace as core[a373ad73a504971]::fmt::Display>::fmt
[INFO] [stdout]                                at /rustc/e3feeb59cd1bdd011a2bfcc0747b55125d9b8527/library/std/src/sys/backtrace.rs:44:26
[INFO] [stdout]    4:     0x55f5f55b854a - <core[a373ad73a504971]::fmt::rt::Argument>::fmt
[INFO] [stdout]                                at /rustc/e3feeb59cd1bdd011a2bfcc0747b55125d9b8527/library/core/src/fmt/rt.rs:152:76
[INFO] [stdout]    5:     0x55f5f55b854a - core[a373ad73a504971]::fmt::write
[INFO] [stdout]    6:     0x55f5f55a454c - core[a373ad73a504971]::io::write::default_write_fmt::<alloc[2e1b2a31b91974c5]::vec::Vec<u8>>
[INFO] [stdout]                                at /rustc/e3feeb59cd1bdd011a2bfcc0747b55125d9b8527/library/core/src/io/write.rs:402:11
[INFO] [stdout]    7:     0x55f5f55a454c - <alloc[2e1b2a31b91974c5]::vec::Vec<u8> as core[a373ad73a504971]::io::write::Write>::write_fmt
[INFO] [stdout]                                at /rustc/e3feeb59cd1bdd011a2bfcc0747b55125d9b8527/library/core/src/io/write.rs:335:13
[INFO] [stdout]    8:     0x55f5f557b126 - <std[617be2ca0a6fd877]::sys::backtrace::BacktraceLock>::print
[INFO] [stdout]                                at /rustc/e3feeb59cd1bdd011a2bfcc0747b55125d9b8527/library/std/src/sys/backtrace.rs:47:9
[INFO] [stdout]    9:     0x55f5f557b126 - std[617be2ca0a6fd877]::panicking::default_hook::{closure#0}
[INFO] [stdout]                                at /rustc/e3feeb59cd1bdd011a2bfcc0747b55125d9b8527/library/std/src/panicking.rs:289:27
[INFO] [stdout]   10:     0x55f5f5597cf9 - std[617be2ca0a6fd877]::panicking::default_hook
[INFO] [stdout]                                at /rustc/e3feeb59cd1bdd011a2bfcc0747b55125d9b8527/library/std/src/panicking.rs:313:9
[INFO] [stdout]   11:     0x55f5f4c8cfc0 - <alloc[2e1b2a31b91974c5]::boxed::Box<dyn for<'a, 'b> core[a373ad73a504971]::ops::function::Fn<(&'a std[617be2ca0a6fd877]::panic::PanicHookInfo<'b>,), Output = ()> + core[a373ad73a504971]::marker::Sync + core[a373ad73a504971]::marker::Send> as core[a373ad73a504971]::ops::function::Fn<(&std[617be2ca0a6fd877]::panic::PanicHookInfo,)>>::call
[INFO] [stdout]                                at /rustc/e3feeb59cd1bdd011a2bfcc0747b55125d9b8527/library/alloc/src/boxed.rs:2328:9
[INFO] [stdout]   12:     0x55f5f4c8cfc0 - test[aada8e7e76ba119b]::test_main_inner::{closure#0}
[INFO] [stdout]                                at /rustc/e3feeb59cd1bdd011a2bfcc0747b55125d9b8527/library/test/src/lib.rs:137:21
[INFO] [stdout]   13:     0x55f5f5598022 - <alloc[2e1b2a31b91974c5]::boxed::Box<dyn for<'a, 'b> core[a373ad73a504971]::ops::function::Fn<(&'a std[617be2ca0a6fd877]::panic::PanicHookInfo<'b>,), Output = ()> + core[a373ad73a504971]::marker::Sync + core[a373ad73a504971]::marker::Send> as core[a373ad73a504971]::ops::function::Fn<(&std[617be2ca0a6fd877]::panic::PanicHookInfo,)>>::call
[INFO] [stdout]                                at /rustc/e3feeb59cd1bdd011a2bfcc0747b55125d9b8527/library/alloc/src/boxed.rs:2328:9
[INFO] [stdout]   14:     0x55f5f5598022 - std[617be2ca0a6fd877]::panicking::panic_with_hook
[INFO] [stdout]                                at /rustc/e3feeb59cd1bdd011a2bfcc0747b55125d9b8527/library/std/src/panicking.rs:819:13
[INFO] [stdout]   15:     0x55f5f557b1d2 - std[617be2ca0a6fd877]::panicking::panic_handler::{closure#0}
[INFO] [stdout]                                at /rustc/e3feeb59cd1bdd011a2bfcc0747b55125d9b8527/library/std/src/panicking.rs:685:13
[INFO] [stdout]   16:     0x55f5f5573e39 - std[617be2ca0a6fd877]::sys::backtrace::__rust_end_short_backtrace::<std[617be2ca0a6fd877]::panicking::panic_handler::{closure#0}, !>
[INFO] [stdout]                                at /rustc/e3feeb59cd1bdd011a2bfcc0747b55125d9b8527/library/std/src/sys/backtrace.rs:182:18
[INFO] [stdout]   17:     0x55f5f557bfcd - __rustc[ea4f61d10b84890b]::rust_begin_unwind
[INFO] [stdout]                                at /rustc/e3feeb59cd1bdd011a2bfcc0747b55125d9b8527/library/std/src/panicking.rs:676:5
[INFO] [stdout]   18:     0x55f5f55b8dec - core[a373ad73a504971]::panicking::panic_fmt
[INFO] [stdout]                                at /rustc/e3feeb59cd1bdd011a2bfcc0747b55125d9b8527/library/core/src/panicking.rs:80:14
[INFO] [stdout]   19:     0x55f5f55b8b42 - core[a373ad73a504971]::result::unwrap_failed
[INFO] [stdout]                                at /rustc/e3feeb59cd1bdd011a2bfcc0747b55125d9b8527/library/core/src/result.rs:1870:5
[INFO] [stdout]   20:     0x55f5f4c6a404 - <core[a373ad73a504971]::result::Result<turbograph[331806d19d5bb3b]::schema::TurboGraph, alloc[2e1b2a31b91974c5]::boxed::Box<dyn core[a373ad73a504971]::error::Error + core[a373ad73a504971]::marker::Sync + core[a373ad73a504971]::marker::Send>>>::expect
[INFO] [stdout]                                at /rustc/e3feeb59cd1bdd011a2bfcc0747b55125d9b8527/library/core/src/result.rs:1184:23
[INFO] [stdout]   21:     0x55f5f4c7de47 - schema_integration_test[1a5131ff2dd3ccd1]::all_db_tables_are_present_in_schema::{closure#0}
[INFO] [stdout]                                at /opt/rustwide/workdir/tests/schema_integration_test.rs:36:6
[INFO] [stdout]   22:     0x55f5f4c6bf22 - <core[a373ad73a504971]::pin::Pin<&mut dyn core[a373ad73a504971]::future::future::Future<Output = ()>> as core[a373ad73a504971]::future::future::Future>::poll
[INFO] [stdout]                                at /rustc/e3feeb59cd1bdd011a2bfcc0747b55125d9b8527/library/core/src/future/future.rs:133:9
[INFO] [stdout]   23:     0x55f5f4c6bf9d - <core[a373ad73a504971]::pin::Pin<&mut core[a373ad73a504971]::pin::Pin<&mut dyn core[a373ad73a504971]::future::future::Future<Output = ()>>> as core[a373ad73a504971]::future::future::Future>::poll
[INFO] [stdout]                                at /rustc/e3feeb59cd1bdd011a2bfcc0747b55125d9b8527/library/core/src/future/future.rs:133:9
[INFO] [stdout]   24:     0x55f5f4c71b4d - <tokio[535299b60db69d0d]::runtime::scheduler::current_thread::CoreGuard>::block_on::<core[a373ad73a504971]::pin::Pin<&mut core[a373ad73a504971]::pin::Pin<&mut dyn core[a373ad73a504971]::future::future::Future<Output = ()>>>>::{closure#0}::{closure#0}::{closure#0}
[INFO] [stdout]                                at /opt/rustwide/cargo-home/registry/src/index.crates.io-1949cf8c6b5b557f/tokio-1.50.0/src/runtime/scheduler/current_thread/mod.rs:769:70
[INFO] [stdout]   25:     0x55f5f4c71a75 - tokio[535299b60db69d0d]::task::coop::with_budget::<core[a373ad73a504971]::task::poll::Poll<()>, <tokio[535299b60db69d0d]::runtime::scheduler::current_thread::CoreGuard>::block_on<core[a373ad73a504971]::pin::Pin<&mut core[a373ad73a504971]::pin::Pin<&mut dyn core[a373ad73a504971]::future::future::Future<Output = ()>>>>::{closure#0}::{closure#0}::{closure#0}>
[INFO] [stdout]                                at /opt/rustwide/cargo-home/registry/src/index.crates.io-1949cf8c6b5b557f/tokio-1.50.0/src/task/coop/mod.rs:167:5
[INFO] [stdout]   26:     0x55f5f4c71a75 - tokio[535299b60db69d0d]::task::coop::budget::<core[a373ad73a504971]::task::poll::Poll<()>, <tokio[535299b60db69d0d]::runtime::scheduler::current_thread::CoreGuard>::block_on<core[a373ad73a504971]::pin::Pin<&mut core[a373ad73a504971]::pin::Pin<&mut dyn core[a373ad73a504971]::future::future::Future<Output = ()>>>>::{closure#0}::{closure#0}::{closure#0}>
[INFO] [stdout]                                at /opt/rustwide/cargo-home/registry/src/index.crates.io-1949cf8c6b5b557f/tokio-1.50.0/src/task/coop/mod.rs:133:5
[INFO] [stdout]   27:     0x55f5f4c71a75 - <tokio[535299b60db69d0d]::runtime::scheduler::current_thread::CoreGuard>::block_on::<core[a373ad73a504971]::pin::Pin<&mut core[a373ad73a504971]::pin::Pin<&mut dyn core[a373ad73a504971]::future::future::Future<Output = ()>>>>::{closure#0}::{closure#0}
[INFO] [stdout]                                at /opt/rustwide/cargo-home/registry/src/index.crates.io-1949cf8c6b5b557f/tokio-1.50.0/src/runtime/scheduler/current_thread/mod.rs:769:25
[INFO] [stdout]   28:     0x55f5f4c6d062 - <tokio[535299b60db69d0d]::runtime::scheduler::current_thread::Context>::enter::<core[a373ad73a504971]::task::poll::Poll<()>, <tokio[535299b60db69d0d]::runtime::scheduler::current_thread::CoreGuard>::block_on<core[a373ad73a504971]::pin::Pin<&mut core[a373ad73a504971]::pin::Pin<&mut dyn core[a373ad73a504971]::future::future::Future<Output = ()>>>>::{closure#0}::{closure#0}>
[INFO] [stdout]                                at /opt/rustwide/cargo-home/registry/src/index.crates.io-1949cf8c6b5b557f/tokio-1.50.0/src/runtime/scheduler/current_thread/mod.rs:446:19
[INFO] [stdout]   29:     0x55f5f4c70b2d - <tokio[535299b60db69d0d]::runtime::scheduler::current_thread::CoreGuard>::block_on::<core[a373ad73a504971]::pin::Pin<&mut core[a373ad73a504971]::pin::Pin<&mut dyn core[a373ad73a504971]::future::future::Future<Output = ()>>>>::{closure#0}
[INFO] [stdout]                                at /opt/rustwide/cargo-home/registry/src/index.crates.io-1949cf8c6b5b557f/tokio-1.50.0/src/runtime/scheduler/current_thread/mod.rs:768:44
[INFO] [stdout]   30:     0x55f5f4c6fdd4 - <tokio[535299b60db69d0d]::runtime::scheduler::current_thread::CoreGuard>::enter::<<tokio[535299b60db69d0d]::runtime::scheduler::current_thread::CoreGuard>::block_on<core[a373ad73a504971]::pin::Pin<&mut core[a373ad73a504971]::pin::Pin<&mut dyn core[a373ad73a504971]::future::future::Future<Output = ()>>>>::{closure#0}, core[a373ad73a504971]::option::Option<()>>::{closure#0}
[INFO] [stdout]                                at /opt/rustwide/cargo-home/registry/src/index.crates.io-1949cf8c6b5b557f/tokio-1.50.0/src/runtime/scheduler/current_thread/mod.rs:856:68
[INFO] [stdout]   31:     0x55f5f4c64d4b - <tokio[535299b60db69d0d]::runtime::context::scoped::Scoped<tokio[535299b60db69d0d]::runtime::scheduler::Context>>::set::<<tokio[535299b60db69d0d]::runtime::scheduler::current_thread::CoreGuard>::enter<<tokio[535299b60db69d0d]::runtime::scheduler::current_thread::CoreGuard>::block_on<core[a373ad73a504971]::pin::Pin<&mut core[a373ad73a504971]::pin::Pin<&mut dyn core[a373ad73a504971]::future::future::Future<Output = ()>>>>::{closure#0}, core[a373ad73a504971]::option::Option<()>>::{closure#0}, (alloc[2e1b2a31b91974c5]::boxed::Box<tokio[535299b60db69d0d]::runtime::scheduler::current_thread::Core>, core[a373ad73a504971]::option::Option<()>)>
[INFO] [stdout]                                at /opt/rustwide/cargo-home/registry/src/index.crates.io-1949cf8c6b5b557f/tokio-1.50.0/src/runtime/context/scoped.rs:40:9
[INFO] [stdout]   32:     0x55f5f4c68d09 - tokio[535299b60db69d0d]::runtime::context::set_scheduler::<(alloc[2e1b2a31b91974c5]::boxed::Box<tokio[535299b60db69d0d]::runtime::scheduler::current_thread::Core>, core[a373ad73a504971]::option::Option<()>), <tokio[535299b60db69d0d]::runtime::scheduler::current_thread::CoreGuard>::enter<<tokio[535299b60db69d0d]::runtime::scheduler::current_thread::CoreGuard>::block_on<core[a373ad73a504971]::pin::Pin<&mut core[a373ad73a504971]::pin::Pin<&mut dyn core[a373ad73a504971]::future::future::Future<Output = ()>>>>::{closure#0}, core[a373ad73a504971]::option::Option<()>>::{closure#0}>::{closure#0}
[INFO] [stdout]                                at /opt/rustwide/cargo-home/registry/src/index.crates.io-1949cf8c6b5b557f/tokio-1.50.0/src/runtime/context.rs:176:38
[INFO] [stdout]   33:     0x55f5f4c73f2f - <std[617be2ca0a6fd877]::thread::local::LocalKey<tokio[535299b60db69d0d]::runtime::context::Context>>::try_with::<tokio[535299b60db69d0d]::runtime::context::set_scheduler<(alloc[2e1b2a31b91974c5]::boxed::Box<tokio[535299b60db69d0d]::runtime::scheduler::current_thread::Core>, core[a373ad73a504971]::option::Option<()>), <tokio[535299b60db69d0d]::runtime::scheduler::current_thread::CoreGuard>::enter<<tokio[535299b60db69d0d]::runtime::scheduler::current_thread::CoreGuard>::block_on<core[a373ad73a504971]::pin::Pin<&mut core[a373ad73a504971]::pin::Pin<&mut dyn core[a373ad73a504971]::future::future::Future<Output = ()>>>>::{closure#0}, core[a373ad73a504971]::option::Option<()>>::{closure#0}>::{closure#0}, (alloc[2e1b2a31b91974c5]::boxed::Box<tokio[535299b60db69d0d]::runtime::scheduler::current_thread::Core>, core[a373ad73a504971]::option::Option<()>)>
[INFO] [stdout]                                at /rustc/e3feeb59cd1bdd011a2bfcc0747b55125d9b8527/library/std/src/thread/local.rs:463:12
[INFO] [stdout]   34:     0x55f5f4c73ade - <std[617be2ca0a6fd877]::thread::local::LocalKey<tokio[535299b60db69d0d]::runtime::context::Context>>::with::<tokio[535299b60db69d0d]::runtime::context::set_scheduler<(alloc[2e1b2a31b91974c5]::boxed::Box<tokio[535299b60db69d0d]::runtime::scheduler::current_thread::Core>, core[a373ad73a504971]::option::Option<()>), <tokio[535299b60db69d0d]::runtime::scheduler::current_thread::CoreGuard>::enter<<tokio[535299b60db69d0d]::runtime::scheduler::current_thread::CoreGuard>::block_on<core[a373ad73a504971]::pin::Pin<&mut core[a373ad73a504971]::pin::Pin<&mut dyn core[a373ad73a504971]::future::future::Future<Output = ()>>>>::{closure#0}, core[a373ad73a504971]::option::Option<()>>::{closure#0}>::{closure#0}, (alloc[2e1b2a31b91974c5]::boxed::Box<tokio[535299b60db69d0d]::runtime::scheduler::current_thread::Core>, core[a373ad73a504971]::option::Option<()>)>
[INFO] [stdout]                                at /rustc/e3feeb59cd1bdd011a2bfcc0747b55125d9b8527/library/std/src/thread/local.rs:427:20
[INFO] [stdout]   35:     0x55f5f4c677bd - tokio[535299b60db69d0d]::runtime::context::set_scheduler::<(alloc[2e1b2a31b91974c5]::boxed::Box<tokio[535299b60db69d0d]::runtime::scheduler::current_thread::Core>, core[a373ad73a504971]::option::Option<()>), <tokio[535299b60db69d0d]::runtime::scheduler::current_thread::CoreGuard>::enter<<tokio[535299b60db69d0d]::runtime::scheduler::current_thread::CoreGuard>::block_on<core[a373ad73a504971]::pin::Pin<&mut core[a373ad73a504971]::pin::Pin<&mut dyn core[a373ad73a504971]::future::future::Future<Output = ()>>>>::{closure#0}, core[a373ad73a504971]::option::Option<()>>::{closure#0}>
[INFO] [stdout]                                at /opt/rustwide/cargo-home/registry/src/index.crates.io-1949cf8c6b5b557f/tokio-1.50.0/src/runtime/context.rs:176:17
[INFO] [stdout]   36:     0x55f5f4c6e5e0 - <tokio[535299b60db69d0d]::runtime::scheduler::current_thread::CoreGuard>::enter::<<tokio[535299b60db69d0d]::runtime::scheduler::current_thread::CoreGuard>::block_on<core[a373ad73a504971]::pin::Pin<&mut core[a373ad73a504971]::pin::Pin<&mut dyn core[a373ad73a504971]::future::future::Future<Output = ()>>>>::{closure#0}, core[a373ad73a504971]::option::Option<()>>
[INFO] [stdout]                                at /opt/rustwide/cargo-home/registry/src/index.crates.io-1949cf8c6b5b557f/tokio-1.50.0/src/runtime/scheduler/current_thread/mod.rs:856:27
[INFO] [stdout]   37:     0x55f5f4c6e8d6 - <tokio[535299b60db69d0d]::runtime::scheduler::current_thread::CoreGuard>::block_on::<core[a373ad73a504971]::pin::Pin<&mut core[a373ad73a504971]::pin::Pin<&mut dyn core[a373ad73a504971]::future::future::Future<Output = ()>>>>
[INFO] [stdout]                                at /opt/rustwide/cargo-home/registry/src/index.crates.io-1949cf8c6b5b557f/tokio-1.50.0/src/runtime/scheduler/current_thread/mod.rs:756:24
[INFO] [stdout]   38:     0x55f5f4c6f9e0 - <tokio[535299b60db69d0d]::runtime::scheduler::current_thread::CurrentThread>::block_on::<core[a373ad73a504971]::pin::Pin<&mut dyn core[a373ad73a504971]::future::future::Future<Output = ()>>>::{closure#0}
[INFO] [stdout]                                at /opt/rustwide/cargo-home/registry/src/index.crates.io-1949cf8c6b5b557f/tokio-1.50.0/src/runtime/scheduler/current_thread/mod.rs:200:33
[INFO] [stdout]   39:     0x55f5f4c67f28 - tokio[535299b60db69d0d]::runtime::context::runtime::enter_runtime::<<tokio[535299b60db69d0d]::runtime::scheduler::current_thread::CurrentThread>::block_on<core[a373ad73a504971]::pin::Pin<&mut dyn core[a373ad73a504971]::future::future::Future<Output = ()>>>::{closure#0}, ()>
[INFO] [stdout]                                at /opt/rustwide/cargo-home/registry/src/index.crates.io-1949cf8c6b5b557f/tokio-1.50.0/src/runtime/context/runtime.rs:65:16
[INFO] [stdout]   40:     0x55f5f4c6cc24 - <tokio[535299b60db69d0d]::runtime::scheduler::current_thread::CurrentThread>::block_on::<core[a373ad73a504971]::pin::Pin<&mut dyn core[a373ad73a504971]::future::future::Future<Output = ()>>>
[INFO] [stdout]                                at /opt/rustwide/cargo-home/registry/src/index.crates.io-1949cf8c6b5b557f/tokio-1.50.0/src/runtime/scheduler/current_thread/mod.rs:188:9
[INFO] [stdout]   41:     0x55f5f4c6445f - <tokio[535299b60db69d0d]::runtime::runtime::Runtime>::block_on_inner::<core[a373ad73a504971]::pin::Pin<&mut dyn core[a373ad73a504971]::future::future::Future<Output = ()>>>
[INFO] [stdout]                                at /opt/rustwide/cargo-home/registry/src/index.crates.io-1949cf8c6b5b557f/tokio-1.50.0/src/runtime/runtime.rs:371:52
[INFO] [stdout]   42:     0x55f5f4c645ab - <tokio[535299b60db69d0d]::runtime::runtime::Runtime>::block_on::<core[a373ad73a504971]::pin::Pin<&mut dyn core[a373ad73a504971]::future::future::Future<Output = ()>>>
[INFO] [stdout]                                at /opt/rustwide/cargo-home/registry/src/index.crates.io-1949cf8c6b5b557f/tokio-1.50.0/src/runtime/runtime.rs:345:18
[INFO] [stdout]   43:     0x55f5f4c7f6e1 - schema_integration_test[1a5131ff2dd3ccd1]::all_db_tables_are_present_in_schema
[INFO] [stdout]                                at /opt/rustwide/workdir/tests/schema_integration_test.rs:79:36
[INFO] [stdout]   44:     0x55f5f4c7d7e7 - schema_integration_test[1a5131ff2dd3ccd1]::all_db_tables_are_present_in_schema::{closure#0}
[INFO] [stdout]                                at /opt/rustwide/workdir/tests/schema_integration_test.rs:26:47
[INFO] [stdout]   45:     0x55f5f4c6c9b6 - <schema_integration_test[1a5131ff2dd3ccd1]::all_db_tables_are_present_in_schema::{closure#0} as core[a373ad73a504971]::ops::function::FnOnce<()>>::call_once
[INFO] [stdout]                                at /rustc/e3feeb59cd1bdd011a2bfcc0747b55125d9b8527/library/core/src/ops/function.rs:250:5
[INFO] [stdout]   46:     0x55f5f4c8040b - <fn() -> core[a373ad73a504971]::result::Result<(), alloc[2e1b2a31b91974c5]::string::String> as core[a373ad73a504971]::ops::function::FnOnce<()>>::call_once
[INFO] [stdout]                                at /rustc/e3feeb59cd1bdd011a2bfcc0747b55125d9b8527/library/core/src/ops/function.rs:250:5
[INFO] [stdout]   47:     0x55f5f4c8040b - test[aada8e7e76ba119b]::__rust_begin_short_backtrace::<core[a373ad73a504971]::result::Result<(), alloc[2e1b2a31b91974c5]::string::String>, fn() -> core[a373ad73a504971]::result::Result<(), alloc[2e1b2a31b91974c5]::string::String>>
[INFO] [stdout]                                at /rustc/e3feeb59cd1bdd011a2bfcc0747b55125d9b8527/library/test/src/lib.rs:701:18
[INFO] [stdout]   48:     0x55f5f4c8d5e5 - test[aada8e7e76ba119b]::run_test_in_process::{closure#0}
[INFO] [stdout]                                at /rustc/e3feeb59cd1bdd011a2bfcc0747b55125d9b8527/library/test/src/lib.rs:724:74
[INFO] [stdout]   49:     0x55f5f4c8d5e5 - <core[a373ad73a504971]::panic::unwind_safe::AssertUnwindSafe<test[aada8e7e76ba119b]::run_test_in_process::{closure#0}> as core[a373ad73a504971]::ops::function::FnOnce<()>>::call_once
[INFO] [stdout]                                at /rustc/e3feeb59cd1bdd011a2bfcc0747b55125d9b8527/library/core/src/panic/unwind_safe.rs:275:9
[INFO] [stdout]   50:     0x55f5f4c8d5e5 - std[617be2ca0a6fd877]::panicking::catch_unwind::do_call::<core[a373ad73a504971]::panic::unwind_safe::AssertUnwindSafe<test[aada8e7e76ba119b]::run_test_in_process::{closure#0}>, core[a373ad73a504971]::result::Result<(), alloc[2e1b2a31b91974c5]::string::String>>
[INFO] [stdout]                                at /rustc/e3feeb59cd1bdd011a2bfcc0747b55125d9b8527/library/std/src/panicking.rs:573:43
[INFO] [stdout]   51:     0x55f5f4c8d5e5 - std[617be2ca0a6fd877]::panicking::catch_unwind::<core[a373ad73a504971]::result::Result<(), alloc[2e1b2a31b91974c5]::string::String>, core[a373ad73a504971]::panic::unwind_safe::AssertUnwindSafe<test[aada8e7e76ba119b]::run_test_in_process::{closure#0}>>
[INFO] [stdout]                                at /rustc/e3feeb59cd1bdd011a2bfcc0747b55125d9b8527/library/std/src/panicking.rs:541:19
[INFO] [stdout]   52:     0x55f5f4c8d5e5 - std[617be2ca0a6fd877]::panic::catch_unwind::<core[a373ad73a504971]::panic::unwind_safe::AssertUnwindSafe<test[aada8e7e76ba119b]::run_test_in_process::{closure#0}>, core[a373ad73a504971]::result::Result<(), alloc[2e1b2a31b91974c5]::string::String>>
[INFO] [stdout]                                at /rustc/e3feeb59cd1bdd011a2bfcc0747b55125d9b8527/library/std/src/panic.rs:359:14
[INFO] [stdout]   53:     0x55f5f4c8d5e5 - test[aada8e7e76ba119b]::run_test_in_process
[INFO] [stdout]                                at /rustc/e3feeb59cd1bdd011a2bfcc0747b55125d9b8527/library/test/src/lib.rs:724:27
[INFO] [stdout]   54:     0x55f5f4c8d5e5 - test[aada8e7e76ba119b]::run_test::{closure#0}
[INFO] [stdout]                                at /rustc/e3feeb59cd1bdd011a2bfcc0747b55125d9b8527/library/test/src/lib.rs:645:43
[INFO] [stdout]   55:     0x55f5f4c86ed4 - test[aada8e7e76ba119b]::run_test::{closure#1}
[INFO] [stdout]                                at /rustc/e3feeb59cd1bdd011a2bfcc0747b55125d9b8527/library/test/src/lib.rs:675:41
[INFO] [stdout]   56:     0x55f5f4c86ed4 - std[617be2ca0a6fd877]::sys::backtrace::__rust_begin_short_backtrace::<test[aada8e7e76ba119b]::run_test::{closure#1}, ()>
[INFO] [stdout]                                at /rustc/e3feeb59cd1bdd011a2bfcc0747b55125d9b8527/library/std/src/sys/backtrace.rs:166:18
[INFO] [stdout]   57:     0x55f5f4c90672 - std[617be2ca0a6fd877]::thread::lifecycle::spawn_unchecked::<test[aada8e7e76ba119b]::run_test::{closure#1}, ()>::{closure#1}::{closure#0}
[INFO] [stdout]                                at /rustc/e3feeb59cd1bdd011a2bfcc0747b55125d9b8527/library/std/src/thread/lifecycle.rs:70:13
[INFO] [stdout]   58:     0x55f5f4c90672 - <core[a373ad73a504971]::panic::unwind_safe::AssertUnwindSafe<std[617be2ca0a6fd877]::thread::lifecycle::spawn_unchecked<test[aada8e7e76ba119b]::run_test::{closure#1}, ()>::{closure#1}::{closure#0}> as core[a373ad73a504971]::ops::function::FnOnce<()>>::call_once
[INFO] [stdout]                                at /rustc/e3feeb59cd1bdd011a2bfcc0747b55125d9b8527/library/core/src/panic/unwind_safe.rs:275:9
[INFO] [stdout]   59:     0x55f5f4c90672 - std[617be2ca0a6fd877]::panicking::catch_unwind::do_call::<core[a373ad73a504971]::panic::unwind_safe::AssertUnwindSafe<std[617be2ca0a6fd877]::thread::lifecycle::spawn_unchecked<test[aada8e7e76ba119b]::run_test::{closure#1}, ()>::{closure#1}::{closure#0}>, ()>
[INFO] [stdout]                                at /rustc/e3feeb59cd1bdd011a2bfcc0747b55125d9b8527/library/std/src/panicking.rs:573:43
[INFO] [stdout]   60:     0x55f5f4c90672 - std[617be2ca0a6fd877]::panicking::catch_unwind::<(), core[a373ad73a504971]::panic::unwind_safe::AssertUnwindSafe<std[617be2ca0a6fd877]::thread::lifecycle::spawn_unchecked<test[aada8e7e76ba119b]::run_test::{closure#1}, ()>::{closure#1}::{closure#0}>>
[INFO] [stdout]                                at /rustc/e3feeb59cd1bdd011a2bfcc0747b55125d9b8527/library/std/src/panicking.rs:541:19
[INFO] [stdout]   61:     0x55f5f4c90672 - std[617be2ca0a6fd877]::panic::catch_unwind::<core[a373ad73a504971]::panic::unwind_safe::AssertUnwindSafe<std[617be2ca0a6fd877]::thread::lifecycle::spawn_unchecked<test[aada8e7e76ba119b]::run_test::{closure#1}, ()>::{closure#1}::{closure#0}>, ()>
[INFO] [stdout]                                at /rustc/e3feeb59cd1bdd011a2bfcc0747b55125d9b8527/library/std/src/panic.rs:359:14
[INFO] [stdout]   62:     0x55f5f4c90672 - std[617be2ca0a6fd877]::thread::lifecycle::spawn_unchecked::<test[aada8e7e76ba119b]::run_test::{closure#1}, ()>::{closure#1}
[INFO] [stdout]                                at /rustc/e3feeb59cd1bdd011a2bfcc0747b55125d9b8527/library/std/src/thread/lifecycle.rs:68:26
[INFO] [stdout]   63:     0x55f5f4c90672 - <std[617be2ca0a6fd877]::thread::lifecycle::spawn_unchecked<test[aada8e7e76ba119b]::run_test::{closure#1}, ()>::{closure#1} as core[a373ad73a504971]::ops::function::FnOnce<()>>::call_once::{shim:vtable#0}
[INFO] [stdout]                                at /rustc/e3feeb59cd1bdd011a2bfcc0747b55125d9b8527/library/core/src/ops/function.rs:250:5
[INFO] [stdout]   64:     0x55f5f559f2cf - <alloc[2e1b2a31b91974c5]::boxed::Box<dyn core[a373ad73a504971]::ops::function::FnOnce<(), Output = ()> + core[a373ad73a504971]::marker::Send> as core[a373ad73a504971]::ops::function::FnOnce<()>>::call_once
[INFO] [stdout]                                at /rustc/e3feeb59cd1bdd011a2bfcc0747b55125d9b8527/library/alloc/src/boxed.rs:2314:9
[INFO] [stdout]   65:     0x55f5f559f2cf - <std[617be2ca0a6fd877]::sys::thread::unix::Thread>::new::thread_start
[INFO] [stdout]                                at /rustc/e3feeb59cd1bdd011a2bfcc0747b55125d9b8527/library/std/src/sys/thread/unix.rs:127:17
[INFO] [stdout]   66:     0x71d9bfbccdfa - <unknown>
[INFO] [stdout]   67:     0x71d9bfc603d4 - clone
[INFO] [stdout]   68:                0x0 - <unknown>
[INFO] [stdout] 
[INFO] [stdout] 
[INFO] [stdout] failures:
[INFO] [stdout]     all_db_tables_are_present_in_schema
[INFO] [stdout] 
[INFO] [stdout] test result: FAILED. 0 passed; 1 failed; 0 ignored; 0 measured; 0 filtered out; finished in 0.17s
[INFO] [stdout] 
[INFO] [stderr] error: test failed, to rerun pass `--test schema_integration_test`
[INFO] running `Command { std: "docker" "inspect" "a2e22696863551ba468a1142cf30a24dc39af747fe0a8bc2fbb5f74377e864f9", kill_on_drop: false }`
[INFO] running `Command { std: "docker" "rm" "-f" "a2e22696863551ba468a1142cf30a24dc39af747fe0a8bc2fbb5f74377e864f9", kill_on_drop: false }`
[INFO] [stdout] a2e22696863551ba468a1142cf30a24dc39af747fe0a8bc2fbb5f74377e864f9
