[INFO] fetching crate tunely 0.5.0...
[INFO] testing tunely-0.5.0 against 1.100.0-beta.1 for beta-1.100-2
[INFO] extracting crate tunely 0.5.0 into /workspace/builds/worker-1-tc2/source
[INFO] started tweaking crates.io crate tunely 0.5.0
[INFO] removed 0 missing tests
[INFO] finished tweaking crates.io crate tunely 0.5.0
[INFO] tweaked toml for crates.io crate tunely 0.5.0 written to /workspace/builds/worker-1-tc2/source/Cargo.toml
[INFO] validating manifest of crates.io crate tunely 0.5.0 on toolchain 1.100.0-beta.1
[INFO] running `Command { std: CARGO_HOME="/workspace/cargo-home" RUSTUP_HOME="/workspace/rustup-home" "/workspace/cargo-home/bin/cargo" "+1.100.0-beta.1" "metadata" "--manifest-path" "Cargo.toml" "--no-deps", kill_on_drop: false }`
[INFO] crate crates.io crate tunely 0.5.0 already has a lockfile, it will not be regenerated
[INFO] running `Command { std: CARGO_HOME="/workspace/cargo-home" RUSTUP_HOME="/workspace/rustup-home" "/workspace/cargo-home/bin/cargo" "+1.100.0-beta.1" "fetch" "--manifest-path" "Cargo.toml", kill_on_drop: false }`
[INFO] running `Command { std: "docker" "create" "-v" "/var/lib/crater-agent-workspace/builds/worker-1-tc2/source:/opt/rustwide/workdir:ro,Z" "-v" "/var/lib/crater-agent-workspace/builds/worker-1-tc2/target:/opt/rustwide/target:rw,Z" "-v" "/var/lib/crater-agent-workspace/cargo-home:/opt/rustwide/cargo-home:ro,Z" "-v" "/var/lib/crater-agent-workspace/rustup-home:/opt/rustwide/rustup-home:ro,Z" "-m" "1610612736" "--network" "none" "ghcr.io/rust-lang/crates-build-env/linux@sha256:3111399a4047eeb3a02b7a90e478d715f38a8c6669b5c4b49d30a17385265909" "sleep" "infinity", kill_on_drop: false }`
[INFO] [stdout] bead8632ceb815fa50dd92f7a58a33cd90e3d5a65ccb8add645c4461447d867b
[INFO] running `Command { std: "docker" "start" "bead8632ceb815fa50dd92f7a58a33cd90e3d5a65ccb8add645c4461447d867b", kill_on_drop: false }`
[INFO] running `Command { std: "docker" "inspect" "bead8632ceb815fa50dd92f7a58a33cd90e3d5a65ccb8add645c4461447d867b", kill_on_drop: false }`
[INFO] running `Command { std: "docker" "exec" "-e" "SOURCE_DIR=/opt/rustwide/workdir" "-e" "CARGO_HOME=/opt/rustwide/cargo-home" "-e" "RUSTUP_HOME=/opt/rustwide/rustup-home" "-e" "CARGO_TARGET_DIR=/opt/rustwide/target" "-w" "/opt/rustwide/workdir" "--user" "0:0" "bead8632ceb815fa50dd92f7a58a33cd90e3d5a65ccb8add645c4461447d867b" "/opt/rustwide/cargo-home/bin/cargo" "+1.100.0-beta.1" "metadata" "--no-deps" "--format-version=1", kill_on_drop: false }`
[INFO] running `Command { std: "docker" "inspect" "bead8632ceb815fa50dd92f7a58a33cd90e3d5a65ccb8add645c4461447d867b", kill_on_drop: false }`
[INFO] running `Command { std: "docker" "exec" "-e" "SOURCE_DIR=/opt/rustwide/workdir" "-e" "CARGO_HOME=/opt/rustwide/cargo-home" "-e" "RUSTUP_HOME=/opt/rustwide/rustup-home" "-e" "CARGO_TARGET_DIR=/opt/rustwide/target" "-e" "CARGO_INCREMENTAL=0" "-e" "RUST_BACKTRACE=full" "-e" "RUSTFLAGS=--cap-lints=warn" "-e" "RUSTDOCFLAGS=--cap-lints=warn" "-w" "/opt/rustwide/workdir" "--user" "0:0" "bead8632ceb815fa50dd92f7a58a33cd90e3d5a65ccb8add645c4461447d867b" "/opt/rustwide/cargo-home/bin/cargo" "+1.100.0-beta.1" "build" "--frozen" "--message-format=json", kill_on_drop: false }`
[INFO] [stderr]    Compiling smallvec v1.16.1
[INFO] [stderr]    Compiling find-msvc-tools v0.1.13
[INFO] [stderr]    Compiling futures-core v0.3.34
[INFO] [stderr]    Compiling syn v3.0.6
[INFO] [stderr]    Compiling errno v0.3.14
[INFO] [stderr]    Compiling getrandom v0.2.17
[INFO] [stderr]    Compiling mio v1.2.3
[INFO] [stderr]    Compiling serde_core v1.0.229
[INFO] [stderr]    Compiling signal-hook-registry v1.4.8
[INFO] [stderr]    Compiling cc v1.4.7
[INFO] [stderr]    Compiling zeroize v1.9.0
[INFO] [stderr]    Compiling parking_lot_core v0.9.12
[INFO] [stderr]    Compiling futures-sink v0.3.34
[INFO] [stderr]    Compiling serde v1.0.229
[INFO] [stderr]    Compiling rustls-pki-types v1.15.1
[INFO] [stderr]    Compiling generic-array v0.14.7
[INFO] [stderr]    Compiling parking_lot v0.12.5
[INFO] [stderr]    Compiling rustls v0.23.45
[INFO] [stderr]    Compiling zerocopy v0.8.58
[INFO] [stderr]    Compiling typenum v1.20.1
[INFO] [stderr]    Compiling http-body v1.1.0
[INFO] [stderr]    Compiling subtle v2.6.1
[INFO] [stderr]    Compiling try-lock v0.2.5
[INFO] [stderr]    Compiling webpki-roots v1.0.9
[INFO] [stderr]    Compiling want v0.3.1
[INFO] [stderr]    Compiling form_urlencoded v1.2.2
[INFO] [stderr]    Compiling rand_core v0.6.4
[INFO] [stderr]    Compiling futures-channel v0.3.34
[INFO] [stderr]    Compiling syn v2.0.119
[INFO] [stderr]    Compiling anstyle-parse v1.0.0
[INFO] [stderr]    Compiling tracing v0.1.44
[INFO] [stderr]    Compiling sync_wrapper v1.0.2
[INFO] [stderr]    Compiling anstyle-query v1.1.5
[INFO] [stderr]    Compiling ipnet v2.12.2
[INFO] [stderr]    Compiling is_terminal_polyfill v1.70.2
[INFO] [stderr]    Compiling anstyle v1.0.14
[INFO] [stderr]    Compiling colorchoice v1.0.5
[INFO] [stderr]    Compiling base64 v0.23.1
[INFO] [stderr]    Compiling ring v0.17.14
[INFO] [stderr]    Compiling cpufeatures v0.2.17
[INFO] [stderr]    Compiling anstream v1.0.0
[INFO] [stderr]    Compiling indexmap v2.14.2
[INFO] [stderr]    Compiling block-buffer v0.10.4
[INFO] [stderr]    Compiling crypto-common v0.1.7
[INFO] [stderr]    Compiling digest v0.10.7
[INFO] [stderr]    Compiling clap_lex v1.1.1
[INFO] [stderr]    Compiling sha1 v0.10.7
[INFO] [stderr]    Compiling serde_json v1.0.151
[INFO] [stderr]    Compiling toml_write v0.1.2
[INFO] [stderr]    Compiling utf-8 v0.7.6
[INFO] [stderr]    Compiling ryu v1.0.23
[INFO] [stderr]    Compiling winnow v0.7.15
[INFO] [stderr]    Compiling clap_builder v4.6.7
[INFO] [stderr]    Compiling webpki-roots v0.26.11
[INFO] [stderr]    Compiling http-body-util v0.1.5
[INFO] [stderr]    Compiling time v0.3.55
[INFO] [stderr]    Compiling thiserror-impl v1.0.69
[INFO] [stderr]    Compiling synstructure v0.14.0
[INFO] [stderr]    Compiling thiserror v1.0.69
[INFO] [stderr]    Compiling ppv-lite86 v0.2.21
[INFO] [stderr]    Compiling zerofrom-derive v0.1.8
[INFO] [stderr]    Compiling yoke-derive v0.8.3
[INFO] [stderr]    Compiling zerovec-derive v0.11.6
[INFO] [stderr]    Compiling displaydoc v0.2.7
[INFO] [stderr]    Compiling tokio-macros v2.7.2
[INFO] [stderr]    Compiling serde_derive v1.0.229
[INFO] [stderr]    Compiling tokio v1.53.1
[INFO] [stderr]    Compiling futures-macro v0.3.34
[INFO] [stderr]    Compiling rustls-webpki v0.103.15
[INFO] [stderr]    Compiling rand_chacha v0.3.1
[INFO] [stderr]    Compiling clap_derive v4.6.7
[INFO] [stderr]    Compiling zerofrom v0.1.8
[INFO] [stderr]    Compiling yoke v0.8.3
[INFO] [stderr]    Compiling rand v0.8.8
[INFO] [stderr]    Compiling futures-util v0.3.34
[INFO] [stderr]    Compiling zerovec v0.11.8
[INFO] [stderr]    Compiling zerotrie v0.2.5
[INFO] [stderr]    Compiling tinystr v0.8.4
[INFO] [stderr]    Compiling potential_utf v0.1.6
[INFO] [stderr]    Compiling icu_locale_core v2.3.0
[INFO] [stderr]    Compiling icu_collections v2.3.0
[INFO] [stderr]    Compiling clap v4.6.7
[INFO] [stderr]    Compiling icu_provider v2.3.1
[INFO] [stderr]    Compiling icu_properties v2.3.0
[INFO] [stderr]    Compiling icu_normalizer v2.3.0
[INFO] [stderr]    Compiling serde_spanned v0.6.9
[INFO] [stderr]    Compiling toml_datetime v0.6.11
[INFO] [stderr]    Compiling serde_urlencoded v0.7.1
[INFO] [stderr]    Compiling toml_edit v0.22.27
[INFO] [stderr]    Compiling idna_adapter v1.2.2
[INFO] [stderr]    Compiling idna v1.1.0
[INFO] [stderr]    Compiling url v2.5.8
[INFO] [stderr]    Compiling toml v0.8.23
[INFO] [stderr]    Compiling hyper v1.11.1
[INFO] [stderr]    Compiling tokio-rustls v0.26.5
[INFO] [stderr]    Compiling tower v0.5.3
[INFO] [stderr]    Compiling tungstenite v0.24.0
[INFO] [stderr]    Compiling tokio-util v0.7.19
[INFO] [stderr]    Compiling tower-http v0.6.11
[INFO] [stderr]    Compiling hyper-util v0.1.21
[INFO] [stderr]    Compiling tokio-tungstenite v0.24.0
[INFO] [stderr]    Compiling hyper-rustls v0.27.10
[INFO] [stderr]    Compiling reqwest v0.12.28
[INFO] [stderr]    Compiling tunely v0.5.0 (/opt/rustwide/workdir)
[INFO] [stderr]     Finished `dev` profile [unoptimized + debuginfo] target(s) in 1m 48s
[INFO] running `Command { std: "docker" "inspect" "bead8632ceb815fa50dd92f7a58a33cd90e3d5a65ccb8add645c4461447d867b", kill_on_drop: false }`
[INFO] running `Command { std: "docker" "exec" "-e" "SOURCE_DIR=/opt/rustwide/workdir" "-e" "CARGO_HOME=/opt/rustwide/cargo-home" "-e" "RUSTUP_HOME=/opt/rustwide/rustup-home" "-e" "CARGO_TARGET_DIR=/opt/rustwide/target" "-e" "CARGO_INCREMENTAL=0" "-e" "RUST_BACKTRACE=full" "-e" "RUSTFLAGS=--cap-lints=warn" "-e" "RUSTDOCFLAGS=--cap-lints=warn" "-w" "/opt/rustwide/workdir" "--user" "0:0" "bead8632ceb815fa50dd92f7a58a33cd90e3d5a65ccb8add645c4461447d867b" "/opt/rustwide/cargo-home/bin/cargo" "+1.100.0-beta.1" "test" "--frozen" "--no-run" "--message-format=json", kill_on_drop: false }`
[INFO] [stderr]    Compiling bitflags v2.13.2
[INFO] [stderr]    Compiling rustix v1.1.5
[INFO] [stderr]    Compiling getrandom v0.4.3
[INFO] [stderr]    Compiling linux-raw-sys v0.12.1
[INFO] [stderr]    Compiling tower-http v0.6.11
[INFO] [stderr]    Compiling reqwest v0.12.28
[INFO] [stderr]    Compiling tempfile v3.27.0
[INFO] [stderr]    Compiling tunely v0.5.0 (/opt/rustwide/workdir)
[INFO] [stderr]     Finished `test` profile [unoptimized + debuginfo] target(s) in 31.38s
[INFO] running `Command { std: "docker" "inspect" "bead8632ceb815fa50dd92f7a58a33cd90e3d5a65ccb8add645c4461447d867b", kill_on_drop: false }`
[INFO] running `Command { std: "docker" "exec" "-e" "SOURCE_DIR=/opt/rustwide/workdir" "-e" "CARGO_HOME=/opt/rustwide/cargo-home" "-e" "RUSTUP_HOME=/opt/rustwide/rustup-home" "-e" "CARGO_TARGET_DIR=/opt/rustwide/target" "-e" "CARGO_INCREMENTAL=0" "-e" "RUST_BACKTRACE=full" "-e" "RUSTFLAGS=--cap-lints=warn" "-e" "RUSTDOCFLAGS=--cap-lints=warn" "-w" "/opt/rustwide/workdir" "--user" "0:0" "bead8632ceb815fa50dd92f7a58a33cd90e3d5a65ccb8add645c4461447d867b" "/opt/rustwide/cargo-home/bin/cargo" "+1.100.0-beta.1" "test" "--frozen", kill_on_drop: false }`
[INFO] [stderr]     Finished `test` profile [unoptimized + debuginfo] target(s) in 0.33s
[INFO] [stderr]      Running unittests src/lib.rs (/opt/rustwide/target/debug/build/tunely/d8970511f4469677/out/tunely-d8970511f4469677)
[INFO] [stdout] 
[INFO] [stdout] running 61 tests
[INFO] [stdout] test client::tests::normalize_path_prefixes_path_starting_with_at ... ok
[INFO] [stdout] test client::tests::normalize_path_keeps_absolute_path ... ok
[INFO] [stdout] test client::tests::socket_error_finishes_session_with_udp_close ... ok
[INFO] [stdout] test client::tests::udp_open_duplicate_id_ignored ... ok
[INFO] [stdout] test client::tests::server_udp_close_removes_and_aborts_recv_task ... ok
[INFO] [stdout] test client::tests::udp_open_creates_socket_and_frame_routes_to_target ... ok
[INFO] [stdout] test client::tests::normalize_path_empty_becomes_root ... ok
[INFO] [stdout] test client::tests::udp_data_unknown_session_dropped ... ok
[INFO] [stdout] test client::tests::cleanup_udp_clears_all_sessions ... ok
[INFO] [stdout] test config::tests::config_paths_order_and_home_fallback ... ok
[INFO] [stdout] test config::tests::resolve_builtin_defaults_when_nothing_set ... ok
[INFO] [stdout] test config::tests::load_first_config_takes_first_existing ... ok
[INFO] [stdout] test config::tests::resolve_all_delegates_to_resolve_when_no_array ... ok
[INFO] [stdout] test config::tests::load_config_file_missing_present_and_malformed ... ok
[INFO] [stdout] test config::tests::resolve_all_rejects_single_tunnel_sources_in_multi_mode ... ok
[INFO] [stdout] test config::tests::resolve_env_beats_file_and_fills_gaps ... ok
[INFO] [stdout] test config::tests::resolve_all_reports_missing_token_with_index ... ok
[INFO] [stdout] test config::tests::resolve_file_used_when_no_cli_or_env ... ok
[INFO] [stdout] test client::tests::udp_open_ignored_when_not_negotiated ... ok
[INFO] [stdout] test config::tests::resolve_missing_token_is_error ... ok
[INFO] [stdout] test config::tests::toml_malformed_is_rejected ... ok
[INFO] [stdout] test config::tests::resolve_cli_wins_over_env_and_file ... ok
[INFO] [stdout] test config::tests::resolve_env_used_when_cli_absent ... ok
[INFO] [stdout] test config::tests::toml_missing_fields_are_none ... ok
[INFO] [stdout] test config::tests::toml_parses_all_fields ... ok
[INFO] [stdout] test config::tests::toml_tunnel_array_parses_and_flat_form_still_works ... ok
[INFO] [stdout] test protocol::tests::auth_declares_binary_frames_capability ... ok
[INFO] [stdout] test config::tests::resolve_all_expands_tunnels_with_fallbacks ... ok
[INFO] [stdout] test protocol::tests::auth_serializes_like_ts_client ... ok
[INFO] [stdout] test protocol::tests::frame_empty_payload ... ok
[INFO] [stdout] test protocol::tests::frame_decode_rejects_malformed ... ok
[INFO] [stdout] test protocol::tests::frame_encode_rejects_invalid_conn_id ... ok
[INFO] [stdout] test protocol::tests::backoff_matches_ts_semantics ... ok
[INFO] [stdout] test protocol::tests::frame_roundtrip ... ok
[INFO] [stdout] test protocol::tests::parse_target_variants ... ok
[INFO] [stdout] test protocol::tests::udp_frame_encode_rejects_invalid_session_id ... ok
[INFO] [stdout] test protocol::tests::udp_frame_known_vector_matches_python ... ok
[INFO] [stdout] test protocol::tests::parses_python_server_messages ... ok
[INFO] [stdout] test protocol::tests::roundtrip_all_types ... ok
[INFO] [stdout] test protocol::tests::udp_frame_cross_type_rejected ... ok
[INFO] [stdout] test protocol::tests::udp_frame_empty_payload ... ok
[INFO] [stdout] test protocol::tests::udp_frame_roundtrip ... ok
[INFO] [stdout] test protocol::tests::udp_frame_decode_rejects_malformed ... ok
[INFO] [stdout] test protocol::tests::udp_frame_layout ... ok
[INFO] [stdout] test protocol::tests::udp_messages_parse_and_roundtrip ... ok
[INFO] [stdout] test protocol::tests::utf8_decoder_flush_emits_replacement_for_truncated_tail ... ok
[INFO] [stdout] test protocol::tests::utf8_decoder_handles_split_multibyte ... ok
[INFO] [stdout] test protocol::tests::utf8_decoder_replaces_invalid_bytes_with_replacement_char ... ok
[INFO] [stdout] test protocol::tests::utf8_decoder_never_stalls_on_leading_invalid_byte ... ok
[INFO] [stdout] test status::tests::json_shape_matches_spec ... ok
[INFO] [stdout] test status::tests::multi_tunnel_shape_roundtrips ... ok
[INFO] [stdout] test protocol::tests::uuid_conversion_matches_python_semantics ... ok
[INFO] [stdout] test status::tests::state_path_falls_back_to_home_or_none ... ok
[INFO] [stdout] test protocol::tests::frame_layout ... ok
[INFO] [stdout] test status::tests::read_missing_is_not_found ... ok
[INFO] [stdout] test status::tests::roundtrip_null_fields ... ok
[INFO] [stdout] test status::tests::read_corrupt_is_invalid_data ... ok
[INFO] [stdout] test status::tests::rfc3339_parses_back_as_utc ... ok
[INFO] [stdout] test status::tests::roundtrip_write_read_with_dir_creation ... ok
[INFO] [stderr]      Running unittests src/main.rs (/opt/rustwide/target/debug/build/tunely/eab86513dcb50b15/out/tunely-eab86513dcb50b15)
[INFO] [stdout] test status::tests::state_path_env_wins_over_home ... ok
[INFO] [stdout] test status::tests::write_status_is_atomic_and_leaves_no_tmp_leftover ... ok
[INFO] [stdout] 
[INFO] [stdout] test result: ok. 61 passed; 0 failed; 0 ignored; 0 measured; 0 filtered out; finished in 0.05s
[INFO] [stdout] 
[INFO] [stdout] 
[INFO] [stdout] running 0 tests
[INFO] [stdout] 
[INFO] [stdout] test result: ok. 0 passed; 0 failed; 0 ignored; 0 measured; 0 filtered out; finished in 0.00s
[INFO] [stdout] 
[INFO] [stderr]      Running tests/embed_handler.rs (/opt/rustwide/target/debug/build/tunely/26c176deb18273bb/out/embed_handler-26c176deb18273bb)
[INFO] [stdout] 
[INFO] [stdout] running 6 tests
[INFO] [stdout] test c_abi_rejects_bad_config ... ok
[INFO] [stdout] test handler_answers_in_process_without_local_target ... ok
[INFO] [stdout] test handler_forward_falls_back_to_target_url ... ok
[INFO] [stdout] test handler_stream_error_lands_in_stream_end ... ok
[INFO] [stdout] test handler_stream_emits_stream_start_chunks_end ... ok
[INFO] [stdout] test c_abi_request_handler_answers_in_process ... ok
[INFO] [stdout] 
[INFO] [stdout] test result: ok. 6 passed; 0 failed; 0 ignored; 0 measured; 0 filtered out; finished in 0.59s
[INFO] [stdout] 
[INFO] [stderr]      Running tests/integration.rs (/opt/rustwide/target/debug/build/tunely/0f2a02fc2056fbec/out/integration-0f2a02fc2056fbec)
[INFO] [stdout] 
[INFO] [stdout] running 10 tests
[INFO] [stdout] test http_request_with_at_path_stays_on_target ... ok
[INFO] [stdout] test http_request_forwarded_to_target ... ok
[INFO] [stdout] test auth_ok_ping_pong_and_events ... ok
[INFO] [stdout] test sse_response_streamed ... ok
[INFO] [stdout] test tcp_echo_bidirectional_with_sequence ... ok
[INFO] [stdout] test tcp_close_exactly_once_when_target_closes ... ok
[INFO] [stdout] test keepalive_detects_silent_dead_connection_and_reconnects ... ok
[INFO] [stdout] test tcp_target_refused_sends_close_with_error ... ok
[INFO] [stdout] test auth_rejected_then_reconnects_with_force ... ok
[INFO] [stdout] test ws_disconnect_cleans_tcp_and_reconnects ... ok
[INFO] [stdout] 
[INFO] [stdout] test result: ok. 10 passed; 0 failed; 0 ignored; 0 measured; 0 filtered out; finished in 1.72s
[INFO] [stdout] 
[INFO] [stderr]      Running tests/wire_conformance.rs (/opt/rustwide/target/debug/build/tunely/5da536b9291d3729/out/wire_conformance-5da536b9291d3729)
[INFO] [stdout] 
[INFO] [stdout] running 8 tests
[INFO] [stdout] test auth_declares_binary_frames ... ok
[INFO] [stdout] test udp_close_parses_with_and_without_reason ... ok
[INFO] [stdout] test auth_with_capabilities_parses ... ok
[INFO] [stdout] test auth_without_capabilities_defaults_empty ... ok
[INFO] [stdout] test udp_open_parses_and_serializes ... ok
[INFO] [stdout] test auth_serialization_omits_empty_capabilities ... ok
[INFO] [stdout] test auth_ok_without_capabilities_defaults_empty ... ok
[INFO] [stdout] test wire_conformance_all_scenarios ... FAILED
[INFO] [stdout] 
[INFO] [stdout] failures:
[INFO] [stdout] 
[INFO] [stdout] ---- wire_conformance_all_scenarios stdout ----
[INFO] [stdout] 
[INFO] [stdout] thread 'wire_conformance_all_scenarios' (1893) panicked at tests/wire_conformance.rs:17:10:
[INFO] [stdout] 读取 ../spec/conformance/wire.json 失败（cargo test 的 cwd 应为 rust/）: Os { code: 2, kind: NotFound, message: "No such file or directory" }
[INFO] [stdout] stack backtrace:
[INFO] [stdout]    0:     0x5deaaece1e31 - std[617be2ca0a6fd877]::backtrace_rs::backtrace::libunwind::trace
[INFO] [stdout]                                at /rustc/e3feeb59cd1bdd011a2bfcc0747b55125d9b8527/library/std/src/../../backtrace/src/backtrace/libunwind.rs:117:9
[INFO] [stdout]    1:     0x5deaaece1e31 - std[617be2ca0a6fd877]::backtrace_rs::backtrace::trace_unsynchronized::<std[617be2ca0a6fd877]::sys::backtrace::_print_fmt::{closure#1}>
[INFO] [stdout]                                at /rustc/e3feeb59cd1bdd011a2bfcc0747b55125d9b8527/library/std/src/../../backtrace/src/backtrace/mod.rs:66:14
[INFO] [stdout]    2:     0x5deaaece1e31 - std[617be2ca0a6fd877]::sys::backtrace::_print_fmt
[INFO] [stdout]                                at /rustc/e3feeb59cd1bdd011a2bfcc0747b55125d9b8527/library/std/src/sys/backtrace.rs:74:9
[INFO] [stdout]    3:     0x5deaaece1e31 - <<std[617be2ca0a6fd877]::sys::backtrace::BacktraceLock>::print::DisplayBacktrace as core[a373ad73a504971]::fmt::Display>::fmt
[INFO] [stdout]                                at /rustc/e3feeb59cd1bdd011a2bfcc0747b55125d9b8527/library/std/src/sys/backtrace.rs:44:26
[INFO] [stdout]    4:     0x5deaaecf6faa - <core[a373ad73a504971]::fmt::rt::Argument>::fmt
[INFO] [stdout]                                at /rustc/e3feeb59cd1bdd011a2bfcc0747b55125d9b8527/library/core/src/fmt/rt.rs:152:76
[INFO] [stdout]    5:     0x5deaaecf6faa - core[a373ad73a504971]::fmt::write
[INFO] [stdout]    6:     0x5deaaece604c - core[a373ad73a504971]::io::write::default_write_fmt::<alloc[2e1b2a31b91974c5]::vec::Vec<u8>>
[INFO] [stdout]                                at /rustc/e3feeb59cd1bdd011a2bfcc0747b55125d9b8527/library/core/src/io/write.rs:402:11
[INFO] [stdout]    7:     0x5deaaece604c - <alloc[2e1b2a31b91974c5]::vec::Vec<u8> as core[a373ad73a504971]::io::write::Write>::write_fmt
[INFO] [stdout]                                at /rustc/e3feeb59cd1bdd011a2bfcc0747b55125d9b8527/library/core/src/io/write.rs:335:13
[INFO] [stdout]    8:     0x5deaaecbdf36 - <std[617be2ca0a6fd877]::sys::backtrace::BacktraceLock>::print
[INFO] [stdout]                                at /rustc/e3feeb59cd1bdd011a2bfcc0747b55125d9b8527/library/std/src/sys/backtrace.rs:47:9
[INFO] [stdout]    9:     0x5deaaecbdf36 - std[617be2ca0a6fd877]::panicking::default_hook::{closure#0}
[INFO] [stdout]                                at /rustc/e3feeb59cd1bdd011a2bfcc0747b55125d9b8527/library/std/src/panicking.rs:289:27
[INFO] [stdout]   10:     0x5deaaecda169 - std[617be2ca0a6fd877]::panicking::default_hook
[INFO] [stdout]                                at /rustc/e3feeb59cd1bdd011a2bfcc0747b55125d9b8527/library/std/src/panicking.rs:313:9
[INFO] [stdout]   11:     0x5deaaebebcb0 - <alloc[2e1b2a31b91974c5]::boxed::Box<dyn for<'a, 'b> core[a373ad73a504971]::ops::function::Fn<(&'a std[617be2ca0a6fd877]::panic::PanicHookInfo<'b>,), Output = ()> + core[a373ad73a504971]::marker::Sync + core[a373ad73a504971]::marker::Send> as core[a373ad73a504971]::ops::function::Fn<(&std[617be2ca0a6fd877]::panic::PanicHookInfo,)>>::call
[INFO] [stdout]                                at /rustc/e3feeb59cd1bdd011a2bfcc0747b55125d9b8527/library/alloc/src/boxed.rs:2328:9
[INFO] [stdout]   12:     0x5deaaebebcb0 - test[aada8e7e76ba119b]::test_main_inner::{closure#0}
[INFO] [stdout]                                at /rustc/e3feeb59cd1bdd011a2bfcc0747b55125d9b8527/library/test/src/lib.rs:137:21
[INFO] [stdout]   13:     0x5deaaecda322 - <alloc[2e1b2a31b91974c5]::boxed::Box<dyn for<'a, 'b> core[a373ad73a504971]::ops::function::Fn<(&'a std[617be2ca0a6fd877]::panic::PanicHookInfo<'b>,), Output = ()> + core[a373ad73a504971]::marker::Sync + core[a373ad73a504971]::marker::Send> as core[a373ad73a504971]::ops::function::Fn<(&std[617be2ca0a6fd877]::panic::PanicHookInfo,)>>::call
[INFO] [stdout]                                at /rustc/e3feeb59cd1bdd011a2bfcc0747b55125d9b8527/library/alloc/src/boxed.rs:2328:9
[INFO] [stdout]   14:     0x5deaaecda322 - std[617be2ca0a6fd877]::panicking::panic_with_hook
[INFO] [stdout]                                at /rustc/e3feeb59cd1bdd011a2bfcc0747b55125d9b8527/library/std/src/panicking.rs:819:13
[INFO] [stdout]   15:     0x5deaaecbdfe2 - std[617be2ca0a6fd877]::panicking::panic_handler::{closure#0}
[INFO] [stdout]                                at /rustc/e3feeb59cd1bdd011a2bfcc0747b55125d9b8527/library/std/src/panicking.rs:685:13
[INFO] [stdout]   16:     0x5deaaecb6b69 - std[617be2ca0a6fd877]::sys::backtrace::__rust_end_short_backtrace::<std[617be2ca0a6fd877]::panicking::panic_handler::{closure#0}, !>
[INFO] [stdout]                                at /rustc/e3feeb59cd1bdd011a2bfcc0747b55125d9b8527/library/std/src/sys/backtrace.rs:182:18
[INFO] [stdout]   17:     0x5deaaecbebed - __rustc[ea4f61d10b84890b]::rust_begin_unwind
[INFO] [stdout]                                at /rustc/e3feeb59cd1bdd011a2bfcc0747b55125d9b8527/library/std/src/panicking.rs:676:5
[INFO] [stdout]   18:     0x5deaaecf779c - core[a373ad73a504971]::panicking::panic_fmt
[INFO] [stdout]                                at /rustc/e3feeb59cd1bdd011a2bfcc0747b55125d9b8527/library/core/src/panicking.rs:80:14
[INFO] [stdout]   19:     0x5deaaecf74f2 - core[a373ad73a504971]::result::unwrap_failed
[INFO] [stdout]                                at /rustc/e3feeb59cd1bdd011a2bfcc0747b55125d9b8527/library/core/src/result.rs:1870:5
[INFO] [stdout]   20:     0x5deaaebde2d3 - <core[a373ad73a504971]::result::Result<alloc[2e1b2a31b91974c5]::string::String, core[a373ad73a504971]::io::error::Error>>::expect
[INFO] [stdout]                                at /rustc/e3feeb59cd1bdd011a2bfcc0747b55125d9b8527/library/core/src/result.rs:1184:23
[INFO] [stdout]   21:     0x5deaaebdafd6 - wire_conformance[d29d00175b060917]::load_scenarios
[INFO] [stdout]                                at /opt/rustwide/workdir/tests/wire_conformance.rs:17:10
[INFO] [stdout]   22:     0x5deaaebdc23c - wire_conformance[d29d00175b060917]::wire_conformance_all_scenarios
[INFO] [stdout]                                at /opt/rustwide/workdir/tests/wire_conformance.rs:33:21
[INFO] [stdout]   23:     0x5deaaebdace7 - wire_conformance[d29d00175b060917]::wire_conformance_all_scenarios::{closure#0}
[INFO] [stdout]                                at /opt/rustwide/workdir/tests/wire_conformance.rs:32:36
[INFO] [stdout]   24:     0x5deaaebd8166 - <wire_conformance[d29d00175b060917]::wire_conformance_all_scenarios::{closure#0} as core[a373ad73a504971]::ops::function::FnOnce<()>>::call_once
[INFO] [stdout]                                at /rustc/e3feeb59cd1bdd011a2bfcc0747b55125d9b8527/library/core/src/ops/function.rs:250:5
[INFO] [stdout]   25:     0x5deaaebdf0fb - <fn() -> core[a373ad73a504971]::result::Result<(), alloc[2e1b2a31b91974c5]::string::String> as core[a373ad73a504971]::ops::function::FnOnce<()>>::call_once
[INFO] [stdout]                                at /rustc/e3feeb59cd1bdd011a2bfcc0747b55125d9b8527/library/core/src/ops/function.rs:250:5
[INFO] [stdout]   26:     0x5deaaebdf0fb - test[aada8e7e76ba119b]::__rust_begin_short_backtrace::<core[a373ad73a504971]::result::Result<(), alloc[2e1b2a31b91974c5]::string::String>, fn() -> core[a373ad73a504971]::result::Result<(), alloc[2e1b2a31b91974c5]::string::String>>
[INFO] [stdout]                                at /rustc/e3feeb59cd1bdd011a2bfcc0747b55125d9b8527/library/test/src/lib.rs:701:18
[INFO] [stdout]   27:     0x5deaaebec2d5 - test[aada8e7e76ba119b]::run_test_in_process::{closure#0}
[INFO] [stdout]                                at /rustc/e3feeb59cd1bdd011a2bfcc0747b55125d9b8527/library/test/src/lib.rs:724:74
[INFO] [stdout]   28:     0x5deaaebec2d5 - <core[a373ad73a504971]::panic::unwind_safe::AssertUnwindSafe<test[aada8e7e76ba119b]::run_test_in_process::{closure#0}> as core[a373ad73a504971]::ops::function::FnOnce<()>>::call_once
[INFO] [stdout]                                at /rustc/e3feeb59cd1bdd011a2bfcc0747b55125d9b8527/library/core/src/panic/unwind_safe.rs:275:9
[INFO] [stdout]   29:     0x5deaaebec2d5 - std[617be2ca0a6fd877]::panicking::catch_unwind::do_call::<core[a373ad73a504971]::panic::unwind_safe::AssertUnwindSafe<test[aada8e7e76ba119b]::run_test_in_process::{closure#0}>, core[a373ad73a504971]::result::Result<(), alloc[2e1b2a31b91974c5]::string::String>>
[INFO] [stdout]                                at /rustc/e3feeb59cd1bdd011a2bfcc0747b55125d9b8527/library/std/src/panicking.rs:573:43
[INFO] [stdout]   30:     0x5deaaebec2d5 - std[617be2ca0a6fd877]::panicking::catch_unwind::<core[a373ad73a504971]::result::Result<(), alloc[2e1b2a31b91974c5]::string::String>, core[a373ad73a504971]::panic::unwind_safe::AssertUnwindSafe<test[aada8e7e76ba119b]::run_test_in_process::{closure#0}>>
[INFO] [stdout]                                at /rustc/e3feeb59cd1bdd011a2bfcc0747b55125d9b8527/library/std/src/panicking.rs:541:19
[INFO] [stdout]   31:     0x5deaaebec2d5 - std[617be2ca0a6fd877]::panic::catch_unwind::<core[a373ad73a504971]::panic::unwind_safe::AssertUnwindSafe<test[aada8e7e76ba119b]::run_test_in_process::{closure#0}>, core[a373ad73a504971]::result::Result<(), alloc[2e1b2a31b91974c5]::string::String>>
[INFO] [stdout]                                at /rustc/e3feeb59cd1bdd011a2bfcc0747b55125d9b8527/library/std/src/panic.rs:359:14
[INFO] [stdout]   32:     0x5deaaebec2d5 - test[aada8e7e76ba119b]::run_test_in_process
[INFO] [stdout]                                at /rustc/e3feeb59cd1bdd011a2bfcc0747b55125d9b8527/library/test/src/lib.rs:724:27
[INFO] [stdout]   33:     0x5deaaebec2d5 - test[aada8e7e76ba119b]::run_test::{closure#0}
[INFO] [stdout]                                at /rustc/e3feeb59cd1bdd011a2bfcc0747b55125d9b8527/library/test/src/lib.rs:645:43
[INFO] [stdout]   34:     0x5deaaebe5bc4 - test[aada8e7e76ba119b]::run_test::{closure#1}
[INFO] [stdout]                                at /rustc/e3feeb59cd1bdd011a2bfcc0747b55125d9b8527/library/test/src/lib.rs:675:41
[INFO] [stdout]   35:     0x5deaaebe5bc4 - std[617be2ca0a6fd877]::sys::backtrace::__rust_begin_short_backtrace::<test[aada8e7e76ba119b]::run_test::{closure#1}, ()>
[INFO] [stdout]                                at /rustc/e3feeb59cd1bdd011a2bfcc0747b55125d9b8527/library/std/src/sys/backtrace.rs:166:18
[INFO] [stdout]   36:     0x5deaaebef362 - std[617be2ca0a6fd877]::thread::lifecycle::spawn_unchecked::<test[aada8e7e76ba119b]::run_test::{closure#1}, ()>::{closure#1}::{closure#0}
[INFO] [stdout]                                at /rustc/e3feeb59cd1bdd011a2bfcc0747b55125d9b8527/library/std/src/thread/lifecycle.rs:70:13
[INFO] [stdout]   37:     0x5deaaebef362 - <core[a373ad73a504971]::panic::unwind_safe::AssertUnwindSafe<std[617be2ca0a6fd877]::thread::lifecycle::spawn_unchecked<test[aada8e7e76ba119b]::run_test::{closure#1}, ()>::{closure#1}::{closure#0}> as core[a373ad73a504971]::ops::function::FnOnce<()>>::call_once
[INFO] [stdout]                                at /rustc/e3feeb59cd1bdd011a2bfcc0747b55125d9b8527/library/core/src/panic/unwind_safe.rs:275:9
[INFO] [stdout]   38:     0x5deaaebef362 - std[617be2ca0a6fd877]::panicking::catch_unwind::do_call::<core[a373ad73a504971]::panic::unwind_safe::AssertUnwindSafe<std[617be2ca0a6fd877]::thread::lifecycle::spawn_unchecked<test[aada8e7e76ba119b]::run_test::{closure#1}, ()>::{closure#1}::{closure#0}>, ()>
[INFO] [stdout]                                at /rustc/e3feeb59cd1bdd011a2bfcc0747b55125d9b8527/library/std/src/panicking.rs:573:43
[INFO] [stdout]   39:     0x5deaaebef362 - std[617be2ca0a6fd877]::panicking::catch_unwind::<(), core[a373ad73a504971]::panic::unwind_safe::AssertUnwindSafe<std[617be2ca0a6fd877]::thread::lifecycle::spawn_unchecked<test[aada8e7e76ba119b]::run_test::{closure#1}, ()>::{closure#1}::{closure#0}>>
[INFO] [stdout]                                at /rustc/e3feeb59cd1bdd011a2bfcc0747b55125d9b8527/library/std/src/panicking.rs:541:19
[INFO] [stdout]   40:     0x5deaaebef362 - std[617be2ca0a6fd877]::panic::catch_unwind::<core[a373ad73a504971]::panic::unwind_safe::AssertUnwindSafe<std[617be2ca0a6fd877]::thread::lifecycle::spawn_unchecked<test[aada8e7e76ba119b]::run_test::{closure#1}, ()>::{closure#1}::{closure#0}>, ()>
[INFO] [stdout]                                at /rustc/e3feeb59cd1bdd011a2bfcc0747b55125d9b8527/library/std/src/panic.rs:359:14
[INFO] [stdout]   41:     0x5deaaebef362 - std[617be2ca0a6fd877]::thread::lifecycle::spawn_unchecked::<test[aada8e7e76ba119b]::run_test::{closure#1}, ()>::{closure#1}
[INFO] [stdout]                                at /rustc/e3feeb59cd1bdd011a2bfcc0747b55125d9b8527/library/std/src/thread/lifecycle.rs:68:26
[INFO] [stdout]   42:     0x5deaaebef362 - <std[617be2ca0a6fd877]::thread::lifecycle::spawn_unchecked<test[aada8e7e76ba119b]::run_test::{closure#1}, ()>::{closure#1} as core[a373ad73a504971]::ops::function::FnOnce<()>>::call_once::{shim:vtable#0}
[INFO] [stdout]                                at /rustc/e3feeb59cd1bdd011a2bfcc0747b55125d9b8527/library/core/src/ops/function.rs:250:5
[INFO] [stdout]   43:     0x5deaaece132f - <alloc[2e1b2a31b91974c5]::boxed::Box<dyn core[a373ad73a504971]::ops::function::FnOnce<(), Output = ()> + core[a373ad73a504971]::marker::Send> as core[a373ad73a504971]::ops::function::FnOnce<()>>::call_once
[INFO] [stdout]                                at /rustc/e3feeb59cd1bdd011a2bfcc0747b55125d9b8527/library/alloc/src/boxed.rs:2314:9
[INFO] [stdout]   44:     0x5deaaece132f - <std[617be2ca0a6fd877]::sys::thread::unix::Thread>::new::thread_start
[INFO] [stdout]                                at /rustc/e3feeb59cd1bdd011a2bfcc0747b55125d9b8527/library/std/src/sys/thread/unix.rs:127:17
[INFO] [stdout]   45:     0x7cce7f5aadfa - <unknown>
[INFO] [stdout]   46:     0x7cce7f63e3d4 - clone
[INFO] [stdout]   47:                0x0 - <unknown>
[INFO] [stdout] 
[INFO] [stdout] 
[INFO] [stdout] failures:
[INFO] [stdout]     wire_conformance_all_scenarios
[INFO] [stdout] 
[INFO] [stdout] test result: FAILED. 7 passed; 1 failed; 0 ignored; 0 measured; 0 filtered out; finished in 0.18s
[INFO] [stdout] 
[INFO] [stderr] error: test failed, to rerun pass `--test wire_conformance`
[INFO] running `Command { std: "docker" "inspect" "bead8632ceb815fa50dd92f7a58a33cd90e3d5a65ccb8add645c4461447d867b", kill_on_drop: false }`
[INFO] running `Command { std: "docker" "rm" "-f" "bead8632ceb815fa50dd92f7a58a33cd90e3d5a65ccb8add645c4461447d867b", kill_on_drop: false }`
[INFO] [stdout] bead8632ceb815fa50dd92f7a58a33cd90e3d5a65ccb8add645c4461447d867b
