[INFO] fetching crate trl 1.2.2...
[INFO] testing trl-1.2.2 against 1.99.0-beta.8 for beta-1.100-2
[INFO] extracting crate trl 1.2.2 into /workspace/builds/worker-1-tc1/source
[INFO] started tweaking crates.io crate trl 1.2.2
[INFO] finished tweaking crates.io crate trl 1.2.2
[INFO] tweaked toml for crates.io crate trl 1.2.2 written to /workspace/builds/worker-1-tc1/source/Cargo.toml
[INFO] validating manifest of crates.io crate trl 1.2.2 on toolchain 1.99.0-beta.8
[INFO] running `Command { std: CARGO_HOME="/workspace/cargo-home" RUSTUP_HOME="/workspace/rustup-home" "/workspace/cargo-home/bin/cargo" "+1.99.0-beta.8" "metadata" "--manifest-path" "Cargo.toml" "--no-deps", kill_on_drop: false }`
[INFO] crate crates.io crate trl 1.2.2 already has a lockfile, it will not be regenerated
[INFO] running `Command { std: CARGO_HOME="/workspace/cargo-home" RUSTUP_HOME="/workspace/rustup-home" "/workspace/cargo-home/bin/cargo" "+1.99.0-beta.8" "fetch" "--manifest-path" "Cargo.toml", kill_on_drop: false }`
[INFO] [stderr]     Updating crates.io index
[INFO] [stderr]  Downloading crates ...
[INFO] [stderr]   Downloaded trl_codegen v1.2.1
[INFO] running `Command { std: "docker" "create" "-v" "/var/lib/crater-agent-workspace/builds/worker-1-tc1/source:/opt/rustwide/workdir:ro,Z" "-v" "/var/lib/crater-agent-workspace/builds/worker-1-tc1/target:/opt/rustwide/target:rw,Z" "-v" "/var/lib/crater-agent-workspace/cargo-home:/opt/rustwide/cargo-home:ro,Z" "-v" "/var/lib/crater-agent-workspace/rustup-home:/opt/rustwide/rustup-home:ro,Z" "-m" "1610612736" "--network" "none" "ghcr.io/rust-lang/crates-build-env/linux@sha256:3111399a4047eeb3a02b7a90e478d715f38a8c6669b5c4b49d30a17385265909" "sleep" "infinity", kill_on_drop: false }`
[INFO] [stdout] 82e43fd9276aabf99582bba56816c419b5c18248e2aeaaffdcc5a6048977c66e
[INFO] running `Command { std: "docker" "start" "82e43fd9276aabf99582bba56816c419b5c18248e2aeaaffdcc5a6048977c66e", kill_on_drop: false }`
[INFO] running `Command { std: "docker" "inspect" "82e43fd9276aabf99582bba56816c419b5c18248e2aeaaffdcc5a6048977c66e", kill_on_drop: false }`
[INFO] running `Command { std: "docker" "exec" "-e" "SOURCE_DIR=/opt/rustwide/workdir" "-e" "CARGO_HOME=/opt/rustwide/cargo-home" "-e" "RUSTUP_HOME=/opt/rustwide/rustup-home" "-e" "CARGO_TARGET_DIR=/opt/rustwide/target" "-w" "/opt/rustwide/workdir" "--user" "0:0" "82e43fd9276aabf99582bba56816c419b5c18248e2aeaaffdcc5a6048977c66e" "/opt/rustwide/cargo-home/bin/cargo" "+1.99.0-beta.8" "metadata" "--no-deps" "--format-version=1", kill_on_drop: false }`
[INFO] running `Command { std: "docker" "inspect" "82e43fd9276aabf99582bba56816c419b5c18248e2aeaaffdcc5a6048977c66e", kill_on_drop: false }`
[INFO] running `Command { std: "docker" "exec" "-e" "SOURCE_DIR=/opt/rustwide/workdir" "-e" "CARGO_HOME=/opt/rustwide/cargo-home" "-e" "RUSTUP_HOME=/opt/rustwide/rustup-home" "-e" "CARGO_TARGET_DIR=/opt/rustwide/target" "-e" "CARGO_INCREMENTAL=0" "-e" "RUST_BACKTRACE=full" "-e" "RUSTFLAGS=--cap-lints=warn" "-e" "RUSTDOCFLAGS=--cap-lints=warn" "-w" "/opt/rustwide/workdir" "--user" "0:0" "82e43fd9276aabf99582bba56816c419b5c18248e2aeaaffdcc5a6048977c66e" "/opt/rustwide/cargo-home/bin/cargo" "+1.99.0-beta.8" "build" "--frozen" "--message-format=json", kill_on_drop: false }`
[INFO] [stderr]    Compiling syn v2.0.104
[INFO] [stderr]    Compiling trl_codegen v1.2.1
[INFO] [stderr]    Compiling trl v1.2.2 (/opt/rustwide/workdir)
[INFO] [stderr]     Finished `dev` profile [unoptimized + debuginfo] target(s) in 4.78s
[INFO] running `Command { std: "docker" "inspect" "82e43fd9276aabf99582bba56816c419b5c18248e2aeaaffdcc5a6048977c66e", kill_on_drop: false }`
[INFO] running `Command { std: "docker" "exec" "-e" "SOURCE_DIR=/opt/rustwide/workdir" "-e" "CARGO_HOME=/opt/rustwide/cargo-home" "-e" "RUSTUP_HOME=/opt/rustwide/rustup-home" "-e" "CARGO_TARGET_DIR=/opt/rustwide/target" "-e" "CARGO_INCREMENTAL=0" "-e" "RUST_BACKTRACE=full" "-e" "RUSTFLAGS=--cap-lints=warn" "-e" "RUSTDOCFLAGS=--cap-lints=warn" "-w" "/opt/rustwide/workdir" "--user" "0:0" "82e43fd9276aabf99582bba56816c419b5c18248e2aeaaffdcc5a6048977c66e" "/opt/rustwide/cargo-home/bin/cargo" "+1.99.0-beta.8" "test" "--frozen" "--no-run" "--message-format=json", kill_on_drop: false }`
[INFO] [stderr]    Compiling trl v1.2.2 (/opt/rustwide/workdir)
[INFO] [stdout] warning: use of deprecated macro `trl`
[INFO] [stdout]    --> src/lib.rs:177:23
[INFO] [stdout]     |
[INFO] [stdout] 177 |     #[derive(Default, trl)]
[INFO] [stdout]     |                       ^^^
[INFO] [stdout]     |
[INFO] [stdout]     = note: `#[warn(deprecated)]` on by default
[INFO] [stdout] 
[INFO] [stdout] 
[INFO] [stdout] warning: use of deprecated macro `getters`
[INFO] [stdout]    --> src/lib.rs:178:7
[INFO] [stdout]     |
[INFO] [stdout] 178 |     #[getters]
[INFO] [stdout]     |       ^^^^^^^
[INFO] [stdout] 
[INFO] [stdout] 
[INFO] [stdout] warning: use of deprecated macro `trl`
[INFO] [stdout]    --> src/lib.rs:195:23
[INFO] [stdout]     |
[INFO] [stdout] 195 |     #[derive(Default, trl)]
[INFO] [stdout]     |                       ^^^
[INFO] [stdout] 
[INFO] [stdout] 
[INFO] [stdout] warning: use of deprecated macro `getters`
[INFO] [stdout]    --> src/lib.rs:196:7
[INFO] [stdout]     |
[INFO] [stdout] 196 |     #[getters(pub)]
[INFO] [stdout]     |       ^^^^^^^
[INFO] [stdout] 
[INFO] [stdout] 
[INFO] [stdout] warning: use of deprecated macro `trl`
[INFO] [stdout]    --> src/lib.rs:211:23
[INFO] [stdout]     |
[INFO] [stdout] 211 |     #[derive(Default, trl)]
[INFO] [stdout]     |                       ^^^
[INFO] [stdout] 
[INFO] [stdout] 
[INFO] [stdout] warning: use of deprecated macro `trl`
[INFO] [stdout]    --> src/lib.rs:233:23
[INFO] [stdout]     |
[INFO] [stdout] 233 |     #[derive(Default, trl)]
[INFO] [stdout]     |                       ^^^
[INFO] [stdout] 
[INFO] [stdout] 
[INFO] [stdout] warning: use of deprecated macro `setters`
[INFO] [stdout]    --> src/lib.rs:234:7
[INFO] [stdout]     |
[INFO] [stdout] 234 |     #[setters]
[INFO] [stdout]     |       ^^^^^^^
[INFO] [stdout] 
[INFO] [stdout] 
[INFO] [stdout] warning: use of deprecated macro `trl`
[INFO] [stdout]    --> src/lib.rs:251:23
[INFO] [stdout]     |
[INFO] [stdout] 251 |     #[derive(Default, trl)]
[INFO] [stdout]     |                       ^^^
[INFO] [stdout] 
[INFO] [stdout] 
[INFO] [stdout] warning: use of deprecated macro `constructor`
[INFO] [stdout]    --> src/lib.rs:252:7
[INFO] [stdout]     |
[INFO] [stdout] 252 |     #[constructor]
[INFO] [stdout]     |       ^^^^^^^^^^^
[INFO] [stdout] 
[INFO] [stdout] 
[INFO] [stdout] warning: unused variable: `user`
[INFO] [stdout]    --> src/lib.rs:262:13
[INFO] [stdout]     |
[INFO] [stdout] 262 |         let user = ConstructorUser::new(0, String::new(), String::new(), 3);
[INFO] [stdout]     |             ^^^^ help: if this is intentional, prefix it with an underscore: `_user`
[INFO] [stdout]     |
[INFO] [stdout]     = note: `#[warn(unused_variables)]` (part of `#[warn(unused)]`) on by default
[INFO] [stdout] 
[INFO] [stdout] 
[INFO] [stdout] warning: field `phone_number` is never read
[INFO] [stdout]    --> src/lib.rs:183:13
[INFO] [stdout]     |
[INFO] [stdout] 179 |     struct OnlyGettersUser {
[INFO] [stdout]     |            --------------- field in this struct
[INFO] [stdout] ...
[INFO] [stdout] 183 |         pub phone_number: u64,
[INFO] [stdout]     |             ^^^^^^^^^^^^
[INFO] [stdout]     |
[INFO] [stdout]     = note: `#[warn(dead_code)]` (part of `#[warn(unused)]`) on by default
[INFO] [stdout] 
[INFO] [stdout] 
[INFO] [stdout] warning: fields `id`, `name`, and `email` are never read
[INFO] [stdout]    --> src/lib.rs:198:9
[INFO] [stdout]     |
[INFO] [stdout] 197 |     struct GettersIncludePubUser {
[INFO] [stdout]     |            --------------------- fields in this struct
[INFO] [stdout] 198 |         id: u64,
[INFO] [stdout]     |         ^^
[INFO] [stdout] 199 |         name: String,
[INFO] [stdout]     |         ^^^^
[INFO] [stdout] 200 |         email: String,
[INFO] [stdout]     |         ^^^^^
[INFO] [stdout] 
[INFO] [stdout] 
[INFO] [stdout] warning: field `phone_number` is never read
[INFO] [stdout]    --> src/lib.rs:219:13
[INFO] [stdout]     |
[INFO] [stdout] 212 |     struct GetSetFieldUser {
[INFO] [stdout]     |            --------------- field in this struct
[INFO] [stdout] ...
[INFO] [stdout] 219 |         pub phone_number: u64,
[INFO] [stdout]     |             ^^^^^^^^^^^^
[INFO] [stdout] 
[INFO] [stdout] 
[INFO] [stdout] warning: fields `id`, `email`, and `phone_number` are never read
[INFO] [stdout]    --> src/lib.rs:236:9
[INFO] [stdout]     |
[INFO] [stdout] 235 |     struct SettersUser {
[INFO] [stdout]     |            ----------- fields in this struct
[INFO] [stdout] 236 |         id: u64,
[INFO] [stdout]     |         ^^
[INFO] [stdout] 237 |         name: String,
[INFO] [stdout] 238 |         email: String,
[INFO] [stdout]     |         ^^^^^
[INFO] [stdout] 239 |         pub phone_number: u64,
[INFO] [stdout]     |             ^^^^^^^^^^^^
[INFO] [stdout] 
[INFO] [stdout] 
[INFO] [stdout] warning: fields `id`, `name`, `email`, and `phone_number` are never read
[INFO] [stdout]    --> src/lib.rs:254:9
[INFO] [stdout]     |
[INFO] [stdout] 253 |     struct ConstructorUser {
[INFO] [stdout]     |            --------------- fields in this struct
[INFO] [stdout] 254 |         id: u64,
[INFO] [stdout]     |         ^^
[INFO] [stdout] 255 |         name: String,
[INFO] [stdout]     |         ^^^^
[INFO] [stdout] 256 |         email: String,
[INFO] [stdout]     |         ^^^^^
[INFO] [stdout] 257 |         pub phone_number: u64,
[INFO] [stdout]     |             ^^^^^^^^^^^^
[INFO] [stdout] 
[INFO] [stdout] 
[INFO] [stderr]     Finished `test` profile [unoptimized + debuginfo] target(s) in 0.29s
[INFO] running `Command { std: "docker" "inspect" "82e43fd9276aabf99582bba56816c419b5c18248e2aeaaffdcc5a6048977c66e", kill_on_drop: false }`
[INFO] running `Command { std: "docker" "exec" "-e" "SOURCE_DIR=/opt/rustwide/workdir" "-e" "CARGO_HOME=/opt/rustwide/cargo-home" "-e" "RUSTUP_HOME=/opt/rustwide/rustup-home" "-e" "CARGO_TARGET_DIR=/opt/rustwide/target" "-e" "CARGO_INCREMENTAL=0" "-e" "RUST_BACKTRACE=full" "-e" "RUSTFLAGS=--cap-lints=warn" "-e" "RUSTDOCFLAGS=--cap-lints=warn" "-w" "/opt/rustwide/workdir" "--user" "0:0" "82e43fd9276aabf99582bba56816c419b5c18248e2aeaaffdcc5a6048977c66e" "/opt/rustwide/cargo-home/bin/cargo" "+1.99.0-beta.8" "test" "--frozen", kill_on_drop: false }`
[INFO] [stderr] warning: use of deprecated macro `trl`
[INFO] [stderr]    --> src/lib.rs:177:23
[INFO] [stderr]     |
[INFO] [stderr] 177 |     #[derive(Default, trl)]
[INFO] [stderr]     |                       ^^^
[INFO] [stderr]     |
[INFO] [stderr]     = note: `#[warn(deprecated)]` on by default
[INFO] [stderr] 
[INFO] [stderr] warning: use of deprecated macro `getters`
[INFO] [stderr]    --> src/lib.rs:178:7
[INFO] [stderr]     |
[INFO] [stderr] 178 |     #[getters]
[INFO] [stderr]     |       ^^^^^^^
[INFO] [stderr] 
[INFO] [stderr] warning: use of deprecated macro `trl`
[INFO] [stderr]    --> src/lib.rs:195:23
[INFO] [stderr]     |
[INFO] [stderr] 195 |     #[derive(Default, trl)]
[INFO] [stderr]     |                       ^^^
[INFO] [stderr] 
[INFO] [stderr] warning: use of deprecated macro `getters`
[INFO] [stderr]    --> src/lib.rs:196:7
[INFO] [stderr]     |
[INFO] [stderr] 196 |     #[getters(pub)]
[INFO] [stderr]     |       ^^^^^^^
[INFO] [stderr] 
[INFO] [stderr] warning: use of deprecated macro `trl`
[INFO] [stderr]    --> src/lib.rs:211:23
[INFO] [stderr]     |
[INFO] [stderr] 211 |     #[derive(Default, trl)]
[INFO] [stderr]     |                       ^^^
[INFO] [stderr] 
[INFO] [stderr] warning: use of deprecated macro `trl`
[INFO] [stderr]    --> src/lib.rs:233:23
[INFO] [stderr]     |
[INFO] [stderr] 233 |     #[derive(Default, trl)]
[INFO] [stderr]     |                       ^^^
[INFO] [stderr] 
[INFO] [stderr] warning: use of deprecated macro `setters`
[INFO] [stderr]    --> src/lib.rs:234:7
[INFO] [stderr]     |
[INFO] [stderr] 234 |     #[setters]
[INFO] [stderr]     |       ^^^^^^^
[INFO] [stderr] 
[INFO] [stderr] warning: use of deprecated macro `trl`
[INFO] [stderr]    --> src/lib.rs:251:23
[INFO] [stderr]     |
[INFO] [stderr] 251 |     #[derive(Default, trl)]
[INFO] [stderr]     |                       ^^^
[INFO] [stderr] 
[INFO] [stderr] warning: use of deprecated macro `constructor`
[INFO] [stderr]    --> src/lib.rs:252:7
[INFO] [stderr]     |
[INFO] [stderr] 252 |     #[constructor]
[INFO] [stderr]     |       ^^^^^^^^^^^
[INFO] [stderr] 
[INFO] [stderr] warning: unused variable: `user`
[INFO] [stderr]    --> src/lib.rs:262:13
[INFO] [stderr]     |
[INFO] [stderr] 262 |         let user = ConstructorUser::new(0, String::new(), String::new(), 3);
[INFO] [stderr]     |             ^^^^ help: if this is intentional, prefix it with an underscore: `_user`
[INFO] [stderr]     |
[INFO] [stderr]     = note: `#[warn(unused_variables)]` (part of `#[warn(unused)]`) on by default
[INFO] [stderr] 
[INFO] [stderr] warning: field `phone_number` is never read
[INFO] [stderr]    --> src/lib.rs:183:13
[INFO] [stderr]     |
[INFO] [stderr] 179 |     struct OnlyGettersUser {
[INFO] [stderr]     |            --------------- field in this struct
[INFO] [stderr] ...
[INFO] [stderr] 183 |         pub phone_number: u64,
[INFO] [stderr]     |             ^^^^^^^^^^^^
[INFO] [stderr]     |
[INFO] [stderr]     = note: `#[warn(dead_code)]` (part of `#[warn(unused)]`) on by default
[INFO] [stderr] 
[INFO] [stderr] warning: fields `id`, `name`, and `email` are never read
[INFO] [stderr]    --> src/lib.rs:198:9
[INFO] [stderr]     |
[INFO] [stderr] 197 |     struct GettersIncludePubUser {
[INFO] [stderr]     |            --------------------- fields in this struct
[INFO] [stderr] 198 |         id: u64,
[INFO] [stderr]     |         ^^
[INFO] [stderr] 199 |         name: String,
[INFO] [stderr]     |         ^^^^
[INFO] [stderr] 200 |         email: String,
[INFO] [stderr]     |         ^^^^^
[INFO] [stderr] 
[INFO] [stderr] warning: field `phone_number` is never read
[INFO] [stderr]    --> src/lib.rs:219:13
[INFO] [stderr]     |
[INFO] [stderr] 212 |     struct GetSetFieldUser {
[INFO] [stderr]     |            --------------- field in this struct
[INFO] [stderr] ...
[INFO] [stderr] 219 |         pub phone_number: u64,
[INFO] [stderr]     |             ^^^^^^^^^^^^
[INFO] [stderr] 
[INFO] [stderr] warning: fields `id`, `email`, and `phone_number` are never read
[INFO] [stderr]    --> src/lib.rs:236:9
[INFO] [stderr]     |
[INFO] [stderr] 235 |     struct SettersUser {
[INFO] [stderr]     |            ----------- fields in this struct
[INFO] [stderr] 236 |         id: u64,
[INFO] [stderr]     |         ^^
[INFO] [stderr] 237 |         name: String,
[INFO] [stderr] 238 |         email: String,
[INFO] [stderr]     |         ^^^^^
[INFO] [stderr] 239 |         pub phone_number: u64,
[INFO] [stderr]     |             ^^^^^^^^^^^^
[INFO] [stderr] 
[INFO] [stderr] warning: fields `id`, `name`, `email`, and `phone_number` are never read
[INFO] [stderr]    --> src/lib.rs:254:9
[INFO] [stderr]     |
[INFO] [stderr] 253 |     struct ConstructorUser {
[INFO] [stderr]     |            --------------- fields in this struct
[INFO] [stderr] 254 |         id: u64,
[INFO] [stderr]     |         ^^
[INFO] [stderr] 255 |         name: String,
[INFO] [stderr]     |         ^^^^
[INFO] [stderr] 256 |         email: String,
[INFO] [stderr]     |         ^^^^^
[INFO] [stderr] 257 |         pub phone_number: u64,
[INFO] [stderr]     |             ^^^^^^^^^^^^
[INFO] [stderr] 
[INFO] [stderr] warning: `trl` (lib test) generated 15 warnings (run `cargo fix --lib -p trl --tests` to apply 1 suggestion)
[INFO] [stderr]     Finished `test` profile [unoptimized + debuginfo] target(s) in 0.05s
[INFO] [stderr]      Running unittests src/lib.rs (/opt/rustwide/target/debug/deps/trl-1de3266a4036528f)
[INFO] [stdout] 
[INFO] [stdout] running 5 tests
[INFO] [stdout] test tests::include_pub_test ... ok
[INFO] [stdout] test tests::getters_test ... ok
[INFO] [stdout] test tests::setters_test ... ok
[INFO] [stdout] test tests::get_one_test ... ok
[INFO] [stdout] test tests::constructor_test ... ok
[INFO] [stdout] 
[INFO] [stdout] test result: ok. 5 passed; 0 failed; 0 ignored; 0 measured; 0 filtered out; finished in 0.00s
[INFO] [stdout] 
[INFO] [stderr]    Doc-tests trl
[INFO] [stdout] 
[INFO] [stdout] running 9 tests
[INFO] [stdout] test src/lib.rs - (line 105) ... ignored
[INFO] [stdout] test src/lib.rs - (line 126) ... ignored
[INFO] [stdout] test src/lib.rs - (line 134) ... ignored
[INFO] [stdout] test src/lib.rs - (line 33) ... ignored
[INFO] [stdout] test src/lib.rs - (line 45) ... ignored
[INFO] [stdout] test src/lib.rs - (line 59) ... ignored
[INFO] [stdout] test src/lib.rs - (line 6) ... ignored
[INFO] [stdout] test src/lib.rs - (line 98) ... ignored
[INFO] [stdout] test src/lib.rs - prelude (line 152) ... ok
[INFO] [stdout] 
[INFO] [stdout] test result: ok. 1 passed; 0 failed; 8 ignored; 0 measured; 0 filtered out; finished in 0.01s
[INFO] [stdout] 
[INFO] [stdout] 
[INFO] [stdout] running 3 tests
[INFO] [stdout] test src/lib.rs - (line 75) ... ignored
[INFO] [stdout] test src/lib.rs - prelude (line 162) ... FAILED
[INFO] [stdout] test src/lib.rs - prelude (line 158) ... FAILED
[INFO] [stdout] 
[INFO] [stdout] failures:
[INFO] [stdout] 
[INFO] [stdout] ---- src/lib.rs - prelude (line 162) stdout ----
[INFO] [stdout] error: expected item after attributes
[INFO] [stdout]    --> src/lib.rs:163:1
[INFO] [stdout]     |
[INFO] [stdout] 163 | #[trl::constructor] // ← This will NOT work
[INFO] [stdout]     | ^^^^^^^^^^^^^^^^^^^ expected an item after this
[INFO] [stdout] 
[INFO] [stdout] error: aborting due to 1 previous error
[INFO] [stdout] 
[INFO] [stdout] Couldn't compile the test.
[INFO] [stdout] ---- src/lib.rs - prelude (line 158) stdout ----
[INFO] [stdout] error: expected item after attributes
[INFO] [stdout]    --> src/lib.rs:159:1
[INFO] [stdout]     |
[INFO] [stdout] 159 | #[constructor]
[INFO] [stdout]     | ^^^^^^^^^^^^^^ expected an item after this
[INFO] [stdout] 
[INFO] [stdout] error: aborting due to 1 previous error
[INFO] [stdout] 
[INFO] [stdout] Couldn't compile the test.
[INFO] [stdout] 
[INFO] [stdout] failures:
[INFO] [stdout]     src/lib.rs - prelude (line 158)
[INFO] [stdout]     src/lib.rs - prelude (line 162)
[INFO] [stdout] 
[INFO] [stdout] test result: FAILED. 0 passed; 2 failed; 1 ignored; 0 measured; 0 filtered out; finished in 0.05s
[INFO] [stdout] 
[INFO] [stdout] all doctests ran in 0.51s; merged doctests compilation took 0.44s
[INFO] [stderr] error: doctest failed, to rerun pass `--doc`
[INFO] running `Command { std: "docker" "inspect" "82e43fd9276aabf99582bba56816c419b5c18248e2aeaaffdcc5a6048977c66e", kill_on_drop: false }`
[INFO] running `Command { std: "docker" "rm" "-f" "82e43fd9276aabf99582bba56816c419b5c18248e2aeaaffdcc5a6048977c66e", kill_on_drop: false }`
[INFO] [stdout] 82e43fd9276aabf99582bba56816c419b5c18248e2aeaaffdcc5a6048977c66e
