[INFO] fetching crate trender 0.0.4...
[INFO] testing trender-0.0.4 against 1.100.0-beta.1 for beta-1.100-2
[INFO] extracting crate trender 0.0.4 into /workspace/builds/worker-5-tc2/source
[INFO] started tweaking crates.io crate trender 0.0.4
[INFO] finished tweaking crates.io crate trender 0.0.4
[INFO] tweaked toml for crates.io crate trender 0.0.4 written to /workspace/builds/worker-5-tc2/source/Cargo.toml
[INFO] validating manifest of crates.io crate trender 0.0.4 on toolchain 1.100.0-beta.1
[INFO] running `Command { std: CARGO_HOME="/workspace/cargo-home" RUSTUP_HOME="/workspace/rustup-home" "/workspace/cargo-home/bin/cargo" "+1.100.0-beta.1" "metadata" "--manifest-path" "Cargo.toml" "--no-deps", kill_on_drop: false }`
[INFO] running `Command { std: CARGO_HOME="/workspace/cargo-home" RUSTUP_HOME="/workspace/rustup-home" "/workspace/cargo-home/bin/cargo" "+1.100.0-beta.1" "generate-lockfile" "--manifest-path" "Cargo.toml", kill_on_drop: false }`
[INFO] [stderr]     Updating crates.io index
[INFO] [stderr]      Locking 60 packages to highest compatible versions
[INFO] [stderr]       Adding crossterm v0.28.1 (available: v0.29.0)
[INFO] [stderr]       Adding rand v0.9.5 (available: v0.10.3)
[INFO] running `Command { std: CARGO_HOME="/workspace/cargo-home" RUSTUP_HOME="/workspace/rustup-home" "/workspace/cargo-home/bin/cargo" "+1.100.0-beta.1" "fetch" "--manifest-path" "Cargo.toml", kill_on_drop: false }`
[INFO] [stderr] warning: `package.homepage` is redundant with `package.repository`
[INFO] [stderr]   --> Cargo.toml:27:12
[INFO] [stderr]    |
[INFO] [stderr] 27 | homepage = "https://github.com/Forged-Dyslexic/trender"
[INFO] [stderr]    |            ^^^^^^^^^^^^^^^^^^^^^^^^^^^^^^^^^^^^^^^^^^^^
[INFO] [stderr] ...
[INFO] [stderr] 31 | repository = "https://github.com/Forged-Dyslexic/trender"
[INFO] [stderr]    |              --------------------------------------------
[INFO] [stderr]    |
[INFO] [stderr]    = note: `cargo::redundant_homepage` is set to `warn` by default
[INFO] [stderr] help: consider removing `package.homepage`
[INFO] [stderr] warning: `trender` (manifest) generated 1 warning
[INFO] running `Command { std: "docker" "create" "-v" "/var/lib/crater-agent-workspace/builds/worker-5-tc2/source:/opt/rustwide/workdir:ro,Z" "-v" "/var/lib/crater-agent-workspace/builds/worker-5-tc2/target:/opt/rustwide/target:rw,Z" "-v" "/var/lib/crater-agent-workspace/cargo-home:/opt/rustwide/cargo-home:ro,Z" "-v" "/var/lib/crater-agent-workspace/rustup-home:/opt/rustwide/rustup-home:ro,Z" "-m" "1610612736" "--network" "none" "ghcr.io/rust-lang/crates-build-env/linux@sha256:3111399a4047eeb3a02b7a90e478d715f38a8c6669b5c4b49d30a17385265909" "sleep" "infinity", kill_on_drop: false }`
[INFO] [stdout] edc6ab6f83df9ea8f210e74070fc885f2a5a0551400f9fe9a8888a6400eee667
[INFO] running `Command { std: "docker" "start" "edc6ab6f83df9ea8f210e74070fc885f2a5a0551400f9fe9a8888a6400eee667", kill_on_drop: false }`
[INFO] running `Command { std: "docker" "inspect" "edc6ab6f83df9ea8f210e74070fc885f2a5a0551400f9fe9a8888a6400eee667", kill_on_drop: false }`
[INFO] running `Command { std: "docker" "exec" "-e" "SOURCE_DIR=/opt/rustwide/workdir" "-e" "CARGO_HOME=/opt/rustwide/cargo-home" "-e" "RUSTUP_HOME=/opt/rustwide/rustup-home" "-e" "CARGO_TARGET_DIR=/opt/rustwide/target" "-w" "/opt/rustwide/workdir" "--user" "0:0" "edc6ab6f83df9ea8f210e74070fc885f2a5a0551400f9fe9a8888a6400eee667" "/opt/rustwide/cargo-home/bin/cargo" "+1.100.0-beta.1" "metadata" "--no-deps" "--format-version=1", kill_on_drop: false }`
[INFO] running `Command { std: "docker" "inspect" "edc6ab6f83df9ea8f210e74070fc885f2a5a0551400f9fe9a8888a6400eee667", kill_on_drop: false }`
[INFO] running `Command { std: "docker" "exec" "-e" "SOURCE_DIR=/opt/rustwide/workdir" "-e" "CARGO_HOME=/opt/rustwide/cargo-home" "-e" "RUSTUP_HOME=/opt/rustwide/rustup-home" "-e" "CARGO_TARGET_DIR=/opt/rustwide/target" "-e" "CARGO_INCREMENTAL=0" "-e" "RUST_BACKTRACE=full" "-e" "RUSTFLAGS=--cap-lints=warn" "-e" "RUSTDOCFLAGS=--cap-lints=warn" "-w" "/opt/rustwide/workdir" "--user" "0:0" "edc6ab6f83df9ea8f210e74070fc885f2a5a0551400f9fe9a8888a6400eee667" "/opt/rustwide/cargo-home/bin/cargo" "+1.100.0-beta.1" "build" "--frozen" "--message-format=json", kill_on_drop: false }`
[INFO] [stderr] warning: `package.homepage` is redundant with `package.repository`
[INFO] [stderr]   --> Cargo.toml:27:12
[INFO] [stderr]    |
[INFO] [stderr] 27 | homepage = "https://github.com/Forged-Dyslexic/trender"
[INFO] [stderr]    |            ^^^^^^^^^^^^^^^^^^^^^^^^^^^^^^^^^^^^^^^^^^^^
[INFO] [stderr] ...
[INFO] [stderr] 31 | repository = "https://github.com/Forged-Dyslexic/trender"
[INFO] [stderr]    |              --------------------------------------------
[INFO] [stderr]    |
[INFO] [stderr]    = note: `cargo::redundant_homepage` is set to `warn` by default
[INFO] [stderr] help: consider removing `package.homepage`
[INFO] [stderr] warning: `trender` (manifest) generated 1 warning
[INFO] [stderr]    Compiling getrandom v0.3.4
[INFO] [stderr]    Compiling signal-hook v0.3.18
[INFO] [stderr]    Compiling bitflags v2.13.2
[INFO] [stderr]    Compiling rustix v1.1.5
[INFO] [stderr]    Compiling rustix v0.38.44
[INFO] [stderr]    Compiling errno v0.3.14
[INFO] [stderr]    Compiling mio v1.2.4
[INFO] [stderr]    Compiling linux-raw-sys v0.4.15
[INFO] [stderr]    Compiling parking_lot_core v0.9.12
[INFO] [stderr]    Compiling signal-hook-registry v1.4.8
[INFO] [stderr]    Compiling parking_lot v0.12.5
[INFO] [stderr]    Compiling rand_core v0.9.5
[INFO] [stderr]    Compiling signal-hook-mio v0.2.5
[INFO] [stderr]    Compiling rand_chacha v0.9.0
[INFO] [stderr]    Compiling rand v0.9.5
[INFO] [stderr]    Compiling terminal_size v0.4.4
[INFO] [stderr]    Compiling crossterm v0.28.1
[INFO] [stderr]    Compiling trender v0.0.4 (/opt/rustwide/workdir)
[INFO] [stderr] warning: unused dependency `serde_json`
[INFO] [stderr]  --> Cargo.toml:7:15
[INFO] [stderr]   |
[INFO] [stderr] 7 | [dependencies.serde_json]
[INFO] [stderr]   |               ^^^^^^^^^^^
[INFO] [stderr]   |
[INFO] [stderr]   = note: `cargo::unused_dependencies` is set to `warn` by default
[INFO] [stderr] help: consider removing the dependency on `serde_json`
[INFO] [stderr] warning: `trender` (manifest) generated 1 warning
[INFO] [stderr]     Finished `dev` profile [unoptimized + debuginfo] target(s) in 5.13s
[INFO] running `Command { std: "docker" "inspect" "edc6ab6f83df9ea8f210e74070fc885f2a5a0551400f9fe9a8888a6400eee667", kill_on_drop: false }`
[INFO] running `Command { std: "docker" "exec" "-e" "SOURCE_DIR=/opt/rustwide/workdir" "-e" "CARGO_HOME=/opt/rustwide/cargo-home" "-e" "RUSTUP_HOME=/opt/rustwide/rustup-home" "-e" "CARGO_TARGET_DIR=/opt/rustwide/target" "-e" "CARGO_INCREMENTAL=0" "-e" "RUST_BACKTRACE=full" "-e" "RUSTFLAGS=--cap-lints=warn" "-e" "RUSTDOCFLAGS=--cap-lints=warn" "-w" "/opt/rustwide/workdir" "--user" "0:0" "edc6ab6f83df9ea8f210e74070fc885f2a5a0551400f9fe9a8888a6400eee667" "/opt/rustwide/cargo-home/bin/cargo" "+1.100.0-beta.1" "test" "--frozen" "--no-run" "--message-format=json", kill_on_drop: false }`
[INFO] [stderr] warning: `package.homepage` is redundant with `package.repository`
[INFO] [stderr]   --> Cargo.toml:27:12
[INFO] [stderr]    |
[INFO] [stderr] 27 | homepage = "https://github.com/Forged-Dyslexic/trender"
[INFO] [stderr]    |            ^^^^^^^^^^^^^^^^^^^^^^^^^^^^^^^^^^^^^^^^^^^^
[INFO] [stderr] ...
[INFO] [stderr] 31 | repository = "https://github.com/Forged-Dyslexic/trender"
[INFO] [stderr]    |              --------------------------------------------
[INFO] [stderr]    |
[INFO] [stderr]    = note: `cargo::redundant_homepage` is set to `warn` by default
[INFO] [stderr] help: consider removing `package.homepage`
[INFO] [stderr] warning: `trender` (manifest) generated 1 warning
[INFO] [stderr]    Compiling trender v0.0.4 (/opt/rustwide/workdir)
[INFO] [stderr] warning: unused dependency `serde_json`
[INFO] [stderr]  --> Cargo.toml:7:15
[INFO] [stderr]   |
[INFO] [stderr] 7 | [dependencies.serde_json]
[INFO] [stderr]   |               ^^^^^^^^^^^
[INFO] [stderr]   |
[INFO] [stderr]   = note: `cargo::unused_dependencies` is set to `warn` by default
[INFO] [stderr] help: consider removing the dependency on `serde_json`
[INFO] [stderr] warning: `trender` (manifest) generated 1 warning
[INFO] [stderr]     Finished `test` profile [unoptimized + debuginfo] target(s) in 0.50s
[INFO] running `Command { std: "docker" "inspect" "edc6ab6f83df9ea8f210e74070fc885f2a5a0551400f9fe9a8888a6400eee667", kill_on_drop: false }`
[INFO] running `Command { std: "docker" "exec" "-e" "SOURCE_DIR=/opt/rustwide/workdir" "-e" "CARGO_HOME=/opt/rustwide/cargo-home" "-e" "RUSTUP_HOME=/opt/rustwide/rustup-home" "-e" "CARGO_TARGET_DIR=/opt/rustwide/target" "-e" "CARGO_INCREMENTAL=0" "-e" "RUST_BACKTRACE=full" "-e" "RUSTFLAGS=--cap-lints=warn" "-e" "RUSTDOCFLAGS=--cap-lints=warn" "-w" "/opt/rustwide/workdir" "--user" "0:0" "edc6ab6f83df9ea8f210e74070fc885f2a5a0551400f9fe9a8888a6400eee667" "/opt/rustwide/cargo-home/bin/cargo" "+1.100.0-beta.1" "test" "--frozen", kill_on_drop: false }`
[INFO] [stderr] warning: `package.homepage` is redundant with `package.repository`
[INFO] [stderr]   --> Cargo.toml:27:12
[INFO] [stderr]    |
[INFO] [stderr] 27 | homepage = "https://github.com/Forged-Dyslexic/trender"
[INFO] [stderr]    |            ^^^^^^^^^^^^^^^^^^^^^^^^^^^^^^^^^^^^^^^^^^^^
[INFO] [stderr] ...
[INFO] [stderr] 31 | repository = "https://github.com/Forged-Dyslexic/trender"
[INFO] [stderr]    |              --------------------------------------------
[INFO] [stderr]    |
[INFO] [stderr]    = note: `cargo::redundant_homepage` is set to `warn` by default
[INFO] [stderr] help: consider removing `package.homepage`
[INFO] [stderr] warning: `trender` (manifest) generated 1 warning
[INFO] [stderr] warning: unused dependency `serde_json`
[INFO] [stderr]  --> Cargo.toml:7:15
[INFO] [stderr]   |
[INFO] [stderr] 7 | [dependencies.serde_json]
[INFO] [stderr]   |               ^^^^^^^^^^^
[INFO] [stderr]   |
[INFO] [stderr]   = note: `cargo::unused_dependencies` is set to `warn` by default
[INFO] [stderr] help: consider removing the dependency on `serde_json`
[INFO] [stderr] warning: `trender` (manifest) generated 1 warning
[INFO] [stderr]     Finished `test` profile [unoptimized + debuginfo] target(s) in 0.06s
[INFO] [stderr]      Running unittests src/lib.rs (/opt/rustwide/target/debug/build/trender/248f14115fca398a/out/trender-248f14115fca398a)
[INFO] [stdout] 
[INFO] [stdout] running 8 tests
[INFO] [stderr] TERM environment variable not set.
[INFO] [stderr] TERM environment variable not set.
[INFO] [stderr] TERM environment variable not set.
[INFO] [stderr] TERM environment variable not set.
[INFO] [stderr] TERM environment variable not set.
[INFO] [stdout] test tests::center_test ... ok
[INFO] [stderr] TERM environment variable not set.
[INFO] [stderr] TERM environment variable not set.
[INFO] [stderr] TERM environment variable not set.
[INFO] [stderr] TERM environment variable not set.
[INFO] [stdout] [2;2H[48;2;255;255;255m [?12l[0m[?25l[2;3H[48;2;255;255;255m [?12l[0m[?25l[2;2H[48;5;4m [?12l[0m[?25l[2;1H[48;5;9m [?12l[0m[?25l[2;2H[48;5;4m [?12l[0m[?25l[2;3H[48;5;4m [?12l[0m[?25l[2;4H[48;5;9m [?12l[0m[?25l[2;5H[48;5;9m [?12l[0m[?25l[3;4H[48;5;4m [?12l[0m[?25l[3;5H[48;5;4m [?12l[0m[?25l[3;6H[48;5;9m [?12l[0m[?25l[3;7H[48;5;9m [?12l[0m[?25l[?25htest tests::fill_colum_cell_test ... ok
[INFO] [stderr] TERM environment variable not set.
[INFO] [stderr] TERM environment variable not set.
[INFO] [stderr] TERM environment variable not set.
[INFO] [stdout] [?25htest tests::fill_row_cell_test ... ok
[INFO] [stdout] [?25htest tests::fill_screen_test ... ok
[INFO] [stdout] [?25htest tests::fill_colum_real_cell_test ... ok
[INFO] [stderr] TERM environment variable not set.
[INFO] [stdout] [?25htest tests::real_cell_test ... ok
[INFO] [stderr] TERM environment variable not set.
[INFO] [stdout] [?25htest tests::cell_test ... ok
[INFO] [stderr] TERM environment variable not set.
[INFO] [stdout] [?25htest tests::center_cell_test ... ok
[INFO] [stderr]    Doc-tests trender
[INFO] [stdout] 
[INFO] [stdout] test result: ok. 8 passed; 0 failed; 0 ignored; 0 measured; 0 filtered out; finished in 5.01s
[INFO] [stdout] 
[INFO] [stdout] 
[INFO] [stdout] running 13 tests
[INFO] [stdout] test src/lib.rs - fill_row_cell (line 85) ... ok
[INFO] [stdout] test src/lib.rs - real_cell (line 45) ... ok
[INFO] [stdout] test src/lib.rs - clear (line 328) ... ok
[INFO] [stdout] test src/lib.rs - fill_colum_cell (line 122) ... ok
[INFO] [stdout] test src/lib.rs - center (line 221) ... ok
[INFO] [stdout] test src/lib.rs - fill_screen_cell (line 137) ... ok
[INFO] [stdout] test src/lib.rs - fill_colum_real_cell (line 104) ... ok
[INFO] [stdout] test src/lib.rs - d2_map_cell (line 339) ... ok
[INFO] [stdout] test src/lib.rs - row_test_cell (line 184) ... ok
[INFO] [stdout] test src/lib.rs - cell (line 68) ... FAILED
[INFO] [stdout] test src/lib.rs - screen_test_cell (line 155) ... ok
[INFO] [stdout] test src/lib.rs - thread_sleep_mil (line 427) ... ok
[INFO] [stdout] test src/lib.rs - d2_path (line 369) ... ok
[INFO] [stdout] 
[INFO] [stdout] failures:
[INFO] [stdout] 
[INFO] [stdout] ---- src/lib.rs - cell (line 68) stdout ----
[INFO] [stdout] error[E0433]: cannot find type `Color` in this scope
[INFO] [stdout]   --> src/lib.rs:71:21
[INFO] [stdout]    |
[INFO] [stdout] 71 | trender::cell(1, 1, Color::Red);
[INFO] [stdout]    |                     ^^^^^ use of undeclared type `Color`
[INFO] [stdout] 
[INFO] [stdout] error: aborting due to 1 previous error
[INFO] [stdout] 
[INFO] [stdout] For more information about this error, try `rustc --explain E0433`.
[INFO] [stdout] Couldn't compile the test.
[INFO] [stdout] 
[INFO] [stdout] failures:
[INFO] [stdout]     src/lib.rs - cell (line 68)
[INFO] [stdout] 
[INFO] [stdout] test result: FAILED. 12 passed; 1 failed; 0 ignored; 0 measured; 0 filtered out; finished in 1.11s
[INFO] [stdout] 
[INFO] [stderr] error: doctest failed, to rerun pass `--doc`
[INFO] running `Command { std: "docker" "inspect" "edc6ab6f83df9ea8f210e74070fc885f2a5a0551400f9fe9a8888a6400eee667", kill_on_drop: false }`
[INFO] running `Command { std: "docker" "rm" "-f" "edc6ab6f83df9ea8f210e74070fc885f2a5a0551400f9fe9a8888a6400eee667", kill_on_drop: false }`
[INFO] [stdout] edc6ab6f83df9ea8f210e74070fc885f2a5a0551400f9fe9a8888a6400eee667
