[INFO] fetching crate treesync 0.1.18...
[INFO] testing treesync-0.1.18 against 1.99.0-beta.8 for beta-1.100-2
[INFO] extracting crate treesync 0.1.18 into /workspace/builds/worker-2-tc1/source
[INFO] started tweaking crates.io crate treesync 0.1.18
[INFO] removed 0 missing tests
[INFO] finished tweaking crates.io crate treesync 0.1.18
[INFO] tweaked toml for crates.io crate treesync 0.1.18 written to /workspace/builds/worker-2-tc1/source/Cargo.toml
[INFO] validating manifest of crates.io crate treesync 0.1.18 on toolchain 1.99.0-beta.8
[INFO] running `Command { std: CARGO_HOME="/workspace/cargo-home" RUSTUP_HOME="/workspace/rustup-home" "/workspace/cargo-home/bin/cargo" "+1.99.0-beta.8" "metadata" "--manifest-path" "Cargo.toml" "--no-deps", kill_on_drop: false }`
[INFO] crate crates.io crate treesync 0.1.18 already has a lockfile, it will not be regenerated
[INFO] running `Command { std: CARGO_HOME="/workspace/cargo-home" RUSTUP_HOME="/workspace/rustup-home" "/workspace/cargo-home/bin/cargo" "+1.99.0-beta.8" "fetch" "--manifest-path" "Cargo.toml", kill_on_drop: false }`
[INFO] [stderr]  Downloading crates ...
[INFO] [stderr]   Downloaded inotify v0.11.4
[INFO] running `Command { std: "docker" "create" "-v" "/var/lib/crater-agent-workspace/builds/worker-2-tc1/source:/opt/rustwide/workdir:ro,Z" "-v" "/var/lib/crater-agent-workspace/builds/worker-2-tc1/target:/opt/rustwide/target:rw,Z" "-v" "/var/lib/crater-agent-workspace/cargo-home:/opt/rustwide/cargo-home:ro,Z" "-v" "/var/lib/crater-agent-workspace/rustup-home:/opt/rustwide/rustup-home:ro,Z" "-m" "1610612736" "--network" "none" "ghcr.io/rust-lang/crates-build-env/linux@sha256:3111399a4047eeb3a02b7a90e478d715f38a8c6669b5c4b49d30a17385265909" "sleep" "infinity", kill_on_drop: false }`
[INFO] [stdout] d578d101aab09e3b9517ca9881d3ee007c805796f461908e0ae3c2ec1ce9dc92
[INFO] running `Command { std: "docker" "start" "d578d101aab09e3b9517ca9881d3ee007c805796f461908e0ae3c2ec1ce9dc92", kill_on_drop: false }`
[INFO] running `Command { std: "docker" "inspect" "d578d101aab09e3b9517ca9881d3ee007c805796f461908e0ae3c2ec1ce9dc92", kill_on_drop: false }`
[INFO] running `Command { std: "docker" "exec" "-e" "SOURCE_DIR=/opt/rustwide/workdir" "-e" "CARGO_HOME=/opt/rustwide/cargo-home" "-e" "RUSTUP_HOME=/opt/rustwide/rustup-home" "-e" "CARGO_TARGET_DIR=/opt/rustwide/target" "-w" "/opt/rustwide/workdir" "--user" "0:0" "d578d101aab09e3b9517ca9881d3ee007c805796f461908e0ae3c2ec1ce9dc92" "/opt/rustwide/cargo-home/bin/cargo" "+1.99.0-beta.8" "metadata" "--no-deps" "--format-version=1", kill_on_drop: false }`
[INFO] running `Command { std: "docker" "inspect" "d578d101aab09e3b9517ca9881d3ee007c805796f461908e0ae3c2ec1ce9dc92", kill_on_drop: false }`
[INFO] running `Command { std: "docker" "exec" "-e" "SOURCE_DIR=/opt/rustwide/workdir" "-e" "CARGO_HOME=/opt/rustwide/cargo-home" "-e" "RUSTUP_HOME=/opt/rustwide/rustup-home" "-e" "CARGO_TARGET_DIR=/opt/rustwide/target" "-e" "CARGO_INCREMENTAL=0" "-e" "RUST_BACKTRACE=full" "-e" "RUSTFLAGS=--cap-lints=warn" "-e" "RUSTDOCFLAGS=--cap-lints=warn" "-w" "/opt/rustwide/workdir" "--user" "0:0" "d578d101aab09e3b9517ca9881d3ee007c805796f461908e0ae3c2ec1ce9dc92" "/opt/rustwide/cargo-home/bin/cargo" "+1.99.0-beta.8" "build" "--frozen" "--message-format=json", kill_on_drop: false }`
[INFO] [stderr]    Compiling find-msvc-tools v0.1.10
[INFO] [stderr]    Compiling pkg-config v0.3.33
[INFO] [stderr]    Compiling log v0.4.33
[INFO] [stderr]    Compiling smallvec v1.15.2
[INFO] [stderr]    Compiling inotify-sys v0.1.8
[INFO] [stderr]    Compiling serde v1.0.229
[INFO] [stderr]    Compiling jobserver v0.1.35
[INFO] [stderr]    Compiling errno v0.3.14
[INFO] [stderr]    Compiling zstd-safe v7.2.4
[INFO] [stderr]    Compiling bitflags v2.13.1
[INFO] [stderr]    Compiling aho-corasick v1.1.5
[INFO] [stderr]    Compiling socket2 v0.6.5
[INFO] [stderr]    Compiling winnow v1.0.4
[INFO] [stderr]    Compiling syn v3.0.3
[INFO] [stderr]    Compiling syn v2.0.119
[INFO] [stderr]    Compiling toml_datetime v0.7.5+spec-1.1.0
[INFO] [stderr]    Compiling serde_spanned v1.1.1
[INFO] [stderr]    Compiling signal-hook-registry v1.4.8
[INFO] [stderr]    Compiling mio v1.2.2
[INFO] [stderr]    Compiling bstr v1.13.1
[INFO] [stderr]    Compiling humantime v2.4.0
[INFO] [stderr]    Compiling winnow v0.7.15
[INFO] [stderr]    Compiling notify-types v2.1.0
[INFO] [stderr]    Compiling inotify v0.11.4
[INFO] [stderr]    Compiling parking_lot_core v0.9.12
[INFO] [stderr]    Compiling toml_writer v1.1.2+spec-1.1.0
[INFO] [stderr]    Compiling cc v1.4.2
[INFO] [stderr]    Compiling parking_lot v0.12.5
[INFO] [stderr]    Compiling toml_parser v1.1.3+spec-1.1.0
[INFO] [stderr]    Compiling arrayvec v0.7.8
[INFO] [stderr]    Compiling arrayref v0.3.9
[INFO] [stderr]    Compiling constant_time_eq v0.4.2
[INFO] [stderr]    Compiling filetime v0.2.29
[INFO] [stderr]    Compiling notify v8.2.0
[INFO] [stderr]    Compiling regex-automata v0.4.18
[INFO] [stderr]    Compiling zstd-sys v2.0.16+zstd.1.5.7
[INFO] [stderr]    Compiling blake3 v1.8.6
[INFO] [stderr]    Compiling toml v0.9.12+spec-1.1.0
[INFO] [stderr]    Compiling globset v0.4.20
[INFO] [stderr]    Compiling serde_derive v1.0.229
[INFO] [stderr]    Compiling tokio-macros v2.7.2
[INFO] [stderr]    Compiling thiserror-impl v2.0.20
[INFO] [stderr]    Compiling async-trait v0.1.92
[INFO] [stderr]    Compiling tokio v1.53.1
[INFO] [stderr]    Compiling thiserror v2.0.20
[INFO] [stderr]    Compiling tracing-attributes v0.1.31
[INFO] [stderr]    Compiling tracing v0.1.44
[INFO] [stderr]    Compiling humantime-serde v1.1.1
[INFO] [stderr]    Compiling bincode v2.0.1
[INFO] [stderr]    Compiling zstd v0.13.3
[INFO] [stderr]    Compiling tokio-util v0.7.19
[INFO] [stderr]    Compiling treesync v0.1.18 (/opt/rustwide/workdir)
[INFO] [stderr]     Finished `dev` profile [unoptimized + debuginfo] target(s) in 50.39s
[INFO] running `Command { std: "docker" "inspect" "d578d101aab09e3b9517ca9881d3ee007c805796f461908e0ae3c2ec1ce9dc92", kill_on_drop: false }`
[INFO] running `Command { std: "docker" "exec" "-e" "SOURCE_DIR=/opt/rustwide/workdir" "-e" "CARGO_HOME=/opt/rustwide/cargo-home" "-e" "RUSTUP_HOME=/opt/rustwide/rustup-home" "-e" "CARGO_TARGET_DIR=/opt/rustwide/target" "-e" "CARGO_INCREMENTAL=0" "-e" "RUST_BACKTRACE=full" "-e" "RUSTFLAGS=--cap-lints=warn" "-e" "RUSTDOCFLAGS=--cap-lints=warn" "-w" "/opt/rustwide/workdir" "--user" "0:0" "d578d101aab09e3b9517ca9881d3ee007c805796f461908e0ae3c2ec1ce9dc92" "/opt/rustwide/cargo-home/bin/cargo" "+1.99.0-beta.8" "test" "--frozen" "--no-run" "--message-format=json", kill_on_drop: false }`
[INFO] [stderr]    Compiling bitflags v2.13.1
[INFO] [stderr]    Compiling futures-channel v0.3.34
[INFO] [stderr]    Compiling futures-macro v0.3.34
[INFO] [stderr]    Compiling regex-automata v0.4.18
[INFO] [stderr]    Compiling tokio v1.53.1
[INFO] [stderr]    Compiling getrandom v0.4.3
[INFO] [stderr]    Compiling inotify v0.11.4
[INFO] [stderr]    Compiling notify-types v2.1.0
[INFO] [stderr]    Compiling rustix v1.1.4
[INFO] [stderr]    Compiling notify v8.2.0
[INFO] [stderr]    Compiling futures-util v0.3.34
[INFO] [stderr]    Compiling tempfile v3.27.0
[INFO] [stderr]    Compiling globset v0.4.20
[INFO] [stderr]    Compiling futures-executor v0.3.34
[INFO] [stderr]    Compiling futures v0.3.34
[INFO] [stderr]    Compiling tokio-util v0.7.19
[INFO] [stderr]    Compiling treesync v0.1.18 (/opt/rustwide/workdir)
[INFO] [stderr]     Finished `test` profile [unoptimized + debuginfo] target(s) in 37.15s
[INFO] running `Command { std: "docker" "inspect" "d578d101aab09e3b9517ca9881d3ee007c805796f461908e0ae3c2ec1ce9dc92", kill_on_drop: false }`
[INFO] running `Command { std: "docker" "exec" "-e" "SOURCE_DIR=/opt/rustwide/workdir" "-e" "CARGO_HOME=/opt/rustwide/cargo-home" "-e" "RUSTUP_HOME=/opt/rustwide/rustup-home" "-e" "CARGO_TARGET_DIR=/opt/rustwide/target" "-e" "CARGO_INCREMENTAL=0" "-e" "RUST_BACKTRACE=full" "-e" "RUSTFLAGS=--cap-lints=warn" "-e" "RUSTDOCFLAGS=--cap-lints=warn" "-w" "/opt/rustwide/workdir" "--user" "0:0" "d578d101aab09e3b9517ca9881d3ee007c805796f461908e0ae3c2ec1ce9dc92" "/opt/rustwide/cargo-home/bin/cargo" "+1.99.0-beta.8" "test" "--frozen", kill_on_drop: false }`
[INFO] [stderr]     Finished `test` profile [unoptimized + debuginfo] target(s) in 0.24s
[INFO] [stderr]      Running unittests src/lib.rs (/opt/rustwide/target/debug/deps/treesync-5d93334fa620aebc)
[INFO] [stdout] 
[INFO] [stdout] running 245 tests
[INFO] [stdout] test config::file::tests::a_config_with_no_syncs_is_rejected ... ok
[INFO] [stdout] test config::file::tests::an_unknown_preserve_field_is_rejected ... ok
[INFO] [stdout] test config::file::tests::an_unknown_target_type_is_rejected ... ok
[INFO] [stdout] test config::file::tests::an_unknown_verify_mode_is_rejected ... ok
[INFO] [stdout] test config::file::tests::a_relative_source_is_rejected ... ok
[INFO] [stdout] test config::file::tests::duplicate_names_are_rejected ... ok
[INFO] [stdout] test config::file::tests::indentation_is_irrelevant ... ok
[INFO] [stdout] test config::file::tests::exclude_patterns_are_compiled_at_load ... ok
[INFO] [stdout] test config::file::tests::a_misspelled_key_is_rejected ... ok
[INFO] [stdout] test config::file::tests::parses_a_minimal_config ... ok
[INFO] [stdout] test config::file::tests::preserve_defaults_to_mode_only ... ok
[INFO] [stdout] test config::file::tests::unset_values_fall_back_to_the_component_defaults ... ok
[INFO] [stdout] test config::file::tests::parses_an_ssh_target ... ok
[INFO] [stdout] test config::file::tests::preserve_can_be_set_and_overridden ... ok
[INFO] [stdout] test config::file::tests::preserve_fields_are_individually_optional ... ok
[INFO] [stdout] test error::tests::display_is_prefixed_by_category ... ok
[INFO] [stdout] test config::file::tests::verify_can_be_set_and_overridden ... ok
[INFO] [stdout] test config::file::tests::verify_defaults_to_quick ... ok
[INFO] [stdout] test config::file::tests::valid_exclude_patterns_are_accepted_and_carried_through ... ok
[INFO] [stdout] test error::tests::io_permission_denied_maps_to_permission_denied ... ok
[INFO] [stdout] test error::tests::unmapped_io_kind_stays_io_and_keeps_its_kind ... ok
[INFO] [stdout] test queue::drain_tests::draining_emits_what_was_observed_without_waiting ... ok
[INFO] [stdout] test queue::tests::a_move_out_of_the_tree_is_not_a_rename ... ok
[INFO] [stdout] test queue::tests::a_move_without_a_cookie_is_not_a_rename ... ok
[INFO] [stdout] test config::file::tests::identical_source_and_target_are_rejected ... ok
[INFO] [stdout] test config::file::tests::a_sync_overrides_the_defaults ... ok
[INFO] [stdout] test queue::tests::a_rescan_carries_its_scope_and_discards_pending_work ... ok
[INFO] [stdout] test config::file::tests::a_remote_target_may_share_the_source_path ... ok
[INFO] [stdout] test config::file::tests::comments_are_allowed ... ok
[INFO] [stdout] test config::file::tests::durations_are_written_the_way_people_say_them ... ok
[INFO] [stdout] test queue::drain_tests::draining_an_idle_queue_yields_nothing ... ok
[INFO] [stdout] test queue::drain_tests::draining_surfaces_a_pending_gap ... ok
[INFO] [stdout] test config::file::tests::a_target_inside_the_source_is_rejected ... ok
[INFO] [stdout] test queue::drain_tests::draining_twice_yields_nothing_the_second_time ... ok
[INFO] [stdout] test queue::tests::an_unmatched_half_does_not_leak_into_the_next_window ... ok
[INFO] [stdout] test queue::tests::collapses_differing_kinds_on_one_path ... ok
[INFO] [stdout] test queue::tests::collapses_repeated_events_on_one_path ... ok
[INFO] [stdout] test queue::tests::ends_when_the_watcher_stops_with_nothing_pending ... ok
[INFO] [stdout] test queue::tests::keeps_concurrent_renames_separate ... ok
[INFO] [stdout] test queue::tests::keeps_distinct_paths_apart ... ok
[INFO] [stdout] test queue::tests::pairs_a_rename_by_cookie ... ok
[INFO] [stdout] test queue::tests::the_window_holds_events_until_the_delay_elapses ... ok
[INFO] [stdout] test queue::tests::pairs_a_rename_whose_halves_arrive_reversed ... ok
[INFO] [stdout] test queue::tests::reaching_max_pending_cuts_the_window_short ... ok
[INFO] [stdout] test reconcile::filter::tests::a_character_class_works ... ok
[INFO] [stdout] test error::tests::io_already_exists_maps_to_already_exists ... ok
[INFO] [stdout] test config::file::tests::a_source_inside_the_target_is_rejected ... ok
[INFO] [stdout] test config::file::tests::a_relative_target_is_rejected ... ok
[INFO] [stdout] test reconcile::filter::tests::a_malformed_pattern_is_rejected_naming_itself ... ok
[INFO] [stdout] test reconcile::filter::tests::an_empty_pattern_is_rejected ... ok
[INFO] [stdout] test reconcile::filter::tests::a_suffix_pattern_matches_at_any_depth ... ok
[INFO] [stdout] test reconcile::filter::tests::a_pattern_with_a_separator_is_anchored_at_the_root ... ok
[INFO] [stdout] test reconcile::filter::tests::an_empty_pattern_list_excludes_nothing ... ok
[INFO] [stdout] test config::file::tests::an_empty_ssh_host_is_rejected ... ok
[INFO] [stdout] test reconcile::filter::tests::a_directory_pattern_matches_the_directory_and_its_contents ... ok
[INFO] [stdout] test reconcile::filter::tests::the_trailing_slash_is_optional ... ok
[INFO] [stdout] test reconcile::index::tests::a_file_that_merely_shares_the_name_is_still_indexed ... ok
[INFO] [stdout] test reconcile::index::tests::a_subtree_that_is_gone_is_still_an_empty_index ... ok
[INFO] [stdout] test reconcile::index::tests::stat_paths_refuses_a_root_that_is_a_file ... ok
[INFO] [stdout] test reconcile::index::tests::the_agent_binary_is_not_reported_as_tree_content ... ok
[INFO] [stdout] test reconcile::filter::tests::several_patterns_all_apply ... ok
[INFO] [stdout] test reconcile::index::tests::the_running_binary_is_skipped_by_the_walk ... ok
[INFO] [stdout] test reconcile::tests::a_file_replacing_a_directory_removes_it_first ... ok
[INFO] [stdout] test reconcile::index::tests::stat_paths_refuses_a_root_that_is_gone ... ok
[INFO] [stdout] test reconcile::index::tests::walk_subtree_refuses_a_root_that_is_gone ... ok
[INFO] [stdout] test reconcile::index::tests::a_half_uploaded_agent_is_not_reported_either ... ok
[INFO] [stdout] test reconcile::index::tests::the_running_binary_is_skipped_by_stat_paths_too ... ok
[INFO] [stdout] test reconcile::index::tests::a_path_that_is_gone_under_a_root_that_is_there_is_still_absent ... ok
[INFO] [stdout] test reconcile::tests::a_matching_mode_produces_nothing ... ok
[INFO] [stdout] test reconcile::tests::a_repointed_symlink_is_replaced ... ok
[INFO] [stdout] test reconcile::tests::a_size_change_is_copied ... ok
[INFO] [stdout] test reconcile::tests::a_subtree_scope_ignores_paths_outside_it ... ok
[INFO] [stdout] test reconcile::tests::a_symlink_is_replicated_not_followed ... ok
[INFO] [stdout] test reconcile::tests::an_identical_file_is_left_alone ... ok
[INFO] [stdout] test reconcile::tests::an_mtime_change_at_the_same_size_is_copied ... ok
[INFO] [stdout] test reconcile::tests::creations_are_ordered_parents_before_children ... ok
[INFO] [stdout] test reconcile::tests::deletions_are_emitted_when_asked_for ... ok
[INFO] [stdout] test reconcile::tests::deletions_are_withheld_unless_asked_for ... ok
[INFO] [stdout] test reconcile::tests::metadata_is_applied_after_everything_is_created ... ok
[INFO] [stdout] test reconcile::tests::ownership_is_ignored_unless_asked_for ... ok
[INFO] [stdout] test reconcile::tests::removals_are_ordered_children_before_parents ... ok
[INFO] [stdout] test reconcile::tests::removals_run_before_creations ... ok
[INFO] [stdout] test remote::agent::tests::a_long_destination_name_still_yields_a_usable_temporary ... ok
[INFO] [stdout] test reconcile::tests::a_mode_change_alone_is_a_metadata_action ... ok
[INFO] [stdout] test reconcile::tests::a_new_file_is_stamped_as_well_as_copied ... ok
[INFO] [stdout] test reconcile::tests::a_path_absent_from_both_trees_produces_nothing ... ok
[INFO] [stdout] test reconcile::tests::a_subtree_scope_discovers_unreported_deletions ... ok
[INFO] [stdout] test reconcile::tests::a_named_path_scope_cannot_discover_unreported_deletions ... ok
[INFO] [stdout] test reconcile::tests::a_new_file_is_copied ... ok
[INFO] [stdout] test remote::agent::tests::a_named_path_scope_is_described_by_count ... ok
[INFO] [stdout] test remote::agent::tests::a_reply_that_fits_is_passed_through_untouched ... ok
[INFO] [stdout] test remote::agent::tests::a_patch_reusing_blocks_past_the_end_is_refused ... ok
[INFO] [stdout] test remote::agent::tests::a_partial_transfer_is_reported_with_its_hash ... ok
[INFO] [stdout] test remote::agent::tests::a_patch_whose_hash_does_not_match_is_not_published ... ok
[INFO] [stdout] test remote::agent::tests::a_patch_reusing_a_file_that_is_not_there_is_refused ... ok
[INFO] [stdout] test reconcile::index::tests::a_fifo_is_not_walked_into_the_index ... ok
[INFO] [stdout] test remote::agent::tests::a_resume_past_what_is_there_is_refused ... ok
[INFO] [stdout] test remote::agent::tests::a_misplaced_frame_does_not_cost_the_session ... ok
[INFO] [stdout] test remote::agent::tests::nothing_to_resume_is_reported_as_zero ... ok
[INFO] [stdout] test remote::agent::tests::the_empty_subtree_is_described_as_the_whole_tree ... ok
[INFO] [stdout] test remote::agent::tests::a_resumed_patch_continues_where_it_stopped ... ok
[INFO] [stdout] test remote::agent::tests::the_temporary_lands_beside_the_file_it_is_for ... ok
[INFO] [stdout] test remote::agent::tests::a_symlinked_temporary_is_reported_as_nothing_to_resume ... ok
[INFO] [stdout] test remote::agent::tests::the_temporary_prefix_is_distinct_from_a_local_copys ... ok
[INFO] [stdout] test remote::agent::tests::a_refused_patch_leaves_no_temporary_behind ... ok
[INFO] [stdout] test remote::delta::tests::an_empty_target_sends_the_whole_source ... ok
[INFO] [stdout] test reconcile::index::tests::an_ordinary_file_is_still_indexed_beside_a_special_one ... ok
[INFO] [stdout] test remote::agent::tests::an_abandoned_temporary_is_swept_but_a_fresh_one_is_not ... ok
[INFO] [stdout] test remote::agent::tests::a_symlink_at_the_temporary_path_is_replaced_not_followed ... ok
[INFO] [stdout] test remote::agent::tests::a_resume_trims_anything_past_the_agreed_point ... ok
[INFO] [stdout] test remote::delta::tests::a_source_shorter_than_one_block_is_literal ... ok
[INFO] [stdout] test remote::protocol::tests::a_clean_end_of_stream_is_not_an_error ... ok
[INFO] [stdout] test remote::agent::tests::a_symlinked_temporary_is_refused_by_a_resume ... ok
[INFO] [stdout] test remote::delta::tests::the_block_size_stays_within_its_bounds ... ok
[INFO] [stdout] test remote::agent::tests::a_subtree_is_described_by_its_prefix ... ok
[INFO] [stdout] test remote::protocol::tests::a_frame_of_the_wrong_type_costs_one_frame_and_not_the_stream ... ok
[INFO] [stdout] test remote::protocol::tests::a_frame_survives_the_round_trip ... ok
[INFO] [stdout] test remote::agent::tests::a_resumed_patch_into_a_read_only_directory_still_publishes ... ok
[INFO] [stdout] test remote::protocol::tests::a_non_error_response_passes_through ... ok
[INFO] [stdout] test remote::protocol::tests::a_path_that_is_not_utf8_survives_the_round_trip ... ok
[INFO] [stdout] test remote::protocol::tests::a_pre_epoch_timestamp_survives_the_round_trip ... ok
[INFO] [stdout] test remote::protocol::tests::a_small_frame_is_not_compressed ... ok
[INFO] [stdout] test remote::protocol::tests::a_timestamp_survives_the_round_trip ... ok
[INFO] [stdout] test remote::protocol::tests::a_truncated_frame_is_an_error ... ok
[INFO] [stdout] test remote::delta::tests::a_byte_inserted_early_still_matches_every_later_block ... ok
[INFO] [stdout] test remote::protocol::tests::an_error_keeps_its_category_across_the_wire ... ok
[INFO] [stdout] test remote::delta::tests::consecutive_blocks_coalesce_into_one_token ... ok
[INFO] [stdout] test error::tests::io_not_found_maps_to_not_found ... ok
[INFO] [stdout] test remote::agent::tests::a_patch_that_matches_its_hash_is_published ... ok
[INFO] [stdout] test remote::protocol::tests::an_index_survives_the_round_trip ... ok
[INFO] [stdout] test remote::protocol::tests::frames_are_read_back_in_order ... ok
[INFO] [stdout] test remote::protocol::tests::the_epoch_survives_the_round_trip ... ok
[INFO] [stdout] test queue::tests::flushes_what_it_has_when_the_watcher_stops ... ok
[INFO] [stdout] test remote::protocol::tests::a_path_containing_a_newline_survives_the_round_trip ... ok
[INFO] [stdout] test remote::protocol::tests::the_error_variant_keeps_the_position_protocol_1_gave_it ... ok
[INFO] [stdout] test remote::ship::tests::a_binary_for_another_platform_is_refused_with_the_remedy ... ok
[INFO] [stdout] test remote::ship::tests::a_cross_built_linux_binary_is_accepted_from_a_mac ... ok
[INFO] [stdout] test remote::ship::tests::a_linux_binary_runs_on_a_linux_host ... ok
[INFO] [stdout] test remote::ship::tests::a_different_architecture_does_not_match ... ok
[INFO] [stdout] test remote::ship::tests::a_different_system_does_not_match ... ok
[INFO] [stdout] test remote::ship::tests::a_mach_o_binary_does_not_run_on_linux ... ok
[INFO] [stdout] test remote::ship::tests::a_mach_o_binary_is_identified ... ok
[INFO] [stdout] test remote::ship::tests::a_suffix_becomes_its_own_quoted_word ... ok
[INFO] [stdout] test remote::ship::tests::a_universal_binary_is_identified ... ok
[INFO] [stdout] test remote::ship::tests::an_elf_binary_does_not_run_on_a_mac ... ok
[INFO] [stdout] test remote::ship::tests::an_unrecognised_file_is_not_blocked ... ok
[INFO] [stdout] test remote::ship::tests::something_that_is_not_a_binary_is_not_identified ... ok
[INFO] [stdout] test remote::ship::tests::the_local_platform_is_named_the_way_uname_names_it ... ok
[INFO] [stdout] test remote::ship::tests::amd64_and_x86_64_are_the_same_chip ... ok
[INFO] [stdout] test remote::ship::tests::the_local_platform_matches_itself ... ok
[INFO] [stdout] test reconcile::index::tests::a_fifo_is_not_stat_into_the_index_either ... ok
[INFO] [stdout] test remote::ship::tests::an_elf_binary_is_identified ... ok
[INFO] [stdout] test remote::ship::tests::the_same_platform_matches ... ok
[INFO] [stdout] test remote::ship::tests::uname_output_is_parsed ... ok
[INFO] [stdout] test remote::ship::tests::unusable_uname_output_is_an_error ... ok
[INFO] [stdout] test remote::ssh::tests::a_bounded_policy_still_backs_off_between_its_attempts ... ok
[INFO] [stdout] test remote::ship::tests::the_wrong_architecture_does_not_run ... ok
[INFO] [stdout] test remote::ship::tests::trailing_noise_in_uname_output_is_ignored ... ok
[INFO] [stdout] test remote::ssh::tests::a_home_relative_agent_directory_keeps_the_home_expansion ... ok
[INFO] [stdout] test remote::ssh::tests::a_path_that_would_be_a_shell_expansion_stays_a_path ... ok
[INFO] [stdout] test remote::protocol::tests::an_error_says_which_side_failed ... ok
[INFO] [stdout] test remote::ssh::tests::a_path_with_a_space_stays_one_word ... ok
[INFO] [stdout] test remote::ssh::tests::a_single_quote_is_escaped_rather_than_ending_the_quoting ... ok
[INFO] [stdout] test remote::ssh::tests::a_plain_word_is_quoted_as_itself ... ok
[INFO] [stdout] test remote::ship::tests::arm64_and_aarch64_are_the_same_chip ... ok
[INFO] [stdout] test remote::protocol::tests::an_absurd_length_is_refused_before_allocating ... ok
[INFO] [stdout] test remote::protocol::tests::an_incompressible_frame_is_sent_as_it_is ... ok
[INFO] [stdout] test remote::delta::tests::an_unchanged_file_sends_no_literals ... ok
[INFO] [stdout] test remote::ssh::tests::a_port_is_passed_through ... ok
[INFO] [stdout] test remote::ssh::tests::an_absolute_agent_path_is_used_as_given ... ok
[INFO] [stdout] test remote::ssh::tests::a_semicolon_cannot_start_a_second_command ... ok
[INFO] [stdout] test remote::ssh::tests::batch_mode_is_set_before_any_operator_option ... ok
[INFO] [stdout] test remote::ssh::tests::an_agent_in_the_home_directory_itself_has_home_as_its_parent ... ok
[INFO] [stdout] test remote::ssh::tests::an_agent_path_is_quoted_against_the_remote_shell ... ok
[INFO] [stdout] test remote::ssh::tests::an_idle_connection_is_kept_alive ... ok
[INFO] [stdout] test remote::ssh::tests::batch_mode_is_always_set ... ok
[INFO] [stdout] test remote::ssh::tests::an_operator_option_precedes_the_overridable_defaults ... ok
[INFO] [stdout] test remote::ssh::tests::every_policy_starts_at_one_second_and_tops_out_at_ten ... ok
[INFO] [stdout] test remote::ssh::tests::an_identity_file_is_passed_with_identities_only ... ok
[INFO] [stdout] test remote::ssh::tests::the_default_agent_lives_under_the_remote_home ... ok
[INFO] [stdout] test remote::ssh::tests::the_reconnect_wait_doubles_up_to_its_ceiling ... ok
[INFO] [stdout] test remote::ssh::tests::the_reconnect_wait_holds_at_the_ceiling_however_long_the_outage ... ok
[INFO] [stdout] test remote::ssh::tests::the_agent_directory_is_derived_from_its_path ... ok
[INFO] [stdout] test remote::ssh::tests::extra_options_are_passed_through ... ok
[INFO] [stdout] test remote::ssh::tests::no_port_means_no_port_flag ... ok
[INFO] [stdout] test remote::ssh::tests::the_host_is_the_last_ssh_argument ... ok
[INFO] [stdout] test remote::ssh::tests::the_remote_command_quotes_the_target_path ... ok
[INFO] [stdout] test sink::local::tests::a_buried_traversal_is_refused ... ok
[INFO] [stdout] test sink::local::tests::a_current_directory_component_is_refused ... ok
[INFO] [stdout] test sink::local::tests::a_file_as_root_is_rejected ... ok
[INFO] [stdout] test sink::local::tests::a_name_that_fits_is_used_as_it_is ... ok
[INFO] [stdout] test sink::local::tests::a_parent_traversal_is_refused ... ok
[INFO] [stdout] test sink::local::tests::a_missing_root_is_rejected ... ok
[INFO] [stdout] test sink::local::tests::a_shortened_temporary_is_still_recognisable_as_one ... ok
[INFO] [stdout] test sink::local::tests::a_path_reached_through_a_symlinked_ancestor_is_refused ... ok
[INFO] [stdout] test sink::local::tests::a_failed_write_cleans_up_its_temporary ... ok
[INFO] [stdout] test sink::local::tests::a_writable_directory_is_left_alone ... ok
[INFO] [stdout] test sink::local::tests::an_absolute_path_is_refused ... ok
[INFO] [stdout] test sink::local::tests::an_ancestor_that_does_not_exist_yet_is_fine ... ok
[INFO] [stdout] test sink::local::tests::an_empty_path_is_refused ... ok
[INFO] [stdout] test sink::local::tests::an_escaping_write_is_refused_before_touching_the_filesystem ... ok
[INFO] [stdout] test sink::local::tests::a_traversal_that_normalizes_away_is_still_refused ... ok
[INFO] [stdout] test sink::local::tests::a_symlink_at_the_end_of_a_path_is_not_an_ancestor ... ok
[INFO] [stdout] test sink::local::tests::metadata_is_not_applied_through_a_symlink ... ok
[INFO] [stdout] test sink::local::tests::only_permission_failures_are_worth_widening_a_directory_for ... ok
[INFO] [stdout] test sink::local::tests::creating_a_directory_twice_succeeds ... ok
[INFO] [stdout] test sink::local::tests::a_symlink_cannot_stand_in_for_a_directory ... ok
[INFO] [stdout] test sink::local::tests::plain_relative_paths_resolve_under_the_root ... ok
[INFO] [stdout] test sink::local::tests::a_symlink_is_created_and_can_be_repointed ... ok
[INFO] [stdout] test sink::local::tests::shortening_does_not_split_a_character ... ok
[INFO] [stdout] test sink::local::tests::removing_a_non_empty_directory_fails_rather_than_recursing ... ok
[INFO] [stdout] test sink::local::tests::two_long_names_do_not_collide_on_one_temporary ... ok
[INFO] [stdout] test sink::local::tests::removing_a_missing_path_succeeds ... ok
[INFO] [stdout] test sink::local::tests::renaming_moves_within_the_root ... ok
[INFO] [stdout] test sink::local::tests::a_read_only_directory_is_widened_and_reports_its_old_mode ... ok
[INFO] [stdout] test watcher::scope::tests::a_narrow_loss_cannot_undo_an_unbounded_one ... ok
[INFO] [stdout] test watcher::scope::tests::a_scope_outside_the_root_is_clamped ... ok
[INFO] [stdout] test watcher::scope::tests::a_single_loss_scopes_to_the_containing_directory ... ok
[INFO] [stdout] test sink::local::tests::writing_a_file_preserves_the_source_mtime ... ok
[INFO] [stdout] test watcher::scope::tests::losses_across_directories_widen_to_their_ancestor ... ok
[INFO] [stdout] test watcher::scope::tests::losses_in_one_directory_stay_narrow ... ok
[INFO] [stdout] test sink::local::tests::writing_a_file_creates_missing_parents ... ok
[INFO] [stdout] test watcher::scope::tests::starts_clean ... ok
[INFO] [stdout] test watcher::scope::tests::an_unbounded_loss_forces_the_whole_root ... ok
[INFO] [stdout] test watcher::scope::tests::unrelated_losses_widen_to_the_root ... ok
[INFO] [stdout] test sink::local::tests::removing_a_symlink_does_not_follow_it ... ok
[INFO] [stdout] test watcher::scope::tests::taking_clears_the_signal ... ok
[INFO] [stdout] test sink::local::tests::writing_over_an_existing_file_replaces_it ... ok
[INFO] [stdout] test sink::local::tests::a_name_too_long_for_the_filesystem_is_shortened_to_fit ... ok
[INFO] [stdout] test watcher::tests::recovers_after_a_rescan_is_consumed ... ok
[INFO] [stdout] test watcher::tests::a_localized_overflow_scopes_the_walk_to_that_directory ... ok
[INFO] [stdout] test sink::local::tests::a_file_lands_in_a_read_only_directory_and_the_mode_survives ... ok
[INFO] [stdout] test watcher::tests::a_rescan_purges_the_queue_and_is_delivered_first ... ok
[INFO] [stdout] test watcher::tests::ordinary_events_are_forwarded ... ok
[INFO] [stdout] test watcher::tests::a_pending_rescan_widens_to_cover_events_it_would_otherwise_swallow ... ok
[INFO] [stdout] test watcher::tests::a_backend_drop_forces_a_walk_of_the_whole_root ... ok
[INFO] [stdout] test sink::local::tests::a_symlink_at_the_temporary_path_is_not_written_through ... ok
[INFO] [stdout] test sink::local::tests::writing_leaves_no_temporary_behind ... ok
[INFO] [stdout] test remote::protocol::tests::a_compressible_frame_is_compressed_and_survives_it ... ok
[INFO] [stdout] test remote::delta::tests::scattered_edits_reconstruct_exactly ... ok
[INFO] [stdout] test remote::delta::tests::rolling_matches_a_fresh_computation_at_every_offset ... ok
[INFO] [stdout] test remote::protocol::tests::a_frame_that_expands_past_the_limit_is_refused ... ok
[INFO] [stdout] test remote::delta::tests::a_target_with_nothing_in_common_is_all_literal ... ok
[INFO] [stdout] test remote::protocol::tests::a_message_too_large_to_send_is_refused_before_anything_is_written ... ok
[INFO] [stdout] test remote::agent::tests::a_reply_too_large_to_send_becomes_an_error_the_client_can_read ... ok
[INFO] [stdout] 
[INFO] [stdout] test result: ok. 245 passed; 0 failed; 0 ignored; 0 measured; 0 filtered out; finished in 9.70s
[INFO] [stdout] 
[INFO] [stderr]      Running tests/apply.rs (/opt/rustwide/target/debug/deps/apply-e3c988aa17374790)
[INFO] [stdout] 
[INFO] [stdout] running 15 tests
[INFO] [stdout] test an_incremental_scope_syncs_only_the_named_paths ... ok
[INFO] [stdout] test an_executable_arrives_executable ... ok
[INFO] [stdout] test a_file_replacing_a_directory_is_applied_in_the_right_order ... ok
[INFO] [stdout] test an_empty_target_receives_the_whole_tree ... ok
[INFO] [stdout] test a_restrictive_directory_mode_is_reproduced ... ok
[INFO] [stdout] test modes_are_left_alone_when_preservation_is_off ... ok
[INFO] [stdout] test preserving_modes_still_converges ... ok
[INFO] [stdout] test a_mode_change_alone_is_applied_without_recopying ... ok
[INFO] [stdout] test a_removed_directory_is_deleted_deepest_first ... ok
[INFO] [stdout] test without_delete_the_target_keeps_what_the_source_dropped ... ok
[INFO] [stdout] test a_modified_file_is_resynced_and_then_settles ... ok
[INFO] [stdout] test a_failing_action_does_not_strand_the_rest_of_the_batch ... ok
[INFO] [stdout] test a_removed_file_is_deleted_from_the_target ... ok
[INFO] [stdout] test symlinks_survive_a_round_trip_as_links ... ok
[INFO] [stdout] test syncing_twice_does_no_work_the_second_time ... ok
[INFO] [stdout] 
[INFO] [stdout] test result: ok. 15 passed; 0 failed; 0 ignored; 0 measured; 0 filtered out; finished in 0.03s
[INFO] [stdout] 
[INFO] [stderr]      Running tests/hostile.rs (/opt/rustwide/target/debug/deps/hostile-4618109b6e50d908)
[INFO] [stdout] 
[INFO] [stdout] running 21 tests
[INFO] [stdout] test a_read_only_target_directory_is_opened_for_the_write_and_closed_again ... ok
[INFO] [stdout] test a_file_replaces_a_directory_of_the_same_name_on_the_target ... ok
[INFO] [stdout] test a_directory_replaces_a_file_of_the_same_name_on_the_target ... ok
[INFO] [stdout] test a_long_name_converges_rather_than_being_copied_every_pass ... ok
[INFO] [stdout] test a_name_at_the_filesystems_limit_still_arrives ... ok
[INFO] [stdout] test a_file_that_vanishes_between_planning_and_applying_fails_only_itself ... ok
[INFO] [stdout] test a_file_that_grows_during_a_pass_still_converges_on_a_later_one ... ok
[INFO] [stdout] test a_transfer_that_cannot_be_published_keeps_what_is_already_there ... ok
[INFO] [stdout] test an_immutable_target_file_fails_loudly_rather_than_silently ... ok
[INFO] [stdout] test a_read_only_target_file_is_still_replaced ... ok
[INFO] [stdout] test a_named_pipe_on_the_target_is_not_read_as_a_deletion ... ok
[INFO] [stdout] test a_type_conflict_converges_rather_than_repeating_every_pass ... ok
[INFO] [stdout] test a_symlink_at_the_temporary_path_is_not_written_through ... ok
[INFO] [stdout] test a_symlinked_directory_is_replaced_when_deletions_are_allowed ... ok
[INFO] [stdout] test a_symlink_pointing_outside_the_tree_is_copied_as_a_link_not_followed ... ok
[INFO] [stdout] test a_symlinked_directory_on_the_target_does_not_let_a_write_escape ... ok
[INFO] [stdout] test a_transfer_recovers_once_the_obstruction_is_gone ... ok
[INFO] [stdout] test a_named_pipe_in_the_source_does_not_stall_the_sync ... ok
[INFO] [stdout] test a_target_directory_that_cannot_be_opened_is_reported_rather_than_forced ... ok
[INFO] [stdout] test an_unreadable_source_directory_is_an_error_not_an_empty_tree ... FAILED
[INFO] [stdout] test an_unreadable_source_file_fails_only_its_own_action ... FAILED
[INFO] [stdout] 
[INFO] [stdout] failures:
[INFO] [stdout] 
[INFO] [stdout] ---- an_unreadable_source_directory_is_an_error_not_an_empty_tree stdout ----
[INFO] [stdout] 
[INFO] [stdout] thread 'an_unreadable_source_directory_is_an_error_not_an_empty_tree' (1966) panicked at tests/hostile.rs:148:5:
[INFO] [stdout] an unreadable directory must fail the walk, not read as empty
[INFO] [stdout] stack backtrace:
[INFO] [stdout]    0:     0x61f1fa746eb1 - std[70759c8f55707aa4]::backtrace_rs::backtrace::libunwind::trace
[INFO] [stdout]                                at /rustc/dfb0accb7f508ae8be965d8629557221c889dd98/library/std/src/../../backtrace/src/backtrace/libunwind.rs:117:9
[INFO] [stdout]    1:     0x61f1fa746eb1 - std[70759c8f55707aa4]::backtrace_rs::backtrace::trace_unsynchronized::<std[70759c8f55707aa4]::sys::backtrace::_print_fmt::{closure#1}>
[INFO] [stdout]                                at /rustc/dfb0accb7f508ae8be965d8629557221c889dd98/library/std/src/../../backtrace/src/backtrace/mod.rs:66:14
[INFO] [stdout]    2:     0x61f1fa746eb1 - std[70759c8f55707aa4]::sys::backtrace::_print_fmt
[INFO] [stdout]                                at /rustc/dfb0accb7f508ae8be965d8629557221c889dd98/library/std/src/sys/backtrace.rs:74:9
[INFO] [stdout]    3:     0x61f1fa746eb1 - <<std[70759c8f55707aa4]::sys::backtrace::BacktraceLock>::print::DisplayBacktrace as core[df12db4294e9bfd3]::fmt::Display>::fmt
[INFO] [stdout]                                at /rustc/dfb0accb7f508ae8be965d8629557221c889dd98/library/std/src/sys/backtrace.rs:44:26
[INFO] [stdout]    4:     0x61f1fa75c26a - <core[df12db4294e9bfd3]::fmt::rt::Argument>::fmt
[INFO] [stdout]                                at /rustc/dfb0accb7f508ae8be965d8629557221c889dd98/library/core/src/fmt/rt.rs:152:76
[INFO] [stdout]    5:     0x61f1fa75c26a - core[df12db4294e9bfd3]::fmt::write
[INFO] [stdout]    6:     0x61f1fa74b8fc - core[df12db4294e9bfd3]::io::write::default_write_fmt::<alloc[2182bb758b4b3781]::vec::Vec<u8>>
[INFO] [stdout]                                at /rustc/dfb0accb7f508ae8be965d8629557221c889dd98/library/core/src/io/write.rs:402:11
[INFO] [stdout]    7:     0x61f1fa74b8fc - <alloc[2182bb758b4b3781]::vec::Vec<u8> as core[df12db4294e9bfd3]::io::write::Write>::write_fmt
[INFO] [stdout]                                at /rustc/dfb0accb7f508ae8be965d8629557221c889dd98/library/core/src/io/write.rs:335:13
[INFO] [stdout]    8:     0x61f1fa71f526 - <std[70759c8f55707aa4]::sys::backtrace::BacktraceLock>::print
[INFO] [stdout]                                at /rustc/dfb0accb7f508ae8be965d8629557221c889dd98/library/std/src/sys/backtrace.rs:47:9
[INFO] [stdout]    9:     0x61f1fa71f526 - std[70759c8f55707aa4]::panicking::default_hook::{closure#0}
[INFO] [stdout]                                at /rustc/dfb0accb7f508ae8be965d8629557221c889dd98/library/std/src/panicking.rs:292:27
[INFO] [stdout]   10:     0x61f1fa73d4c9 - std[70759c8f55707aa4]::panicking::default_hook
[INFO] [stdout]                                at /rustc/dfb0accb7f508ae8be965d8629557221c889dd98/library/std/src/panicking.rs:316:9
[INFO] [stdout]   11:     0x61f1fa559f90 - <alloc[2182bb758b4b3781]::boxed::Box<dyn for<'a, 'b> core[df12db4294e9bfd3]::ops::function::Fn<(&'a std[70759c8f55707aa4]::panic::PanicHookInfo<'b>,), Output = ()> + core[df12db4294e9bfd3]::marker::Send + core[df12db4294e9bfd3]::marker::Sync> as core[df12db4294e9bfd3]::ops::function::Fn<(&std[70759c8f55707aa4]::panic::PanicHookInfo,)>>::call
[INFO] [stdout]                                at /rustc/dfb0accb7f508ae8be965d8629557221c889dd98/library/alloc/src/boxed.rs:2334:9
[INFO] [stdout]   12:     0x61f1fa559f90 - test[9d35eded1c95d3be]::test_main_inner::<test[9d35eded1c95d3be]::test_main_static::{closure#0}>::{closure#0}
[INFO] [stdout]                                at /rustc/dfb0accb7f508ae8be965d8629557221c889dd98/library/test/src/lib.rs:155:21
[INFO] [stdout]   13:     0x61f1fa73d7f2 - <alloc[2182bb758b4b3781]::boxed::Box<dyn for<'a, 'b> core[df12db4294e9bfd3]::ops::function::Fn<(&'a std[70759c8f55707aa4]::panic::PanicHookInfo<'b>,), Output = ()> + core[df12db4294e9bfd3]::marker::Send + core[df12db4294e9bfd3]::marker::Sync> as core[df12db4294e9bfd3]::ops::function::Fn<(&std[70759c8f55707aa4]::panic::PanicHookInfo,)>>::call
[INFO] [stdout]                                at /rustc/dfb0accb7f508ae8be965d8629557221c889dd98/library/alloc/src/boxed.rs:2334:9
[INFO] [stdout]   14:     0x61f1fa73d7f2 - std[70759c8f55707aa4]::panicking::panic_with_hook
[INFO] [stdout]                                at /rustc/dfb0accb7f508ae8be965d8629557221c889dd98/library/std/src/panicking.rs:823:13
[INFO] [stdout]   15:     0x61f1fa71f604 - std[70759c8f55707aa4]::panicking::panic_handler::{closure#0}
[INFO] [stdout]                                at /rustc/dfb0accb7f508ae8be965d8629557221c889dd98/library/std/src/panicking.rs:681:13
[INFO] [stdout]   16:     0x61f1fa717dd9 - std[70759c8f55707aa4]::sys::backtrace::__rust_end_short_backtrace::<std[70759c8f55707aa4]::panicking::panic_handler::{closure#0}, !>
[INFO] [stdout]                                at /rustc/dfb0accb7f508ae8be965d8629557221c889dd98/library/std/src/sys/backtrace.rs:182:18
[INFO] [stdout]   17:     0x61f1fa7204dd - __rustc[8fa7c3cbc660c2b3]::rust_begin_unwind
[INFO] [stdout]                                at /rustc/dfb0accb7f508ae8be965d8629557221c889dd98/library/std/src/panicking.rs:679:5
[INFO] [stdout]   18:     0x61f1fa75ca8c - core[df12db4294e9bfd3]::panicking::panic_fmt
[INFO] [stdout]                                at /rustc/dfb0accb7f508ae8be965d8629557221c889dd98/library/core/src/panicking.rs:80:14
[INFO] [stdout]   19:     0x61f1fa53f883 - hostile[788a2b617b49676a]::an_unreadable_source_directory_is_an_error_not_an_empty_tree::{closure#0}
[INFO] [stdout]                                at /opt/rustwide/workdir/tests/hostile.rs:148:5
[INFO] [stdout]   20:     0x61f1fa54cbb2 - <core[df12db4294e9bfd3]::pin::Pin<&mut dyn core[df12db4294e9bfd3]::future::future::Future<Output = ()>> as core[df12db4294e9bfd3]::future::future::Future>::poll
[INFO] [stdout]                                at /rustc/dfb0accb7f508ae8be965d8629557221c889dd98/library/core/src/future/future.rs:133:9
[INFO] [stdout]   21:     0x61f1fa54cc2d - <core[df12db4294e9bfd3]::pin::Pin<&mut core[df12db4294e9bfd3]::pin::Pin<&mut dyn core[df12db4294e9bfd3]::future::future::Future<Output = ()>>> as core[df12db4294e9bfd3]::future::future::Future>::poll
[INFO] [stdout]                                at /rustc/dfb0accb7f508ae8be965d8629557221c889dd98/library/core/src/future/future.rs:133:9
[INFO] [stdout]   22:     0x61f1fa535dfd - <tokio[313cc2df9149c20d]::runtime::scheduler::current_thread::CoreGuard>::block_on::<core[df12db4294e9bfd3]::pin::Pin<&mut core[df12db4294e9bfd3]::pin::Pin<&mut dyn core[df12db4294e9bfd3]::future::future::Future<Output = ()>>>>::{closure#0}::{closure#0}::{closure#0}
[INFO] [stdout]                                at /opt/rustwide/cargo-home/registry/src/index.crates.io-1949cf8c6b5b557f/tokio-1.53.1/src/runtime/scheduler/current_thread/mod.rs:830:70
[INFO] [stdout]   23:     0x61f1fa535d35 - tokio[313cc2df9149c20d]::task::coop::with_budget::<core[df12db4294e9bfd3]::task::poll::Poll<()>, <tokio[313cc2df9149c20d]::runtime::scheduler::current_thread::CoreGuard>::block_on<core[df12db4294e9bfd3]::pin::Pin<&mut core[df12db4294e9bfd3]::pin::Pin<&mut dyn core[df12db4294e9bfd3]::future::future::Future<Output = ()>>>>::{closure#0}::{closure#0}::{closure#0}>
[INFO] [stdout]                                at /opt/rustwide/cargo-home/registry/src/index.crates.io-1949cf8c6b5b557f/tokio-1.53.1/src/task/coop/mod.rs:167:5
[INFO] [stdout]   24:     0x61f1fa535d35 - tokio[313cc2df9149c20d]::task::coop::budget::<core[df12db4294e9bfd3]::task::poll::Poll<()>, <tokio[313cc2df9149c20d]::runtime::scheduler::current_thread::CoreGuard>::block_on<core[df12db4294e9bfd3]::pin::Pin<&mut core[df12db4294e9bfd3]::pin::Pin<&mut dyn core[df12db4294e9bfd3]::future::future::Future<Output = ()>>>>::{closure#0}::{closure#0}::{closure#0}>
[INFO] [stdout]                                at /opt/rustwide/cargo-home/registry/src/index.crates.io-1949cf8c6b5b557f/tokio-1.53.1/src/task/coop/mod.rs:133:5
[INFO] [stdout]   25:     0x61f1fa535d35 - <tokio[313cc2df9149c20d]::runtime::scheduler::current_thread::CoreGuard>::block_on::<core[df12db4294e9bfd3]::pin::Pin<&mut core[df12db4294e9bfd3]::pin::Pin<&mut dyn core[df12db4294e9bfd3]::future::future::Future<Output = ()>>>>::{closure#0}::{closure#0}
[INFO] [stdout]                                at /opt/rustwide/cargo-home/registry/src/index.crates.io-1949cf8c6b5b557f/tokio-1.53.1/src/runtime/scheduler/current_thread/mod.rs:830:25
[INFO] [stdout]   26:     0x61f1fa52e9b2 - <tokio[313cc2df9149c20d]::runtime::scheduler::current_thread::Context>::enter::<core[df12db4294e9bfd3]::task::poll::Poll<()>, <tokio[313cc2df9149c20d]::runtime::scheduler::current_thread::CoreGuard>::block_on<core[df12db4294e9bfd3]::pin::Pin<&mut core[df12db4294e9bfd3]::pin::Pin<&mut dyn core[df12db4294e9bfd3]::future::future::Future<Output = ()>>>>::{closure#0}::{closure#0}>
[INFO] [stdout]                                at /opt/rustwide/cargo-home/registry/src/index.crates.io-1949cf8c6b5b557f/tokio-1.53.1/src/runtime/scheduler/current_thread/mod.rs:488:19
[INFO] [stdout]   27:     0x61f1fa534aed - <tokio[313cc2df9149c20d]::runtime::scheduler::current_thread::CoreGuard>::block_on::<core[df12db4294e9bfd3]::pin::Pin<&mut core[df12db4294e9bfd3]::pin::Pin<&mut dyn core[df12db4294e9bfd3]::future::future::Future<Output = ()>>>>::{closure#0}
[INFO] [stdout]                                at /opt/rustwide/cargo-home/registry/src/index.crates.io-1949cf8c6b5b557f/tokio-1.53.1/src/runtime/scheduler/current_thread/mod.rs:829:44
[INFO] [stdout]   28:     0x61f1fa533d84 - <tokio[313cc2df9149c20d]::runtime::scheduler::current_thread::CoreGuard>::enter::<<tokio[313cc2df9149c20d]::runtime::scheduler::current_thread::CoreGuard>::block_on<core[df12db4294e9bfd3]::pin::Pin<&mut core[df12db4294e9bfd3]::pin::Pin<&mut dyn core[df12db4294e9bfd3]::future::future::Future<Output = ()>>>>::{closure#0}, core[df12db4294e9bfd3]::option::Option<()>>::{closure#0}
[INFO] [stdout]                                at /opt/rustwide/cargo-home/registry/src/index.crates.io-1949cf8c6b5b557f/tokio-1.53.1/src/runtime/scheduler/current_thread/mod.rs:906:68
[INFO] [stdout]   29:     0x61f1fa5479ab - <tokio[313cc2df9149c20d]::runtime::context::scoped::Scoped<tokio[313cc2df9149c20d]::runtime::scheduler::Context>>::set::<<tokio[313cc2df9149c20d]::runtime::scheduler::current_thread::CoreGuard>::enter<<tokio[313cc2df9149c20d]::runtime::scheduler::current_thread::CoreGuard>::block_on<core[df12db4294e9bfd3]::pin::Pin<&mut core[df12db4294e9bfd3]::pin::Pin<&mut dyn core[df12db4294e9bfd3]::future::future::Future<Output = ()>>>>::{closure#0}, core[df12db4294e9bfd3]::option::Option<()>>::{closure#0}, (alloc[2182bb758b4b3781]::boxed::Box<tokio[313cc2df9149c20d]::runtime::scheduler::current_thread::Core>, core[df12db4294e9bfd3]::option::Option<()>)>
[INFO] [stdout]                                at /opt/rustwide/cargo-home/registry/src/index.crates.io-1949cf8c6b5b557f/tokio-1.53.1/src/runtime/context/scoped.rs:40:9
[INFO] [stdout]   30:     0x61f1fa549a49 - tokio[313cc2df9149c20d]::runtime::context::set_scheduler::<(alloc[2182bb758b4b3781]::boxed::Box<tokio[313cc2df9149c20d]::runtime::scheduler::current_thread::Core>, core[df12db4294e9bfd3]::option::Option<()>), <tokio[313cc2df9149c20d]::runtime::scheduler::current_thread::CoreGuard>::enter<<tokio[313cc2df9149c20d]::runtime::scheduler::current_thread::CoreGuard>::block_on<core[df12db4294e9bfd3]::pin::Pin<&mut core[df12db4294e9bfd3]::pin::Pin<&mut dyn core[df12db4294e9bfd3]::future::future::Future<Output = ()>>>>::{closure#0}, core[df12db4294e9bfd3]::option::Option<()>>::{closure#0}>::{closure#0}
[INFO] [stdout]                                at /opt/rustwide/cargo-home/registry/src/index.crates.io-1949cf8c6b5b557f/tokio-1.53.1/src/runtime/context.rs:187:38
[INFO] [stdout]   31:     0x61f1fa52fd2f - <std[70759c8f55707aa4]::thread::local::LocalKey<tokio[313cc2df9149c20d]::runtime::context::Context>>::try_with::<tokio[313cc2df9149c20d]::runtime::context::set_scheduler<(alloc[2182bb758b4b3781]::boxed::Box<tokio[313cc2df9149c20d]::runtime::scheduler::current_thread::Core>, core[df12db4294e9bfd3]::option::Option<()>), <tokio[313cc2df9149c20d]::runtime::scheduler::current_thread::CoreGuard>::enter<<tokio[313cc2df9149c20d]::runtime::scheduler::current_thread::CoreGuard>::block_on<core[df12db4294e9bfd3]::pin::Pin<&mut core[df12db4294e9bfd3]::pin::Pin<&mut dyn core[df12db4294e9bfd3]::future::future::Future<Output = ()>>>>::{closure#0}, core[df12db4294e9bfd3]::option::Option<()>>::{closure#0}>::{closure#0}, (alloc[2182bb758b4b3781]::boxed::Box<tokio[313cc2df9149c20d]::runtime::scheduler::current_thread::Core>, core[df12db4294e9bfd3]::option::Option<()>)>
[INFO] [stdout]                                at /rustc/dfb0accb7f508ae8be965d8629557221c889dd98/library/std/src/thread/local.rs:463:12
[INFO] [stdout]   32:     0x61f1fa52f8de - <std[70759c8f55707aa4]::thread::local::LocalKey<tokio[313cc2df9149c20d]::runtime::context::Context>>::with::<tokio[313cc2df9149c20d]::runtime::context::set_scheduler<(alloc[2182bb758b4b3781]::boxed::Box<tokio[313cc2df9149c20d]::runtime::scheduler::current_thread::Core>, core[df12db4294e9bfd3]::option::Option<()>), <tokio[313cc2df9149c20d]::runtime::scheduler::current_thread::CoreGuard>::enter<<tokio[313cc2df9149c20d]::runtime::scheduler::current_thread::CoreGuard>::block_on<core[df12db4294e9bfd3]::pin::Pin<&mut core[df12db4294e9bfd3]::pin::Pin<&mut dyn core[df12db4294e9bfd3]::future::future::Future<Output = ()>>>>::{closure#0}, core[df12db4294e9bfd3]::option::Option<()>>::{closure#0}>::{closure#0}, (alloc[2182bb758b4b3781]::boxed::Box<tokio[313cc2df9149c20d]::runtime::scheduler::current_thread::Core>, core[df12db4294e9bfd3]::option::Option<()>)>
[INFO] [stdout]                                at /rustc/dfb0accb7f508ae8be965d8629557221c889dd98/library/std/src/thread/local.rs:427:20
[INFO] [stdout]   33:     0x61f1fa5489dd - tokio[313cc2df9149c20d]::runtime::context::set_scheduler::<(alloc[2182bb758b4b3781]::boxed::Box<tokio[313cc2df9149c20d]::runtime::scheduler::current_thread::Core>, core[df12db4294e9bfd3]::option::Option<()>), <tokio[313cc2df9149c20d]::runtime::scheduler::current_thread::CoreGuard>::enter<<tokio[313cc2df9149c20d]::runtime::scheduler::current_thread::CoreGuard>::block_on<core[df12db4294e9bfd3]::pin::Pin<&mut core[df12db4294e9bfd3]::pin::Pin<&mut dyn core[df12db4294e9bfd3]::future::future::Future<Output = ()>>>>::{closure#0}, core[df12db4294e9bfd3]::option::Option<()>>::{closure#0}>
[INFO] [stdout]                                at /opt/rustwide/cargo-home/registry/src/index.crates.io-1949cf8c6b5b557f/tokio-1.53.1/src/runtime/context.rs:187:17
[INFO] [stdout]   34:     0x61f1fa530c30 - <tokio[313cc2df9149c20d]::runtime::scheduler::current_thread::CoreGuard>::enter::<<tokio[313cc2df9149c20d]::runtime::scheduler::current_thread::CoreGuard>::block_on<core[df12db4294e9bfd3]::pin::Pin<&mut core[df12db4294e9bfd3]::pin::Pin<&mut dyn core[df12db4294e9bfd3]::future::future::Future<Output = ()>>>>::{closure#0}, core[df12db4294e9bfd3]::option::Option<()>>
[INFO] [stdout]                                at /opt/rustwide/cargo-home/registry/src/index.crates.io-1949cf8c6b5b557f/tokio-1.53.1/src/runtime/scheduler/current_thread/mod.rs:906:27
[INFO] [stdout]   35:     0x61f1fa530f26 - <tokio[313cc2df9149c20d]::runtime::scheduler::current_thread::CoreGuard>::block_on::<core[df12db4294e9bfd3]::pin::Pin<&mut core[df12db4294e9bfd3]::pin::Pin<&mut dyn core[df12db4294e9bfd3]::future::future::Future<Output = ()>>>>
[INFO] [stdout]                                at /opt/rustwide/cargo-home/registry/src/index.crates.io-1949cf8c6b5b557f/tokio-1.53.1/src/runtime/scheduler/current_thread/mod.rs:817:24
[INFO] [stdout]   36:     0x61f1fa533b30 - <tokio[313cc2df9149c20d]::runtime::scheduler::current_thread::CurrentThread>::block_on::<core[df12db4294e9bfd3]::pin::Pin<&mut dyn core[df12db4294e9bfd3]::future::future::Future<Output = ()>>>::{closure#0}
[INFO] [stdout]                                at /opt/rustwide/cargo-home/registry/src/index.crates.io-1949cf8c6b5b557f/tokio-1.53.1/src/runtime/scheduler/current_thread/mod.rs:218:33
[INFO] [stdout]   37:     0x61f1fa5331c8 - tokio[313cc2df9149c20d]::runtime::context::runtime::enter_runtime::<<tokio[313cc2df9149c20d]::runtime::scheduler::current_thread::CurrentThread>::block_on<core[df12db4294e9bfd3]::pin::Pin<&mut dyn core[df12db4294e9bfd3]::future::future::Future<Output = ()>>>::{closure#0}, ()>
[INFO] [stdout]                                at /opt/rustwide/cargo-home/registry/src/index.crates.io-1949cf8c6b5b557f/tokio-1.53.1/src/runtime/context/runtime.rs:65:16
[INFO] [stdout]   38:     0x61f1fa52e574 - <tokio[313cc2df9149c20d]::runtime::scheduler::current_thread::CurrentThread>::block_on::<core[df12db4294e9bfd3]::pin::Pin<&mut dyn core[df12db4294e9bfd3]::future::future::Future<Output = ()>>>
[INFO] [stdout]                                at /opt/rustwide/cargo-home/registry/src/index.crates.io-1949cf8c6b5b557f/tokio-1.53.1/src/runtime/scheduler/current_thread/mod.rs:206:9
[INFO] [stdout]   39:     0x61f1fa52e1af - <tokio[313cc2df9149c20d]::runtime::runtime::Runtime>::block_on_inner::<core[df12db4294e9bfd3]::pin::Pin<&mut dyn core[df12db4294e9bfd3]::future::future::Future<Output = ()>>>
[INFO] [stdout]                                at /opt/rustwide/cargo-home/registry/src/index.crates.io-1949cf8c6b5b557f/tokio-1.53.1/src/runtime/runtime.rs:374:52
[INFO] [stdout]   40:     0x61f1fa52e2fb - <tokio[313cc2df9149c20d]::runtime::runtime::Runtime>::block_on::<core[df12db4294e9bfd3]::pin::Pin<&mut dyn core[df12db4294e9bfd3]::future::future::Future<Output = ()>>>
[INFO] [stdout]                                at /opt/rustwide/cargo-home/registry/src/index.crates.io-1949cf8c6b5b557f/tokio-1.53.1/src/runtime/runtime.rs:343:18
[INFO] [stdout]   41:     0x61f1fa5463b9 - hostile[788a2b617b49676a]::an_unreadable_source_directory_is_an_error_not_an_empty_tree
[INFO] [stdout]                                at /opt/rustwide/workdir/tests/hostile.rs:155:6
[INFO] [stdout]   42:     0x61f1fa537a27 - hostile[788a2b617b49676a]::an_unreadable_source_directory_is_an_error_not_an_empty_tree::{closure#0}
[INFO] [stdout]                                at /opt/rustwide/workdir/tests/hostile.rs:136:72
[INFO] [stdout]   43:     0x61f1fa537296 - <hostile[788a2b617b49676a]::an_unreadable_source_directory_is_an_error_not_an_empty_tree::{closure#0} as core[df12db4294e9bfd3]::ops::function::FnOnce<()>>::call_once
[INFO] [stdout]                                at /rustc/dfb0accb7f508ae8be965d8629557221c889dd98/library/core/src/ops/function.rs:250:5
[INFO] [stdout]   44:     0x61f1fa54d27b - <fn() -> core[df12db4294e9bfd3]::result::Result<(), alloc[2182bb758b4b3781]::string::String> as core[df12db4294e9bfd3]::ops::function::FnOnce<()>>::call_once
[INFO] [stdout]                                at /rustc/dfb0accb7f508ae8be965d8629557221c889dd98/library/core/src/ops/function.rs:250:5
[INFO] [stdout]   45:     0x61f1fa54d27b - test[9d35eded1c95d3be]::__rust_begin_short_backtrace::<core[df12db4294e9bfd3]::result::Result<(), alloc[2182bb758b4b3781]::string::String>, fn() -> core[df12db4294e9bfd3]::result::Result<(), alloc[2182bb758b4b3781]::string::String>>
[INFO] [stdout]                                at /rustc/dfb0accb7f508ae8be965d8629557221c889dd98/library/test/src/lib.rs:733:18
[INFO] [stdout]   46:     0x61f1fa55a8e5 - test[9d35eded1c95d3be]::run_test_in_process::{closure#0}
[INFO] [stdout]                                at /rustc/dfb0accb7f508ae8be965d8629557221c889dd98/library/test/src/lib.rs:756:74
[INFO] [stdout]   47:     0x61f1fa55a8e5 - <core[df12db4294e9bfd3]::panic::unwind_safe::AssertUnwindSafe<test[9d35eded1c95d3be]::run_test_in_process::{closure#0}> as core[df12db4294e9bfd3]::ops::function::FnOnce<()>>::call_once
[INFO] [stdout]                                at /rustc/dfb0accb7f508ae8be965d8629557221c889dd98/library/core/src/panic/unwind_safe.rs:275:9
[INFO] [stdout]   48:     0x61f1fa55a8e5 - std[70759c8f55707aa4]::panicking::catch_unwind::do_call::<core[df12db4294e9bfd3]::panic::unwind_safe::AssertUnwindSafe<test[9d35eded1c95d3be]::run_test_in_process::{closure#0}>, core[df12db4294e9bfd3]::result::Result<(), alloc[2182bb758b4b3781]::string::String>>
[INFO] [stdout]                                at /rustc/dfb0accb7f508ae8be965d8629557221c889dd98/library/std/src/panicking.rs:576:43
[INFO] [stdout]   49:     0x61f1fa55a8e5 - std[70759c8f55707aa4]::panicking::catch_unwind::<core[df12db4294e9bfd3]::result::Result<(), alloc[2182bb758b4b3781]::string::String>, core[df12db4294e9bfd3]::panic::unwind_safe::AssertUnwindSafe<test[9d35eded1c95d3be]::run_test_in_process::{closure#0}>>
[INFO] [stdout]                                at /rustc/dfb0accb7f508ae8be965d8629557221c889dd98/library/std/src/panicking.rs:544:19
[INFO] [stdout]   50:     0x61f1fa55a8e5 - std[70759c8f55707aa4]::panic::catch_unwind::<core[df12db4294e9bfd3]::panic::unwind_safe::AssertUnwindSafe<test[9d35eded1c95d3be]::run_test_in_process::{closure#0}>, core[df12db4294e9bfd3]::result::Result<(), alloc[2182bb758b4b3781]::string::String>>
[INFO] [stdout]                                at /rustc/dfb0accb7f508ae8be965d8629557221c889dd98/library/std/src/panic.rs:359:14
[INFO] [stdout]   51:     0x61f1fa55a8e5 - test[9d35eded1c95d3be]::run_test_in_process
[INFO] [stdout]                                at /rustc/dfb0accb7f508ae8be965d8629557221c889dd98/library/test/src/lib.rs:756:27
[INFO] [stdout]   52:     0x61f1fa55a8e5 - test[9d35eded1c95d3be]::run_test::{closure#0}
[INFO] [stdout]                                at /rustc/dfb0accb7f508ae8be965d8629557221c889dd98/library/test/src/lib.rs:677:43
[INFO] [stdout]   53:     0x61f1fa5541a4 - test[9d35eded1c95d3be]::run_test::{closure#1}
[INFO] [stdout]                                at /rustc/dfb0accb7f508ae8be965d8629557221c889dd98/library/test/src/lib.rs:707:41
[INFO] [stdout]   54:     0x61f1fa5541a4 - std[70759c8f55707aa4]::sys::backtrace::__rust_begin_short_backtrace::<test[9d35eded1c95d3be]::run_test::{closure#1}, ()>
[INFO] [stdout]                                at /rustc/dfb0accb7f508ae8be965d8629557221c889dd98/library/std/src/sys/backtrace.rs:166:18
[INFO] [stdout]   55:     0x61f1fa55da42 - std[70759c8f55707aa4]::thread::lifecycle::spawn_unchecked::<test[9d35eded1c95d3be]::run_test::{closure#1}, ()>::{closure#1}::{closure#0}
[INFO] [stdout]                                at /rustc/dfb0accb7f508ae8be965d8629557221c889dd98/library/std/src/thread/lifecycle.rs:70:13
[INFO] [stdout]   56:     0x61f1fa55da42 - <core[df12db4294e9bfd3]::panic::unwind_safe::AssertUnwindSafe<std[70759c8f55707aa4]::thread::lifecycle::spawn_unchecked<test[9d35eded1c95d3be]::run_test::{closure#1}, ()>::{closure#1}::{closure#0}> as core[df12db4294e9bfd3]::ops::function::FnOnce<()>>::call_once
[INFO] [stdout]                                at /rustc/dfb0accb7f508ae8be965d8629557221c889dd98/library/core/src/panic/unwind_safe.rs:275:9
[INFO] [stdout]   57:     0x61f1fa55da42 - std[70759c8f55707aa4]::panicking::catch_unwind::do_call::<core[df12db4294e9bfd3]::panic::unwind_safe::AssertUnwindSafe<std[70759c8f55707aa4]::thread::lifecycle::spawn_unchecked<test[9d35eded1c95d3be]::run_test::{closure#1}, ()>::{closure#1}::{closure#0}>, ()>
[INFO] [stdout]                                at /rustc/dfb0accb7f508ae8be965d8629557221c889dd98/library/std/src/panicking.rs:576:43
[INFO] [stdout]   58:     0x61f1fa55da42 - std[70759c8f55707aa4]::panicking::catch_unwind::<(), core[df12db4294e9bfd3]::panic::unwind_safe::AssertUnwindSafe<std[70759c8f55707aa4]::thread::lifecycle::spawn_unchecked<test[9d35eded1c95d3be]::run_test::{closure#1}, ()>::{closure#1}::{closure#0}>>
[INFO] [stdout]                                at /rustc/dfb0accb7f508ae8be965d8629557221c889dd98/library/std/src/panicking.rs:544:19
[INFO] [stdout]   59:     0x61f1fa55da42 - std[70759c8f55707aa4]::panic::catch_unwind::<core[df12db4294e9bfd3]::panic::unwind_safe::AssertUnwindSafe<std[70759c8f55707aa4]::thread::lifecycle::spawn_unchecked<test[9d35eded1c95d3be]::run_test::{closure#1}, ()>::{closure#1}::{closure#0}>, ()>
[INFO] [stdout]                                at /rustc/dfb0accb7f508ae8be965d8629557221c889dd98/library/std/src/panic.rs:359:14
[INFO] [stdout]   60:     0x61f1fa55da42 - std[70759c8f55707aa4]::thread::lifecycle::spawn_unchecked::<test[9d35eded1c95d3be]::run_test::{closure#1}, ()>::{closure#1}
[INFO] [stdout]                                at /rustc/dfb0accb7f508ae8be965d8629557221c889dd98/library/std/src/thread/lifecycle.rs:68:26
[INFO] [stdout]   61:     0x61f1fa55da42 - <std[70759c8f55707aa4]::thread::lifecycle::spawn_unchecked<test[9d35eded1c95d3be]::run_test::{closure#1}, ()>::{closure#1} as core[df12db4294e9bfd3]::ops::function::FnOnce<()>>::call_once::{shim:vtable#0}
[INFO] [stdout]                                at /rustc/dfb0accb7f508ae8be965d8629557221c889dd98/library/core/src/ops/function.rs:250:5
[INFO] [stdout]   62:     0x61f1fa746129 - <alloc[2182bb758b4b3781]::boxed::Box<dyn core[df12db4294e9bfd3]::ops::function::FnOnce<(), Output = ()> + core[df12db4294e9bfd3]::marker::Send> as core[df12db4294e9bfd3]::ops::function::FnOnce<()>>::call_once
[INFO] [stdout]                                at /rustc/dfb0accb7f508ae8be965d8629557221c889dd98/library/alloc/src/boxed.rs:2320:9
[INFO] [stdout]   63:     0x61f1fa746129 - <std[70759c8f55707aa4]::sys::thread::unix::Thread>::new::thread_start
[INFO] [stdout]                                at /rustc/dfb0accb7f508ae8be965d8629557221c889dd98/library/std/src/sys/thread/unix.rs:123:17
[INFO] [stdout]   64:     0x770c4e09ddfa - <unknown>
[INFO] [stdout]   65:     0x770c4e1313d4 - clone
[INFO] [stdout]   66:                0x0 - <unknown>
[INFO] [stdout] 
[INFO] [stdout] ---- an_unreadable_source_file_fails_only_its_own_action stdout ----
[INFO] [stdout] 
[INFO] [stdout] thread 'an_unreadable_source_file_fails_only_its_own_action' (1969) panicked at tests/hostile.rs:113:5:
[INFO] [stdout] assertion `left == right` failed: exactly the unreadable file should fail; got []
[INFO] [stdout]   left: 0
[INFO] [stdout]  right: 1
[INFO] [stdout] stack backtrace:
[INFO] [stdout]    0:     0x61f1fa746eb1 - std[70759c8f55707aa4]::backtrace_rs::backtrace::libunwind::trace
[INFO] [stdout]                                at /rustc/dfb0accb7f508ae8be965d8629557221c889dd98/library/std/src/../../backtrace/src/backtrace/libunwind.rs:117:9
[INFO] [stdout]    1:     0x61f1fa746eb1 - std[70759c8f55707aa4]::backtrace_rs::backtrace::trace_unsynchronized::<std[70759c8f55707aa4]::sys::backtrace::_print_fmt::{closure#1}>
[INFO] [stdout]                                at /rustc/dfb0accb7f508ae8be965d8629557221c889dd98/library/std/src/../../backtrace/src/backtrace/mod.rs:66:14
[INFO] [stdout]    2:     0x61f1fa746eb1 - std[70759c8f55707aa4]::sys::backtrace::_print_fmt
[INFO] [stdout]                                at /rustc/dfb0accb7f508ae8be965d8629557221c889dd98/library/std/src/sys/backtrace.rs:74:9
[INFO] [stdout]    3:     0x61f1fa746eb1 - <<std[70759c8f55707aa4]::sys::backtrace::BacktraceLock>::print::DisplayBacktrace as core[df12db4294e9bfd3]::fmt::Display>::fmt
[INFO] [stdout]                                at /rustc/dfb0accb7f508ae8be965d8629557221c889dd98/library/std/src/sys/backtrace.rs:44:26
[INFO] [stdout]    4:     0x61f1fa75c26a - <core[df12db4294e9bfd3]::fmt::rt::Argument>::fmt
[INFO] [stdout]                                at /rustc/dfb0accb7f508ae8be965d8629557221c889dd98/library/core/src/fmt/rt.rs:152:76
[INFO] [stdout]    5:     0x61f1fa75c26a - core[df12db4294e9bfd3]::fmt::write
[INFO] [stdout]    6:     0x61f1fa74b8fc - core[df12db4294e9bfd3]::io::write::default_write_fmt::<alloc[2182bb758b4b3781]::vec::Vec<u8>>
[INFO] [stdout]                                at /rustc/dfb0accb7f508ae8be965d8629557221c889dd98/library/core/src/io/write.rs:402:11
[INFO] [stdout]    7:     0x61f1fa74b8fc - <alloc[2182bb758b4b3781]::vec::Vec<u8> as core[df12db4294e9bfd3]::io::write::Write>::write_fmt
[INFO] [stdout]                                at /rustc/dfb0accb7f508ae8be965d8629557221c889dd98/library/core/src/io/write.rs:335:13
[INFO] [stdout]    8:     0x61f1fa71f526 - <std[70759c8f55707aa4]::sys::backtrace::BacktraceLock>::print
[INFO] [stdout]                                at /rustc/dfb0accb7f508ae8be965d8629557221c889dd98/library/std/src/sys/backtrace.rs:47:9
[INFO] [stdout]    9:     0x61f1fa71f526 - std[70759c8f55707aa4]::panicking::default_hook::{closure#0}
[INFO] [stdout]                                at /rustc/dfb0accb7f508ae8be965d8629557221c889dd98/library/std/src/panicking.rs:292:27
[INFO] [stdout]   10:     0x61f1fa73d4c9 - std[70759c8f55707aa4]::panicking::default_hook
[INFO] [stdout]                                at /rustc/dfb0accb7f508ae8be965d8629557221c889dd98/library/std/src/panicking.rs:316:9
[INFO] [stdout]   11:     0x61f1fa559f90 - <alloc[2182bb758b4b3781]::boxed::Box<dyn for<'a, 'b> core[df12db4294e9bfd3]::ops::function::Fn<(&'a std[70759c8f55707aa4]::panic::PanicHookInfo<'b>,), Output = ()> + core[df12db4294e9bfd3]::marker::Send + core[df12db4294e9bfd3]::marker::Sync> as core[df12db4294e9bfd3]::ops::function::Fn<(&std[70759c8f55707aa4]::panic::PanicHookInfo,)>>::call
[INFO] [stdout]                                at /rustc/dfb0accb7f508ae8be965d8629557221c889dd98/library/alloc/src/boxed.rs:2334:9
[INFO] [stdout]   12:     0x61f1fa559f90 - test[9d35eded1c95d3be]::test_main_inner::<test[9d35eded1c95d3be]::test_main_static::{closure#0}>::{closure#0}
[INFO] [stdout]                                at /rustc/dfb0accb7f508ae8be965d8629557221c889dd98/library/test/src/lib.rs:155:21
[INFO] [stdout]   13:     0x61f1fa73d7f2 - <alloc[2182bb758b4b3781]::boxed::Box<dyn for<'a, 'b> core[df12db4294e9bfd3]::ops::function::Fn<(&'a std[70759c8f55707aa4]::panic::PanicHookInfo<'b>,), Output = ()> + core[df12db4294e9bfd3]::marker::Send + core[df12db4294e9bfd3]::marker::Sync> as core[df12db4294e9bfd3]::ops::function::Fn<(&std[70759c8f55707aa4]::panic::PanicHookInfo,)>>::call
[INFO] [stdout]                                at /rustc/dfb0accb7f508ae8be965d8629557221c889dd98/library/alloc/src/boxed.rs:2334:9
[INFO] [stdout]   14:     0x61f1fa73d7f2 - std[70759c8f55707aa4]::panicking::panic_with_hook
[INFO] [stdout]                                at /rustc/dfb0accb7f508ae8be965d8629557221c889dd98/library/std/src/panicking.rs:823:13
[INFO] [stdout]   15:     0x61f1fa71f5d2 - std[70759c8f55707aa4]::panicking::panic_handler::{closure#0}
[INFO] [stdout]                                at /rustc/dfb0accb7f508ae8be965d8629557221c889dd98/library/std/src/panicking.rs:688:13
[INFO] [stdout]   16:     0x61f1fa717dd9 - std[70759c8f55707aa4]::sys::backtrace::__rust_end_short_backtrace::<std[70759c8f55707aa4]::panicking::panic_handler::{closure#0}, !>
[INFO] [stdout]                                at /rustc/dfb0accb7f508ae8be965d8629557221c889dd98/library/std/src/sys/backtrace.rs:182:18
[INFO] [stdout]   17:     0x61f1fa7204dd - __rustc[8fa7c3cbc660c2b3]::rust_begin_unwind
[INFO] [stdout]                                at /rustc/dfb0accb7f508ae8be965d8629557221c889dd98/library/std/src/panicking.rs:679:5
[INFO] [stdout]   18:     0x61f1fa75ca8c - core[df12db4294e9bfd3]::panicking::panic_fmt
[INFO] [stdout]                                at /rustc/dfb0accb7f508ae8be965d8629557221c889dd98/library/core/src/panicking.rs:80:14
[INFO] [stdout]   19:     0x61f1fa75c983 - core[df12db4294e9bfd3]::panicking::assert_failed_inner
[INFO] [stdout]                                at /rustc/dfb0accb7f508ae8be965d8629557221c889dd98/library/core/src/panicking.rs:447:23
[INFO] [stdout]   20:     0x61f1fa758fed - core[df12db4294e9bfd3]::panicking::assert_failed::<usize, usize>
[INFO] [stdout]                                at /rustc/dfb0accb7f508ae8be965d8629557221c889dd98/library/core/src/panicking.rs:407:5
[INFO] [stdout]   21:     0x61f1fa53ab26 - hostile[788a2b617b49676a]::an_unreadable_source_file_fails_only_its_own_action::{closure#0}
[INFO] [stdout]                                at /opt/rustwide/workdir/tests/hostile.rs:113:5
[INFO] [stdout]   22:     0x61f1fa54cbb2 - <core[df12db4294e9bfd3]::pin::Pin<&mut dyn core[df12db4294e9bfd3]::future::future::Future<Output = ()>> as core[df12db4294e9bfd3]::future::future::Future>::poll
[INFO] [stdout]                                at /rustc/dfb0accb7f508ae8be965d8629557221c889dd98/library/core/src/future/future.rs:133:9
[INFO] [stdout]   23:     0x61f1fa54cc2d - <core[df12db4294e9bfd3]::pin::Pin<&mut core[df12db4294e9bfd3]::pin::Pin<&mut dyn core[df12db4294e9bfd3]::future::future::Future<Output = ()>>> as core[df12db4294e9bfd3]::future::future::Future>::poll
[INFO] [stdout]                                at /rustc/dfb0accb7f508ae8be965d8629557221c889dd98/library/core/src/future/future.rs:133:9
[INFO] [stdout]   24:     0x61f1fa535dfd - <tokio[313cc2df9149c20d]::runtime::scheduler::current_thread::CoreGuard>::block_on::<core[df12db4294e9bfd3]::pin::Pin<&mut core[df12db4294e9bfd3]::pin::Pin<&mut dyn core[df12db4294e9bfd3]::future::future::Future<Output = ()>>>>::{closure#0}::{closure#0}::{closure#0}
[INFO] [stdout]                                at /opt/rustwide/cargo-home/registry/src/index.crates.io-1949cf8c6b5b557f/tokio-1.53.1/src/runtime/scheduler/current_thread/mod.rs:830:70
[INFO] [stdout]   25:     0x61f1fa535d35 - tokio[313cc2df9149c20d]::task::coop::with_budget::<core[df12db4294e9bfd3]::task::poll::Poll<()>, <tokio[313cc2df9149c20d]::runtime::scheduler::current_thread::CoreGuard>::block_on<core[df12db4294e9bfd3]::pin::Pin<&mut core[df12db4294e9bfd3]::pin::Pin<&mut dyn core[df12db4294e9bfd3]::future::future::Future<Output = ()>>>>::{closure#0}::{closure#0}::{closure#0}>
[INFO] [stdout]                                at /opt/rustwide/cargo-home/registry/src/index.crates.io-1949cf8c6b5b557f/tokio-1.53.1/src/task/coop/mod.rs:167:5
[INFO] [stdout]   26:     0x61f1fa535d35 - tokio[313cc2df9149c20d]::task::coop::budget::<core[df12db4294e9bfd3]::task::poll::Poll<()>, <tokio[313cc2df9149c20d]::runtime::scheduler::current_thread::CoreGuard>::block_on<core[df12db4294e9bfd3]::pin::Pin<&mut core[df12db4294e9bfd3]::pin::Pin<&mut dyn core[df12db4294e9bfd3]::future::future::Future<Output = ()>>>>::{closure#0}::{closure#0}::{closure#0}>
[INFO] [stdout]                                at /opt/rustwide/cargo-home/registry/src/index.crates.io-1949cf8c6b5b557f/tokio-1.53.1/src/task/coop/mod.rs:133:5
[INFO] [stdout]   27:     0x61f1fa535d35 - <tokio[313cc2df9149c20d]::runtime::scheduler::current_thread::CoreGuard>::block_on::<core[df12db4294e9bfd3]::pin::Pin<&mut core[df12db4294e9bfd3]::pin::Pin<&mut dyn core[df12db4294e9bfd3]::future::future::Future<Output = ()>>>>::{closure#0}::{closure#0}
[INFO] [stdout]                                at /opt/rustwide/cargo-home/registry/src/index.crates.io-1949cf8c6b5b557f/tokio-1.53.1/src/runtime/scheduler/current_thread/mod.rs:830:25
[INFO] [stdout]   28:     0x61f1fa52e9b2 - <tokio[313cc2df9149c20d]::runtime::scheduler::current_thread::Context>::enter::<core[df12db4294e9bfd3]::task::poll::Poll<()>, <tokio[313cc2df9149c20d]::runtime::scheduler::current_thread::CoreGuard>::block_on<core[df12db4294e9bfd3]::pin::Pin<&mut core[df12db4294e9bfd3]::pin::Pin<&mut dyn core[df12db4294e9bfd3]::future::future::Future<Output = ()>>>>::{closure#0}::{closure#0}>
[INFO] [stdout]                                at /opt/rustwide/cargo-home/registry/src/index.crates.io-1949cf8c6b5b557f/tokio-1.53.1/src/runtime/scheduler/current_thread/mod.rs:488:19
[INFO] [stdout]   29:     0x61f1fa534aed - <tokio[313cc2df9149c20d]::runtime::scheduler::current_thread::CoreGuard>::block_on::<core[df12db4294e9bfd3]::pin::Pin<&mut core[df12db4294e9bfd3]::pin::Pin<&mut dyn core[df12db4294e9bfd3]::future::future::Future<Output = ()>>>>::{closure#0}
[INFO] [stdout]                                at /opt/rustwide/cargo-home/registry/src/index.crates.io-1949cf8c6b5b557f/tokio-1.53.1/src/runtime/scheduler/current_thread/mod.rs:829:44
[INFO] [stdout]   30:     0x61f1fa533d84 - <tokio[313cc2df9149c20d]::runtime::scheduler::current_thread::CoreGuard>::enter::<<tokio[313cc2df9149c20d]::runtime::scheduler::current_thread::CoreGuard>::block_on<core[df12db4294e9bfd3]::pin::Pin<&mut core[df12db4294e9bfd3]::pin::Pin<&mut dyn core[df12db4294e9bfd3]::future::future::Future<Output = ()>>>>::{closure#0}, core[df12db4294e9bfd3]::option::Option<()>>::{closure#0}
[INFO] [stdout]                                at /opt/rustwide/cargo-home/registry/src/index.crates.io-1949cf8c6b5b557f/tokio-1.53.1/src/runtime/scheduler/current_thread/mod.rs:906:68
[INFO] [stdout]   31:     0x61f1fa5479ab - <tokio[313cc2df9149c20d]::runtime::context::scoped::Scoped<tokio[313cc2df9149c20d]::runtime::scheduler::Context>>::set::<<tokio[313cc2df9149c20d]::runtime::scheduler::current_thread::CoreGuard>::enter<<tokio[313cc2df9149c20d]::runtime::scheduler::current_thread::CoreGuard>::block_on<core[df12db4294e9bfd3]::pin::Pin<&mut core[df12db4294e9bfd3]::pin::Pin<&mut dyn core[df12db4294e9bfd3]::future::future::Future<Output = ()>>>>::{closure#0}, core[df12db4294e9bfd3]::option::Option<()>>::{closure#0}, (alloc[2182bb758b4b3781]::boxed::Box<tokio[313cc2df9149c20d]::runtime::scheduler::current_thread::Core>, core[df12db4294e9bfd3]::option::Option<()>)>
[INFO] [stdout]                                at /opt/rustwide/cargo-home/registry/src/index.crates.io-1949cf8c6b5b557f/tokio-1.53.1/src/runtime/context/scoped.rs:40:9
[INFO] [stdout]   32:     0x61f1fa549a49 - tokio[313cc2df9149c20d]::runtime::context::set_scheduler::<(alloc[2182bb758b4b3781]::boxed::Box<tokio[313cc2df9149c20d]::runtime::scheduler::current_thread::Core>, core[df12db4294e9bfd3]::option::Option<()>), <tokio[313cc2df9149c20d]::runtime::scheduler::current_thread::CoreGuard>::enter<<tokio[313cc2df9149c20d]::runtime::scheduler::current_thread::CoreGuard>::block_on<core[df12db4294e9bfd3]::pin::Pin<&mut core[df12db4294e9bfd3]::pin::Pin<&mut dyn core[df12db4294e9bfd3]::future::future::Future<Output = ()>>>>::{closure#0}, core[df12db4294e9bfd3]::option::Option<()>>::{closure#0}>::{closure#0}
[INFO] [stdout]                                at /opt/rustwide/cargo-home/registry/src/index.crates.io-1949cf8c6b5b557f/tokio-1.53.1/src/runtime/context.rs:187:38
[INFO] [stdout]   33:     0x61f1fa52fd2f - <std[70759c8f55707aa4]::thread::local::LocalKey<tokio[313cc2df9149c20d]::runtime::context::Context>>::try_with::<tokio[313cc2df9149c20d]::runtime::context::set_scheduler<(alloc[2182bb758b4b3781]::boxed::Box<tokio[313cc2df9149c20d]::runtime::scheduler::current_thread::Core>, core[df12db4294e9bfd3]::option::Option<()>), <tokio[313cc2df9149c20d]::runtime::scheduler::current_thread::CoreGuard>::enter<<tokio[313cc2df9149c20d]::runtime::scheduler::current_thread::CoreGuard>::block_on<core[df12db4294e9bfd3]::pin::Pin<&mut core[df12db4294e9bfd3]::pin::Pin<&mut dyn core[df12db4294e9bfd3]::future::future::Future<Output = ()>>>>::{closure#0}, core[df12db4294e9bfd3]::option::Option<()>>::{closure#0}>::{closure#0}, (alloc[2182bb758b4b3781]::boxed::Box<tokio[313cc2df9149c20d]::runtime::scheduler::current_thread::Core>, core[df12db4294e9bfd3]::option::Option<()>)>
[INFO] [stdout]                                at /rustc/dfb0accb7f508ae8be965d8629557221c889dd98/library/std/src/thread/local.rs:463:12
[INFO] [stdout]   34:     0x61f1fa52f8de - <std[70759c8f55707aa4]::thread::local::LocalKey<tokio[313cc2df9149c20d]::runtime::context::Context>>::with::<tokio[313cc2df9149c20d]::runtime::context::set_scheduler<(alloc[2182bb758b4b3781]::boxed::Box<tokio[313cc2df9149c20d]::runtime::scheduler::current_thread::Core>, core[df12db4294e9bfd3]::option::Option<()>), <tokio[313cc2df9149c20d]::runtime::scheduler::current_thread::CoreGuard>::enter<<tokio[313cc2df9149c20d]::runtime::scheduler::current_thread::CoreGuard>::block_on<core[df12db4294e9bfd3]::pin::Pin<&mut core[df12db4294e9bfd3]::pin::Pin<&mut dyn core[df12db4294e9bfd3]::future::future::Future<Output = ()>>>>::{closure#0}, core[df12db4294e9bfd3]::option::Option<()>>::{closure#0}>::{closure#0}, (alloc[2182bb758b4b3781]::boxed::Box<tokio[313cc2df9149c20d]::runtime::scheduler::current_thread::Core>, core[df12db4294e9bfd3]::option::Option<()>)>
[INFO] [stdout]                                at /rustc/dfb0accb7f508ae8be965d8629557221c889dd98/library/std/src/thread/local.rs:427:20
[INFO] [stdout]   35:     0x61f1fa5489dd - tokio[313cc2df9149c20d]::runtime::context::set_scheduler::<(alloc[2182bb758b4b3781]::boxed::Box<tokio[313cc2df9149c20d]::runtime::scheduler::current_thread::Core>, core[df12db4294e9bfd3]::option::Option<()>), <tokio[313cc2df9149c20d]::runtime::scheduler::current_thread::CoreGuard>::enter<<tokio[313cc2df9149c20d]::runtime::scheduler::current_thread::CoreGuard>::block_on<core[df12db4294e9bfd3]::pin::Pin<&mut core[df12db4294e9bfd3]::pin::Pin<&mut dyn core[df12db4294e9bfd3]::future::future::Future<Output = ()>>>>::{closure#0}, core[df12db4294e9bfd3]::option::Option<()>>::{closure#0}>
[INFO] [stdout]                                at /opt/rustwide/cargo-home/registry/src/index.crates.io-1949cf8c6b5b557f/tokio-1.53.1/src/runtime/context.rs:187:17
[INFO] [stdout]   36:     0x61f1fa530c30 - <tokio[313cc2df9149c20d]::runtime::scheduler::current_thread::CoreGuard>::enter::<<tokio[313cc2df9149c20d]::runtime::scheduler::current_thread::CoreGuard>::block_on<core[df12db4294e9bfd3]::pin::Pin<&mut core[df12db4294e9bfd3]::pin::Pin<&mut dyn core[df12db4294e9bfd3]::future::future::Future<Output = ()>>>>::{closure#0}, core[df12db4294e9bfd3]::option::Option<()>>
[INFO] [stdout]                                at /opt/rustwide/cargo-home/registry/src/index.crates.io-1949cf8c6b5b557f/tokio-1.53.1/src/runtime/scheduler/current_thread/mod.rs:906:27
[INFO] [stdout]   37:     0x61f1fa530f26 - <tokio[313cc2df9149c20d]::runtime::scheduler::current_thread::CoreGuard>::block_on::<core[df12db4294e9bfd3]::pin::Pin<&mut core[df12db4294e9bfd3]::pin::Pin<&mut dyn core[df12db4294e9bfd3]::future::future::Future<Output = ()>>>>
[INFO] [stdout]                                at /opt/rustwide/cargo-home/registry/src/index.crates.io-1949cf8c6b5b557f/tokio-1.53.1/src/runtime/scheduler/current_thread/mod.rs:817:24
[INFO] [stdout]   38:     0x61f1fa533b30 - <tokio[313cc2df9149c20d]::runtime::scheduler::current_thread::CurrentThread>::block_on::<core[df12db4294e9bfd3]::pin::Pin<&mut dyn core[df12db4294e9bfd3]::future::future::Future<Output = ()>>>::{closure#0}
[INFO] [stdout]                                at /opt/rustwide/cargo-home/registry/src/index.crates.io-1949cf8c6b5b557f/tokio-1.53.1/src/runtime/scheduler/current_thread/mod.rs:218:33
[INFO] [stdout]   39:     0x61f1fa5331c8 - tokio[313cc2df9149c20d]::runtime::context::runtime::enter_runtime::<<tokio[313cc2df9149c20d]::runtime::scheduler::current_thread::CurrentThread>::block_on<core[df12db4294e9bfd3]::pin::Pin<&mut dyn core[df12db4294e9bfd3]::future::future::Future<Output = ()>>>::{closure#0}, ()>
[INFO] [stdout]                                at /opt/rustwide/cargo-home/registry/src/index.crates.io-1949cf8c6b5b557f/tokio-1.53.1/src/runtime/context/runtime.rs:65:16
[INFO] [stdout]   40:     0x61f1fa52e574 - <tokio[313cc2df9149c20d]::runtime::scheduler::current_thread::CurrentThread>::block_on::<core[df12db4294e9bfd3]::pin::Pin<&mut dyn core[df12db4294e9bfd3]::future::future::Future<Output = ()>>>
[INFO] [stdout]                                at /opt/rustwide/cargo-home/registry/src/index.crates.io-1949cf8c6b5b557f/tokio-1.53.1/src/runtime/scheduler/current_thread/mod.rs:206:9
[INFO] [stdout]   41:     0x61f1fa52e1af - <tokio[313cc2df9149c20d]::runtime::runtime::Runtime>::block_on_inner::<core[df12db4294e9bfd3]::pin::Pin<&mut dyn core[df12db4294e9bfd3]::future::future::Future<Output = ()>>>
[INFO] [stdout]                                at /opt/rustwide/cargo-home/registry/src/index.crates.io-1949cf8c6b5b557f/tokio-1.53.1/src/runtime/runtime.rs:374:52
[INFO] [stdout]   42:     0x61f1fa52e2fb - <tokio[313cc2df9149c20d]::runtime::runtime::Runtime>::block_on::<core[df12db4294e9bfd3]::pin::Pin<&mut dyn core[df12db4294e9bfd3]::future::future::Future<Output = ()>>>
[INFO] [stdout]                                at /opt/rustwide/cargo-home/registry/src/index.crates.io-1949cf8c6b5b557f/tokio-1.53.1/src/runtime/runtime.rs:343:18
[INFO] [stdout]   43:     0x61f1fa545451 - hostile[788a2b617b49676a]::an_unreadable_source_file_fails_only_its_own_action
[INFO] [stdout]                                at /opt/rustwide/workdir/tests/hostile.rs:132:6
[INFO] [stdout]   44:     0x61f1fa537877 - hostile[788a2b617b49676a]::an_unreadable_source_file_fails_only_its_own_action::{closure#0}
[INFO] [stdout]                                at /opt/rustwide/workdir/tests/hostile.rs:102:63
[INFO] [stdout]   45:     0x61f1fa537176 - <hostile[788a2b617b49676a]::an_unreadable_source_file_fails_only_its_own_action::{closure#0} as core[df12db4294e9bfd3]::ops::function::FnOnce<()>>::call_once
[INFO] [stdout]                                at /rustc/dfb0accb7f508ae8be965d8629557221c889dd98/library/core/src/ops/function.rs:250:5
[INFO] [stdout]   46:     0x61f1fa54d27b - <fn() -> core[df12db4294e9bfd3]::result::Result<(), alloc[2182bb758b4b3781]::string::String> as core[df12db4294e9bfd3]::ops::function::FnOnce<()>>::call_once
[INFO] [stdout]                                at /rustc/dfb0accb7f508ae8be965d8629557221c889dd98/library/core/src/ops/function.rs:250:5
[INFO] [stdout]   47:     0x61f1fa54d27b - test[9d35eded1c95d3be]::__rust_begin_short_backtrace::<core[df12db4294e9bfd3]::result::Result<(), alloc[2182bb758b4b3781]::string::String>, fn() -> core[df12db4294e9bfd3]::result::Result<(), alloc[2182bb758b4b3781]::string::String>>
[INFO] [stdout]                                at /rustc/dfb0accb7f508ae8be965d8629557221c889dd98/library/test/src/lib.rs:733:18
[INFO] [stdout]   48:     0x61f1fa55a8e5 - test[9d35eded1c95d3be]::run_test_in_process::{closure#0}
[INFO] [stdout]                                at /rustc/dfb0accb7f508ae8be965d8629557221c889dd98/library/test/src/lib.rs:756:74
[INFO] [stdout]   49:     0x61f1fa55a8e5 - <core[df12db4294e9bfd3]::panic::unwind_safe::AssertUnwindSafe<test[9d35eded1c95d3be]::run_test_in_process::{closure#0}> as core[df12db4294e9bfd3]::ops::function::FnOnce<()>>::call_once
[INFO] [stdout]                                at /rustc/dfb0accb7f508ae8be965d8629557221c889dd98/library/core/src/panic/unwind_safe.rs:275:9
[INFO] [stdout]   50:     0x61f1fa55a8e5 - std[70759c8f55707aa4]::panicking::catch_unwind::do_call::<core[df12db4294e9bfd3]::panic::unwind_safe::AssertUnwindSafe<test[9d35eded1c95d3be]::run_test_in_process::{closure#0}>, core[df12db4294e9bfd3]::result::Result<(), alloc[2182bb758b4b3781]::string::String>>
[INFO] [stdout]                                at /rustc/dfb0accb7f508ae8be965d8629557221c889dd98/library/std/src/panicking.rs:576:43
[INFO] [stdout]   51:     0x61f1fa55a8e5 - std[70759c8f55707aa4]::panicking::catch_unwind::<core[df12db4294e9bfd3]::result::Result<(), alloc[2182bb758b4b3781]::string::String>, core[df12db4294e9bfd3]::panic::unwind_safe::AssertUnwindSafe<test[9d35eded1c95d3be]::run_test_in_process::{closure#0}>>
[INFO] [stdout]                                at /rustc/dfb0accb7f508ae8be965d8629557221c889dd98/library/std/src/panicking.rs:544:19
[INFO] [stdout]   52:     0x61f1fa55a8e5 - std[70759c8f55707aa4]::panic::catch_unwind::<core[df12db4294e9bfd3]::panic::unwind_safe::AssertUnwindSafe<test[9d35eded1c95d3be]::run_test_in_process::{closure#0}>, core[df12db4294e9bfd3]::result::Result<(), alloc[2182bb758b4b3781]::string::String>>
[INFO] [stdout]                                at /rustc/dfb0accb7f508ae8be965d8629557221c889dd98/library/std/src/panic.rs:359:14
[INFO] [stdout]   53:     0x61f1fa55a8e5 - test[9d35eded1c95d3be]::run_test_in_process
[INFO] [stdout]                                at /rustc/dfb0accb7f508ae8be965d8629557221c889dd98/library/test/src/lib.rs:756:27
[INFO] [stdout]   54:     0x61f1fa55a8e5 - test[9d35eded1c95d3be]::run_test::{closure#0}
[INFO] [stdout]                                at /rustc/dfb0accb7f508ae8be965d8629557221c889dd98/library/test/src/lib.rs:677:43
[INFO] [stdout]   55:     0x61f1fa5541a4 - test[9d35eded1c95d3be]::run_test::{closure#1}
[INFO] [stdout]                                at /rustc/dfb0accb7f508ae8be965d8629557221c889dd98/library/test/src/lib.rs:707:41
[INFO] [stdout]   56:     0x61f1fa5541a4 - std[70759c8f55707aa4]::sys::backtrace::__rust_begin_short_backtrace::<test[9d35eded1c95d3be]::run_test::{closure#1}, ()>
[INFO] [stdout]                                at /rustc/dfb0accb7f508ae8be965d8629557221c889dd98/library/std/src/sys/backtrace.rs:166:18
[INFO] [stdout]   57:     0x61f1fa55da42 - std[70759c8f55707aa4]::thread::lifecycle::spawn_unchecked::<test[9d35eded1c95d3be]::run_test::{closure#1}, ()>::{closure#1}::{closure#0}
[INFO] [stdout]                                at /rustc/dfb0accb7f508ae8be965d8629557221c889dd98/library/std/src/thread/lifecycle.rs:70:13
[INFO] [stdout]   58:     0x61f1fa55da42 - <core[df12db4294e9bfd3]::panic::unwind_safe::AssertUnwindSafe<std[70759c8f55707aa4]::thread::lifecycle::spawn_unchecked<test[9d35eded1c95d3be]::run_test::{closure#1}, ()>::{closure#1}::{closure#0}> as core[df12db4294e9bfd3]::ops::function::FnOnce<()>>::call_once
[INFO] [stdout]                                at /rustc/dfb0accb7f508ae8be965d8629557221c889dd98/library/core/src/panic/unwind_safe.rs:275:9
[INFO] [stdout]   59:     0x61f1fa55da42 - std[70759c8f55707aa4]::panicking::catch_unwind::do_call::<core[df12db4294e9bfd3]::panic::unwind_safe::AssertUnwindSafe<std[70759c8f55707aa4]::thread::lifecycle::spawn_unchecked<test[9d35eded1c95d3be]::run_test::{closure#1}, ()>::{closure#1}::{closure#0}>, ()>
[INFO] [stdout]                                at /rustc/dfb0accb7f508ae8be965d8629557221c889dd98/library/std/src/panicking.rs:576:43
[INFO] [stdout]   60:     0x61f1fa55da42 - std[70759c8f55707aa4]::panicking::catch_unwind::<(), core[df12db4294e9bfd3]::panic::unwind_safe::AssertUnwindSafe<std[70759c8f55707aa4]::thread::lifecycle::spawn_unchecked<test[9d35eded1c95d3be]::run_test::{closure#1}, ()>::{closure#1}::{closure#0}>>
[INFO] [stdout]                                at /rustc/dfb0accb7f508ae8be965d8629557221c889dd98/library/std/src/panicking.rs:544:19
[INFO] [stdout]   61:     0x61f1fa55da42 - std[70759c8f55707aa4]::panic::catch_unwind::<core[df12db4294e9bfd3]::panic::unwind_safe::AssertUnwindSafe<std[70759c8f55707aa4]::thread::lifecycle::spawn_unchecked<test[9d35eded1c95d3be]::run_test::{closure#1}, ()>::{closure#1}::{closure#0}>, ()>
[INFO] [stdout]                                at /rustc/dfb0accb7f508ae8be965d8629557221c889dd98/library/std/src/panic.rs:359:14
[INFO] [stdout]   62:     0x61f1fa55da42 - std[70759c8f55707aa4]::thread::lifecycle::spawn_unchecked::<test[9d35eded1c95d3be]::run_test::{closure#1}, ()>::{closure#1}
[INFO] [stdout]                                at /rustc/dfb0accb7f508ae8be965d8629557221c889dd98/library/std/src/thread/lifecycle.rs:68:26
[INFO] [stdout]   63:     0x61f1fa55da42 - <std[70759c8f55707aa4]::thread::lifecycle::spawn_unchecked<test[9d35eded1c95d3be]::run_test::{closure#1}, ()>::{closure#1} as core[df12db4294e9bfd3]::ops::function::FnOnce<()>>::call_once::{shim:vtable#0}
[INFO] [stdout]                                at /rustc/dfb0accb7f508ae8be965d8629557221c889dd98/library/core/src/ops/function.rs:250:5
[INFO] [stdout]   64:     0x61f1fa746129 - <alloc[2182bb758b4b3781]::boxed::Box<dyn core[df12db4294e9bfd3]::ops::function::FnOnce<(), Output = ()> + core[df12db4294e9bfd3]::marker::Send> as core[df12db4294e9bfd3]::ops::function::FnOnce<()>>::call_once
[INFO] [stdout]                                at /rustc/dfb0accb7f508ae8be965d8629557221c889dd98/library/alloc/src/boxed.rs:2320:9
[INFO] [stdout]   65:     0x61f1fa746129 - <std[70759c8f55707aa4]::sys::thread::unix::Thread>::new::thread_start
[INFO] [stdout]                                at /rustc/dfb0accb7f508ae8be965d8629557221c889dd98/library/std/src/sys/thread/unix.rs:123:17
[INFO] [stdout]   66:     0x770c4e09ddfa - <unknown>
[INFO] [stdout]   67:     0x770c4e1313d4 - clone
[INFO] [stdout]   68:                0x0 - <unknown>
[INFO] [stdout] 
[INFO] [stdout] 
[INFO] [stdout] failures:
[INFO] [stdout]     an_unreadable_source_directory_is_an_error_not_an_empty_tree
[INFO] [stdout]     an_unreadable_source_file_fails_only_its_own_action
[INFO] [stdout] 
[INFO] [stdout] test result: FAILED. 19 passed; 2 failed; 0 ignored; 0 measured; 0 filtered out; finished in 0.11s
[INFO] [stdout] 
[INFO] [stderr] error: test failed, to rerun pass `--test hostile`
[INFO] running `Command { std: "docker" "inspect" "d578d101aab09e3b9517ca9881d3ee007c805796f461908e0ae3c2ec1ce9dc92", kill_on_drop: false }`
[INFO] running `Command { std: "docker" "rm" "-f" "d578d101aab09e3b9517ca9881d3ee007c805796f461908e0ae3c2ec1ce9dc92", kill_on_drop: false }`
[INFO] [stdout] d578d101aab09e3b9517ca9881d3ee007c805796f461908e0ae3c2ec1ce9dc92
