[INFO] fetching crate treease-ts-python 0.25.2...
[INFO] testing treease-ts-python-0.25.2 against 1.99.0-beta.8 for beta-1.100-2
[INFO] extracting crate treease-ts-python 0.25.2 into /workspace/builds/worker-4-tc1/source
[INFO] started tweaking crates.io crate treease-ts-python 0.25.2
[INFO] finished tweaking crates.io crate treease-ts-python 0.25.2
[INFO] tweaked toml for crates.io crate treease-ts-python 0.25.2 written to /workspace/builds/worker-4-tc1/source/Cargo.toml
[INFO] validating manifest of crates.io crate treease-ts-python 0.25.2 on toolchain 1.99.0-beta.8
[INFO] running `Command { std: CARGO_HOME="/workspace/cargo-home" RUSTUP_HOME="/workspace/rustup-home" "/workspace/cargo-home/bin/cargo" "+1.99.0-beta.8" "metadata" "--manifest-path" "Cargo.toml" "--no-deps", kill_on_drop: false }`
[INFO] crate crates.io crate treease-ts-python 0.25.2 already has a lockfile, it will not be regenerated
[INFO] running `Command { std: CARGO_HOME="/workspace/cargo-home" RUSTUP_HOME="/workspace/rustup-home" "/workspace/cargo-home/bin/cargo" "+1.99.0-beta.8" "fetch" "--manifest-path" "Cargo.toml", kill_on_drop: false }`
[INFO] [stderr]     Blocking waiting for file lock on package cache
[INFO] [stderr]     Blocking waiting for file lock on package cache
[INFO] [stderr]  Downloading crates ...
[INFO] [stderr]   Downloaded indexmap v2.11.1
[INFO] [stderr]   Downloaded tree-sitter v0.26.9
[INFO] running `Command { std: "docker" "create" "-v" "/var/lib/crater-agent-workspace/builds/worker-4-tc1/source:/opt/rustwide/workdir:ro,Z" "-v" "/var/lib/crater-agent-workspace/builds/worker-4-tc1/target:/opt/rustwide/target:rw,Z" "-v" "/var/lib/crater-agent-workspace/cargo-home:/opt/rustwide/cargo-home:ro,Z" "-v" "/var/lib/crater-agent-workspace/rustup-home:/opt/rustwide/rustup-home:ro,Z" "-m" "1610612736" "--network" "none" "ghcr.io/rust-lang/crates-build-env/linux@sha256:3111399a4047eeb3a02b7a90e478d715f38a8c6669b5c4b49d30a17385265909" "sleep" "infinity", kill_on_drop: false }`
[INFO] [stdout] 4aa9fc2269122e4463a3753debda28546022019214a6ee8146df3618cafce536
[INFO] running `Command { std: "docker" "start" "4aa9fc2269122e4463a3753debda28546022019214a6ee8146df3618cafce536", kill_on_drop: false }`
[INFO] running `Command { std: "docker" "inspect" "4aa9fc2269122e4463a3753debda28546022019214a6ee8146df3618cafce536", kill_on_drop: false }`
[INFO] running `Command { std: "docker" "exec" "-e" "SOURCE_DIR=/opt/rustwide/workdir" "-e" "CARGO_HOME=/opt/rustwide/cargo-home" "-e" "RUSTUP_HOME=/opt/rustwide/rustup-home" "-e" "CARGO_TARGET_DIR=/opt/rustwide/target" "-w" "/opt/rustwide/workdir" "--user" "0:0" "4aa9fc2269122e4463a3753debda28546022019214a6ee8146df3618cafce536" "/opt/rustwide/cargo-home/bin/cargo" "+1.99.0-beta.8" "metadata" "--no-deps" "--format-version=1", kill_on_drop: false }`
[INFO] running `Command { std: "docker" "inspect" "4aa9fc2269122e4463a3753debda28546022019214a6ee8146df3618cafce536", kill_on_drop: false }`
[INFO] running `Command { std: "docker" "exec" "-e" "SOURCE_DIR=/opt/rustwide/workdir" "-e" "CARGO_HOME=/opt/rustwide/cargo-home" "-e" "RUSTUP_HOME=/opt/rustwide/rustup-home" "-e" "CARGO_TARGET_DIR=/opt/rustwide/target" "-e" "CARGO_INCREMENTAL=0" "-e" "RUST_BACKTRACE=full" "-e" "RUSTFLAGS=--cap-lints=warn" "-e" "RUSTDOCFLAGS=--cap-lints=warn" "-w" "/opt/rustwide/workdir" "--user" "0:0" "4aa9fc2269122e4463a3753debda28546022019214a6ee8146df3618cafce536" "/opt/rustwide/cargo-home/bin/cargo" "+1.99.0-beta.8" "build" "--frozen" "--message-format=json", kill_on_drop: false }`
[INFO] [stderr]    Compiling memchr v2.7.5
[INFO] [stderr]    Compiling zmij v1.0.21
[INFO] [stderr]    Compiling serde_json v1.0.150
[INFO] [stderr]    Compiling hashbrown v0.15.5
[INFO] [stderr]    Compiling itoa v1.0.15
[INFO] [stderr]    Compiling serde_core v1.0.228
[INFO] [stderr]    Compiling cc v1.2.65
[INFO] [stderr]    Compiling aho-corasick v1.1.3
[INFO] [stderr]    Compiling indexmap v2.11.1
[INFO] [stderr]    Compiling treease-ts-python v0.25.2 (/opt/rustwide/workdir)
[INFO] [stderr]    Compiling regex-automata v0.4.14
[INFO] [stderr]    Compiling tree-sitter v0.26.9
[INFO] [stderr]    Compiling regex v1.12.4
[INFO] [stderr] warning: treease-ts-python@0.25.2: src/scanner.c: In function 'tree_sitter_python_external_scanner_scan':
[INFO] [stderr] warning: treease-ts-python@0.25.2: src/scanner.c:13:53: warning: unused parameter 'payload' [-Wunused-parameter]
[INFO] [stderr] warning: treease-ts-python@0.25.2:    13 | bool tree_sitter_python_external_scanner_scan(void *payload, TSLexer *lexer, const bool *valid_symbols) {
[INFO] [stderr] warning: treease-ts-python@0.25.2:       |                                               ~~~~~~^~~~~~~
[INFO] [stderr] warning: treease-ts-python@0.25.2: src/scanner.c: In function 'tree_sitter_python_external_scanner_serialize':
[INFO] [stderr] warning: treease-ts-python@0.25.2: src/scanner.c:47:62: warning: unused parameter 'payload' [-Wunused-parameter]
[INFO] [stderr] warning: treease-ts-python@0.25.2:    47 | unsigned tree_sitter_python_external_scanner_serialize(void *payload, char *buffer) { return 0; }
[INFO] [stderr] warning: treease-ts-python@0.25.2:       |                                                        ~~~~~~^~~~~~~
[INFO] [stderr] warning: treease-ts-python@0.25.2: src/scanner.c:47:77: warning: unused parameter 'buffer' [-Wunused-parameter]
[INFO] [stderr] warning: treease-ts-python@0.25.2:    47 | unsigned tree_sitter_python_external_scanner_serialize(void *payload, char *buffer) { return 0; }
[INFO] [stderr] warning: treease-ts-python@0.25.2:       |                                                                       ~~~~~~^~~~~~
[INFO] [stderr] warning: treease-ts-python@0.25.2: src/scanner.c: In function 'tree_sitter_python_external_scanner_deserialize':
[INFO] [stderr] warning: treease-ts-python@0.25.2: src/scanner.c:48:60: warning: unused parameter 'payload' [-Wunused-parameter]
[INFO] [stderr] warning: treease-ts-python@0.25.2:    48 | void tree_sitter_python_external_scanner_deserialize(void *payload, const char *buffer, unsigned length) {}
[INFO] [stderr] warning: treease-ts-python@0.25.2:       |                                                      ~~~~~~^~~~~~~
[INFO] [stderr] warning: treease-ts-python@0.25.2: src/scanner.c:48:81: warning: unused parameter 'buffer' [-Wunused-parameter]
[INFO] [stderr] warning: treease-ts-python@0.25.2:    48 | void tree_sitter_python_external_scanner_deserialize(void *payload, const char *buffer, unsigned length) {}
[INFO] [stderr] warning: treease-ts-python@0.25.2:       |                                                                     ~~~~~~~~~~~~^~~~~~
[INFO] [stderr] warning: treease-ts-python@0.25.2: src/scanner.c:48:98: warning: unused parameter 'length' [-Wunused-parameter]
[INFO] [stderr] warning: treease-ts-python@0.25.2:    48 | void tree_sitter_python_external_scanner_deserialize(void *payload, const char *buffer, unsigned length) {}
[INFO] [stderr] warning: treease-ts-python@0.25.2:       |                                                                                         ~~~~~~~~~^~~~~~
[INFO] [stderr] warning: treease-ts-python@0.25.2: src/scanner.c: In function 'tree_sitter_python_external_scanner_destroy':
[INFO] [stderr] warning: treease-ts-python@0.25.2: src/scanner.c:50:56: warning: unused parameter 'payload' [-Wunused-parameter]
[INFO] [stderr] warning: treease-ts-python@0.25.2:    50 | void tree_sitter_python_external_scanner_destroy(void *payload) {}
[INFO] [stderr] warning: treease-ts-python@0.25.2:       |                                                  ~~~~~~^~~~~~~
[INFO] [stderr]     Finished `dev` profile [unoptimized + debuginfo] target(s) in 13.22s
[INFO] running `Command { std: "docker" "inspect" "4aa9fc2269122e4463a3753debda28546022019214a6ee8146df3618cafce536", kill_on_drop: false }`
[INFO] running `Command { std: "docker" "exec" "-e" "SOURCE_DIR=/opt/rustwide/workdir" "-e" "CARGO_HOME=/opt/rustwide/cargo-home" "-e" "RUSTUP_HOME=/opt/rustwide/rustup-home" "-e" "CARGO_TARGET_DIR=/opt/rustwide/target" "-e" "CARGO_INCREMENTAL=0" "-e" "RUST_BACKTRACE=full" "-e" "RUSTFLAGS=--cap-lints=warn" "-e" "RUSTDOCFLAGS=--cap-lints=warn" "-w" "/opt/rustwide/workdir" "--user" "0:0" "4aa9fc2269122e4463a3753debda28546022019214a6ee8146df3618cafce536" "/opt/rustwide/cargo-home/bin/cargo" "+1.99.0-beta.8" "test" "--frozen" "--no-run" "--message-format=json", kill_on_drop: false }`
[INFO] [stderr] warning: treease-ts-python@0.25.2: src/scanner.c: In function 'tree_sitter_python_external_scanner_scan':
[INFO] [stderr] warning: treease-ts-python@0.25.2: src/scanner.c:13:53: warning: unused parameter 'payload' [-Wunused-parameter]
[INFO] [stderr] warning: treease-ts-python@0.25.2:    13 | bool tree_sitter_python_external_scanner_scan(void *payload, TSLexer *lexer, const bool *valid_symbols) {
[INFO] [stderr] warning: treease-ts-python@0.25.2:       |                                               ~~~~~~^~~~~~~
[INFO] [stderr] warning: treease-ts-python@0.25.2: src/scanner.c: In function 'tree_sitter_python_external_scanner_serialize':
[INFO] [stderr] warning: treease-ts-python@0.25.2: src/scanner.c:47:62: warning: unused parameter 'payload' [-Wunused-parameter]
[INFO] [stderr] warning: treease-ts-python@0.25.2:    47 | unsigned tree_sitter_python_external_scanner_serialize(void *payload, char *buffer) { return 0; }
[INFO] [stderr] warning: treease-ts-python@0.25.2:       |                                                        ~~~~~~^~~~~~~
[INFO] [stderr] warning: treease-ts-python@0.25.2: src/scanner.c:47:77: warning: unused parameter 'buffer' [-Wunused-parameter]
[INFO] [stderr] warning: treease-ts-python@0.25.2:    47 | unsigned tree_sitter_python_external_scanner_serialize(void *payload, char *buffer) { return 0; }
[INFO] [stderr] warning: treease-ts-python@0.25.2:       |                                                                       ~~~~~~^~~~~~
[INFO] [stderr] warning: treease-ts-python@0.25.2: src/scanner.c: In function 'tree_sitter_python_external_scanner_deserialize':
[INFO] [stderr] warning: treease-ts-python@0.25.2: src/scanner.c:48:60: warning: unused parameter 'payload' [-Wunused-parameter]
[INFO] [stderr] warning: treease-ts-python@0.25.2:    48 | void tree_sitter_python_external_scanner_deserialize(void *payload, const char *buffer, unsigned length) {}
[INFO] [stderr] warning: treease-ts-python@0.25.2:       |                                                      ~~~~~~^~~~~~~
[INFO] [stderr] warning: treease-ts-python@0.25.2: src/scanner.c:48:81: warning: unused parameter 'buffer' [-Wunused-parameter]
[INFO] [stderr] warning: treease-ts-python@0.25.2:    48 | void tree_sitter_python_external_scanner_deserialize(void *payload, const char *buffer, unsigned length) {}
[INFO] [stderr] warning: treease-ts-python@0.25.2:       |                                                                     ~~~~~~~~~~~~^~~~~~
[INFO] [stderr] warning: treease-ts-python@0.25.2: src/scanner.c:48:98: warning: unused parameter 'length' [-Wunused-parameter]
[INFO] [stderr] warning: treease-ts-python@0.25.2:    48 | void tree_sitter_python_external_scanner_deserialize(void *payload, const char *buffer, unsigned length) {}
[INFO] [stderr] warning: treease-ts-python@0.25.2:       |                                                                                         ~~~~~~~~~^~~~~~
[INFO] [stderr] warning: treease-ts-python@0.25.2: src/scanner.c: In function 'tree_sitter_python_external_scanner_destroy':
[INFO] [stderr] warning: treease-ts-python@0.25.2: src/scanner.c:50:56: warning: unused parameter 'payload' [-Wunused-parameter]
[INFO] [stderr] warning: treease-ts-python@0.25.2:    50 | void tree_sitter_python_external_scanner_destroy(void *payload) {}
[INFO] [stderr] warning: treease-ts-python@0.25.2:       |                                                  ~~~~~~^~~~~~~
[INFO] [stderr]    Compiling treease-ts-python v0.25.2 (/opt/rustwide/workdir)
[INFO] [stderr]     Finished `test` profile [unoptimized + debuginfo] target(s) in 0.88s
[INFO] running `Command { std: "docker" "inspect" "4aa9fc2269122e4463a3753debda28546022019214a6ee8146df3618cafce536", kill_on_drop: false }`
[INFO] running `Command { std: "docker" "exec" "-e" "SOURCE_DIR=/opt/rustwide/workdir" "-e" "CARGO_HOME=/opt/rustwide/cargo-home" "-e" "RUSTUP_HOME=/opt/rustwide/rustup-home" "-e" "CARGO_TARGET_DIR=/opt/rustwide/target" "-e" "CARGO_INCREMENTAL=0" "-e" "RUST_BACKTRACE=full" "-e" "RUSTFLAGS=--cap-lints=warn" "-e" "RUSTDOCFLAGS=--cap-lints=warn" "-w" "/opt/rustwide/workdir" "--user" "0:0" "4aa9fc2269122e4463a3753debda28546022019214a6ee8146df3618cafce536" "/opt/rustwide/cargo-home/bin/cargo" "+1.99.0-beta.8" "test" "--frozen", kill_on_drop: false }`
[INFO] [stderr] warning: treease-ts-python@0.25.2: src/scanner.c: In function 'tree_sitter_python_external_scanner_scan':
[INFO] [stdout] 
[INFO] [stderr] warning: treease-ts-python@0.25.2: src/scanner.c:13:53: warning: unused parameter 'payload' [-Wunused-parameter]
[INFO] [stdout] running 1 test
[INFO] [stderr] warning: treease-ts-python@0.25.2:    13 | bool tree_sitter_python_external_scanner_scan(void *payload, TSLexer *lexer, const bool *valid_symbols) {
[INFO] [stdout] test tests::test_can_load_grammar ... ok
[INFO] [stderr] warning: treease-ts-python@0.25.2:       |                                               ~~~~~~^~~~~~~
[INFO] [stdout] 
[INFO] [stderr] warning: treease-ts-python@0.25.2: src/scanner.c: In function 'tree_sitter_python_external_scanner_serialize':
[INFO] [stdout] test result: ok. 1 passed; 0 failed; 0 ignored; 0 measured; 0 filtered out; finished in 0.00s
[INFO] [stderr] warning: treease-ts-python@0.25.2: src/scanner.c:47:62: warning: unused parameter 'payload' [-Wunused-parameter]
[INFO] [stdout] 
[INFO] [stderr] warning: treease-ts-python@0.25.2:    47 | unsigned tree_sitter_python_external_scanner_serialize(void *payload, char *buffer) { return 0; }
[INFO] [stderr] warning: treease-ts-python@0.25.2:       |                                                        ~~~~~~^~~~~~~
[INFO] [stderr] warning: treease-ts-python@0.25.2: src/scanner.c:47:77: warning: unused parameter 'buffer' [-Wunused-parameter]
[INFO] [stderr] warning: treease-ts-python@0.25.2:    47 | unsigned tree_sitter_python_external_scanner_serialize(void *payload, char *buffer) { return 0; }
[INFO] [stderr] warning: treease-ts-python@0.25.2:       |                                                                       ~~~~~~^~~~~~
[INFO] [stderr] warning: treease-ts-python@0.25.2: src/scanner.c: In function 'tree_sitter_python_external_scanner_deserialize':
[INFO] [stderr] warning: treease-ts-python@0.25.2: src/scanner.c:48:60: warning: unused parameter 'payload' [-Wunused-parameter]
[INFO] [stderr] warning: treease-ts-python@0.25.2:    48 | void tree_sitter_python_external_scanner_deserialize(void *payload, const char *buffer, unsigned length) {}
[INFO] [stderr] warning: treease-ts-python@0.25.2:       |                                                      ~~~~~~^~~~~~~
[INFO] [stderr] warning: treease-ts-python@0.25.2: src/scanner.c:48:81: warning: unused parameter 'buffer' [-Wunused-parameter]
[INFO] [stderr] warning: treease-ts-python@0.25.2:    48 | void tree_sitter_python_external_scanner_deserialize(void *payload, const char *buffer, unsigned length) {}
[INFO] [stderr] warning: treease-ts-python@0.25.2:       |                                                                     ~~~~~~~~~~~~^~~~~~
[INFO] [stderr] warning: treease-ts-python@0.25.2: src/scanner.c:48:98: warning: unused parameter 'length' [-Wunused-parameter]
[INFO] [stderr] warning: treease-ts-python@0.25.2:    48 | void tree_sitter_python_external_scanner_deserialize(void *payload, const char *buffer, unsigned length) {}
[INFO] [stderr] warning: treease-ts-python@0.25.2:       |                                                                                         ~~~~~~~~~^~~~~~
[INFO] [stderr] warning: treease-ts-python@0.25.2: src/scanner.c: In function 'tree_sitter_python_external_scanner_destroy':
[INFO] [stderr] warning: treease-ts-python@0.25.2: src/scanner.c:50:56: warning: unused parameter 'payload' [-Wunused-parameter]
[INFO] [stderr] warning: treease-ts-python@0.25.2:    50 | void tree_sitter_python_external_scanner_destroy(void *payload) {}
[INFO] [stderr] warning: treease-ts-python@0.25.2:       |                                                  ~~~~~~^~~~~~~
[INFO] [stderr]     Finished `test` profile [unoptimized + debuginfo] target(s) in 0.08s
[INFO] [stderr]      Running unittests bindings/rust/lib.rs (/opt/rustwide/target/debug/deps/treease_ts_python-9746de72b3b735af)
[INFO] [stderr]    Doc-tests treease_ts_python
[INFO] [stdout] 
[INFO] [stdout] running 1 test
[INFO] [stdout] test bindings/rust/lib.rs - (line 6) ... FAILED
[INFO] [stdout] 
[INFO] [stdout] failures:
[INFO] [stdout] 
[INFO] [stdout] ---- bindings/rust/lib.rs - (line 6) stdout ----
[INFO] [stdout] error[E0433]: cannot find module or crate `tree_sitter_python` in this scope
[INFO] [stdout]   --> bindings/rust/lib.rs:12:16
[INFO] [stdout]    |
[INFO] [stdout] 12 | let language = tree_sitter_python::LANGUAGE;
[INFO] [stdout]    |                ^^^^^^^^^^^^^^^^^^ use of unresolved module or unlinked crate `tree_sitter_python`
[INFO] [stdout]    |
[INFO] [stdout] help: there is a crate or module with a similar name
[INFO] [stdout]    |
[INFO] [stdout] 12 - let language = tree_sitter_python::LANGUAGE;
[INFO] [stdout] 12 + let language = treease_ts_python::LANGUAGE;
[INFO] [stdout]    |
[INFO] [stdout] 
[INFO] [stdout] error: aborting due to 1 previous error
[INFO] [stdout] 
[INFO] [stdout] For more information about this error, try `rustc --explain E0433`.
[INFO] [stdout] Couldn't compile the test.
[INFO] [stdout] 
[INFO] [stdout] failures:
[INFO] [stdout]     bindings/rust/lib.rs - (line 6)
[INFO] [stdout] 
[INFO] [stdout] test result: FAILED. 0 passed; 1 failed; 0 ignored; 0 measured; 0 filtered out; finished in 0.63s
[INFO] [stdout] 
[INFO] [stderr] error: doctest failed, to rerun pass `--doc`
[INFO] running `Command { std: "docker" "inspect" "4aa9fc2269122e4463a3753debda28546022019214a6ee8146df3618cafce536", kill_on_drop: false }`
[INFO] running `Command { std: "docker" "rm" "-f" "4aa9fc2269122e4463a3753debda28546022019214a6ee8146df3618cafce536", kill_on_drop: false }`
[INFO] [stdout] 4aa9fc2269122e4463a3753debda28546022019214a6ee8146df3618cafce536
