[INFO] fetching crate traci-rs 0.2.0...
[INFO] testing traci-rs-0.2.0 against 1.100.0-beta.1 for beta-1.100-2
[INFO] extracting crate traci-rs 0.2.0 into /workspace/builds/worker-3-tc2/source
[INFO] started tweaking crates.io crate traci-rs 0.2.0
[INFO] removed 0 missing examples
[INFO] finished tweaking crates.io crate traci-rs 0.2.0
[INFO] tweaked toml for crates.io crate traci-rs 0.2.0 written to /workspace/builds/worker-3-tc2/source/Cargo.toml
[INFO] validating manifest of crates.io crate traci-rs 0.2.0 on toolchain 1.100.0-beta.1
[INFO] running `Command { std: CARGO_HOME="/workspace/cargo-home" RUSTUP_HOME="/workspace/rustup-home" "/workspace/cargo-home/bin/cargo" "+1.100.0-beta.1" "metadata" "--manifest-path" "Cargo.toml" "--no-deps", kill_on_drop: false }`
[INFO] crate crates.io crate traci-rs 0.2.0 already has a lockfile, it will not be regenerated
[INFO] running `Command { std: CARGO_HOME="/workspace/cargo-home" RUSTUP_HOME="/workspace/rustup-home" "/workspace/cargo-home/bin/cargo" "+1.100.0-beta.1" "fetch" "--manifest-path" "Cargo.toml", kill_on_drop: false }`
[INFO] running `Command { std: "docker" "create" "-v" "/var/lib/crater-agent-workspace/builds/worker-3-tc2/source:/opt/rustwide/workdir:ro,Z" "-v" "/var/lib/crater-agent-workspace/builds/worker-3-tc2/target:/opt/rustwide/target:rw,Z" "-v" "/var/lib/crater-agent-workspace/cargo-home:/opt/rustwide/cargo-home:ro,Z" "-v" "/var/lib/crater-agent-workspace/rustup-home:/opt/rustwide/rustup-home:ro,Z" "-m" "1610612736" "--network" "none" "ghcr.io/rust-lang/crates-build-env/linux@sha256:3111399a4047eeb3a02b7a90e478d715f38a8c6669b5c4b49d30a17385265909" "sleep" "infinity", kill_on_drop: false }`
[INFO] [stdout] 08b2a19ff3dd8dc5dce33cf5ac42d524d2c82c1d5d40c4e3d26e5a77fc779fb4
[INFO] running `Command { std: "docker" "start" "08b2a19ff3dd8dc5dce33cf5ac42d524d2c82c1d5d40c4e3d26e5a77fc779fb4", kill_on_drop: false }`
[INFO] running `Command { std: "docker" "inspect" "08b2a19ff3dd8dc5dce33cf5ac42d524d2c82c1d5d40c4e3d26e5a77fc779fb4", kill_on_drop: false }`
[INFO] running `Command { std: "docker" "exec" "-e" "SOURCE_DIR=/opt/rustwide/workdir" "-e" "CARGO_HOME=/opt/rustwide/cargo-home" "-e" "RUSTUP_HOME=/opt/rustwide/rustup-home" "-e" "CARGO_TARGET_DIR=/opt/rustwide/target" "-w" "/opt/rustwide/workdir" "--user" "0:0" "08b2a19ff3dd8dc5dce33cf5ac42d524d2c82c1d5d40c4e3d26e5a77fc779fb4" "/opt/rustwide/cargo-home/bin/cargo" "+1.100.0-beta.1" "metadata" "--no-deps" "--format-version=1", kill_on_drop: false }`
[INFO] running `Command { std: "docker" "inspect" "08b2a19ff3dd8dc5dce33cf5ac42d524d2c82c1d5d40c4e3d26e5a77fc779fb4", kill_on_drop: false }`
[INFO] running `Command { std: "docker" "exec" "-e" "SOURCE_DIR=/opt/rustwide/workdir" "-e" "CARGO_HOME=/opt/rustwide/cargo-home" "-e" "RUSTUP_HOME=/opt/rustwide/rustup-home" "-e" "CARGO_TARGET_DIR=/opt/rustwide/target" "-e" "CARGO_INCREMENTAL=0" "-e" "RUST_BACKTRACE=full" "-e" "RUSTFLAGS=--cap-lints=warn" "-e" "RUSTDOCFLAGS=--cap-lints=warn" "-w" "/opt/rustwide/workdir" "--user" "0:0" "08b2a19ff3dd8dc5dce33cf5ac42d524d2c82c1d5d40c4e3d26e5a77fc779fb4" "/opt/rustwide/cargo-home/bin/cargo" "+1.100.0-beta.1" "build" "--frozen" "--message-format=json", kill_on_drop: false }`
[INFO] [stderr]    Compiling traci-rs v0.2.0 (/opt/rustwide/workdir)
[INFO] [stdout] warning: use of deprecated constant `std::f64::MAX`: replaced by the `MAX` associated constant on `f64`
[INFO] [stdout]    --> src/scopes/edge.rs:238:31
[INFO] [stdout]     |
[INFO] [stdout] 238 |         if end_seconds < f64::MAX {
[INFO] [stdout]     |                               ^^^
[INFO] [stdout]     |
[INFO] [stdout]     = note: `#[warn(deprecated)]` on by default
[INFO] [stdout] 
[INFO] [stdout] 
[INFO] [stdout] warning: use of deprecated constant `std::f64::MAX`: replaced by the `MAX` associated constant on `f64`
[INFO] [stdout]    --> src/scopes/edge.rs:265:31
[INFO] [stdout]     |
[INFO] [stdout] 265 |         if end_seconds < f64::MAX {
[INFO] [stdout]     |                               ^^^
[INFO] [stdout] 
[INFO] [stdout] 
[INFO] [stderr]     Finished `dev` profile [unoptimized + debuginfo] target(s) in 1.26s
[INFO] running `Command { std: "docker" "inspect" "08b2a19ff3dd8dc5dce33cf5ac42d524d2c82c1d5d40c4e3d26e5a77fc779fb4", kill_on_drop: false }`
[INFO] running `Command { std: "docker" "exec" "-e" "SOURCE_DIR=/opt/rustwide/workdir" "-e" "CARGO_HOME=/opt/rustwide/cargo-home" "-e" "RUSTUP_HOME=/opt/rustwide/rustup-home" "-e" "CARGO_TARGET_DIR=/opt/rustwide/target" "-e" "CARGO_INCREMENTAL=0" "-e" "RUST_BACKTRACE=full" "-e" "RUSTFLAGS=--cap-lints=warn" "-e" "RUSTDOCFLAGS=--cap-lints=warn" "-w" "/opt/rustwide/workdir" "--user" "0:0" "08b2a19ff3dd8dc5dce33cf5ac42d524d2c82c1d5d40c4e3d26e5a77fc779fb4" "/opt/rustwide/cargo-home/bin/cargo" "+1.100.0-beta.1" "test" "--frozen" "--no-run" "--message-format=json", kill_on_drop: false }`
[INFO] [stderr]    Compiling traci-rs v0.2.0 (/opt/rustwide/workdir)
[INFO] [stdout] warning: use of deprecated constant `std::f64::MAX`: replaced by the `MAX` associated constant on `f64`
[INFO] [stdout]    --> src/scopes/edge.rs:238:31
[INFO] [stdout]     |
[INFO] [stdout] 238 |         if end_seconds < f64::MAX {
[INFO] [stdout]     |                               ^^^
[INFO] [stdout]     |
[INFO] [stdout]     = note: `#[warn(deprecated)]` on by default
[INFO] [stdout] 
[INFO] [stdout] 
[INFO] [stdout] warning: use of deprecated constant `std::f64::MAX`: replaced by the `MAX` associated constant on `f64`
[INFO] [stdout]    --> src/scopes/edge.rs:265:31
[INFO] [stdout]     |
[INFO] [stdout] 265 |         if end_seconds < f64::MAX {
[INFO] [stdout]     |                               ^^^
[INFO] [stdout] 
[INFO] [stdout] 
[INFO] [stdout] warning: use of deprecated constant `std::f64::MAX`: replaced by the `MAX` associated constant on `f64`
[INFO] [stdout]    --> src/scopes/edge.rs:238:31
[INFO] [stdout]     |
[INFO] [stdout] 238 |         if end_seconds < f64::MAX {
[INFO] [stdout]     |                               ^^^
[INFO] [stdout]     |
[INFO] [stdout]     = note: `#[warn(deprecated)]` on by default
[INFO] [stdout] 
[INFO] [stdout] 
[INFO] [stdout] warning: use of deprecated constant `std::f64::MAX`: replaced by the `MAX` associated constant on `f64`
[INFO] [stdout]    --> src/scopes/edge.rs:265:31
[INFO] [stdout]     |
[INFO] [stdout] 265 |         if end_seconds < f64::MAX {
[INFO] [stdout]     |                               ^^^
[INFO] [stdout] 
[INFO] [stdout] 
[INFO] [stderr]     Finished `test` profile [unoptimized + debuginfo] target(s) in 0.85s
[INFO] running `Command { std: "docker" "inspect" "08b2a19ff3dd8dc5dce33cf5ac42d524d2c82c1d5d40c4e3d26e5a77fc779fb4", kill_on_drop: false }`
[INFO] running `Command { std: "docker" "exec" "-e" "SOURCE_DIR=/opt/rustwide/workdir" "-e" "CARGO_HOME=/opt/rustwide/cargo-home" "-e" "RUSTUP_HOME=/opt/rustwide/rustup-home" "-e" "CARGO_TARGET_DIR=/opt/rustwide/target" "-e" "CARGO_INCREMENTAL=0" "-e" "RUST_BACKTRACE=full" "-e" "RUSTFLAGS=--cap-lints=warn" "-e" "RUSTDOCFLAGS=--cap-lints=warn" "-w" "/opt/rustwide/workdir" "--user" "0:0" "08b2a19ff3dd8dc5dce33cf5ac42d524d2c82c1d5d40c4e3d26e5a77fc779fb4" "/opt/rustwide/cargo-home/bin/cargo" "+1.100.0-beta.1" "test" "--frozen", kill_on_drop: false }`
[INFO] [stderr] warning: use of deprecated constant `std::f64::MAX`: replaced by the `MAX` associated constant on `f64`
[INFO] [stderr]    --> src/scopes/edge.rs:238:31
[INFO] [stderr]     |
[INFO] [stderr] 238 |         if end_seconds < f64::MAX {
[INFO] [stderr]     |                               ^^^
[INFO] [stderr]     |
[INFO] [stderr]     = note: `#[warn(deprecated)]` on by default
[INFO] [stderr] 
[INFO] [stderr] warning: use of deprecated constant `std::f64::MAX`: replaced by the `MAX` associated constant on `f64`
[INFO] [stderr]    --> src/scopes/edge.rs:265:31
[INFO] [stderr]     |
[INFO] [stderr] 265 |         if end_seconds < f64::MAX {
[INFO] [stderr]     |                               ^^^
[INFO] [stderr] 
[INFO] [stderr] warning: `traci-rs` (lib) generated 2 warnings
[INFO] [stderr] warning: `traci-rs` (lib test) generated 2 warnings (2 duplicates)
[INFO] [stderr]     Finished `test` profile [unoptimized + debuginfo] target(s) in 0.03s
[INFO] [stderr]      Running unittests src/lib.rs (/opt/rustwide/target/debug/build/traci-rs/da1a5844ce440287/out/traci_rs-da1a5844ce440287)
[INFO] [stdout] 
[INFO] [stderr]    Doc-tests traci_rs
[INFO] [stdout] running 0 tests
[INFO] [stdout] 
[INFO] [stdout] test result: ok. 0 passed; 0 failed; 0 ignored; 0 measured; 0 filtered out; finished in 0.00s
[INFO] [stdout] 
[INFO] [stdout] 
[INFO] [stdout] running 4 tests
[INFO] [stdout] test src/scopes/helpers.rs - scopes::helpers::scope_get_double (line 11) ... ignored
[INFO] [stdout] test src/lib.rs - (line 9) - compile ... FAILED
[INFO] [stdout] test src/client.rs - client::TraciClient (line 33) - compile ... FAILED
[INFO] [stdout] test src/scopes/vehicle.rs - scopes::vehicle::VehicleScope::subscribe_kinematics (line 1252) - compile ... FAILED
[INFO] [stdout] 
[INFO] [stdout] failures:
[INFO] [stdout] 
[INFO] [stdout] ---- src/lib.rs - (line 9) stdout ----
[INFO] [stdout] error[E0502]: cannot borrow `client` as mutable because it is also borrowed as immutable
[INFO] [stdout]   --> src/lib.rs:21:42
[INFO] [stdout]    |
[INFO] [stdout] 21 |     let ids = client.vehicle.get_id_list(&mut client)?;
[INFO] [stdout]    |               -------------- ----------- ^^^^^^^^^^^ mutable borrow occurs here
[INFO] [stdout]    |               |              |
[INFO] [stdout]    |               |              immutable borrow later used by call
[INFO] [stdout]    |               immutable borrow occurs here
[INFO] [stdout] 
[INFO] [stdout] error[E0502]: cannot borrow `client` as mutable because it is also borrowed as immutable
[INFO] [stdout]   --> src/lib.rs:23:47
[INFO] [stdout]    |
[INFO] [stdout] 23 |         let pos = client.vehicle.get_position(&mut client, id)?;
[INFO] [stdout]    |                   -------------- ------------ ^^^^^^^^^^^ mutable borrow occurs here
[INFO] [stdout]    |                   |              |
[INFO] [stdout]    |                   |              immutable borrow later used by call
[INFO] [stdout]    |                   immutable borrow occurs here
[INFO] [stdout] 
[INFO] [stdout] error: aborting due to 2 previous errors
[INFO] [stdout] 
[INFO] [stdout] For more information about this error, try `rustc --explain E0502`.
[INFO] [stdout] Couldn't compile the test.
[INFO] [stdout] ---- src/client.rs - client::TraciClient (line 33) stdout ----
[INFO] [stdout] error[E0432]: unresolved import `sumo_traci`
[INFO] [stdout]   --> src/client.rs:34:5
[INFO] [stdout]    |
[INFO] [stdout] 34 | use sumo_traci::TraciClient;
[INFO] [stdout]    |     ^^^^^^^^^^ use of unresolved module or unlinked crate `sumo_traci`
[INFO] [stdout]    |
[INFO] [stdout]    = help: if you wanted to use a crate named `sumo_traci`, use `cargo add sumo_traci` to add it to your `Cargo.toml`
[INFO] [stdout] 
[INFO] [stdout] error[E0433]: cannot find module or crate `sumo_traci` in this scope
[INFO] [stdout]   --> src/client.rs:42:10
[INFO] [stdout]    |
[INFO] [stdout] 42 | Ok::<(), sumo_traci::TraciError>(())
[INFO] [stdout]    |          ^^^^^^^^^^ use of unresolved module or unlinked crate `sumo_traci`
[INFO] [stdout]    |
[INFO] [stdout]    = help: if you wanted to use a crate named `sumo_traci`, use `cargo add sumo_traci` to add it to your `Cargo.toml`
[INFO] [stdout] 
[INFO] [stdout] error: aborting due to 2 previous errors
[INFO] [stdout] 
[INFO] [stdout] Some errors have detailed explanations: E0432, E0433.
[INFO] [stdout] For more information about an error, try `rustc --explain E0432`.
[INFO] [stdout] Couldn't compile the test.
[INFO] [stdout] ---- src/scopes/vehicle.rs - scopes::vehicle::VehicleScope::subscribe_kinematics (line 1252) stdout ----
[INFO] [stdout] error[E0502]: cannot borrow `client` as mutable because it is also borrowed as immutable
[INFO] [stdout]     --> src/scopes/vehicle.rs:1256:37
[INFO] [stdout]      |
[INFO] [stdout] 1256 | client.vehicle.subscribe_kinematics(&mut client, "veh_0", 0.0, 3600.0).unwrap();
[INFO] [stdout]      | -------------- -------------------- ^^^^^^^^^^^ mutable borrow occurs here
[INFO] [stdout]      | |              |
[INFO] [stdout]      | |              immutable borrow later used by call
[INFO] [stdout]      | immutable borrow occurs here
[INFO] [stdout] 
[INFO] [stdout] error: aborting due to 1 previous error
[INFO] [stdout] 
[INFO] [stdout] For more information about this error, try `rustc --explain E0502`.
[INFO] [stdout] Couldn't compile the test.
[INFO] [stdout] 
[INFO] [stdout] failures:
[INFO] [stdout]     src/client.rs - client::TraciClient (line 33)
[INFO] [stdout]     src/lib.rs - (line 9)
[INFO] [stdout]     src/scopes/vehicle.rs - scopes::vehicle::VehicleScope::subscribe_kinematics (line 1252)
[INFO] [stdout] 
[INFO] [stdout] test result: FAILED. 0 passed; 3 failed; 1 ignored; 0 measured; 0 filtered out; finished in 0.11s
[INFO] [stdout] 
[INFO] [stderr] error: doctest failed, to rerun pass `--doc`
[INFO] running `Command { std: "docker" "inspect" "08b2a19ff3dd8dc5dce33cf5ac42d524d2c82c1d5d40c4e3d26e5a77fc779fb4", kill_on_drop: false }`
[INFO] running `Command { std: "docker" "rm" "-f" "08b2a19ff3dd8dc5dce33cf5ac42d524d2c82c1d5d40c4e3d26e5a77fc779fb4", kill_on_drop: false }`
[INFO] [stdout] 08b2a19ff3dd8dc5dce33cf5ac42d524d2c82c1d5d40c4e3d26e5a77fc779fb4
