[INFO] fetching crate tpchgen 3.0.0...
[INFO] testing tpchgen-3.0.0 against 1.99.0-beta.8 for beta-1.100-2
[INFO] extracting crate tpchgen 3.0.0 into /workspace/builds/worker-6-tc1/source
[INFO] started tweaking crates.io crate tpchgen 3.0.0
[INFO] removed 0 missing tests
[INFO] finished tweaking crates.io crate tpchgen 3.0.0
[INFO] tweaked toml for crates.io crate tpchgen 3.0.0 written to /workspace/builds/worker-6-tc1/source/Cargo.toml
[INFO] validating manifest of crates.io crate tpchgen 3.0.0 on toolchain 1.99.0-beta.8
[INFO] running `Command { std: CARGO_HOME="/workspace/cargo-home" RUSTUP_HOME="/workspace/rustup-home" "/workspace/cargo-home/bin/cargo" "+1.99.0-beta.8" "metadata" "--manifest-path" "Cargo.toml" "--no-deps", kill_on_drop: false }`
[INFO] crate crates.io crate tpchgen 3.0.0 already has a lockfile, it will not be regenerated
[INFO] running `Command { std: CARGO_HOME="/workspace/cargo-home" RUSTUP_HOME="/workspace/rustup-home" "/workspace/cargo-home/bin/cargo" "+1.99.0-beta.8" "fetch" "--manifest-path" "Cargo.toml", kill_on_drop: false }`
[INFO] running `Command { std: "docker" "create" "-v" "/var/lib/crater-agent-workspace/builds/worker-6-tc1/source:/opt/rustwide/workdir:ro,Z" "-v" "/var/lib/crater-agent-workspace/builds/worker-6-tc1/target:/opt/rustwide/target:rw,Z" "-v" "/var/lib/crater-agent-workspace/cargo-home:/opt/rustwide/cargo-home:ro,Z" "-v" "/var/lib/crater-agent-workspace/rustup-home:/opt/rustwide/rustup-home:ro,Z" "-m" "1610612736" "--network" "none" "ghcr.io/rust-lang/crates-build-env/linux@sha256:3111399a4047eeb3a02b7a90e478d715f38a8c6669b5c4b49d30a17385265909" "sleep" "infinity", kill_on_drop: false }`
[INFO] [stdout] 7c257d3febd25a6d019c0e2ff4aa9d1c91545433b447733479ae9d21c0863115
[INFO] running `Command { std: "docker" "start" "7c257d3febd25a6d019c0e2ff4aa9d1c91545433b447733479ae9d21c0863115", kill_on_drop: false }`
[INFO] running `Command { std: "docker" "inspect" "7c257d3febd25a6d019c0e2ff4aa9d1c91545433b447733479ae9d21c0863115", kill_on_drop: false }`
[INFO] running `Command { std: "docker" "exec" "-e" "SOURCE_DIR=/opt/rustwide/workdir" "-e" "CARGO_HOME=/opt/rustwide/cargo-home" "-e" "RUSTUP_HOME=/opt/rustwide/rustup-home" "-e" "CARGO_TARGET_DIR=/opt/rustwide/target" "-w" "/opt/rustwide/workdir" "--user" "0:0" "7c257d3febd25a6d019c0e2ff4aa9d1c91545433b447733479ae9d21c0863115" "/opt/rustwide/cargo-home/bin/cargo" "+1.99.0-beta.8" "metadata" "--no-deps" "--format-version=1", kill_on_drop: false }`
[INFO] running `Command { std: "docker" "inspect" "7c257d3febd25a6d019c0e2ff4aa9d1c91545433b447733479ae9d21c0863115", kill_on_drop: false }`
[INFO] running `Command { std: "docker" "exec" "-e" "SOURCE_DIR=/opt/rustwide/workdir" "-e" "CARGO_HOME=/opt/rustwide/cargo-home" "-e" "RUSTUP_HOME=/opt/rustwide/rustup-home" "-e" "CARGO_TARGET_DIR=/opt/rustwide/target" "-e" "CARGO_INCREMENTAL=0" "-e" "RUST_BACKTRACE=full" "-e" "RUSTFLAGS=--cap-lints=warn" "-e" "RUSTDOCFLAGS=--cap-lints=warn" "-w" "/opt/rustwide/workdir" "--user" "0:0" "7c257d3febd25a6d019c0e2ff4aa9d1c91545433b447733479ae9d21c0863115" "/opt/rustwide/cargo-home/bin/cargo" "+1.99.0-beta.8" "build" "--frozen" "--message-format=json", kill_on_drop: false }`
[INFO] [stderr]    Compiling tpchgen v3.0.0 (/opt/rustwide/workdir)
[INFO] [stderr]     Finished `dev` profile [unoptimized + debuginfo] target(s) in 0.82s
[INFO] running `Command { std: "docker" "inspect" "7c257d3febd25a6d019c0e2ff4aa9d1c91545433b447733479ae9d21c0863115", kill_on_drop: false }`
[INFO] running `Command { std: "docker" "exec" "-e" "SOURCE_DIR=/opt/rustwide/workdir" "-e" "CARGO_HOME=/opt/rustwide/cargo-home" "-e" "RUSTUP_HOME=/opt/rustwide/rustup-home" "-e" "CARGO_TARGET_DIR=/opt/rustwide/target" "-e" "CARGO_INCREMENTAL=0" "-e" "RUST_BACKTRACE=full" "-e" "RUSTFLAGS=--cap-lints=warn" "-e" "RUSTDOCFLAGS=--cap-lints=warn" "-w" "/opt/rustwide/workdir" "--user" "0:0" "7c257d3febd25a6d019c0e2ff4aa9d1c91545433b447733479ae9d21c0863115" "/opt/rustwide/cargo-home/bin/cargo" "+1.99.0-beta.8" "test" "--frozen" "--no-run" "--message-format=json", kill_on_drop: false }`
[INFO] [stderr]    Compiling simd-adler32 v0.3.9
[INFO] [stderr]    Compiling miniz_oxide v0.8.9
[INFO] [stderr]    Compiling flate2 v1.1.9
[INFO] [stderr]    Compiling tpchgen v3.0.0 (/opt/rustwide/workdir)
[INFO] [stderr]     Finished `test` profile [unoptimized + debuginfo] target(s) in 3.23s
[INFO] running `Command { std: "docker" "inspect" "7c257d3febd25a6d019c0e2ff4aa9d1c91545433b447733479ae9d21c0863115", kill_on_drop: false }`
[INFO] running `Command { std: "docker" "exec" "-e" "SOURCE_DIR=/opt/rustwide/workdir" "-e" "CARGO_HOME=/opt/rustwide/cargo-home" "-e" "RUSTUP_HOME=/opt/rustwide/rustup-home" "-e" "CARGO_TARGET_DIR=/opt/rustwide/target" "-e" "CARGO_INCREMENTAL=0" "-e" "RUST_BACKTRACE=full" "-e" "RUSTFLAGS=--cap-lints=warn" "-e" "RUSTDOCFLAGS=--cap-lints=warn" "-w" "/opt/rustwide/workdir" "--user" "0:0" "7c257d3febd25a6d019c0e2ff4aa9d1c91545433b447733479ae9d21c0863115" "/opt/rustwide/cargo-home/bin/cargo" "+1.99.0-beta.8" "test" "--frozen", kill_on_drop: false }`
[INFO] [stderr]     Finished `test` profile [unoptimized + debuginfo] target(s) in 0.02s
[INFO] [stderr]      Running unittests src/lib.rs (/opt/rustwide/target/debug/deps/tpchgen-2bdd462cf69dbd1e)
[INFO] [stdout] 
[INFO] [stdout] running 24 tests
[INFO] [stdout] test decimal::tests::decimal_format ... ok
[INFO] [stdout] test distribution::tests::test_error_on_invalid_weight ... ok
[INFO] [stdout] test dates::test::test_date_strings ... ok
[INFO] [stdout] test dates::test::test_date_epoch_consistency ... ok
[INFO] [stdout] test dates::test::test_display_dates ... ok
[INFO] [stdout] test distribution::tests::test_load_empty ... ok
[INFO] [stdout] test distribution::tests::test_load_multiple_distributions ... ok
[INFO] [stdout] test distribution::tests::test_load_simple_distribution ... ok
[INFO] [stdout] test generators::tests::test_make_order_key ... ok
[INFO] [stdout] test distribution::tests::test_error_on_missing_end ... ok
[INFO] [stdout] test generators::tests::test_calculate_part_price ... ok
[INFO] [stdout] test random::test::test_small_random_alpha_numeric ... ok
[INFO] [stdout] test distribution::tests::test_with_default_seeds_file ... ok
[INFO] [stdout] test random::test::test_large_random_alpha_numeric ... ok
[INFO] [stdout] test generators::tests::test_select_part_supplier ... ok
[INFO] [stdout] test generators::tests::test_region_generator ... ok
[INFO] [stdout] test generators::tests::test_nation_generator ... ok
[INFO] [stdout] test generators::tests::test_supplier_generation ... ok
[INFO] [stdout] test generators::tests::test_customer_generation ... ok
[INFO] [stdout] test generators::tests::check_iter_static_lifetimes ... ok
[INFO] [stdout] test generators::tests::test_part_supplier_generation ... ok
[INFO] [stdout] test generators::tests::test_part_generation ... ok
[INFO] [stdout] test generators::tests::test_order_generation ... ok
[INFO] [stdout] test generators::tests::test_line_item_generation ... ok
[INFO] [stdout] 
[INFO] [stdout] test result: ok. 24 passed; 0 failed; 0 ignored; 0 measured; 0 filtered out; finished in 11.27s
[INFO] [stdout] 
[INFO] [stderr]      Running tests/integration_tests.rs (/opt/rustwide/target/debug/deps/integration_tests-910895bf8f1d06a4)
[INFO] [stdout] 
[INFO] [stdout] running 24 tests
[INFO] [stdout] test test_customer_into_iter ... ok
[INFO] [stdout] test test_nation_sf_0_01 ... ok
[INFO] [stdout] test test_partsupp_into_iter ... ok
[INFO] [stdout] test test_lineitem_into_iter ... ok
[INFO] [stdout] test test_customer_sf_0_001 ... ok
[INFO] [stdout] test test_orders_into_iter ... ok
[INFO] [stdout] test test_nation_sf_0_001 ... ok
[INFO] [stdout] test test_part_sf_0_001 ... ok
[INFO] [stdout] test test_part_into_iter ... ok
[INFO] [stdout] test test_nation_into_iter ... ok
[INFO] [stdout] test test_region_sf_0_001 ... ok
[INFO] [stdout] test test_region_sf_0_01 ... ok
[INFO] [stdout] test test_supplier_into_iter ... ok
[INFO] [stdout] test test_supplier_sf_0_001 ... ok
[INFO] [stdout] test test_region_into_iter ... ok
[INFO] [stdout] test test_supplier_sf_0_01 ... ok
[INFO] [stdout] test test_customer_sf_0_01 ... ok
[INFO] [stdout] test test_partsupp_sf_0_001 ... ok
[INFO] [stdout] test test_orders_sf_0_001 ... ok
[INFO] [stdout] test test_part_sf_0_01 ... ok
[INFO] [stdout] test test_lineitem_sf_0_001 ... ok
[INFO] [stdout] test test_partsupp_sf_0_01 ... ok
[INFO] [stdout] test test_orders_sf_0_01 ... ok
[INFO] [stdout] test test_lineitem_sf_0_01 ... ok
[INFO] [stdout] 
[INFO] [stdout] test result: ok. 24 passed; 0 failed; 0 ignored; 0 measured; 0 filtered out; finished in 12.18s
[INFO] [stdout] 
[INFO] [stderr]    Doc-tests tpchgen
[INFO] [stdout] 
[INFO] [stdout] running 11 tests
[INFO] [stdout] test src/dates.rs - dates::TPCHDate (line 78) ... ok
[INFO] [stdout] test src/decimal.rs - decimal::TPCHDecimal::new (line 18) ... ok
[INFO] [stdout] test src/csv.rs - csv::CustomerCsv (line 280) has been running for over 60 seconds
[INFO] [stdout] test src/csv.rs - csv::LineItemCsv (line 491) has been running for over 60 seconds
[INFO] [stdout] test src/csv.rs - csv::NationCsv (line 10) has been running for over 60 seconds
[INFO] [stdout] test src/csv.rs - csv::OrderCsv (line 419) has been running for over 60 seconds
[INFO] [stdout] test src/csv.rs - csv::PartCsv (line 138) has been running for over 60 seconds
[INFO] [stdout] test src/csv.rs - csv::PartSuppCsv (line 351) has been running for over 60 seconds
[INFO] [stdout] test src/csv.rs - csv::RegionCsv (line 74) has been running for over 60 seconds
[INFO] [stdout] test src/csv.rs - csv::SupplierCsv (line 210) has been running for over 60 seconds
[INFO] [stdout] test src/lib.rs - (line 8) has been running for over 60 seconds
[INFO] [stdout] test src/csv.rs - csv::RegionCsv (line 74) ... FAILED
[INFO] [stdout] test src/csv.rs - csv::SupplierCsv (line 210) ... FAILED
[INFO] [stdout] test src/csv.rs - csv::NationCsv (line 10) ... FAILED
[INFO] [stdout] test src/csv.rs - csv::PartSuppCsv (line 351) ... FAILED
[INFO] [stdout] test src/lib.rs - (line 8) ... ok
[INFO] [stdout] test src/csv.rs - csv::PartCsv (line 138) ... ok
[INFO] [stdout] test src/csv.rs - csv::CustomerCsv (line 280) ... ok
[INFO] [stdout] test src/csv.rs - csv::LineItemCsv (line 491) ... ok
[INFO] [stdout] test src/csv.rs - csv::OrderCsv (line 419) ... ok
[INFO] [stdout] 
[INFO] [stdout] failures:
[INFO] [stdout] 
[INFO] [stdout] ---- src/csv.rs - csv::RegionCsv (line 74) stdout ----
[INFO] [stdout] Test executable failed (signal: 9 (SIGKILL)).
[INFO] [stdout] 
[INFO] [stdout] ---- src/csv.rs - csv::SupplierCsv (line 210) stdout ----
[INFO] [stdout] Test executable failed (signal: 9 (SIGKILL)).
[INFO] [stdout] 
[INFO] [stdout] ---- src/csv.rs - csv::NationCsv (line 10) stdout ----
[INFO] [stdout] Test executable failed (signal: 9 (SIGKILL)).
[INFO] [stdout] 
[INFO] [stdout] ---- src/csv.rs - csv::PartSuppCsv (line 351) stdout ----
[INFO] [stdout] Test executable failed (signal: 9 (SIGKILL)).
[INFO] [stdout] 
[INFO] [stdout] 
[INFO] [stdout] failures:
[INFO] [stdout]     src/csv.rs - csv::NationCsv (line 10)
[INFO] [stdout]     src/csv.rs - csv::PartSuppCsv (line 351)
[INFO] [stdout]     src/csv.rs - csv::RegionCsv (line 74)
[INFO] [stdout]     src/csv.rs - csv::SupplierCsv (line 210)
[INFO] [stdout] 
[INFO] [stdout] test result: FAILED. 7 passed; 4 failed; 0 ignored; 0 measured; 0 filtered out; finished in 170.57s
[INFO] [stdout] 
[INFO] [stderr] error: doctest failed, to rerun pass `--doc`
[INFO] running `Command { std: "docker" "inspect" "7c257d3febd25a6d019c0e2ff4aa9d1c91545433b447733479ae9d21c0863115", kill_on_drop: false }`
[INFO] running `Command { std: "docker" "rm" "-f" "7c257d3febd25a6d019c0e2ff4aa9d1c91545433b447733479ae9d21c0863115", kill_on_drop: false }`
[INFO] [stdout] 7c257d3febd25a6d019c0e2ff4aa9d1c91545433b447733479ae9d21c0863115
