[INFO] fetching crate tower-sessions-ext-core 1.3.1...
[INFO] testing tower-sessions-ext-core-1.3.1 against 1.99.0-beta.8 for beta-1.100-2
[INFO] extracting crate tower-sessions-ext-core 1.3.1 into /workspace/builds/worker-1-tc1/source
[INFO] started tweaking crates.io crate tower-sessions-ext-core 1.3.1
[INFO] finished tweaking crates.io crate tower-sessions-ext-core 1.3.1
[INFO] tweaked toml for crates.io crate tower-sessions-ext-core 1.3.1 written to /workspace/builds/worker-1-tc1/source/Cargo.toml
[INFO] validating manifest of crates.io crate tower-sessions-ext-core 1.3.1 on toolchain 1.99.0-beta.8
[INFO] running `Command { std: CARGO_HOME="/workspace/cargo-home" RUSTUP_HOME="/workspace/rustup-home" "/workspace/cargo-home/bin/cargo" "+1.99.0-beta.8" "metadata" "--manifest-path" "Cargo.toml" "--no-deps", kill_on_drop: false }`
[INFO] crate crates.io crate tower-sessions-ext-core 1.3.1 already has a lockfile, it will not be regenerated
[INFO] running `Command { std: CARGO_HOME="/workspace/cargo-home" RUSTUP_HOME="/workspace/rustup-home" "/workspace/cargo-home/bin/cargo" "+1.99.0-beta.8" "fetch" "--manifest-path" "Cargo.toml", kill_on_drop: false }`
[INFO] [stderr]  Downloading crates ...
[INFO] [stderr]   Downloaded tokio-test v0.4.4
[INFO] [stderr]   Downloaded rustc-demangle v0.1.26
[INFO] [stderr]   Downloaded predicates-core v1.0.9
[INFO] [stderr]   Downloaded axum-core v0.5.2
[INFO] [stderr]   Downloaded predicates-tree v1.0.12
[INFO] [stderr]   Downloaded io-uring v0.7.10
[INFO] [stderr]   Downloaded thiserror-impl v2.0.16
[INFO] [stderr]   Downloaded time v0.3.43
[INFO] [stderr]   Downloaded deranged v0.5.3
[INFO] [stderr]   Downloaded predicates v3.1.3
[INFO] [stderr]   Downloaded thiserror v2.0.16
[INFO] [stderr]   Downloaded mockall v0.13.1
[INFO] [stderr]   Downloaded mockall_derive v0.13.1
[INFO] [stderr]   Downloaded wit-bindgen v0.45.1
[INFO] [stderr]   Downloaded wasi v0.14.4+wasi-0.2.4
[INFO] [stderr]   Downloaded serde_json v1.0.143
[INFO] [stderr]   Downloaded libc v0.2.175
[INFO] running `Command { std: "docker" "create" "-v" "/var/lib/crater-agent-workspace/builds/worker-1-tc1/source:/opt/rustwide/workdir:ro,Z" "-v" "/var/lib/crater-agent-workspace/builds/worker-1-tc1/target:/opt/rustwide/target:rw,Z" "-v" "/var/lib/crater-agent-workspace/cargo-home:/opt/rustwide/cargo-home:ro,Z" "-v" "/var/lib/crater-agent-workspace/rustup-home:/opt/rustwide/rustup-home:ro,Z" "-m" "1610612736" "--network" "none" "ghcr.io/rust-lang/crates-build-env/linux@sha256:3111399a4047eeb3a02b7a90e478d715f38a8c6669b5c4b49d30a17385265909" "sleep" "infinity", kill_on_drop: false }`
[INFO] [stdout] f87b8b77b6f23c7d7d72e868a4ff7191b874e2fd994e551e8afbc7d8c9fab4a7
[INFO] running `Command { std: "docker" "start" "f87b8b77b6f23c7d7d72e868a4ff7191b874e2fd994e551e8afbc7d8c9fab4a7", kill_on_drop: false }`
[INFO] running `Command { std: "docker" "inspect" "f87b8b77b6f23c7d7d72e868a4ff7191b874e2fd994e551e8afbc7d8c9fab4a7", kill_on_drop: false }`
[INFO] running `Command { std: "docker" "exec" "-e" "SOURCE_DIR=/opt/rustwide/workdir" "-e" "CARGO_HOME=/opt/rustwide/cargo-home" "-e" "RUSTUP_HOME=/opt/rustwide/rustup-home" "-e" "CARGO_TARGET_DIR=/opt/rustwide/target" "-w" "/opt/rustwide/workdir" "--user" "0:0" "f87b8b77b6f23c7d7d72e868a4ff7191b874e2fd994e551e8afbc7d8c9fab4a7" "/opt/rustwide/cargo-home/bin/cargo" "+1.99.0-beta.8" "metadata" "--no-deps" "--format-version=1", kill_on_drop: false }`
[INFO] running `Command { std: "docker" "inspect" "f87b8b77b6f23c7d7d72e868a4ff7191b874e2fd994e551e8afbc7d8c9fab4a7", kill_on_drop: false }`
[INFO] running `Command { std: "docker" "exec" "-e" "SOURCE_DIR=/opt/rustwide/workdir" "-e" "CARGO_HOME=/opt/rustwide/cargo-home" "-e" "RUSTUP_HOME=/opt/rustwide/rustup-home" "-e" "CARGO_TARGET_DIR=/opt/rustwide/target" "-e" "CARGO_INCREMENTAL=0" "-e" "RUST_BACKTRACE=full" "-e" "RUSTFLAGS=--cap-lints=warn" "-e" "RUSTDOCFLAGS=--cap-lints=warn" "-w" "/opt/rustwide/workdir" "--user" "0:0" "f87b8b77b6f23c7d7d72e868a4ff7191b874e2fd994e551e8afbc7d8c9fab4a7" "/opt/rustwide/cargo-home/bin/cargo" "+1.99.0-beta.8" "build" "--frozen" "--message-format=json", kill_on_drop: false }`
[INFO] [stderr]    Compiling proc-macro2 v1.0.101
[INFO] [stderr]    Compiling unicode-ident v1.0.18
[INFO] [stderr]    Compiling libc v0.2.175
[INFO] [stderr]    Compiling serde v1.0.219
[INFO] [stderr]    Compiling cfg-if v1.0.3
[INFO] [stderr]    Compiling getrandom v0.3.3
[INFO] [stderr]    Compiling futures-sink v0.3.31
[INFO] [stderr]    Compiling futures-core v0.3.31
[INFO] [stderr]    Compiling thiserror v2.0.16
[INFO] [stderr]    Compiling serde_json v1.0.143
[INFO] [stderr]    Compiling lock_api v0.4.13
[INFO] [stderr]    Compiling futures-task v0.3.31
[INFO] [stderr]    Compiling num-conv v0.1.0
[INFO] [stderr]    Compiling time-core v0.1.6
[INFO] [stderr]    Compiling log v0.4.28
[INFO] [stderr]    Compiling memchr v2.7.5
[INFO] [stderr]    Compiling futures-io v0.3.31
[INFO] [stderr]    Compiling tokio v1.47.1
[INFO] [stderr]    Compiling futures-channel v0.3.31
[INFO] [stderr]    Compiling parking_lot_core v0.9.11
[INFO] [stderr]    Compiling quote v1.0.40
[INFO] [stderr]    Compiling rand_core v0.9.3
[INFO] [stderr]    Compiling rand_chacha v0.9.0
[INFO] [stderr]    Compiling syn v2.0.106
[INFO] [stderr]    Compiling rand v0.9.2
[INFO] [stderr]    Compiling serde_derive v1.0.219
[INFO] [stderr]    Compiling futures-macro v0.3.31
[INFO] [stderr]    Compiling thiserror-impl v2.0.16
[INFO] [stderr]    Compiling tracing-attributes v0.1.30
[INFO] [stderr]    Compiling async-trait v0.1.89
[INFO] [stderr]    Compiling tracing v0.1.41
[INFO] [stderr]    Compiling futures-util v0.3.31
[INFO] [stderr]    Compiling futures v0.3.31
[INFO] [stderr]    Compiling deranged v0.5.3
[INFO] [stderr]    Compiling parking_lot v0.12.4
[INFO] [stderr]    Compiling time v0.3.43
[INFO] [stderr]    Compiling tower-sessions-ext-core v1.3.1 (/opt/rustwide/workdir)
[INFO] [stderr]     Finished `dev` profile [unoptimized + debuginfo] target(s) in 19.85s
[INFO] running `Command { std: "docker" "inspect" "f87b8b77b6f23c7d7d72e868a4ff7191b874e2fd994e551e8afbc7d8c9fab4a7", kill_on_drop: false }`
[INFO] running `Command { std: "docker" "exec" "-e" "SOURCE_DIR=/opt/rustwide/workdir" "-e" "CARGO_HOME=/opt/rustwide/cargo-home" "-e" "RUSTUP_HOME=/opt/rustwide/rustup-home" "-e" "CARGO_TARGET_DIR=/opt/rustwide/target" "-e" "CARGO_INCREMENTAL=0" "-e" "RUST_BACKTRACE=full" "-e" "RUSTFLAGS=--cap-lints=warn" "-e" "RUSTDOCFLAGS=--cap-lints=warn" "-w" "/opt/rustwide/workdir" "--user" "0:0" "f87b8b77b6f23c7d7d72e868a4ff7191b874e2fd994e551e8afbc7d8c9fab4a7" "/opt/rustwide/cargo-home/bin/cargo" "+1.99.0-beta.8" "test" "--frozen" "--no-run" "--message-format=json", kill_on_drop: false }`
[INFO] [stderr]    Compiling mockall_derive v0.13.1
[INFO] [stderr]    Compiling predicates-core v1.0.9
[INFO] [stderr]    Compiling futures-channel v0.3.31
[INFO] [stderr]    Compiling termtree v0.5.1
[INFO] [stderr]    Compiling anstyle v1.0.11
[INFO] [stderr]    Compiling downcast v0.11.0
[INFO] [stderr]    Compiling tokio-macros v2.5.0
[INFO] [stderr]    Compiling async-stream-impl v0.3.6
[INFO] [stderr]    Compiling fragile v2.0.1
[INFO] [stderr]    Compiling futures-util v0.3.31
[INFO] [stderr]    Compiling predicates-tree v1.0.12
[INFO] [stderr]    Compiling predicates v3.1.3
[INFO] [stderr]    Compiling async-stream v0.3.6
[INFO] [stderr]    Compiling tokio v1.47.1
[INFO] [stderr]    Compiling futures v0.3.31
[INFO] [stderr]    Compiling mockall v0.13.1
[INFO] [stderr]    Compiling tokio-stream v0.1.17
[INFO] [stderr]    Compiling tower-sessions-ext-core v1.3.1 (/opt/rustwide/workdir)
[INFO] [stderr]    Compiling tokio-test v0.4.4
[INFO] [stderr]     Finished `test` profile [unoptimized + debuginfo] target(s) in 9.62s
[INFO] running `Command { std: "docker" "inspect" "f87b8b77b6f23c7d7d72e868a4ff7191b874e2fd994e551e8afbc7d8c9fab4a7", kill_on_drop: false }`
[INFO] running `Command { std: "docker" "exec" "-e" "SOURCE_DIR=/opt/rustwide/workdir" "-e" "CARGO_HOME=/opt/rustwide/cargo-home" "-e" "RUSTUP_HOME=/opt/rustwide/rustup-home" "-e" "CARGO_TARGET_DIR=/opt/rustwide/target" "-e" "CARGO_INCREMENTAL=0" "-e" "RUST_BACKTRACE=full" "-e" "RUSTFLAGS=--cap-lints=warn" "-e" "RUSTDOCFLAGS=--cap-lints=warn" "-w" "/opt/rustwide/workdir" "--user" "0:0" "f87b8b77b6f23c7d7d72e868a4ff7191b874e2fd994e551e8afbc7d8c9fab4a7" "/opt/rustwide/cargo-home/bin/cargo" "+1.99.0-beta.8" "test" "--frozen", kill_on_drop: false }`
[INFO] [stderr]     Finished `test` profile [unoptimized + debuginfo] target(s) in 0.08s
[INFO] [stdout] 
[INFO] [stderr]      Running unittests src/lib.rs (/opt/rustwide/target/debug/deps/tower_sessions_ext_core-d5a4fbec9b4b2579)
[INFO] [stdout] running 9 tests
[INFO] [stderr]    Doc-tests tower_sessions_ext_core
[INFO] [stdout] test session_store::tests::test_caching_store_save ... ok
[INFO] [stdout] test session_store::tests::test_save ... ok
[INFO] [stdout] test session_store::tests::test_caching_store_delete ... ok
[INFO] [stdout] test session::tests::test_cycle_id ... ok
[INFO] [stdout] test session_store::tests::test_load ... ok
[INFO] [stdout] test session_store::tests::test_create ... ok
[INFO] [stdout] test session_store::tests::test_delete ... ok
[INFO] [stdout] test session_store::tests::test_caching_store_create ... ok
[INFO] [stdout] test session_store::tests::test_caching_store_load ... ok
[INFO] [stdout] 
[INFO] [stdout] test result: ok. 9 passed; 0 failed; 0 ignored; 0 measured; 0 filtered out; finished in 0.01s
[INFO] [stdout] 
[INFO] [stdout] 
[INFO] [stdout] running 24 tests
[INFO] [stdout] test src/session.rs - session::Session::delete (line 743) ... FAILED
[INFO] [stdout] test src/session.rs - session::Session::id (line 495) ... FAILED
[INFO] [stdout] test src/session.rs - session::Session::expiry_age (line 596) ... FAILED
[INFO] [stdout] test src/session.rs - session::Session::insert_value (line 196) ... FAILED
[INFO] [stdout] test src/session.rs - session::Session::is_empty (line 428) ... FAILED
[INFO] [stdout] test src/session.rs - session::Id (line 880) ... FAILED
[INFO] [stdout] test src/session.rs - session::Expiry (line 947) ... FAILED
[INFO] [stdout] test src/session.rs - session::Session::is_modified (line 621) ... FAILED
[INFO] [stdout] test src/session_store.rs - session_store::CachingSessionStore (line 165) ... ignored
[INFO] [stdout] test src/session.rs - session::Session::expiry (line 517) ... FAILED
[INFO] [stdout] test src/session.rs - session::Session::load (line 703) ... FAILED
[INFO] [stdout] test src/session.rs - session::Session::expiry_date (line 563) ... FAILED
[INFO] [stdout] test src/session.rs - session::Session::get_value (line 278) ... FAILED
[INFO] [stdout] test src/session.rs - session::Session::cycle_id (line 821) ... FAILED
[INFO] [stdout] test src/session.rs - session::Session::insert (line 159) ... FAILED
[INFO] [stdout] test src/session.rs - session::Session::get (line 245) ... FAILED
[INFO] [stdout] test src/session.rs - session::Session::save (line 654) ... FAILED
[INFO] [stdout] test src/session.rs - session::Session::set_expiry (line 538) ... FAILED
[INFO] [stdout] test src/session.rs - session::Session::remove_value (line 344) ... FAILED
[INFO] [stdout] test src/session.rs - session::Session::clear (line 378) ... FAILED
[INFO] [stdout] test src/session.rs - session::Session::flush (line 781) ... FAILED
[INFO] [stdout] test src/session.rs - session::Session::remove (line 308) ... FAILED
[INFO] [stdout] test src/session.rs - session::Session::new (line 86) ... FAILED
[INFO] [stdout] test src/session_store.rs - session_store (line 15) ... ok
[INFO] [stdout] 
[INFO] [stdout] failures:
[INFO] [stdout] 
[INFO] [stdout] ---- src/session.rs - session::Session::delete (line 743) stdout ----
[INFO] [stdout] error[E0433]: cannot find module or crate `tower_sessions_ext` in this scope
[INFO] [stdout]    --> src/session.rs:747:5
[INFO] [stdout]     |
[INFO] [stdout] 747 | use tower_sessions_ext::{MemoryStore, Session, SessionStore, session::Id};
[INFO] [stdout]     |     ^^^^^^^^^^^^^^^^^^ use of unresolved module or unlinked crate `tower_sessions_ext`
[INFO] [stdout]     |
[INFO] [stdout] help: there is a crate or module with a similar name
[INFO] [stdout]     |
[INFO] [stdout] 747 | use tower_sessions_ext_core::{MemoryStore, Session, SessionStore, session::Id};
[INFO] [stdout]     |                       +++++
[INFO] [stdout] 
[INFO] [stdout] error[E0432]: unresolved import `tower_sessions_ext`
[INFO] [stdout]    --> src/session.rs:747:5
[INFO] [stdout]     |
[INFO] [stdout] 747 | use tower_sessions_ext::{MemoryStore, Session, SessionStore, session::Id};
[INFO] [stdout]     |     ^^^^^^^^^^^^^^^^^^ use of unresolved module or unlinked crate `tower_sessions_ext`
[INFO] [stdout]     |
[INFO] [stdout] help: there is a crate or module with a similar name
[INFO] [stdout]     |
[INFO] [stdout] 747 | use tower_sessions_ext_core::{MemoryStore, Session, SessionStore, session::Id};
[INFO] [stdout]     |                       +++++
[INFO] [stdout] 
[INFO] [stdout] error: aborting due to 2 previous errors
[INFO] [stdout] 
[INFO] [stdout] Some errors have detailed explanations: E0432, E0433.
[INFO] [stdout] For more information about an error, try `rustc --explain E0432`.
[INFO] [stdout] Couldn't compile the test.
[INFO] [stdout] ---- src/session.rs - session::Session::id (line 495) stdout ----
[INFO] [stdout] error[E0433]: cannot find module or crate `tower_sessions_ext` in this scope
[INFO] [stdout]    --> src/session.rs:498:5
[INFO] [stdout]     |
[INFO] [stdout] 498 | use tower_sessions_ext::{MemoryStore, Session, session::Id};
[INFO] [stdout]     |     ^^^^^^^^^^^^^^^^^^ use of unresolved module or unlinked crate `tower_sessions_ext`
[INFO] [stdout]     |
[INFO] [stdout] help: there is a crate or module with a similar name
[INFO] [stdout]     |
[INFO] [stdout] 498 | use tower_sessions_ext_core::{MemoryStore, Session, session::Id};
[INFO] [stdout]     |                       +++++
[INFO] [stdout] 
[INFO] [stdout] error[E0432]: unresolved import `tower_sessions_ext`
[INFO] [stdout]    --> src/session.rs:498:5
[INFO] [stdout]     |
[INFO] [stdout] 498 | use tower_sessions_ext::{MemoryStore, Session, session::Id};
[INFO] [stdout]     |     ^^^^^^^^^^^^^^^^^^ use of unresolved module or unlinked crate `tower_sessions_ext`
[INFO] [stdout]     |
[INFO] [stdout] help: there is a crate or module with a similar name
[INFO] [stdout]     |
[INFO] [stdout] 498 | use tower_sessions_ext_core::{MemoryStore, Session, session::Id};
[INFO] [stdout]     |                       +++++
[INFO] [stdout] 
[INFO] [stdout] error: aborting due to 2 previous errors
[INFO] [stdout] 
[INFO] [stdout] Some errors have detailed explanations: E0432, E0433.
[INFO] [stdout] For more information about an error, try `rustc --explain E0432`.
[INFO] [stdout] Couldn't compile the test.
[INFO] [stdout] ---- src/session.rs - session::Session::expiry_age (line 596) stdout ----
[INFO] [stdout] error[E0432]: unresolved import `tower_sessions_ext`
[INFO] [stdout]    --> src/session.rs:600:5
[INFO] [stdout]     |
[INFO] [stdout] 600 | use tower_sessions_ext::{MemoryStore, Session};
[INFO] [stdout]     |     ^^^^^^^^^^^^^^^^^^ use of unresolved module or unlinked crate `tower_sessions_ext`
[INFO] [stdout]     |
[INFO] [stdout] help: there is a crate or module with a similar name
[INFO] [stdout]     |
[INFO] [stdout] 600 | use tower_sessions_ext_core::{MemoryStore, Session};
[INFO] [stdout]     |                       +++++
[INFO] [stdout] 
[INFO] [stdout] error: aborting due to 1 previous error
[INFO] [stdout] 
[INFO] [stdout] For more information about this error, try `rustc --explain E0432`.
[INFO] [stdout] Couldn't compile the test.
[INFO] [stdout] ---- src/session.rs - session::Session::insert_value (line 196) stdout ----
[INFO] [stdout] error[E0432]: unresolved import `tower_sessions_ext`
[INFO] [stdout]    --> src/session.rs:200:5
[INFO] [stdout]     |
[INFO] [stdout] 200 | use tower_sessions_ext::{MemoryStore, Session};
[INFO] [stdout]     |     ^^^^^^^^^^^^^^^^^^ use of unresolved module or unlinked crate `tower_sessions_ext`
[INFO] [stdout]     |
[INFO] [stdout] help: there is a crate or module with a similar name
[INFO] [stdout]     |
[INFO] [stdout] 200 | use tower_sessions_ext_core::{MemoryStore, Session};
[INFO] [stdout]     |                       +++++
[INFO] [stdout] 
[INFO] [stdout] error: aborting due to 1 previous error
[INFO] [stdout] 
[INFO] [stdout] For more information about this error, try `rustc --explain E0432`.
[INFO] [stdout] Couldn't compile the test.
[INFO] [stdout] ---- src/session.rs - session::Session::is_empty (line 428) stdout ----
[INFO] [stdout] error[E0433]: cannot find module or crate `tower_sessions_ext` in this scope
[INFO] [stdout]    --> src/session.rs:432:5
[INFO] [stdout]     |
[INFO] [stdout] 432 | use tower_sessions_ext::{MemoryStore, Session, session::Id};
[INFO] [stdout]     |     ^^^^^^^^^^^^^^^^^^ use of unresolved module or unlinked crate `tower_sessions_ext`
[INFO] [stdout]     |
[INFO] [stdout] help: there is a crate or module with a similar name
[INFO] [stdout]     |
[INFO] [stdout] 432 | use tower_sessions_ext_core::{MemoryStore, Session, session::Id};
[INFO] [stdout]     |                       +++++
[INFO] [stdout] 
[INFO] [stdout] error[E0432]: unresolved import `tower_sessions_ext`
[INFO] [stdout]    --> src/session.rs:432:5
[INFO] [stdout]     |
[INFO] [stdout] 432 | use tower_sessions_ext::{MemoryStore, Session, session::Id};
[INFO] [stdout]     |     ^^^^^^^^^^^^^^^^^^ use of unresolved module or unlinked crate `tower_sessions_ext`
[INFO] [stdout]     |
[INFO] [stdout] help: there is a crate or module with a similar name
[INFO] [stdout]     |
[INFO] [stdout] 432 | use tower_sessions_ext_core::{MemoryStore, Session, session::Id};
[INFO] [stdout]     |                       +++++
[INFO] [stdout] 
[INFO] [stdout] error: aborting due to 2 previous errors
[INFO] [stdout] 
[INFO] [stdout] Some errors have detailed explanations: E0432, E0433.
[INFO] [stdout] For more information about an error, try `rustc --explain E0432`.
[INFO] [stdout] Couldn't compile the test.
[INFO] [stdout] ---- src/session.rs - session::Id (line 880) stdout ----
[INFO] [stdout] error[E0433]: cannot find module or crate `tower_sessions_ext` in this scope
[INFO] [stdout]    --> src/session.rs:881:5
[INFO] [stdout]     |
[INFO] [stdout] 881 | use tower_sessions_ext::session::Id;
[INFO] [stdout]     |     ^^^^^^^^^^^^^^^^^^ use of unresolved module or unlinked crate `tower_sessions_ext`
[INFO] [stdout]     |
[INFO] [stdout] help: there is a crate or module with a similar name
[INFO] [stdout]     |
[INFO] [stdout] 881 | use tower_sessions_ext_core::session::Id;
[INFO] [stdout]     |                       +++++
[INFO] [stdout] 
[INFO] [stdout] error: aborting due to 1 previous error
[INFO] [stdout] 
[INFO] [stdout] For more information about this error, try `rustc --explain E0433`.
[INFO] [stdout] Couldn't compile the test.
[INFO] [stdout] ---- src/session.rs - session::Expiry (line 947) stdout ----
[INFO] [stdout] error[E0432]: unresolved import `tower_sessions_ext`
[INFO] [stdout]    --> src/session.rs:949:5
[INFO] [stdout]     |
[INFO] [stdout] 949 | use tower_sessions_ext::Expiry;
[INFO] [stdout]     |     ^^^^^^^^^^^^^^^^^^ use of unresolved module or unlinked crate `tower_sessions_ext`
[INFO] [stdout]     |
[INFO] [stdout] help: there is a crate or module with a similar name
[INFO] [stdout]     |
[INFO] [stdout] 949 | use tower_sessions_ext_core::Expiry;
[INFO] [stdout]     |                       +++++
[INFO] [stdout] 
[INFO] [stdout] error: aborting due to 1 previous error
[INFO] [stdout] 
[INFO] [stdout] For more information about this error, try `rustc --explain E0432`.
[INFO] [stdout] Couldn't compile the test.
[INFO] [stdout] ---- src/session.rs - session::Session::is_modified (line 621) stdout ----
[INFO] [stdout] error[E0432]: unresolved import `tower_sessions_ext`
[INFO] [stdout]    --> src/session.rs:625:5
[INFO] [stdout]     |
[INFO] [stdout] 625 | use tower_sessions_ext::{MemoryStore, Session};
[INFO] [stdout]     |     ^^^^^^^^^^^^^^^^^^ use of unresolved module or unlinked crate `tower_sessions_ext`
[INFO] [stdout]     |
[INFO] [stdout] help: there is a crate or module with a similar name
[INFO] [stdout]     |
[INFO] [stdout] 625 | use tower_sessions_ext_core::{MemoryStore, Session};
[INFO] [stdout]     |                       +++++
[INFO] [stdout] 
[INFO] [stdout] error: aborting due to 1 previous error
[INFO] [stdout] 
[INFO] [stdout] For more information about this error, try `rustc --explain E0432`.
[INFO] [stdout] Couldn't compile the test.
[INFO] [stdout] ---- src/session.rs - session::Session::expiry (line 517) stdout ----
[INFO] [stdout] error[E0433]: cannot find module or crate `tower_sessions_ext` in this scope
[INFO] [stdout]    --> src/session.rs:520:5
[INFO] [stdout]     |
[INFO] [stdout] 520 | use tower_sessions_ext::{MemoryStore, Session, session::Expiry};
[INFO] [stdout]     |     ^^^^^^^^^^^^^^^^^^ use of unresolved module or unlinked crate `tower_sessions_ext`
[INFO] [stdout]     |
[INFO] [stdout] help: there is a crate or module with a similar name
[INFO] [stdout]     |
[INFO] [stdout] 520 | use tower_sessions_ext_core::{MemoryStore, Session, session::Expiry};
[INFO] [stdout]     |                       +++++
[INFO] [stdout] 
[INFO] [stdout] error[E0432]: unresolved import `tower_sessions_ext`
[INFO] [stdout]    --> src/session.rs:520:5
[INFO] [stdout]     |
[INFO] [stdout] 520 | use tower_sessions_ext::{MemoryStore, Session, session::Expiry};
[INFO] [stdout]     |     ^^^^^^^^^^^^^^^^^^ use of unresolved module or unlinked crate `tower_sessions_ext`
[INFO] [stdout]     |
[INFO] [stdout] help: there is a crate or module with a similar name
[INFO] [stdout]     |
[INFO] [stdout] 520 | use tower_sessions_ext_core::{MemoryStore, Session, session::Expiry};
[INFO] [stdout]     |                       +++++
[INFO] [stdout] 
[INFO] [stdout] error: aborting due to 2 previous errors
[INFO] [stdout] 
[INFO] [stdout] Some errors have detailed explanations: E0432, E0433.
[INFO] [stdout] For more information about an error, try `rustc --explain E0432`.
[INFO] [stdout] Couldn't compile the test.
[INFO] [stdout] ---- src/session.rs - session::Session::load (line 703) stdout ----
[INFO] [stdout] error[E0433]: cannot find module or crate `tower_sessions_ext` in this scope
[INFO] [stdout]    --> src/session.rs:707:5
[INFO] [stdout]     |
[INFO] [stdout] 707 | use tower_sessions_ext::{MemoryStore, Session, session::Id};
[INFO] [stdout]     |     ^^^^^^^^^^^^^^^^^^ use of unresolved module or unlinked crate `tower_sessions_ext`
[INFO] [stdout]     |
[INFO] [stdout] help: there is a crate or module with a similar name
[INFO] [stdout]     |
[INFO] [stdout] 707 | use tower_sessions_ext_core::{MemoryStore, Session, session::Id};
[INFO] [stdout]     |                       +++++
[INFO] [stdout] 
[INFO] [stdout] error[E0432]: unresolved import `tower_sessions_ext`
[INFO] [stdout]    --> src/session.rs:707:5
[INFO] [stdout]     |
[INFO] [stdout] 707 | use tower_sessions_ext::{MemoryStore, Session, session::Id};
[INFO] [stdout]     |     ^^^^^^^^^^^^^^^^^^ use of unresolved module or unlinked crate `tower_sessions_ext`
[INFO] [stdout]     |
[INFO] [stdout] help: there is a crate or module with a similar name
[INFO] [stdout]     |
[INFO] [stdout] 707 | use tower_sessions_ext_core::{MemoryStore, Session, session::Id};
[INFO] [stdout]     |                       +++++
[INFO] [stdout] 
[INFO] [stdout] error: aborting due to 2 previous errors
[INFO] [stdout] 
[INFO] [stdout] Some errors have detailed explanations: E0432, E0433.
[INFO] [stdout] For more information about an error, try `rustc --explain E0432`.
[INFO] [stdout] Couldn't compile the test.
[INFO] [stdout] ---- src/session.rs - session::Session::expiry_date (line 563) stdout ----
[INFO] [stdout] error[E0432]: unresolved import `tower_sessions_ext`
[INFO] [stdout]    --> src/session.rs:567:5
[INFO] [stdout]     |
[INFO] [stdout] 567 | use tower_sessions_ext::{MemoryStore, Session};
[INFO] [stdout]     |     ^^^^^^^^^^^^^^^^^^ use of unresolved module or unlinked crate `tower_sessions_ext`
[INFO] [stdout]     |
[INFO] [stdout] help: there is a crate or module with a similar name
[INFO] [stdout]     |
[INFO] [stdout] 567 | use tower_sessions_ext_core::{MemoryStore, Session};
[INFO] [stdout]     |                       +++++
[INFO] [stdout] 
[INFO] [stdout] error: aborting due to 1 previous error
[INFO] [stdout] 
[INFO] [stdout] For more information about this error, try `rustc --explain E0432`.
[INFO] [stdout] Couldn't compile the test.
[INFO] [stdout] ---- src/session.rs - session::Session::get_value (line 278) stdout ----
[INFO] [stdout] error[E0432]: unresolved import `tower_sessions_ext`
[INFO] [stdout]    --> src/session.rs:282:5
[INFO] [stdout]     |
[INFO] [stdout] 282 | use tower_sessions_ext::{MemoryStore, Session};
[INFO] [stdout]     |     ^^^^^^^^^^^^^^^^^^ use of unresolved module or unlinked crate `tower_sessions_ext`
[INFO] [stdout]     |
[INFO] [stdout] help: there is a crate or module with a similar name
[INFO] [stdout]     |
[INFO] [stdout] 282 | use tower_sessions_ext_core::{MemoryStore, Session};
[INFO] [stdout]     |                       +++++
[INFO] [stdout] 
[INFO] [stdout] error: aborting due to 1 previous error
[INFO] [stdout] 
[INFO] [stdout] For more information about this error, try `rustc --explain E0432`.
[INFO] [stdout] Couldn't compile the test.
[INFO] [stdout] ---- src/session.rs - session::Session::cycle_id (line 821) stdout ----
[INFO] [stdout] error[E0433]: cannot find module or crate `tower_sessions_ext` in this scope
[INFO] [stdout]    --> src/session.rs:825:5
[INFO] [stdout]     |
[INFO] [stdout] 825 | use tower_sessions_ext::{MemoryStore, Session, session::Id};
[INFO] [stdout]     |     ^^^^^^^^^^^^^^^^^^ use of unresolved module or unlinked crate `tower_sessions_ext`
[INFO] [stdout]     |
[INFO] [stdout] help: there is a crate or module with a similar name
[INFO] [stdout]     |
[INFO] [stdout] 825 | use tower_sessions_ext_core::{MemoryStore, Session, session::Id};
[INFO] [stdout]     |                       +++++
[INFO] [stdout] 
[INFO] [stdout] error[E0432]: unresolved import `tower_sessions_ext`
[INFO] [stdout]    --> src/session.rs:825:5
[INFO] [stdout]     |
[INFO] [stdout] 825 | use tower_sessions_ext::{MemoryStore, Session, session::Id};
[INFO] [stdout]     |     ^^^^^^^^^^^^^^^^^^ use of unresolved module or unlinked crate `tower_sessions_ext`
[INFO] [stdout]     |
[INFO] [stdout] help: there is a crate or module with a similar name
[INFO] [stdout]     |
[INFO] [stdout] 825 | use tower_sessions_ext_core::{MemoryStore, Session, session::Id};
[INFO] [stdout]     |                       +++++
[INFO] [stdout] 
[INFO] [stdout] error: aborting due to 2 previous errors
[INFO] [stdout] 
[INFO] [stdout] Some errors have detailed explanations: E0432, E0433.
[INFO] [stdout] For more information about an error, try `rustc --explain E0432`.
[INFO] [stdout] Couldn't compile the test.
[INFO] [stdout] ---- src/session.rs - session::Session::insert (line 159) stdout ----
[INFO] [stdout] error[E0432]: unresolved import `tower_sessions_ext`
[INFO] [stdout]    --> src/session.rs:163:5
[INFO] [stdout]     |
[INFO] [stdout] 163 | use tower_sessions_ext::{MemoryStore, Session};
[INFO] [stdout]     |     ^^^^^^^^^^^^^^^^^^ use of unresolved module or unlinked crate `tower_sessions_ext`
[INFO] [stdout]     |
[INFO] [stdout] help: there is a crate or module with a similar name
[INFO] [stdout]     |
[INFO] [stdout] 163 | use tower_sessions_ext_core::{MemoryStore, Session};
[INFO] [stdout]     |                       +++++
[INFO] [stdout] 
[INFO] [stdout] error: aborting due to 1 previous error
[INFO] [stdout] 
[INFO] [stdout] For more information about this error, try `rustc --explain E0432`.
[INFO] [stdout] Couldn't compile the test.
[INFO] [stdout] ---- src/session.rs - session::Session::get (line 245) stdout ----
[INFO] [stdout] error[E0432]: unresolved import `tower_sessions_ext`
[INFO] [stdout]    --> src/session.rs:249:5
[INFO] [stdout]     |
[INFO] [stdout] 249 | use tower_sessions_ext::{MemoryStore, Session};
[INFO] [stdout]     |     ^^^^^^^^^^^^^^^^^^ use of unresolved module or unlinked crate `tower_sessions_ext`
[INFO] [stdout]     |
[INFO] [stdout] help: there is a crate or module with a similar name
[INFO] [stdout]     |
[INFO] [stdout] 249 | use tower_sessions_ext_core::{MemoryStore, Session};
[INFO] [stdout]     |                       +++++
[INFO] [stdout] 
[INFO] [stdout] error: aborting due to 1 previous error
[INFO] [stdout] 
[INFO] [stdout] For more information about this error, try `rustc --explain E0432`.
[INFO] [stdout] Couldn't compile the test.
[INFO] [stdout] ---- src/session.rs - session::Session::save (line 654) stdout ----
[INFO] [stdout] error[E0432]: unresolved import `tower_sessions_ext`
[INFO] [stdout]    --> src/session.rs:658:5
[INFO] [stdout]     |
[INFO] [stdout] 658 | use tower_sessions_ext::{MemoryStore, Session};
[INFO] [stdout]     |     ^^^^^^^^^^^^^^^^^^ use of unresolved module or unlinked crate `tower_sessions_ext`
[INFO] [stdout]     |
[INFO] [stdout] help: there is a crate or module with a similar name
[INFO] [stdout]     |
[INFO] [stdout] 658 | use tower_sessions_ext_core::{MemoryStore, Session};
[INFO] [stdout]     |                       +++++
[INFO] [stdout] 
[INFO] [stdout] error: aborting due to 1 previous error
[INFO] [stdout] 
[INFO] [stdout] For more information about this error, try `rustc --explain E0432`.
[INFO] [stdout] Couldn't compile the test.
[INFO] [stdout] ---- src/session.rs - session::Session::set_expiry (line 538) stdout ----
[INFO] [stdout] error[E0433]: cannot find module or crate `tower_sessions_ext` in this scope
[INFO] [stdout]    --> src/session.rs:542:5
[INFO] [stdout]     |
[INFO] [stdout] 542 | use tower_sessions_ext::{MemoryStore, Session, session::Expiry};
[INFO] [stdout]     |     ^^^^^^^^^^^^^^^^^^ use of unresolved module or unlinked crate `tower_sessions_ext`
[INFO] [stdout]     |
[INFO] [stdout] help: there is a crate or module with a similar name
[INFO] [stdout]     |
[INFO] [stdout] 542 | use tower_sessions_ext_core::{MemoryStore, Session, session::Expiry};
[INFO] [stdout]     |                       +++++
[INFO] [stdout] 
[INFO] [stdout] error[E0432]: unresolved import `tower_sessions_ext`
[INFO] [stdout]    --> src/session.rs:542:5
[INFO] [stdout]     |
[INFO] [stdout] 542 | use tower_sessions_ext::{MemoryStore, Session, session::Expiry};
[INFO] [stdout]     |     ^^^^^^^^^^^^^^^^^^ use of unresolved module or unlinked crate `tower_sessions_ext`
[INFO] [stdout]     |
[INFO] [stdout] help: there is a crate or module with a similar name
[INFO] [stdout]     |
[INFO] [stdout] 542 | use tower_sessions_ext_core::{MemoryStore, Session, session::Expiry};
[INFO] [stdout]     |                       +++++
[INFO] [stdout] 
[INFO] [stdout] error: aborting due to 2 previous errors
[INFO] [stdout] 
[INFO] [stdout] Some errors have detailed explanations: E0432, E0433.
[INFO] [stdout] For more information about an error, try `rustc --explain E0432`.
[INFO] [stdout] Couldn't compile the test.
[INFO] [stdout] ---- src/session.rs - session::Session::remove_value (line 344) stdout ----
[INFO] [stdout] error[E0432]: unresolved import `tower_sessions_ext`
[INFO] [stdout]    --> src/session.rs:348:5
[INFO] [stdout]     |
[INFO] [stdout] 348 | use tower_sessions_ext::{MemoryStore, Session};
[INFO] [stdout]     |     ^^^^^^^^^^^^^^^^^^ use of unresolved module or unlinked crate `tower_sessions_ext`
[INFO] [stdout]     |
[INFO] [stdout] help: there is a crate or module with a similar name
[INFO] [stdout]     |
[INFO] [stdout] 348 | use tower_sessions_ext_core::{MemoryStore, Session};
[INFO] [stdout]     |                       +++++
[INFO] [stdout] 
[INFO] [stdout] error: aborting due to 1 previous error
[INFO] [stdout] 
[INFO] [stdout] For more information about this error, try `rustc --explain E0432`.
[INFO] [stdout] Couldn't compile the test.
[INFO] [stdout] ---- src/session.rs - session::Session::clear (line 378) stdout ----
[INFO] [stdout] error[E0432]: unresolved import `tower_sessions_ext`
[INFO] [stdout]    --> src/session.rs:382:5
[INFO] [stdout]     |
[INFO] [stdout] 382 | use tower_sessions_ext::{MemoryStore, Session};
[INFO] [stdout]     |     ^^^^^^^^^^^^^^^^^^ use of unresolved module or unlinked crate `tower_sessions_ext`
[INFO] [stdout]     |
[INFO] [stdout] help: there is a crate or module with a similar name
[INFO] [stdout]     |
[INFO] [stdout] 382 | use tower_sessions_ext_core::{MemoryStore, Session};
[INFO] [stdout]     |                       +++++
[INFO] [stdout] 
[INFO] [stdout] error: aborting due to 1 previous error
[INFO] [stdout] 
[INFO] [stdout] For more information about this error, try `rustc --explain E0432`.
[INFO] [stdout] Couldn't compile the test.
[INFO] [stdout] ---- src/session.rs - session::Session::flush (line 781) stdout ----
[INFO] [stdout] error[E0432]: unresolved import `tower_sessions_ext`
[INFO] [stdout]    --> src/session.rs:785:5
[INFO] [stdout]     |
[INFO] [stdout] 785 | use tower_sessions_ext::{MemoryStore, Session, SessionStore};
[INFO] [stdout]     |     ^^^^^^^^^^^^^^^^^^ use of unresolved module or unlinked crate `tower_sessions_ext`
[INFO] [stdout]     |
[INFO] [stdout] help: there is a crate or module with a similar name
[INFO] [stdout]     |
[INFO] [stdout] 785 | use tower_sessions_ext_core::{MemoryStore, Session, SessionStore};
[INFO] [stdout]     |                       +++++
[INFO] [stdout] 
[INFO] [stdout] error: aborting due to 1 previous error
[INFO] [stdout] 
[INFO] [stdout] For more information about this error, try `rustc --explain E0432`.
[INFO] [stdout] Couldn't compile the test.
[INFO] [stdout] ---- src/session.rs - session::Session::remove (line 308) stdout ----
[INFO] [stdout] error[E0432]: unresolved import `tower_sessions_ext`
[INFO] [stdout]    --> src/session.rs:312:5
[INFO] [stdout]     |
[INFO] [stdout] 312 | use tower_sessions_ext::{MemoryStore, Session};
[INFO] [stdout]     |     ^^^^^^^^^^^^^^^^^^ use of unresolved module or unlinked crate `tower_sessions_ext`
[INFO] [stdout]     |
[INFO] [stdout] help: there is a crate or module with a similar name
[INFO] [stdout]     |
[INFO] [stdout] 312 | use tower_sessions_ext_core::{MemoryStore, Session};
[INFO] [stdout]     |                       +++++
[INFO] [stdout] 
[INFO] [stdout] error: aborting due to 1 previous error
[INFO] [stdout] 
[INFO] [stdout] For more information about this error, try `rustc --explain E0432`.
[INFO] [stdout] Couldn't compile the test.
[INFO] [stdout] ---- src/session.rs - session::Session::new (line 86) stdout ----
[INFO] [stdout] error[E0432]: unresolved import `tower_sessions_ext`
[INFO] [stdout]   --> src/session.rs:89:5
[INFO] [stdout]    |
[INFO] [stdout] 89 | use tower_sessions_ext::{MemoryStore, Session};
[INFO] [stdout]    |     ^^^^^^^^^^^^^^^^^^ use of unresolved module or unlinked crate `tower_sessions_ext`
[INFO] [stdout]    |
[INFO] [stdout] help: there is a crate or module with a similar name
[INFO] [stdout]    |
[INFO] [stdout] 89 | use tower_sessions_ext_core::{MemoryStore, Session};
[INFO] [stdout]    |                       +++++
[INFO] [stdout] 
[INFO] [stdout] error: aborting due to 1 previous error
[INFO] [stdout] 
[INFO] [stdout] For more information about this error, try `rustc --explain E0432`.
[INFO] [stdout] Couldn't compile the test.
[INFO] [stdout] 
[INFO] [stdout] failures:
[INFO] [stdout]     src/session.rs - session::Expiry (line 947)
[INFO] [stdout]     src/session.rs - session::Id (line 880)
[INFO] [stdout]     src/session.rs - session::Session::clear (line 378)
[INFO] [stdout]     src/session.rs - session::Session::cycle_id (line 821)
[INFO] [stdout]     src/session.rs - session::Session::delete (line 743)
[INFO] [stdout]     src/session.rs - session::Session::expiry (line 517)
[INFO] [stdout]     src/session.rs - session::Session::expiry_age (line 596)
[INFO] [stdout]     src/session.rs - session::Session::expiry_date (line 563)
[INFO] [stdout]     src/session.rs - session::Session::flush (line 781)
[INFO] [stdout]     src/session.rs - session::Session::get (line 245)
[INFO] [stdout]     src/session.rs - session::Session::get_value (line 278)
[INFO] [stdout]     src/session.rs - session::Session::id (line 495)
[INFO] [stdout]     src/session.rs - session::Session::insert (line 159)
[INFO] [stdout]     src/session.rs - session::Session::insert_value (line 196)
[INFO] [stdout]     src/session.rs - session::Session::is_empty (line 428)
[INFO] [stdout]     src/session.rs - session::Session::is_modified (line 621)
[INFO] [stdout]     src/session.rs - session::Session::load (line 703)
[INFO] [stdout]     src/session.rs - session::Session::new (line 86)
[INFO] [stdout]     src/session.rs - session::Session::remove (line 308)
[INFO] [stdout]     src/session.rs - session::Session::remove_value (line 344)
[INFO] [stdout]     src/session.rs - session::Session::save (line 654)
[INFO] [stdout]     src/session.rs - session::Session::set_expiry (line 538)
[INFO] [stdout] 
[INFO] [stdout] test result: FAILED. 1 passed; 22 failed; 1 ignored; 0 measured; 0 filtered out; finished in 0.84s
[INFO] [stdout] 
[INFO] [stdout] all doctests ran in 1.03s; merged doctests compilation took 0.18s
[INFO] [stderr] error: doctest failed, to rerun pass `--doc`
[INFO] running `Command { std: "docker" "inspect" "f87b8b77b6f23c7d7d72e868a4ff7191b874e2fd994e551e8afbc7d8c9fab4a7", kill_on_drop: false }`
[INFO] running `Command { std: "docker" "rm" "-f" "f87b8b77b6f23c7d7d72e868a4ff7191b874e2fd994e551e8afbc7d8c9fab4a7", kill_on_drop: false }`
[INFO] [stdout] f87b8b77b6f23c7d7d72e868a4ff7191b874e2fd994e551e8afbc7d8c9fab4a7
