[INFO] fetching crate topodb 0.1.0...
[INFO] testing topodb-0.1.0 against 1.99.0-beta.8 for beta-1.100-2
[INFO] extracting crate topodb 0.1.0 into /workspace/builds/worker-1-tc1/source
[INFO] started tweaking crates.io crate topodb 0.1.0
[INFO] removed 0 missing tests
[INFO] finished tweaking crates.io crate topodb 0.1.0
[INFO] tweaked toml for crates.io crate topodb 0.1.0 written to /workspace/builds/worker-1-tc1/source/Cargo.toml
[INFO] validating manifest of crates.io crate topodb 0.1.0 on toolchain 1.99.0-beta.8
[INFO] running `Command { std: CARGO_HOME="/workspace/cargo-home" RUSTUP_HOME="/workspace/rustup-home" "/workspace/cargo-home/bin/cargo" "+1.99.0-beta.8" "metadata" "--manifest-path" "Cargo.toml" "--no-deps", kill_on_drop: false }`
[INFO] crate crates.io crate topodb 0.1.0 already has a lockfile, it will not be regenerated
[INFO] running `Command { std: CARGO_HOME="/workspace/cargo-home" RUSTUP_HOME="/workspace/rustup-home" "/workspace/cargo-home/bin/cargo" "+1.99.0-beta.8" "fetch" "--manifest-path" "Cargo.toml", kill_on_drop: false }`
[INFO] [stderr]     Updating crates.io index
[INFO] [stderr]  Downloading crates ...
[INFO] [stderr]   Downloaded ulid v1.2.1
[INFO] [stderr]   Downloaded borsh v1.8.0
[INFO] [stderr]   Downloaded wait-timeout v0.2.1
[INFO] [stderr]   Downloaded quick-error v1.2.3
[INFO] [stderr]   Downloaded unarray v0.1.4
[INFO] [stderr]   Downloaded rand_xorshift v0.4.0
[INFO] [stderr]   Downloaded rusty-fork v0.3.1
[INFO] [stderr]   Downloaded either v1.18.0
[INFO] [stderr]   Downloaded spin v0.9.9
[INFO] [stderr]   Downloaded twox-hash v2.1.3
[INFO] [stderr]   Downloaded lz4_flex v0.11.6
[INFO] [stderr]   Downloaded clap v4.6.6
[INFO] [stderr]   Downloaded zerocopy-derive v0.8.56
[INFO] [stderr]   Downloaded clap_builder v4.6.6
[INFO] [stderr]   Downloaded zerocopy v0.8.56
[INFO] [stderr]   Downloaded redb v2.6.3
[INFO] [stderr]   Downloaded proptest v1.11.0
[INFO] [stderr]   Downloaded syn v3.0.3
[INFO] [stderr]   Downloaded web-sys v0.3.104
[INFO] [stderr]   Downloaded rust-stemmers v1.2.0
[INFO] running `Command { std: "docker" "create" "-v" "/var/lib/crater-agent-workspace/builds/worker-1-tc1/source:/opt/rustwide/workdir:ro,Z" "-v" "/var/lib/crater-agent-workspace/builds/worker-1-tc1/target:/opt/rustwide/target:rw,Z" "-v" "/var/lib/crater-agent-workspace/cargo-home:/opt/rustwide/cargo-home:ro,Z" "-v" "/var/lib/crater-agent-workspace/rustup-home:/opt/rustwide/rustup-home:ro,Z" "-m" "1610612736" "--network" "none" "ghcr.io/rust-lang/crates-build-env/linux@sha256:3111399a4047eeb3a02b7a90e478d715f38a8c6669b5c4b49d30a17385265909" "sleep" "infinity", kill_on_drop: false }`
[INFO] [stdout] bcb6a7cfbb61d559f3e821284a78f1bb2778dfe29d52334ddc2cbecb57ca96a7
[INFO] running `Command { std: "docker" "start" "bcb6a7cfbb61d559f3e821284a78f1bb2778dfe29d52334ddc2cbecb57ca96a7", kill_on_drop: false }`
[INFO] running `Command { std: "docker" "inspect" "bcb6a7cfbb61d559f3e821284a78f1bb2778dfe29d52334ddc2cbecb57ca96a7", kill_on_drop: false }`
[INFO] running `Command { std: "docker" "exec" "-e" "SOURCE_DIR=/opt/rustwide/workdir" "-e" "CARGO_HOME=/opt/rustwide/cargo-home" "-e" "RUSTUP_HOME=/opt/rustwide/rustup-home" "-e" "CARGO_TARGET_DIR=/opt/rustwide/target" "-w" "/opt/rustwide/workdir" "--user" "0:0" "bcb6a7cfbb61d559f3e821284a78f1bb2778dfe29d52334ddc2cbecb57ca96a7" "/opt/rustwide/cargo-home/bin/cargo" "+1.99.0-beta.8" "metadata" "--no-deps" "--format-version=1", kill_on_drop: false }`
[INFO] running `Command { std: "docker" "inspect" "bcb6a7cfbb61d559f3e821284a78f1bb2778dfe29d52334ddc2cbecb57ca96a7", kill_on_drop: false }`
[INFO] running `Command { std: "docker" "exec" "-e" "SOURCE_DIR=/opt/rustwide/workdir" "-e" "CARGO_HOME=/opt/rustwide/cargo-home" "-e" "RUSTUP_HOME=/opt/rustwide/rustup-home" "-e" "CARGO_TARGET_DIR=/opt/rustwide/target" "-e" "CARGO_INCREMENTAL=0" "-e" "RUST_BACKTRACE=full" "-e" "RUSTFLAGS=--cap-lints=warn" "-e" "RUSTDOCFLAGS=--cap-lints=warn" "-w" "/opt/rustwide/workdir" "--user" "0:0" "bcb6a7cfbb61d559f3e821284a78f1bb2778dfe29d52334ddc2cbecb57ca96a7" "/opt/rustwide/cargo-home/bin/cargo" "+1.99.0-beta.8" "build" "--frozen" "--message-format=json", kill_on_drop: false }`
[INFO] [stderr]    Compiling syn v3.0.3
[INFO] [stderr]    Compiling libc v0.2.189
[INFO] [stderr]    Compiling getrandom v0.3.4
[INFO] [stderr]    Compiling zerocopy v0.8.56
[INFO] [stderr]    Compiling semver v1.0.28
[INFO] [stderr]    Compiling thiserror v2.0.20
[INFO] [stderr]    Compiling byteorder v1.5.0
[INFO] [stderr]    Compiling crossbeam-utils v0.8.22
[INFO] [stderr]    Compiling redb v2.6.3
[INFO] [stderr]    Compiling stable_deref_trait v1.2.1
[INFO] [stderr]    Compiling twox-hash v2.1.3
[INFO] [stderr]    Compiling lock_api v0.4.14
[INFO] [stderr]    Compiling smol_str v0.3.6
[INFO] [stderr]    Compiling lz4_flex v0.11.6
[INFO] [stderr]    Compiling spin v0.9.9
[INFO] [stderr]    Compiling hash32 v0.2.1
[INFO] [stderr]    Compiling rustc_version v0.4.1
[INFO] [stderr]    Compiling heapless v0.7.17
[INFO] [stderr]    Compiling crossbeam-channel v0.5.16
[INFO] [stderr]    Compiling rand_core v0.9.5
[INFO] [stderr]    Compiling serde_derive v1.0.229
[INFO] [stderr]    Compiling thiserror-impl v2.0.20
[INFO] [stderr]    Compiling cobs v0.3.0
[INFO] [stderr]    Compiling serde v1.0.229
[INFO] [stderr]    Compiling rust-stemmers v1.2.0
[INFO] [stderr]    Compiling postcard v1.1.3
[INFO] [stderr]    Compiling ppv-lite86 v0.2.21
[INFO] [stderr]    Compiling rand_chacha v0.9.0
[INFO] [stderr]    Compiling rand v0.9.5
[INFO] [stderr]    Compiling ulid v1.2.1
[INFO] [stderr]    Compiling topodb v0.1.0 (/opt/rustwide/workdir)
[INFO] [stderr]     Finished `dev` profile [unoptimized + debuginfo] target(s) in 23.94s
[INFO] running `Command { std: "docker" "inspect" "bcb6a7cfbb61d559f3e821284a78f1bb2778dfe29d52334ddc2cbecb57ca96a7", kill_on_drop: false }`
[INFO] running `Command { std: "docker" "exec" "-e" "SOURCE_DIR=/opt/rustwide/workdir" "-e" "CARGO_HOME=/opt/rustwide/cargo-home" "-e" "RUSTUP_HOME=/opt/rustwide/rustup-home" "-e" "CARGO_TARGET_DIR=/opt/rustwide/target" "-e" "CARGO_INCREMENTAL=0" "-e" "RUST_BACKTRACE=full" "-e" "RUSTFLAGS=--cap-lints=warn" "-e" "RUSTDOCFLAGS=--cap-lints=warn" "-w" "/opt/rustwide/workdir" "--user" "0:0" "bcb6a7cfbb61d559f3e821284a78f1bb2778dfe29d52334ddc2cbecb57ca96a7" "/opt/rustwide/cargo-home/bin/cargo" "+1.99.0-beta.8" "test" "--frozen" "--no-run" "--message-format=json", kill_on_drop: false }`
[INFO] [stderr]    Compiling zerocopy v0.8.56
[INFO] [stderr]    Compiling rustix v1.1.4
[INFO] [stderr]    Compiling getrandom v0.4.3
[INFO] [stderr]    Compiling bitflags v2.13.1
[INFO] [stderr]    Compiling regex-syntax v0.8.11
[INFO] [stderr]    Compiling linux-raw-sys v0.12.1
[INFO] [stderr]    Compiling either v1.18.0
[INFO] [stderr]    Compiling zerocopy-derive v0.8.56
[INFO] [stderr]    Compiling fastrand v2.5.0
[INFO] [stderr]    Compiling clap_builder v4.6.6
[INFO] [stderr]    Compiling wait-timeout v0.2.1
[INFO] [stderr]    Compiling quick-error v1.2.3
[INFO] [stderr]    Compiling fnv v1.0.7
[INFO] [stderr]    Compiling bit-vec v0.8.0
[INFO] [stderr]    Compiling tinytemplate v1.2.1
[INFO] [stderr]    Compiling rand_xorshift v0.4.0
[INFO] [stderr]    Compiling is-terminal v0.4.17
[INFO] [stderr]    Compiling crossbeam-channel v0.5.16
[INFO] [stderr]    Compiling unarray v0.1.4
[INFO] [stderr]    Compiling itertools v0.10.5
[INFO] [stderr]    Compiling rayon v1.12.0
[INFO] [stderr]    Compiling bit-set v0.8.0
[INFO] [stderr]    Compiling clap v4.6.6
[INFO] [stderr]    Compiling criterion-plot v0.5.0
[INFO] [stderr]    Compiling regex-automata v0.4.18
[INFO] [stderr]    Compiling tempfile v3.27.0
[INFO] [stderr]    Compiling rusty-fork v0.3.1
[INFO] [stderr]    Compiling regex v1.13.1
[INFO] [stderr]    Compiling ppv-lite86 v0.2.21
[INFO] [stderr]    Compiling half v2.7.1
[INFO] [stderr]    Compiling rand_chacha v0.9.0
[INFO] [stderr]    Compiling ciborium-ll v0.2.2
[INFO] [stderr]    Compiling rand v0.9.5
[INFO] [stderr]    Compiling ciborium v0.2.2
[INFO] [stderr]    Compiling ulid v1.2.1
[INFO] [stderr]    Compiling proptest v1.11.0
[INFO] [stderr]    Compiling topodb v0.1.0 (/opt/rustwide/workdir)
[INFO] [stderr]    Compiling criterion v0.5.1
[INFO] [stderr]     Finished `test` profile [unoptimized + debuginfo] target(s) in 58.11s
[INFO] running `Command { std: "docker" "inspect" "bcb6a7cfbb61d559f3e821284a78f1bb2778dfe29d52334ddc2cbecb57ca96a7", kill_on_drop: false }`
[INFO] running `Command { std: "docker" "exec" "-e" "SOURCE_DIR=/opt/rustwide/workdir" "-e" "CARGO_HOME=/opt/rustwide/cargo-home" "-e" "RUSTUP_HOME=/opt/rustwide/rustup-home" "-e" "CARGO_TARGET_DIR=/opt/rustwide/target" "-e" "CARGO_INCREMENTAL=0" "-e" "RUST_BACKTRACE=full" "-e" "RUSTFLAGS=--cap-lints=warn" "-e" "RUSTDOCFLAGS=--cap-lints=warn" "-w" "/opt/rustwide/workdir" "--user" "0:0" "bcb6a7cfbb61d559f3e821284a78f1bb2778dfe29d52334ddc2cbecb57ca96a7" "/opt/rustwide/cargo-home/bin/cargo" "+1.99.0-beta.8" "test" "--frozen", kill_on_drop: false }`
[INFO] [stderr]     Finished `test` profile [unoptimized + debuginfo] target(s) in 0.20s
[INFO] [stderr]      Running unittests src/lib.rs (/opt/rustwide/target/debug/deps/topodb-09d6cae055a379d2)
[INFO] [stdout] 
[INFO] [stdout] running 179 tests
[INFO] [stdout] test adj::tests::roundtrips_boundaries_and_key ... ok
[INFO] [stdout] test adj::tests::rejects_bad_payloads ... ok
[INFO] [stdout] test codec::tests::frame_roundtrips ... ok
[INFO] [stdout] test codec::tests::rejects_bad ... ok
[INFO] [stdout] test fts::tests::chunked_posting_key_disambiguates_terms_scopes_and_chunks ... ok
[INFO] [stdout] test fts::tests::peek_first_slot_agrees_with_decode_and_rejects_bad_blocks ... ok
[INFO] [stdout] test fts::tests::posting_block_count_matches_decode_len_without_full_decode ... ok
[INFO] [stdout] test fts::tests::posting_block_rejects_bad_payloads ... ok
[INFO] [stdout] test fts::tests::posting_block_roundtrips_boundaries ... ok
[INFO] [stdout] test adj::tests::sorted_entries_roundtrip ... ok
[INFO] [stdout] test adj::tests::range_scans_are_prefix_isolated ... ok
[INFO] [stdout] test dict::tests::namespaces_are_independent_and_resolve_round_trips ... ok
[INFO] [stdout] test dict::tests::revert_restores_exact_pre_batch_counts_and_counters ... ok
[INFO] [stdout] test db::tests::dropped_receiver_is_pruned_on_next_broadcast ... ok
[INFO] [stdout] test fts::tests::sorted_posting_block_entries_roundtrip ... ok
[INFO] [stdout] test db::tests::set_meta_rejects_engine_reserved_keys ... ok
[INFO] [stdout] test db::tests::meta_roundtrip_survives_reopen ... ok
[INFO] [stdout] test fts::tests::out_of_order_insert_lands_sorted_within_the_covering_chunk ... ok
[INFO] [stdout] test hnsw::tests::default_params_version_is_bumped_for_heuristic_selection ... ok
[INFO] [stdout] test hnsw::tests::ef_search_is_max_of_4k_and_64 ... ok
[INFO] [stdout] test hnsw::tests::heuristic_backfills_pruned_in_candidate_order ... ok
[INFO] [stdout] test hnsw::tests::heuristic_duplicate_candidates_keep_lowest_slot_first ... ok
[INFO] [stdout] test hnsw::tests::heuristic_selection_prefers_diverse_over_clumped ... ok
[INFO] [stdout] test fts::tests::postings_roundtrip_deltas_and_isolate_be_sharing_scope_prefixes ... ok
[INFO] [stdout] test fts::tests::removing_every_doc_drops_the_whole_term ... ok
[INFO] [stdout] test hnsw::tests::keys_are_prefix_ordered ... ok
[INFO] [stdout] test hnsw::tests::level_distribution_and_pins ... ok
[INFO] [stdout] test hnsw::tests::link_row_roundtrip_via_tables ... ok
[INFO] [stdout] test hnsw::tests::params_roundtrip_and_validate ... ok
[INFO] [stdout] test hnsw::tests::cluster_vector_count_matches_row_count ... ok
[INFO] [stdout] test hnsw::tests::build_cluster_is_equivalent_to_incremental_inserts ... ok
[INFO] [stdout] test fts::tests::three_docs_sharing_a_term_produce_one_chunk_with_three_entries ... ok
[INFO] [stdout] test hnsw::tests::insert_then_search_finds_exact_neighbors_when_ef_covers_all ... ok
[INFO] [stdout] test hnsw::tests::insert_wires_diverse_neighbors_not_closest_clump ... ok
[INFO] [stdout] test hnsw::tests::reinsert_links_on_unbuilt_cluster_is_a_no_op ... ok
[INFO] [stdout] test hnsw::tests::reinsert_links_rewires_own_row_without_touching_neighbors ... ok
[INFO] [stdout] test ids::tests::ids_round_trip_u128_and_string ... ok
[INFO] [stdout] test ids::tests::ids_roundtrip_postcard ... ok
[INFO] [stdout] test ids::tests::scope_set_contains_shared_only_when_enabled ... ok
[INFO] [stdout] test index::tests::index_value_of_is_none_for_float_and_some_for_everything_else ... ok
[INFO] [stdout] test index::tests::validate_rejects_duplicates_within_a_list_but_not_across_lists ... ok
[INFO] [stdout] test hnsw::tests::tombstoning_the_entry_point_still_routes_correctly ... ok
[INFO] [stdout] test hnsw::tests::vec_cache_matches_direct_reads_and_caches_misses ... ok
[INFO] [stdout] test migrate_v3::tests::frozen_v2_decoders_read_the_workload_fixture ... ok
[INFO] [stdout] test hnsw::tests::search_excludes_tombstones_but_routes_through_them ... ok
[INFO] [stdout] test migrate_v3::tests::empty_v2_file_migrates ... ok
[INFO] [stdout] test hnsw::tests::zero_norm_query_yields_empty_result ... ok
[INFO] [stdout] test hnsw::tests::zero_norm_vectors_never_enter_the_graph ... ok
[INFO] [stdout] test migrate_v3::tests::v2_file_with_compacted_op_log_migrates_ops_untouched ... ok
[INFO] [stdout] test migrate_v4::tests::one_model_two_dims_across_scopes_rejects_not_encoding ... ok
[INFO] [stdout] test migrate_v3::tests::rebuild_after_migration_keeps_counters_with_their_ulid_when_slots_diverge ... ok
[INFO] [stdout] test migrate_v3::tests::v2_file_with_nodes_and_zero_edges_migrates ... ok
[INFO] [stdout] test migrate_v4::tests::postings_pass_rechunks_single_row_v3_postings ... ok
[INFO] [stdout] test migrate_v4::tests::postings_already_chunked_flag_skips_the_postings_pass ... ok
[INFO] [stdout] test migrate_v9::tests::new_op_bytes_decode_silently_under_old_decoder ... ok
[INFO] [stdout] test migrate_v9::tests::old_edge_bytes_error_under_new_decoder ... ok
[INFO] [stdout] test migrate_v9::tests::old_op_bytes_error_under_new_decoder ... ok
[INFO] [stdout] test ppr::tests::absent_or_nonpositive_seeds_are_dropped ... ok
[INFO] [stdout] test ppr::tests::byte_identical_across_runs ... ok
[INFO] [stdout] test ppr::tests::chain_scores_decay_with_distance ... ok
[INFO] [stdout] test ppr::tests::equal_scores_tie_break_by_ascending_id ... ok
[INFO] [stdout] test ppr::tests::isolated_node_scores_zero_and_nothing_nans ... ok
[INFO] [stdout] test ppr::tests::multi_seed_convergence_beats_single_link ... ok
[INFO] [stdout] test ppr::tests::parallel_edges_collapse_to_one_link ... ok
[INFO] [stdout] test migrate_v4::tests::vectors_pass_folds_embeddings_into_vectors_and_embedding_ref ... ok
[INFO] [stdout] test ppr::tests::seeds_are_excluded_from_output ... ok
[INFO] [stdout] test ppr::tests::weighted_teleport_biases_toward_heavy_seed ... ok
[INFO] [stdout] test prop_index::tests::signed_keys_sort ... ok
[INFO] [stdout] test quant::tests::all_nonfinite_input_degrades_to_zero_encoding ... ok
[INFO] [stdout] test quant::tests::cosine_q_identical_codes_is_one ... ok
[INFO] [stdout] test migrate_v8::tests::quantizes_v7_f32_rows_in_place ... ok
[INFO] [stdout] test quant::tests::cosine_q_zero_side_is_none ... ok
[INFO] [stdout] test quant::tests::empty_slice_edge ... ok
[INFO] [stdout] test quant::tests::cosine_q_tracks_f32_cosine ... ok
[INFO] [stdout] test quant::tests::nan_component_codes_to_zero_deterministically ... ok
[INFO] [stdout] test quant::tests::nonzero_vector_max_component_hits_127 ... ok
[INFO] [stdout] test quant::tests::round_trip_codes_are_exactly_stable ... ok
[INFO] [stdout] test quant::tests::zero_vector_codes_are_all_zero_and_scale_zero ... ok
[INFO] [stdout] test migrate_v6::tests::migrate_v5_to_v6_builds_label_index_from_nodes_scan ... ok
[INFO] [stdout] test migrate_v9::tests::bitemporalize_backfills_edges_and_rewrites_ops_in_place ... ok
[INFO] [stdout] test read::tests::allen_inverted_or_nonpositive_intervals_rejected ... ok
[INFO] [stdout] test read::tests::allen_predicate_truth_table_closed_and_open_edges ... ok
[INFO] [stdout] test prop_index::tests::lookup_excludes_longer_value_sharing_prefix ... ok
[INFO] [stdout] test read::tests::empty_intervals_match_no_predicates ... ok
[INFO] [stdout] test read::tests::from_parts_all_absent_returns_ok_none ... ok
[INFO] [stdout] test read::tests::from_parts_inverted_during_err ... ok
[INFO] [stdout] test read::tests::from_parts_inverted_overlaps_err ... ok
[INFO] [stdout] test read::tests::from_parts_nonpositive_timestamps_err ... ok
[INFO] [stdout] test read::tests::from_parts_single_param_succeeds ... ok
[INFO] [stdout] test read::tests::from_parts_two_params_err_names_both ... ok
[INFO] [stdout] test quant::tests::i64_accumulators_never_overflow ... ok
[INFO] [stdout] test recall::adjustment_tests::access_factor_is_neutral_monotone_bounded ... ok
[INFO] [stdout] test recall::adjustment_tests::empty_label_weights_change_nothing ... ok
[INFO] [stdout] test recall::adjustment_tests::label_weight_downranks_matching_label ... ok
[INFO] [stdout] test recall::corroboration_tests::corroborated_hit_wins_near_tie_only_when_weight_positive ... ok
[INFO] [stdout] test recall::corroboration_tests::corroboration_factor_neutral_and_bounded ... ok
[INFO] [stdout] test recall::corroboration_tests::corroboration_weight_defaults_to_zero ... ok
[INFO] [stdout] test recall::corroboration_tests::corroboration_weight_validation_matches_access_weight_envelope ... ok
[INFO] [stdout] test recall::corroboration_tests::corroboration_zero_weight_is_byte_identical ... ok
[INFO] [stdout] test read::tests::allen_traverse_interval_rejects_as_of_and_recorded_axis ... ok
[INFO] [stdout] test recall::corroboration_tests::zero_weight_legs_do_not_count_toward_corroboration ... ok
[INFO] [stdout] test recall::query_tests::label_weights_validation_rejects_bad_factors ... ok
[INFO] [stdout] test recall::query_tests::default_tuning_validates ... ok
[INFO] [stdout] test recall::query_tests::weight_validation_rejects_bad_values ... ok
[INFO] [stdout] test recall::tests::agreement_across_legs_beats_single_leg_top_rank ... ok
[INFO] [stdout] test recall::tests::empty_input_fuses_to_empty ... ok
[INFO] [stdout] test recall::tests::ties_break_by_ascending_id ... ok
[INFO] [stdout] test recall::tests::weights_scale_leg_contributions ... ok
[INFO] [stdout] test recall::query_tests::new_carries_todays_defaults ... ok
[INFO] [stdout] test fts::tests::removing_a_full_chunks_docs_drops_only_that_chunks_key ... ok
[INFO] [stdout] test read::tests::allen_interval_gates_edges_from_and_edges_to ... ok
[INFO] [stdout] test read::tests::allen_interval_gates_traverse_hops ... ok
[INFO] [stdout] test scopes::tests::intern_distinct_scopes_yield_increasing_ids ... ok
[INFO] [stdout] test scopes::tests::registry_roundtrips ... ok
[INFO] [stdout] test scopes::tests::resolve_returns_scope_and_errors_on_unknown_id ... ok
[INFO] [stdout] test migrate_v3::tests::sidecar_migration_populates_slot_and_adjacency_tables ... ok
[INFO] [stdout] test scopes::tests::id_of_none_then_some_after_intern ... ok
[INFO] [stdout] test slots::tests::allocation_is_monotonic_and_bidirectional ... ok
[INFO] [stdout] test scopes::tests::revert_rolls_back_and_reuses_freed_id ... ok
[INFO] [stdout] test scopes::tests::intern_same_scope_is_idempotent ... ok
[INFO] [stdout] test state::tests::an_old_log_with_an_unrelated_edge_scope_still_replays ... ok
[INFO] [stdout] test scopes::tests::seed_shared_is_idempotent ... ok
[INFO] [stdout] test fts::tests::out_of_order_insert_into_an_earlier_chunk_leaves_the_last_chunk_untouched ... ok
[INFO] [stdout] test state::tests::close_edge_already_closed_is_rejected ... ok
[INFO] [stdout] test state::tests::cross_scope_edge_requires_shared_endpoint ... ok
[INFO] [stdout] test state::tests::create_edge_resolves_valid_from_and_persists ... ok
[INFO] [stdout] test state::tests::create_edge_missing_endpoint_is_rejected ... ok
[INFO] [stdout] test state::tests::remove_node_removes_incident_edges ... ok
[INFO] [stdout] test fts::tests::below_range_insert_hits_chunk_zero_and_gap_removal_is_a_noop ... ok
[INFO] [stdout] test state::tests::remove_node_missing_is_rejected ... ok
[INFO] [stdout] test storage::tests::label_index_key_orders_by_mint_time_within_label_scope ... ok
[INFO] [stdout] test state::tests::close_edge_missing_is_rejected ... ok
[INFO] [stdout] test fts::tests::updating_one_docs_tf_touches_only_its_covering_chunk ... ok
[INFO] [stdout] test storage::tests::append_assigns_monotonic_seq_and_roundtrips ... ok
[INFO] [stdout] test storage::tests::open_rejects_unsupported_format_version ... ok
[INFO] [stdout] test storage::tests::rebuild_error_reloads_dicts_and_scope_registry_mirrors_from_disk ... ok
[INFO] [stdout] test fts::tests::a_hot_term_splits_into_multiple_chunks_and_df_sums_across_them ... ok
[INFO] [stdout] test storage::tests::label_reads_skip_a_stale_index_row_whose_record_no_longer_matches ... ok
[INFO] [stdout] test storage::tests::apply_op_maintains_label_index_on_create_and_remove ... ok
[INFO] [stdout] test fts::tests::mid_chunk_split_shifts_correctly_across_a_numbering_gap ... ok
[INFO] [stdout] test storage::tests::rebuild_state_from_ops_repopulates_label_index ... ok
[INFO] [stdout] test storage::tests::append_ops_rejects_empty_batch ... ok
[INFO] [stdout] test state::tests::remove_node_removes_incident_edge_in_to_direction ... ok
[INFO] [stdout] test storage::tests::storage_report_counts_v4_vector_tables_and_they_go_cold_on_remove ... ok
[INFO] [stdout] test storage::tests::remove_node_cascades_a_self_loop_without_double_removal ... ok
[INFO] [stdout] test storage::tests::chunked_postings_under_version_3_fail_migration_loudly_not_silently ... ok
[INFO] [stdout] test fts::tests::gap_insert_between_chunks_lands_in_the_earlier_chunk ... ok
[INFO] [stdout] test storage::tests::vector_dims_first_set_embedding_pins_dim ... ok
[INFO] [stdout] test validate::tests::distinct_ids_and_non_create_ops_are_unaffected ... ok
[INFO] [stdout] test validate::tests::duplicate_id_within_the_same_ops_slice_is_rejected ... ok
[INFO] [stdout] test validate::tests::fresh_id_is_accepted ... ok
[INFO] [stdout] test validate::tests::id_already_present_in_pre_state_is_rejected ... ok
[INFO] [stdout] test validate::tests::project_scoped_endpoint_admits_only_its_own_scope_or_shared ... ok
[INFO] [stdout] test validate::tests::shared_endpoints_admit_any_edge_scope ... ok
[INFO] [stdout] test validate::tests::unrelated_project_scope_is_invalid_when_an_endpoint_is_project_scoped ... ok
[INFO] [stdout] test vector_store::tests::heap_drops_ties_once_enough_strictly_better_elements_arrive ... ok
[INFO] [stdout] test vector_store::tests::heap_retains_all_ties_at_the_boundary_conservatively ... ok
[INFO] [stdout] test storage::tests::set_embedding_lands_in_record_and_rejects_missing_node ... ok
[INFO] [stdout] test storage::tests::vector_dims_failed_batch_rolls_back_phantom_model_intern_and_pin ... ok
[INFO] [stdout] test storage::tests::slot_mapping_without_record_row_is_encoding_corruption ... ok
[INFO] [stdout] test storage::tests::v3_file_with_one_model_two_dims_across_scopes_rejects_migration_not_encoding ... ok
[INFO] [stdout] test storage::tests::vector_dims_rebuild_state_from_ops_reproduces_table ... ok
[INFO] [stdout] test storage::tests::vector_dims_different_dim_rejects_whole_batch_and_commits_nothing ... ok
[INFO] [stdout] test workload::tests::workload_is_deterministic_and_shaped ... ok
[INFO] [stdout] test storage::tests::vector_dims_two_models_different_dims_coexist ... ok
[INFO] [stdout] test storage::tests::vector_dims_same_dim_reembed_passes ... ok
[INFO] [stdout] test vector_store::tests::read_qvec_by_slot_never_embedded_is_none ... ok
[INFO] [stdout] test vector_store::tests::reembed_same_model_overwrites_in_place_no_orphan ... ok
[INFO] [stdout] test vector_store::tests::put_read_round_trips ... ok
[INFO] [stdout] test vector_store::tests::streaming_heap_topk_matches_sort_and_truncate ... ok
[INFO] [stdout] test vector_store::tests::remove_vector_clears_both_tables ... ok
[INFO] [stdout] test storage::tests::vector_dims_survives_reopen ... ok
[INFO] [stdout] test vector_store::tests::reembed_under_new_model_deletes_old_models_row_and_updates_ref ... ok
[INFO] [stdout] test read::tests::traversal_spans_multiple_adjacency_chunks ... ok
[INFO] [stdout] test storage::tests::remove_node_cascades_via_adjacency_at_scale ... ok
[INFO] [stdout] test storage::tests::vectors_tables_have_no_orphans_after_200_memory_workload_with_reembeds_and_removes ... ok
[INFO] [stdout] test fts::tests::over_target_covering_insert_splits_and_shifts_later_chunks_intact ... ok
[INFO] [stdout] test fts::tests::fast_path_insert_leaves_every_non_last_chunks_bytes_untouched ... ok
[INFO] [stdout] test fts::tests::set_posting_matches_oracle_and_holds_chunk_invariants ... ok
[INFO] [stdout] 
[INFO] [stdout] test result: ok. 179 passed; 0 failed; 0 ignored; 0 measured; 0 filtered out; finished in 34.16s
[INFO] [stdout] 
[INFO] [stderr]      Running tests/busy.rs (/opt/rustwide/target/debug/deps/busy-1e69fcadd634b843)
[INFO] [stdout] 
[INFO] [stdout] running 3 tests
[INFO] [stdout] test open_stored_on_held_db_is_busy ... ok
[INFO] [stdout] test second_open_of_live_db_is_busy ... ok
[INFO] [stderr]      Running tests/change_feed.rs (/opt/rustwide/target/debug/deps/change_feed-bbb489e8d80876e0)
[INFO] [stdout] test busy_clears_when_holder_drops ... ok
[INFO] [stdout] 
[INFO] [stdout] test result: ok. 3 passed; 0 failed; 0 ignored; 0 measured; 0 filtered out; finished in 0.61s
[INFO] [stdout] 
[INFO] [stdout] 
[INFO] [stdout] running 11 tests
[INFO] [stdout] test subscriber_receives_applied_ops_with_monotonic_seq ... ok
[INFO] [stdout] test current_seq_survives_empty_compaction_for_anchoring ... ok
[INFO] [stdout] test ops_since_replays_the_log_and_covers_dropped_events ... ok
[INFO] [stdout] test subscribe_zero_capacity_still_delivers ... ok
[INFO] [stdout] test rebuild_broadcasts_nothing ... ok
[INFO] [stdout] test rejected_batches_and_reads_produce_no_events ... ok
[INFO] [stdout] test ops_since_zero_replays_everything_on_uncompacted_log ... ok
[INFO] [stdout] test append_after_empty_compaction_resumes_at_the_floor ... ok
[INFO] [stdout] test unsupported_format_version_errors_at_open ... ok
[INFO] [stdout] test pre_v1_format_version_errors_at_open ... ok
[INFO] [stdout] test compaction_enforces_ops_since_contract ... ok
[INFO] [stdout] 
[INFO] [stdout] test result: ok. 11 passed; 0 failed; 0 ignored; 0 measured; 0 filtered out; finished in 1.57s
[INFO] [stdout] 
[INFO] [stderr]      Running tests/concurrency.rs (/opt/rustwide/target/debug/deps/concurrency-713f266f271dc2fe)
[INFO] [stdout] 
[INFO] [stdout] running 6 tests
[INFO] [stdout] test concurrent_submitters_all_succeed_and_feed_stays_ordered ... ok
[INFO] [stdout] test concurrent_upsert_by_name_collapses_to_one_node ... ok
[INFO] [stdout] test reads_complete_while_a_large_batch_commits ... FAILED
[INFO] [stdout] test two_upserts_same_name_in_one_batch_collapse ... ok
[INFO] [stdout] test failing_batch_in_a_group_poisons_nothing ... ok
[INFO] [stdout] test sixteen_writers_supersede_leaves_exactly_one_open_edge ... ok
[INFO] [stdout] 
[INFO] [stdout] failures:
[INFO] [stdout] 
[INFO] [stdout] ---- reads_complete_while_a_large_batch_commits stdout ----
[INFO] [stdout] 
[INFO] [stdout] thread 'reads_complete_while_a_large_batch_commits' (2628) panicked at tests/concurrency.rs:454:5:
[INFO] [stdout] a read exceeded the non-blocking threshold on all 5 attempts — reads are serialized behind the in-flight batch's commit/fsync, not a one-off scheduler stall. Last: attempt 5/5: read #67 took 1.688265865s, exceeding threshold 440.251486ms (batch_duration=1.761005945s)
[INFO] [stdout] stack backtrace:
[INFO] [stdout]    0:     0x599ea14a0971 - std[70759c8f55707aa4]::backtrace_rs::backtrace::libunwind::trace
[INFO] [stdout]                                at /rustc/dfb0accb7f508ae8be965d8629557221c889dd98/library/std/src/../../backtrace/src/backtrace/libunwind.rs:117:9
[INFO] [stdout]    1:     0x599ea14a0971 - std[70759c8f55707aa4]::backtrace_rs::backtrace::trace_unsynchronized::<std[70759c8f55707aa4]::sys::backtrace::_print_fmt::{closure#1}>
[INFO] [stdout]                                at /rustc/dfb0accb7f508ae8be965d8629557221c889dd98/library/std/src/../../backtrace/src/backtrace/mod.rs:66:14
[INFO] [stdout]    2:     0x599ea14a0971 - std[70759c8f55707aa4]::sys::backtrace::_print_fmt
[INFO] [stdout]                                at /rustc/dfb0accb7f508ae8be965d8629557221c889dd98/library/std/src/sys/backtrace.rs:74:9
[INFO] [stdout]    3:     0x599ea14a0971 - <<std[70759c8f55707aa4]::sys::backtrace::BacktraceLock>::print::DisplayBacktrace as core[df12db4294e9bfd3]::fmt::Display>::fmt
[INFO] [stdout]                                at /rustc/dfb0accb7f508ae8be965d8629557221c889dd98/library/std/src/sys/backtrace.rs:44:26
[INFO] [stdout]    4:     0x599ea14b817a - <core[df12db4294e9bfd3]::fmt::rt::Argument>::fmt
[INFO] [stdout]                                at /rustc/dfb0accb7f508ae8be965d8629557221c889dd98/library/core/src/fmt/rt.rs:152:76
[INFO] [stdout]    5:     0x599ea14b817a - core[df12db4294e9bfd3]::fmt::write
[INFO] [stdout]    6:     0x599ea14a512c - core[df12db4294e9bfd3]::io::write::default_write_fmt::<alloc[2182bb758b4b3781]::vec::Vec<u8>>
[INFO] [stdout]                                at /rustc/dfb0accb7f508ae8be965d8629557221c889dd98/library/core/src/io/write.rs:402:11
[INFO] [stdout]    7:     0x599ea14a512c - <alloc[2182bb758b4b3781]::vec::Vec<u8> as core[df12db4294e9bfd3]::io::write::Write>::write_fmt
[INFO] [stderr] error: test failed, to rerun pass `--test concurrency`
[INFO] [stdout]                                at /rustc/dfb0accb7f508ae8be965d8629557221c889dd98/library/core/src/io/write.rs:335:13
[INFO] [stdout]    8:     0x599ea147abb6 - <std[70759c8f55707aa4]::sys::backtrace::BacktraceLock>::print
[INFO] [stdout]                                at /rustc/dfb0accb7f508ae8be965d8629557221c889dd98/library/std/src/sys/backtrace.rs:47:9
[INFO] [stdout]    9:     0x599ea147abb6 - std[70759c8f55707aa4]::panicking::default_hook::{closure#0}
[INFO] [stdout]                                at /rustc/dfb0accb7f508ae8be965d8629557221c889dd98/library/std/src/panicking.rs:292:27
[INFO] [stdout]   10:     0x599ea1497f49 - std[70759c8f55707aa4]::panicking::default_hook
[INFO] [stdout]                                at /rustc/dfb0accb7f508ae8be965d8629557221c889dd98/library/std/src/panicking.rs:316:9
[INFO] [stdout]   11:     0x599ea0ff1010 - <alloc[2182bb758b4b3781]::boxed::Box<dyn for<'a, 'b> core[df12db4294e9bfd3]::ops::function::Fn<(&'a std[70759c8f55707aa4]::panic::PanicHookInfo<'b>,), Output = ()> + core[df12db4294e9bfd3]::marker::Send + core[df12db4294e9bfd3]::marker::Sync> as core[df12db4294e9bfd3]::ops::function::Fn<(&std[70759c8f55707aa4]::panic::PanicHookInfo,)>>::call
[INFO] [stdout]                                at /rustc/dfb0accb7f508ae8be965d8629557221c889dd98/library/alloc/src/boxed.rs:2334:9
[INFO] [stdout]   12:     0x599ea0ff1010 - test[9d35eded1c95d3be]::test_main_inner::<test[9d35eded1c95d3be]::test_main_static::{closure#0}>::{closure#0}
[INFO] [stdout]                                at /rustc/dfb0accb7f508ae8be965d8629557221c889dd98/library/test/src/lib.rs:155:21
[INFO] [stdout]   13:     0x599ea1498102 - <alloc[2182bb758b4b3781]::boxed::Box<dyn for<'a, 'b> core[df12db4294e9bfd3]::ops::function::Fn<(&'a std[70759c8f55707aa4]::panic::PanicHookInfo<'b>,), Output = ()> + core[df12db4294e9bfd3]::marker::Send + core[df12db4294e9bfd3]::marker::Sync> as core[df12db4294e9bfd3]::ops::function::Fn<(&std[70759c8f55707aa4]::panic::PanicHookInfo,)>>::call
[INFO] [stdout]                                at /rustc/dfb0accb7f508ae8be965d8629557221c889dd98/library/alloc/src/boxed.rs:2334:9
[INFO] [stdout]   14:     0x599ea1498102 - std[70759c8f55707aa4]::panicking::panic_with_hook
[INFO] [stdout]                                at /rustc/dfb0accb7f508ae8be965d8629557221c889dd98/library/std/src/panicking.rs:823:13
[INFO] [stdout]   15:     0x599ea147ac62 - std[70759c8f55707aa4]::panicking::panic_handler::{closure#0}
[INFO] [stdout]                                at /rustc/dfb0accb7f508ae8be965d8629557221c889dd98/library/std/src/panicking.rs:688:13
[INFO] [stdout]   16:     0x599ea14738c9 - std[70759c8f55707aa4]::sys::backtrace::__rust_end_short_backtrace::<std[70759c8f55707aa4]::panicking::panic_handler::{closure#0}, !>
[INFO] [stdout]                                at /rustc/dfb0accb7f508ae8be965d8629557221c889dd98/library/std/src/sys/backtrace.rs:182:18
[INFO] [stdout]   17:     0x599ea147b85d - __rustc[8fa7c3cbc660c2b3]::rust_begin_unwind
[INFO] [stdout]                                at /rustc/dfb0accb7f508ae8be965d8629557221c889dd98/library/std/src/panicking.rs:679:5
[INFO] [stdout]   18:     0x599ea14b899c - core[df12db4294e9bfd3]::panicking::panic_fmt
[INFO] [stdout]                                at /rustc/dfb0accb7f508ae8be965d8629557221c889dd98/library/core/src/panicking.rs:80:14
[INFO] [stdout]   19:     0x599ea0fbfb94 - concurrency[f6c1ad2c6ddcde1b]::reads_complete_while_a_large_batch_commits
[INFO] [stdout]                                at /opt/rustwide/workdir/tests/concurrency.rs:454:5
[INFO] [stdout]   20:     0x599ea0fbc047 - concurrency[f6c1ad2c6ddcde1b]::reads_complete_while_a_large_batch_commits::{closure#0}
[INFO] [stdout]                                at /opt/rustwide/workdir/tests/concurrency.rs:406:48
[INFO] [stdout]   21:     0x599ea0f95c46 - <concurrency[f6c1ad2c6ddcde1b]::reads_complete_while_a_large_batch_commits::{closure#0} as core[df12db4294e9bfd3]::ops::function::FnOnce<()>>::call_once
[INFO] [stdout]                                at /rustc/dfb0accb7f508ae8be965d8629557221c889dd98/library/core/src/ops/function.rs:250:5
[INFO] [stdout]   22:     0x599ea0fe42fb - <fn() -> core[df12db4294e9bfd3]::result::Result<(), alloc[2182bb758b4b3781]::string::String> as core[df12db4294e9bfd3]::ops::function::FnOnce<()>>::call_once
[INFO] [stdout]                                at /rustc/dfb0accb7f508ae8be965d8629557221c889dd98/library/core/src/ops/function.rs:250:5
[INFO] [stdout]   23:     0x599ea0fe42fb - test[9d35eded1c95d3be]::__rust_begin_short_backtrace::<core[df12db4294e9bfd3]::result::Result<(), alloc[2182bb758b4b3781]::string::String>, fn() -> core[df12db4294e9bfd3]::result::Result<(), alloc[2182bb758b4b3781]::string::String>>
[INFO] [stdout]                                at /rustc/dfb0accb7f508ae8be965d8629557221c889dd98/library/test/src/lib.rs:733:18
[INFO] [stdout]   24:     0x599ea0ff1965 - test[9d35eded1c95d3be]::run_test_in_process::{closure#0}
[INFO] [stdout]                                at /rustc/dfb0accb7f508ae8be965d8629557221c889dd98/library/test/src/lib.rs:756:74
[INFO] [stdout]   25:     0x599ea0ff1965 - <core[df12db4294e9bfd3]::panic::unwind_safe::AssertUnwindSafe<test[9d35eded1c95d3be]::run_test_in_process::{closure#0}> as core[df12db4294e9bfd3]::ops::function::FnOnce<()>>::call_once
[INFO] [stdout]                                at /rustc/dfb0accb7f508ae8be965d8629557221c889dd98/library/core/src/panic/unwind_safe.rs:275:9
[INFO] [stdout]   26:     0x599ea0ff1965 - std[70759c8f55707aa4]::panicking::catch_unwind::do_call::<core[df12db4294e9bfd3]::panic::unwind_safe::AssertUnwindSafe<test[9d35eded1c95d3be]::run_test_in_process::{closure#0}>, core[df12db4294e9bfd3]::result::Result<(), alloc[2182bb758b4b3781]::string::String>>
[INFO] [stdout]                                at /rustc/dfb0accb7f508ae8be965d8629557221c889dd98/library/std/src/panicking.rs:576:43
[INFO] [stdout]   27:     0x599ea0ff1965 - std[70759c8f55707aa4]::panicking::catch_unwind::<core[df12db4294e9bfd3]::result::Result<(), alloc[2182bb758b4b3781]::string::String>, core[df12db4294e9bfd3]::panic::unwind_safe::AssertUnwindSafe<test[9d35eded1c95d3be]::run_test_in_process::{closure#0}>>
[INFO] [stdout]                                at /rustc/dfb0accb7f508ae8be965d8629557221c889dd98/library/std/src/panicking.rs:544:19
[INFO] [stdout]   28:     0x599ea0ff1965 - std[70759c8f55707aa4]::panic::catch_unwind::<core[df12db4294e9bfd3]::panic::unwind_safe::AssertUnwindSafe<test[9d35eded1c95d3be]::run_test_in_process::{closure#0}>, core[df12db4294e9bfd3]::result::Result<(), alloc[2182bb758b4b3781]::string::String>>
[INFO] [stdout]                                at /rustc/dfb0accb7f508ae8be965d8629557221c889dd98/library/std/src/panic.rs:359:14
[INFO] [stdout]   29:     0x599ea0ff1965 - test[9d35eded1c95d3be]::run_test_in_process
[INFO] [stdout]                                at /rustc/dfb0accb7f508ae8be965d8629557221c889dd98/library/test/src/lib.rs:756:27
[INFO] [stdout]   30:     0x599ea0ff1965 - test[9d35eded1c95d3be]::run_test::{closure#0}
[INFO] [stdout]                                at /rustc/dfb0accb7f508ae8be965d8629557221c889dd98/library/test/src/lib.rs:677:43
[INFO] [stdout]   31:     0x599ea0feb224 - test[9d35eded1c95d3be]::run_test::{closure#1}
[INFO] [stdout]                                at /rustc/dfb0accb7f508ae8be965d8629557221c889dd98/library/test/src/lib.rs:707:41
[INFO] [stdout]   32:     0x599ea0feb224 - std[70759c8f55707aa4]::sys::backtrace::__rust_begin_short_backtrace::<test[9d35eded1c95d3be]::run_test::{closure#1}, ()>
[INFO] [stdout]                                at /rustc/dfb0accb7f508ae8be965d8629557221c889dd98/library/std/src/sys/backtrace.rs:166:18
[INFO] [stdout]   33:     0x599ea0ff4ac2 - std[70759c8f55707aa4]::thread::lifecycle::spawn_unchecked::<test[9d35eded1c95d3be]::run_test::{closure#1}, ()>::{closure#1}::{closure#0}
[INFO] [stdout]                                at /rustc/dfb0accb7f508ae8be965d8629557221c889dd98/library/std/src/thread/lifecycle.rs:70:13
[INFO] [stdout]   34:     0x599ea0ff4ac2 - <core[df12db4294e9bfd3]::panic::unwind_safe::AssertUnwindSafe<std[70759c8f55707aa4]::thread::lifecycle::spawn_unchecked<test[9d35eded1c95d3be]::run_test::{closure#1}, ()>::{closure#1}::{closure#0}> as core[df12db4294e9bfd3]::ops::function::FnOnce<()>>::call_once
[INFO] [stdout]                                at /rustc/dfb0accb7f508ae8be965d8629557221c889dd98/library/core/src/panic/unwind_safe.rs:275:9
[INFO] [stdout]   35:     0x599ea0ff4ac2 - std[70759c8f55707aa4]::panicking::catch_unwind::do_call::<core[df12db4294e9bfd3]::panic::unwind_safe::AssertUnwindSafe<std[70759c8f55707aa4]::thread::lifecycle::spawn_unchecked<test[9d35eded1c95d3be]::run_test::{closure#1}, ()>::{closure#1}::{closure#0}>, ()>
[INFO] [stdout]                                at /rustc/dfb0accb7f508ae8be965d8629557221c889dd98/library/std/src/panicking.rs:576:43
[INFO] [stdout]   36:     0x599ea0ff4ac2 - std[70759c8f55707aa4]::panicking::catch_unwind::<(), core[df12db4294e9bfd3]::panic::unwind_safe::AssertUnwindSafe<std[70759c8f55707aa4]::thread::lifecycle::spawn_unchecked<test[9d35eded1c95d3be]::run_test::{closure#1}, ()>::{closure#1}::{closure#0}>>
[INFO] [stdout]                                at /rustc/dfb0accb7f508ae8be965d8629557221c889dd98/library/std/src/panicking.rs:544:19
[INFO] [stdout]   37:     0x599ea0ff4ac2 - std[70759c8f55707aa4]::panic::catch_unwind::<core[df12db4294e9bfd3]::panic::unwind_safe::AssertUnwindSafe<std[70759c8f55707aa4]::thread::lifecycle::spawn_unchecked<test[9d35eded1c95d3be]::run_test::{closure#1}, ()>::{closure#1}::{closure#0}>, ()>
[INFO] [stdout]                                at /rustc/dfb0accb7f508ae8be965d8629557221c889dd98/library/std/src/panic.rs:359:14
[INFO] [stdout]   38:     0x599ea0ff4ac2 - std[70759c8f55707aa4]::thread::lifecycle::spawn_unchecked::<test[9d35eded1c95d3be]::run_test::{closure#1}, ()>::{closure#1}
[INFO] [stdout]                                at /rustc/dfb0accb7f508ae8be965d8629557221c889dd98/library/std/src/thread/lifecycle.rs:68:26
[INFO] [stdout]   39:     0x599ea0ff4ac2 - <std[70759c8f55707aa4]::thread::lifecycle::spawn_unchecked<test[9d35eded1c95d3be]::run_test::{closure#1}, ()>::{closure#1} as core[df12db4294e9bfd3]::ops::function::FnOnce<()>>::call_once::{shim:vtable#0}
[INFO] [stdout]                                at /rustc/dfb0accb7f508ae8be965d8629557221c889dd98/library/core/src/ops/function.rs:250:5
[INFO] [stdout]   40:     0x599ea14a0139 - <alloc[2182bb758b4b3781]::boxed::Box<dyn core[df12db4294e9bfd3]::ops::function::FnOnce<(), Output = ()> + core[df12db4294e9bfd3]::marker::Send> as core[df12db4294e9bfd3]::ops::function::FnOnce<()>>::call_once
[INFO] [stdout]                                at /rustc/dfb0accb7f508ae8be965d8629557221c889dd98/library/alloc/src/boxed.rs:2320:9
[INFO] [stdout]   41:     0x599ea14a0139 - <std[70759c8f55707aa4]::sys::thread::unix::Thread>::new::thread_start
[INFO] [stdout]                                at /rustc/dfb0accb7f508ae8be965d8629557221c889dd98/library/std/src/sys/thread/unix.rs:123:17
[INFO] [stdout]   42:     0x7d8f390dedfa - <unknown>
[INFO] [stdout]   43:     0x7d8f391723d4 - clone
[INFO] [stdout]   44:                0x0 - <unknown>
[INFO] [stdout] 
[INFO] [stdout] 
[INFO] [stdout] failures:
[INFO] [stdout]     reads_complete_while_a_large_batch_commits
[INFO] [stdout] 
[INFO] [stdout] test result: FAILED. 5 passed; 1 failed; 0 ignored; 0 measured; 0 filtered out; finished in 17.27s
[INFO] [stdout] 
[INFO] running `Command { std: "docker" "inspect" "bcb6a7cfbb61d559f3e821284a78f1bb2778dfe29d52334ddc2cbecb57ca96a7", kill_on_drop: false }`
[INFO] running `Command { std: "docker" "rm" "-f" "bcb6a7cfbb61d559f3e821284a78f1bb2778dfe29d52334ddc2cbecb57ca96a7", kill_on_drop: false }`
[INFO] [stdout] bcb6a7cfbb61d559f3e821284a78f1bb2778dfe29d52334ddc2cbecb57ca96a7
