[INFO] fetching crate tool_macros 0.6.0...
[INFO] testing tool_macros-0.6.0 against 1.99.0-beta.8 for beta-1.100-2
[INFO] extracting crate tool_macros 0.6.0 into /workspace/builds/worker-5-tc1/source
[INFO] started tweaking crates.io crate tool_macros 0.6.0
[INFO] finished tweaking crates.io crate tool_macros 0.6.0
[INFO] tweaked toml for crates.io crate tool_macros 0.6.0 written to /workspace/builds/worker-5-tc1/source/Cargo.toml
[INFO] validating manifest of crates.io crate tool_macros 0.6.0 on toolchain 1.99.0-beta.8
[INFO] running `Command { std: CARGO_HOME="/workspace/cargo-home" RUSTUP_HOME="/workspace/rustup-home" "/workspace/cargo-home/bin/cargo" "+1.99.0-beta.8" "metadata" "--manifest-path" "Cargo.toml" "--no-deps", kill_on_drop: false }`
[INFO] crate crates.io crate tool_macros 0.6.0 already has a lockfile, it will not be regenerated
[INFO] running `Command { std: CARGO_HOME="/workspace/cargo-home" RUSTUP_HOME="/workspace/rustup-home" "/workspace/cargo-home/bin/cargo" "+1.99.0-beta.8" "fetch" "--manifest-path" "Cargo.toml", kill_on_drop: false }`
[INFO] [stderr] warning: Cargo.toml: `lints.clippy.uninlined-format-args` is deprecated in favor of `lints.clippy.uninlined_format_args` and will not work in a future edition
[INFO] [stderr] warning: `tool_macros` (manifest) generated 1 warning
[INFO] [stderr]     Updating crates.io index
[INFO] [stderr]  Downloading crates ...
[INFO] [stderr]   Downloaded polaris_macro_utils v0.6.0
[INFO] [stderr]   Downloaded toml_edit v0.25.12+spec-1.1.0
[INFO] running `Command { std: "docker" "create" "-v" "/var/lib/crater-agent-workspace/builds/worker-5-tc1/source:/opt/rustwide/workdir:ro,Z" "-v" "/var/lib/crater-agent-workspace/builds/worker-5-tc1/target:/opt/rustwide/target:rw,Z" "-v" "/var/lib/crater-agent-workspace/cargo-home:/opt/rustwide/cargo-home:ro,Z" "-v" "/var/lib/crater-agent-workspace/rustup-home:/opt/rustwide/rustup-home:ro,Z" "-m" "1610612736" "--network" "none" "ghcr.io/rust-lang/crates-build-env/linux@sha256:3111399a4047eeb3a02b7a90e478d715f38a8c6669b5c4b49d30a17385265909" "sleep" "infinity", kill_on_drop: false }`
[INFO] [stdout] 2b77b35563d1c716fe8c0a9ce65525ad2fab6c37500c9568fdabd3d086fd42ed
[INFO] running `Command { std: "docker" "start" "2b77b35563d1c716fe8c0a9ce65525ad2fab6c37500c9568fdabd3d086fd42ed", kill_on_drop: false }`
[INFO] running `Command { std: "docker" "inspect" "2b77b35563d1c716fe8c0a9ce65525ad2fab6c37500c9568fdabd3d086fd42ed", kill_on_drop: false }`
[INFO] running `Command { std: "docker" "exec" "-e" "SOURCE_DIR=/opt/rustwide/workdir" "-e" "CARGO_HOME=/opt/rustwide/cargo-home" "-e" "RUSTUP_HOME=/opt/rustwide/rustup-home" "-e" "CARGO_TARGET_DIR=/opt/rustwide/target" "-w" "/opt/rustwide/workdir" "--user" "0:0" "2b77b35563d1c716fe8c0a9ce65525ad2fab6c37500c9568fdabd3d086fd42ed" "/opt/rustwide/cargo-home/bin/cargo" "+1.99.0-beta.8" "metadata" "--no-deps" "--format-version=1", kill_on_drop: false }`
[INFO] running `Command { std: "docker" "inspect" "2b77b35563d1c716fe8c0a9ce65525ad2fab6c37500c9568fdabd3d086fd42ed", kill_on_drop: false }`
[INFO] running `Command { std: "docker" "exec" "-e" "SOURCE_DIR=/opt/rustwide/workdir" "-e" "CARGO_HOME=/opt/rustwide/cargo-home" "-e" "RUSTUP_HOME=/opt/rustwide/rustup-home" "-e" "CARGO_TARGET_DIR=/opt/rustwide/target" "-e" "CARGO_INCREMENTAL=0" "-e" "RUST_BACKTRACE=full" "-e" "RUSTFLAGS=--cap-lints=warn" "-e" "RUSTDOCFLAGS=--cap-lints=warn" "-w" "/opt/rustwide/workdir" "--user" "0:0" "2b77b35563d1c716fe8c0a9ce65525ad2fab6c37500c9568fdabd3d086fd42ed" "/opt/rustwide/cargo-home/bin/cargo" "+1.99.0-beta.8" "build" "--frozen" "--message-format=json", kill_on_drop: false }`
[INFO] [stderr] warning: Cargo.toml: `lints.clippy.uninlined-format-args` is deprecated in favor of `lints.clippy.uninlined_format_args` and will not work in a future edition
[INFO] [stderr] warning: `tool_macros` (manifest) generated 1 warning
[INFO] [stderr]    Compiling proc-macro2 v1.0.106
[INFO] [stderr]    Compiling equivalent v1.0.2
[INFO] [stderr]    Compiling quote v1.0.46
[INFO] [stderr]    Compiling winnow v1.0.4
[INFO] [stderr]    Compiling hashbrown v0.17.1
[INFO] [stderr]    Compiling toml_datetime v1.1.1+spec-1.1.0
[INFO] [stderr]    Compiling indexmap v2.14.0
[INFO] [stderr]    Compiling syn v2.0.118
[INFO] [stderr]    Compiling toml_parser v1.1.2+spec-1.1.0
[INFO] [stderr]    Compiling toml_edit v0.25.12+spec-1.1.0
[INFO] [stderr]    Compiling proc-macro-crate v3.5.0
[INFO] [stderr]    Compiling polaris_macro_utils v0.6.0
[INFO] [stderr]    Compiling tool_macros v0.6.0 (/opt/rustwide/workdir)
[INFO] [stderr]     Finished `dev` profile [unoptimized + debuginfo] target(s) in 12.93s
[INFO] running `Command { std: "docker" "inspect" "2b77b35563d1c716fe8c0a9ce65525ad2fab6c37500c9568fdabd3d086fd42ed", kill_on_drop: false }`
[INFO] running `Command { std: "docker" "exec" "-e" "SOURCE_DIR=/opt/rustwide/workdir" "-e" "CARGO_HOME=/opt/rustwide/cargo-home" "-e" "RUSTUP_HOME=/opt/rustwide/rustup-home" "-e" "CARGO_TARGET_DIR=/opt/rustwide/target" "-e" "CARGO_INCREMENTAL=0" "-e" "RUST_BACKTRACE=full" "-e" "RUSTFLAGS=--cap-lints=warn" "-e" "RUSTDOCFLAGS=--cap-lints=warn" "-w" "/opt/rustwide/workdir" "--user" "0:0" "2b77b35563d1c716fe8c0a9ce65525ad2fab6c37500c9568fdabd3d086fd42ed" "/opt/rustwide/cargo-home/bin/cargo" "+1.99.0-beta.8" "test" "--frozen" "--no-run" "--message-format=json", kill_on_drop: false }`
[INFO] [stderr] warning: Cargo.toml: `lints.clippy.uninlined-format-args` is deprecated in favor of `lints.clippy.uninlined_format_args` and will not work in a future edition
[INFO] [stderr] warning: `tool_macros` (manifest) generated 1 warning
[INFO] [stderr]    Compiling serde_core v1.0.228
[INFO] [stderr]    Compiling zmij v1.0.23
[INFO] [stderr]    Compiling serde_json v1.0.150
[INFO] [stderr]    Compiling memchr v2.8.3
[INFO] [stderr]    Compiling itoa v1.0.18
[INFO] [stderr]    Compiling tool_macros v0.6.0 (/opt/rustwide/workdir)
[INFO] [stderr]     Finished `test` profile [unoptimized + debuginfo] target(s) in 6.61s
[INFO] running `Command { std: "docker" "inspect" "2b77b35563d1c716fe8c0a9ce65525ad2fab6c37500c9568fdabd3d086fd42ed", kill_on_drop: false }`
[INFO] running `Command { std: "docker" "exec" "-e" "SOURCE_DIR=/opt/rustwide/workdir" "-e" "CARGO_HOME=/opt/rustwide/cargo-home" "-e" "RUSTUP_HOME=/opt/rustwide/rustup-home" "-e" "CARGO_TARGET_DIR=/opt/rustwide/target" "-e" "CARGO_INCREMENTAL=0" "-e" "RUST_BACKTRACE=full" "-e" "RUSTFLAGS=--cap-lints=warn" "-e" "RUSTDOCFLAGS=--cap-lints=warn" "-w" "/opt/rustwide/workdir" "--user" "0:0" "2b77b35563d1c716fe8c0a9ce65525ad2fab6c37500c9568fdabd3d086fd42ed" "/opt/rustwide/cargo-home/bin/cargo" "+1.99.0-beta.8" "test" "--frozen", kill_on_drop: false }`
[INFO] [stderr] warning: Cargo.toml: `lints.clippy.uninlined-format-args` is deprecated in favor of `lints.clippy.uninlined_format_args` and will not work in a future edition
[INFO] [stderr] warning: `tool_macros` (manifest) generated 1 warning
[INFO] [stderr]     Finished `test` profile [unoptimized + debuginfo] target(s) in 0.09s
[INFO] [stderr]      Running unittests src/lib.rs (/opt/rustwide/target/debug/deps/tool_macros-de7a5824637cd6a5)
[INFO] [stdout] 
[INFO] [stdout] running 0 tests
[INFO] [stdout] 
[INFO] [stdout] test result: ok. 0 passed; 0 failed; 0 ignored; 0 measured; 0 filtered out; finished in 0.00s
[INFO] [stdout] 
[INFO] [stderr]    Doc-tests tool_macros
[INFO] [stdout] 
[INFO] [stdout] running 2 tests
[INFO] [stdout] test src/lib.rs - tool (line 34) ... FAILED
[INFO] [stdout] test src/lib.rs - toolset (line 66) ... FAILED
[INFO] [stdout] 
[INFO] [stdout] failures:
[INFO] [stdout] 
[INFO] [stdout] ---- src/lib.rs - tool (line 34) stdout ----
[INFO] [stdout] error: documentation comments cannot be applied to function parameters
[INFO] [stdout]   --> src/lib.rs:40:5
[INFO] [stdout]    |
[INFO] [stdout] 40 |     /// The search query.
[INFO] [stdout]    |     ^^^^^^^^^^^^^^^^^^^^^ doc comments are not allowed here
[INFO] [stdout] 
[INFO] [stdout] error: documentation comments cannot be applied to function parameters
[INFO] [stdout]   --> src/lib.rs:42:5
[INFO] [stdout]    |
[INFO] [stdout] 42 |     /// Max results.
[INFO] [stdout]    |     ^^^^^^^^^^^^^^^^ doc comments are not allowed here
[INFO] [stdout] 
[INFO] [stdout] error[E0432]: unresolved import `polaris_tools`
[INFO] [stdout]   --> src/lib.rs:35:5
[INFO] [stdout]    |
[INFO] [stdout] 35 | use polaris_tools::{tool, ToolError};
[INFO] [stdout]    |     ^^^^^^^^^^^^^ use of unresolved module or unlinked crate `polaris_tools`
[INFO] [stdout]    |
[INFO] [stdout]    = help: if you wanted to use a crate named `polaris_tools`, use `cargo add polaris_tools` to add it to your `Cargo.toml`
[INFO] [stdout] 
[INFO] [stdout] error: cannot find attribute `default` in this scope
[INFO] [stdout]   --> src/lib.rs:43:7
[INFO] [stdout]    |
[INFO] [stdout] 43 |     #[default(10)]
[INFO] [stdout]    |       ^^^^^^^
[INFO] [stdout] 
[INFO] [stdout] error: aborting due to 4 previous errors
[INFO] [stdout] 
[INFO] [stdout] For more information about this error, try `rustc --explain E0432`.
[INFO] [stdout] Couldn't compile the test.
[INFO] [stdout] ---- src/lib.rs - toolset (line 66) stdout ----
[INFO] [stdout] error[E0432]: unresolved import `polaris_tools`
[INFO] [stdout]   --> src/lib.rs:67:5
[INFO] [stdout]    |
[INFO] [stdout] 67 | use polaris_tools::{toolset, tool, ToolError};
[INFO] [stdout]    |     ^^^^^^^^^^^^^ use of unresolved module or unlinked crate `polaris_tools`
[INFO] [stdout]    |
[INFO] [stdout]    = help: if you wanted to use a crate named `polaris_tools`, use `cargo add polaris_tools` to add it to your `Cargo.toml`
[INFO] [stdout] 
[INFO] [stdout] error: aborting due to 1 previous error
[INFO] [stdout] 
[INFO] [stdout] For more information about this error, try `rustc --explain E0432`.
[INFO] [stdout] Couldn't compile the test.
[INFO] [stdout] 
[INFO] [stdout] failures:
[INFO] [stdout]     src/lib.rs - tool (line 34)
[INFO] [stdout]     src/lib.rs - toolset (line 66)
[INFO] [stdout] 
[INFO] [stdout] test result: FAILED. 0 passed; 2 failed; 0 ignored; 0 measured; 0 filtered out; finished in 0.20s
[INFO] [stdout] 
[INFO] [stdout] all doctests ran in 0.32s; merged doctests compilation took 0.13s
[INFO] [stderr] error: doctest failed, to rerun pass `--doc`
[INFO] running `Command { std: "docker" "inspect" "2b77b35563d1c716fe8c0a9ce65525ad2fab6c37500c9568fdabd3d086fd42ed", kill_on_drop: false }`
[INFO] running `Command { std: "docker" "rm" "-f" "2b77b35563d1c716fe8c0a9ce65525ad2fab6c37500c9568fdabd3d086fd42ed", kill_on_drop: false }`
[INFO] [stdout] 2b77b35563d1c716fe8c0a9ce65525ad2fab6c37500c9568fdabd3d086fd42ed
