[INFO] fetching crate ton 0.4.8...
[INFO] testing ton-0.4.8 against 1.100.0-beta.1 for beta-1.100-2
[INFO] extracting crate ton 0.4.8 into /workspace/builds/worker-2-tc2/source
[INFO] started tweaking crates.io crate ton 0.4.8
[INFO] removed 0 missing tests
[INFO] finished tweaking crates.io crate ton 0.4.8
[INFO] tweaked toml for crates.io crate ton 0.4.8 written to /workspace/builds/worker-2-tc2/source/Cargo.toml
[INFO] validating manifest of crates.io crate ton 0.4.8 on toolchain 1.100.0-beta.1
[INFO] running `Command { std: CARGO_HOME="/workspace/cargo-home" RUSTUP_HOME="/workspace/rustup-home" "/workspace/cargo-home/bin/cargo" "+1.100.0-beta.1" "metadata" "--manifest-path" "Cargo.toml" "--no-deps", kill_on_drop: false }`
[INFO] crate crates.io crate ton 0.4.8 already has a lockfile, it will not be regenerated
[INFO] running `Command { std: CARGO_HOME="/workspace/cargo-home" RUSTUP_HOME="/workspace/rustup-home" "/workspace/cargo-home/bin/cargo" "+1.100.0-beta.1" "fetch" "--manifest-path" "Cargo.toml", kill_on_drop: false }`
[INFO] running `Command { std: "docker" "create" "-v" "/var/lib/crater-agent-workspace/builds/worker-2-tc2/source:/opt/rustwide/workdir:ro,Z" "-v" "/var/lib/crater-agent-workspace/builds/worker-2-tc2/target:/opt/rustwide/target:rw,Z" "-v" "/var/lib/crater-agent-workspace/cargo-home:/opt/rustwide/cargo-home:ro,Z" "-v" "/var/lib/crater-agent-workspace/rustup-home:/opt/rustwide/rustup-home:ro,Z" "-m" "1610612736" "--network" "none" "ghcr.io/rust-lang/crates-build-env/linux@sha256:3111399a4047eeb3a02b7a90e478d715f38a8c6669b5c4b49d30a17385265909" "sleep" "infinity", kill_on_drop: false }`
[INFO] [stdout] f748f253a66ec2c3834f338a2f15c4c6c6b690b92696fc0629a6b353a13d2fd3
[INFO] running `Command { std: "docker" "start" "f748f253a66ec2c3834f338a2f15c4c6c6b690b92696fc0629a6b353a13d2fd3", kill_on_drop: false }`
[INFO] running `Command { std: "docker" "inspect" "f748f253a66ec2c3834f338a2f15c4c6c6b690b92696fc0629a6b353a13d2fd3", kill_on_drop: false }`
[INFO] running `Command { std: "docker" "exec" "-e" "SOURCE_DIR=/opt/rustwide/workdir" "-e" "CARGO_HOME=/opt/rustwide/cargo-home" "-e" "RUSTUP_HOME=/opt/rustwide/rustup-home" "-e" "CARGO_TARGET_DIR=/opt/rustwide/target" "-w" "/opt/rustwide/workdir" "--user" "0:0" "f748f253a66ec2c3834f338a2f15c4c6c6b690b92696fc0629a6b353a13d2fd3" "/opt/rustwide/cargo-home/bin/cargo" "+1.100.0-beta.1" "metadata" "--no-deps" "--format-version=1", kill_on_drop: false }`
[INFO] running `Command { std: "docker" "inspect" "f748f253a66ec2c3834f338a2f15c4c6c6b690b92696fc0629a6b353a13d2fd3", kill_on_drop: false }`
[INFO] running `Command { std: "docker" "exec" "-e" "SOURCE_DIR=/opt/rustwide/workdir" "-e" "CARGO_HOME=/opt/rustwide/cargo-home" "-e" "RUSTUP_HOME=/opt/rustwide/rustup-home" "-e" "CARGO_TARGET_DIR=/opt/rustwide/target" "-e" "CARGO_INCREMENTAL=0" "-e" "RUST_BACKTRACE=full" "-e" "RUSTFLAGS=--cap-lints=warn" "-e" "RUSTDOCFLAGS=--cap-lints=warn" "-w" "/opt/rustwide/workdir" "--user" "0:0" "f748f253a66ec2c3834f338a2f15c4c6c6b690b92696fc0629a6b353a13d2fd3" "/opt/rustwide/cargo-home/bin/cargo" "+1.100.0-beta.1" "build" "--frozen" "--message-format=json", kill_on_drop: false }`
[INFO] [stderr]    Compiling syn v3.0.6
[INFO] [stderr]    Compiling smallvec v1.16.2
[INFO] [stderr]    Compiling serde_core v1.0.229
[INFO] [stderr]    Compiling cc v1.5.1
[INFO] [stderr]    Compiling mio v1.2.3
[INFO] [stderr]    Compiling socket2 v0.6.5
[INFO] [stderr]    Compiling serde v1.0.229
[INFO] [stderr]    Compiling digest v0.10.7
[INFO] [stderr]    Compiling toml_edit v0.19.15
[INFO] [stderr]    Compiling openssl-macros v0.1.1
[INFO] [stderr]    Compiling zerocopy v0.8.59
[INFO] [stderr]    Compiling strsim v0.10.0
[INFO] [stderr]    Compiling arrayvec v0.7.8
[INFO] [stderr]    Compiling winnow v1.0.4
[INFO] [stderr]    Compiling once_cell v1.21.4
[INFO] [stderr]    Compiling darling_core v0.21.3
[INFO] [stderr]    Compiling parking_lot_core v0.9.12
[INFO] [stderr]    Compiling futures-channel v0.3.34
[INFO] [stderr]    Compiling if_chain v1.0.3
[INFO] [stderr]    Compiling deluxe-core v0.5.0
[INFO] [stderr]    Compiling toml_datetime v1.1.1+spec-1.1.0
[INFO] [stderr]    Compiling radium v0.7.0
[INFO] [stderr]    Compiling sha2 v0.10.9
[INFO] [stderr]    Compiling event-listener v5.4.2
[INFO] [stderr]    Compiling getrandom v0.3.4
[INFO] [stderr]    Compiling ipnet v2.12.2
[INFO] [stderr]    Compiling tap v1.0.1
[INFO] [stderr]    Compiling fastnum v0.7.5
[INFO] [stderr]    Compiling toml_parser v1.1.3+spec-1.1.0
[INFO] [stderr]    Compiling base64 v0.23.1
[INFO] [stderr]    Compiling wyz v0.5.1
[INFO] [stderr]    Compiling rand_core v0.9.5
[INFO] [stderr]    Compiling convert_case v0.11.0
[INFO] [stderr]    Compiling tracing-core v0.1.36
[INFO] [stderr]    Compiling event-listener-strategy v0.5.4
[INFO] [stderr]    Compiling getrandom v0.4.3
[INFO] [stderr]    Compiling bnum v0.12.1
[INFO] [stderr]    Compiling no_std_io2 v0.9.4
[INFO] [stderr]    Compiling ordered-float v2.10.1
[INFO] [stderr]    Compiling curve25519-dalek-derive v0.1.1
[INFO] [stderr]    Compiling funty v2.0.0
[INFO] [stderr]    Compiling tracing v0.1.44
[INFO] [stderr]    Compiling crc-catalog v2.5.0
[INFO] [stderr]    Compiling base64ct v1.8.3
[INFO] [stderr]    Compiling toml_edit v0.25.15+spec-1.1.0
[INFO] [stderr]    Compiling rand_core v0.6.4
[INFO] [stderr]    Compiling bitvec v1.1.1
[INFO] [stderr]    Compiling crc v3.4.0
[INFO] [stderr]    Compiling proc-macro-crate v1.3.1
[INFO] [stderr]    Compiling password-hash v0.5.0
[INFO] [stderr]    Compiling chrono v0.4.45
[INFO] [stderr]    Compiling strum_macros v0.27.2
[INFO] [stderr]    Compiling curve25519-dalek v4.1.3
[INFO] [stderr]    Compiling bitstream-io v4.10.0
[INFO] [stderr]    Compiling async-lock v3.4.2
[INFO] [stderr]    Compiling parking_lot v0.12.5
[INFO] [stderr]    Compiling openssl-sys v0.9.117
[INFO] [stderr]    Compiling uuid v1.26.1
[INFO] [stderr]    Compiling hmac v0.12.1
[INFO] [stderr]    Compiling async-recursion v1.1.1
[INFO] [stderr]    Compiling proc-macro-crate v3.5.0
[INFO] [stderr]    Compiling pbkdf2 v0.12.2
[INFO] [stderr]    Compiling openssl v0.10.81
[INFO] [stderr]    Compiling native-tls v0.2.18
[INFO] [stderr]    Compiling deluxe-macros v0.5.0
[INFO] [stderr]    Compiling base64-serde v0.8.0
[INFO] [stderr]    Compiling serde_json v1.0.151
[INFO] [stderr]    Compiling darling_macro v0.21.3
[INFO] [stderr]    Compiling ed25519-dalek v2.2.0
[INFO] [stderr]    Compiling darling v0.21.3
[INFO] [stderr]    Compiling derive_setters v0.1.9
[INFO] [stderr]    Compiling strum v0.27.2
[INFO] [stderr]    Compiling ppv-lite86 v0.2.21
[INFO] [stderr]    Compiling rand_chacha v0.9.0
[INFO] [stderr]    Compiling synstructure v0.14.0
[INFO] [stderr]    Compiling deluxe v0.5.0
[INFO] [stderr]    Compiling ton_macros v0.2.3
[INFO] [stderr]    Compiling rand v0.9.5
[INFO] [stderr]    Compiling zerofrom-derive v0.1.8
[INFO] [stderr]    Compiling yoke-derive v0.8.4
[INFO] [stderr]    Compiling zerovec-derive v0.11.6
[INFO] [stderr]    Compiling displaydoc v0.2.7
[INFO] [stderr]    Compiling tokio-macros v2.7.2
[INFO] [stderr]    Compiling futures-macro v0.3.34
[INFO] [stderr]    Compiling serde_derive v1.0.229
[INFO] [stderr]    Compiling thiserror-impl v2.0.21
[INFO] [stderr]    Compiling async-trait v0.1.92
[INFO] [stderr]    Compiling tokio v1.53.1
[INFO] [stderr]    Compiling futures-util v0.3.34
[INFO] [stderr]    Compiling thiserror v2.0.21
[INFO] [stderr]    Compiling zerofrom v0.1.8
[INFO] [stderr]    Compiling yoke v0.8.3
[INFO] [stderr]    Compiling zerovec v0.11.8
[INFO] [stderr]    Compiling zerotrie v0.2.5
[INFO] [stderr]    Compiling tinystr v0.8.4
[INFO] [stderr]    Compiling potential_utf v0.1.6
[INFO] [stderr]    Compiling icu_collections v2.3.0
[INFO] [stderr]    Compiling icu_locale_core v2.3.0
[INFO] [stderr]    Compiling moka v0.12.13
[INFO] [stderr]    Compiling icu_provider v2.3.1
[INFO] [stderr]    Compiling serde-value v0.7.0
[INFO] [stderr]    Compiling serde_urlencoded v0.7.1
[INFO] [stderr]    Compiling ton_core v0.3.7
[INFO] [stderr]    Compiling icu_normalizer v2.3.0
[INFO] [stderr]    Compiling icu_properties v2.3.0
[INFO] [stderr]    Compiling serde-aux v4.7.0
[INFO] [stderr]    Compiling idna_adapter v1.2.2
[INFO] [stderr]    Compiling idna v1.1.0
[INFO] [stderr]    Compiling url v2.5.8
[INFO] [stderr]    Compiling tokio-util v0.7.19
[INFO] [stderr]    Compiling tower v0.5.3
[INFO] [stderr]    Compiling tokio-native-tls v0.3.1
[INFO] [stderr]    Compiling tower-http v0.6.11
[INFO] [stderr]    Compiling h2 v0.4.19
[INFO] [stderr]    Compiling hyper v1.11.1
[INFO] [stderr]    Compiling hyper-util v0.1.21
[INFO] [stderr]    Compiling hyper-tls v0.6.0
[INFO] [stderr]    Compiling reqwest v0.12.28
[INFO] [stderr]    Compiling ton v0.4.8 (/opt/rustwide/workdir)
[INFO] [stderr] warning: unused dependency `async-recursion`
[INFO] [stderr]  --> Cargo.toml:5:15
[INFO] [stderr]   |
[INFO] [stderr] 5 | [dependencies.async-recursion]
[INFO] [stderr]   |               ^^^^^^^^^^^^^^^^
[INFO] [stderr]   |
[INFO] [stderr]   = note: `cargo::unused_dependencies` is set to `warn` by default
[INFO] [stderr] help: consider removing the dependency on `async-recursion`
[INFO] [stderr] warning: unused dependency `base64-serde`
[INFO] [stderr]   --> Cargo.toml:19:15
[INFO] [stderr]    |
[INFO] [stderr] 19 | [dependencies.base64-serde]
[INFO] [stderr]    |               ^^^^^^^^^^^^^
[INFO] [stderr]    |
[INFO] [stderr] help: consider removing the dependency on `base64-serde`
[INFO] [stderr] warning: unused dependency `rand`
[INFO] [stderr]   --> Cargo.toml:75:15
[INFO] [stderr]    |
[INFO] [stderr] 75 | [dependencies.rand]
[INFO] [stderr]    |               ^^^^^
[INFO] [stderr]    |
[INFO] [stderr] help: consider removing the dependency on `rand`
[INFO] [stderr] warning: unused dependency `strum`
[INFO] [stderr]   --> Cargo.toml:94:15
[INFO] [stderr]    |
[INFO] [stderr] 94 | [dependencies.strum]
[INFO] [stderr]    |               ^^^^^^
[INFO] [stderr]    |
[INFO] [stderr] help: consider removing the dependency on `strum`
[INFO] [stderr] warning: `ton` (manifest) generated 4 warnings
[INFO] [stderr]     Finished `dev` profile [unoptimized + debuginfo] target(s) in 47.76s
[INFO] running `Command { std: "docker" "inspect" "f748f253a66ec2c3834f338a2f15c4c6c6b690b92696fc0629a6b353a13d2fd3", kill_on_drop: false }`
[INFO] running `Command { std: "docker" "exec" "-e" "SOURCE_DIR=/opt/rustwide/workdir" "-e" "CARGO_HOME=/opt/rustwide/cargo-home" "-e" "RUSTUP_HOME=/opt/rustwide/rustup-home" "-e" "CARGO_TARGET_DIR=/opt/rustwide/target" "-e" "CARGO_INCREMENTAL=0" "-e" "RUST_BACKTRACE=full" "-e" "RUSTFLAGS=--cap-lints=warn" "-e" "RUSTDOCFLAGS=--cap-lints=warn" "-w" "/opt/rustwide/workdir" "--user" "0:0" "f748f253a66ec2c3834f338a2f15c4c6c6b690b92696fc0629a6b353a13d2fd3" "/opt/rustwide/cargo-home/bin/cargo" "+1.100.0-beta.1" "test" "--frozen" "--no-run" "--message-format=json", kill_on_drop: false }`
[INFO] [stderr]    Compiling tokio v1.53.1
[INFO] [stderr]    Compiling log v0.4.34
[INFO] [stderr]    Compiling unicode-segmentation v1.13.3
[INFO] [stderr]    Compiling destructure_traitobject v0.2.0
[INFO] [stderr]    Compiling derive_more-impl v2.1.1
[INFO] [stderr]    Compiling serde_yaml v0.9.34+deprecated
[INFO] [stderr]    Compiling arc-swap v1.9.2
[INFO] [stderr]    Compiling thread-id v5.1.0
[INFO] [stderr]    Compiling humantime v2.4.0
[INFO] [stderr]    Compiling log-mdc v0.1.0
[INFO] [stderr]    Compiling mock_instant v0.6.1
[INFO] [stderr]    Compiling native-tls v0.2.18
[INFO] [stderr]    Compiling unsafe-any-ors v1.0.0
[INFO] [stderr]    Compiling typemap-ors v1.0.0
[INFO] [stderr]    Compiling convert_case v0.11.0
[INFO] [stderr]    Compiling ton_macros v0.2.3
[INFO] [stderr]    Compiling derive_more v2.1.1
[INFO] [stderr]    Compiling log4rs v1.4.0
[INFO] [stderr]    Compiling ton_core v0.3.7
[INFO] [stderr]    Compiling tokio-util v0.7.19
[INFO] [stderr]    Compiling tokio-native-tls v0.3.1
[INFO] [stderr]    Compiling tower v0.5.3
[INFO] [stderr]    Compiling tokio-stream v0.1.19
[INFO] [stderr]    Compiling tokio-test v0.4.6
[INFO] [stderr]    Compiling tower-http v0.6.11
[INFO] [stderr]    Compiling h2 v0.4.19
[INFO] [stderr]    Compiling hyper v1.11.1
[INFO] [stderr]    Compiling hyper-util v0.1.21
[INFO] [stderr]    Compiling hyper-tls v0.6.0
[INFO] [stderr]    Compiling reqwest v0.12.28
[INFO] [stderr]    Compiling ton v0.4.8 (/opt/rustwide/workdir)
[INFO] [stderr] warning: unused dependency `async-recursion`
[INFO] [stderr]  --> Cargo.toml:5:15
[INFO] [stderr]   |
[INFO] [stderr] 5 | [dependencies.async-recursion]
[INFO] [stderr]   |               ^^^^^^^^^^^^^^^^
[INFO] [stderr]   |
[INFO] [stderr]   = note: `cargo::unused_dependencies` is set to `warn` by default
[INFO] [stderr] help: consider removing the dependency on `async-recursion`
[INFO] [stderr] warning: unused dependency `base64-serde`
[INFO] [stderr]   --> Cargo.toml:19:15
[INFO] [stderr]    |
[INFO] [stderr] 19 | [dependencies.base64-serde]
[INFO] [stderr]    |               ^^^^^^^^^^^^^
[INFO] [stderr]    |
[INFO] [stderr] help: consider removing the dependency on `base64-serde`
[INFO] [stderr] warning: unused dependency `rand`
[INFO] [stderr]   --> Cargo.toml:75:15
[INFO] [stderr]    |
[INFO] [stderr] 75 | [dependencies.rand]
[INFO] [stderr]    |               ^^^^^
[INFO] [stderr]    |
[INFO] [stderr] help: consider removing the dependency on `rand`
[INFO] [stderr] warning: unused dependency `strum`
[INFO] [stderr]   --> Cargo.toml:94:15
[INFO] [stderr]    |
[INFO] [stderr] 94 | [dependencies.strum]
[INFO] [stderr]    |               ^^^^^^
[INFO] [stderr]    |
[INFO] [stderr] help: consider removing the dependency on `strum`
[INFO] [stderr] warning: `ton` (manifest) generated 4 warnings
[INFO] [stderr]     Finished `test` profile [unoptimized + debuginfo] target(s) in 31.88s
[INFO] running `Command { std: "docker" "inspect" "f748f253a66ec2c3834f338a2f15c4c6c6b690b92696fc0629a6b353a13d2fd3", kill_on_drop: false }`
[INFO] running `Command { std: "docker" "exec" "-e" "SOURCE_DIR=/opt/rustwide/workdir" "-e" "CARGO_HOME=/opt/rustwide/cargo-home" "-e" "RUSTUP_HOME=/opt/rustwide/rustup-home" "-e" "CARGO_TARGET_DIR=/opt/rustwide/target" "-e" "CARGO_INCREMENTAL=0" "-e" "RUST_BACKTRACE=full" "-e" "RUSTFLAGS=--cap-lints=warn" "-e" "RUSTDOCFLAGS=--cap-lints=warn" "-w" "/opt/rustwide/workdir" "--user" "0:0" "f748f253a66ec2c3834f338a2f15c4c6c6b690b92696fc0629a6b353a13d2fd3" "/opt/rustwide/cargo-home/bin/cargo" "+1.100.0-beta.1" "test" "--frozen", kill_on_drop: false }`
[INFO] [stderr] warning: unused dependency `async-recursion`
[INFO] [stderr]  --> Cargo.toml:5:15
[INFO] [stderr]   |
[INFO] [stderr] 5 | [dependencies.async-recursion]
[INFO] [stderr]   |               ^^^^^^^^^^^^^^^^
[INFO] [stderr]   |
[INFO] [stderr]   = note: `cargo::unused_dependencies` is set to `warn` by default
[INFO] [stderr] help: consider removing the dependency on `async-recursion`
[INFO] [stderr] warning: unused dependency `base64-serde`
[INFO] [stderr]   --> Cargo.toml:19:15
[INFO] [stderr]    |
[INFO] [stderr] 19 | [dependencies.base64-serde]
[INFO] [stderr]    |               ^^^^^^^^^^^^^
[INFO] [stderr]    |
[INFO] [stderr] help: consider removing the dependency on `base64-serde`
[INFO] [stderr] warning: unused dependency `rand`
[INFO] [stderr]   --> Cargo.toml:75:15
[INFO] [stderr]    |
[INFO] [stderr] 75 | [dependencies.rand]
[INFO] [stderr]    |               ^^^^^
[INFO] [stderr]    |
[INFO] [stderr] help: consider removing the dependency on `rand`
[INFO] [stderr] warning: unused dependency `strum`
[INFO] [stderr]   --> Cargo.toml:94:15
[INFO] [stderr]    |
[INFO] [stderr] 94 | [dependencies.strum]
[INFO] [stderr]    |               ^^^^^^
[INFO] [stderr]    |
[INFO] [stderr] help: consider removing the dependency on `strum`
[INFO] [stderr] warning: `ton` (manifest) generated 4 warnings
[INFO] [stderr]     Finished `test` profile [unoptimized + debuginfo] target(s) in 0.57s
[INFO] [stderr]      Running unittests src/lib.rs (/opt/rustwide/target/debug/build/ton/4b0cb14eaf824f81/out/ton-4b0cb14eaf824f81)
[INFO] [stdout] 
[INFO] [stdout] running 126 tests
[INFO] [stdout] test block_tlb::account_types::shard_account::tests::test_block_tlb_account_storage_extra_info ... ok
[INFO] [stdout] test block_tlb::block_types::block_info::tests::test_block_tlb_block_info_prev_block_ids_rejects_merge_after_genesis ... ok
[INFO] [stdout] test block_tlb::block_types::block_info::tests::test_block_tlb_block_info_prev_block_ids_rejects_split_and_merge_at_once ... ok
[INFO] [stdout] test block_tlb::block_types::block_info::tests::test_block_tlb_block_info_prev_block_ids ... ok
[INFO] [stdout] test block_tlb::block_types::block_info::tests::test_block_tlb_block_info_prev_block_ids_after_split_uses_parent_shard ... ok
[INFO] [stdout] test block_tlb::block_types::value_flow::tests::test_value_flow_getters ... ok
[INFO] [stdout] test block_tlb::block_types::block_info::tests::test_block_tlb_block_info_prev_block_ids_rejects_split_after_genesis ... ok
[INFO] [stdout] test block_tlb::block_types::block::tests::test_block_with_shard_descr_future_split_merge ... ok
[INFO] [stdout] test block_tlb::account_types::shard_account::tests::test_block_tlb_shard_account_tick_tock ... ok
[INFO] [stdout] test block_tlb::account_types::shard_account::tests::test_block_tlb_account_with_other_currencies ... ok
[INFO] [stdout] test block_tlb::currency_collection::tests::test_currency_collection_zero_coins ... ok
[INFO] [stdout] test block_tlb::currency_collection::tests::test_currency_collection ... ok
[INFO] [stdout] test block_tlb::account_types::shard_account::tests::test_block_tlb_account_some ... ok
[INFO] [stdout] test block_tlb::account_types::shard_account::tests::test_block_tlb_shard_account_regular ... ok
[INFO] [stdout] test block_tlb::merkle_update::tests::test_merkle_update_tlb_roundtrip ... ok
[INFO] [stdout] test block_tlb::msg_types::common_msg_info::tests::test_block_tlb_common_msg_info_enum_derive ... ok
[INFO] [stdout] test block_tlb::msg_types::msg::tests::test_ext_in_msg_hash_normalized ... ok
[INFO] [stdout] test block_tlb::msg_types::msg::tests::test_common_msg_info_int ... ok
[INFO] [stdout] test block_tlb::msg_types::msg::tests::test_ext_in_msg_info ... ok
[INFO] [stdout] test block_tlb::shard_types::shard_ident::tests::test_block_tlb_shard_ident_master ... ok
[INFO] [stdout] test block_tlb::out_action::test::test_block_tlb_out_list_send_msg_action_bc_data ... ok
[INFO] [stdout] test block_tlb::shard_types::shard_ident::tests::test_block_tlb_shard_ident_merge_rejects_full_shard ... ok
[INFO] [stdout] test block_tlb::out_action::test::test_block_tlb_out_list_send_msg_action_manual_build ... ok
[INFO] [stdout] test block_tlb::shard_types::shard_ident::tests::test_block_tlb_shard_ident_shard ... ok
[INFO] [stdout] test block_tlb::shard_types::shard_ident::tests::test_block_tlb_shard_ident_prefix_len ... ok
[INFO] [stdout] test block_tlb::shard_types::shard_ident::tests::test_block_tlb_shard_ident_split_rejects_max_depth ... ok
[INFO] [stdout] test block_tlb::shard_types::shard_ident::tests::test_shard_ident_contains_addr ... ok
[INFO] [stdout] test block_tlb::shard_types::shard_ident::tests::test_block_tlb_shard_ident_split_merge ... ok
[INFO] [stdout] test block_tlb::tvm_types::from_tvm_stack::tests::test_from_tvm_stack_numbers_impl ... ok
[INFO] [stdout] test block_tlb::state_init::tests::test_state_init_derive_address ... ok
[INFO] [stdout] test block_tlb::tvm_types::from_tvm_stack::tests::test_from_tvm_stack_optional ... ok
[INFO] [stdout] test block_tlb::tvm_types::from_tvm_stack::tests::test_from_tvm_stack_string ... ok
[INFO] [stdout] test block_tlb::tvm_types::from_tvm_stack::tests::test_msg_address_from_stack_accepts_null ... ok
[INFO] [stdout] test block_tlb::tvm_types::to_tvm_stack::tests::test_msg_address_stack_round_trip_preserves_variants ... ok
[INFO] [stdout] test block_tlb::tvm_types::tvm_stack::tests::test_vm_stack_cell_slice ... ok
[INFO] [stdout] test block_tlb::tvm_types::tvm_stack::tests::test_vm_stack_deep_3 ... ok
[INFO] [stdout] test block_tlb::tvm_types::tvm_stack::tests::test_vm_stack_empty ... ok
[INFO] [stdout] test block_tlb::tvm_types::tvm_stack::tests::test_vm_stack_tiny_int ... ok
[INFO] [stdout] test block_tlb::account_types::shard_account::tests::test_block_tlb_account_large ... ok
[INFO] [stdout] test block_tlb::tvm_types::tvm_stack_value::tests::test_tvm_stack_value_enum_serialization ... ok
[INFO] [stdout] test block_tlb::state_init::tests::test_state_init_regular_contract ... ok
[INFO] [stdout] test block_tlb::tvm_types::tvm_stack_value::tests::test_tvm_tiny_int_serialization ... ok
[INFO] [stdout] test block_tlb::tx_types::tx::tests::test_some_tx1 ... ok
[INFO] [stdout] test block_tlb::tvm_types::from_tvm_stack::tests::test_from_tvm_stack_derive_macro_works ... ok
[INFO] [stdout] test block_tlb::tx_types::tx::tests::test_block_tlb_tx_tick_tock ... ok
[INFO] [stdout] test block_tlb::tvm_types::from_tvm_stack::tests::test_from_tvm_stack_ensure_empty_works ... ok
[INFO] [stdout] test contracts::tep::jetton::jetton_burn_msg::tests::test_jetton_burn_msg ... ok
[INFO] [stdout] test block_tlb::tx_types::tx::tests::test_tx_with_out_msgs ... ok
[INFO] [stdout] test contracts::tep::jetton::jetton_master_contract::tests::test_get_jetton_data_result ... ok
[INFO] [stdout] test block_tlb::tx_types::tx::tests::test_tx_c62815eb0c7f23859d3305ec54c83a49656a9a9e8a1311af7a39ea84b649f8cb ... ok
[INFO] [stdout] test block_tlb::tx_types::tx::tests::test_tx_9b7f973ac5e6a89c5ae3f6e986af5e6723f0298da219407afb39c9ef7c9352ef ... ok
[INFO] [stdout] test block_tlb::tx_types::tx::tests::test_block_tlb_tx_ordinal ... ok
[INFO] [stdout] test contracts::tep::jetton::jetton_internal_transfer_msg::tests::test_jetton_internal_transfer_msg ... ok
[INFO] [stdout] test contracts::tep::jetton::jetton_wallet_contract::tests::test_get_wallet_data_result_allows_extra_top_stack_values ... ok
[INFO] [stdout] test contracts::tep::jetton::jetton_transfer_notification_msg::tests::test_jetton_transfer_notification_parser ... ok
[INFO] [stdout] test block_tlb::tx_types::tx::tests::test_tx_aa9ca4bad904121dbc01db9526e172b49c7880d2a54fc5b8a7feee177c14ee33 ... ok
[INFO] [stdout] test block_tlb::config_types::config_params::tests::test_config_param_18 ... ok
[INFO] [stdout] test block_tlb::block_types::block_info::tests::test_block_tlb_block_info_master_key_block ... ok
[INFO] [stdout] test block_tlb::tvm_types::tvm_stack::tests::test_vm_stack_complex_with_tupl ... ok
[INFO] [stdout] test block_tlb::config_types::config_params::tests::test_config_param_8 ... ok
[INFO] [stdout] test contracts::tep::jetton::jetton_transfer_msg::tests::test_jetton_transfer_msg ... ok
[INFO] [stdout] test contracts::tep::jetton::jetton_wallet_contract::tests::test_get_wallet_data_result_from_stack_balance_tiny_int ... ok
[INFO] [stdout] test contracts::tep::metadata::meta_loader::ipfs_loader::tests::test_join_url_path_normalizes_separator ... ok
[INFO] [stdout] test contracts::tep::nft::nft_transfer_msg::tests::test_nft_transfer_msg ... ok
[INFO] [stdout] test contracts::tep::snake_data::tests::test_snake_data_from_str ... ok
[INFO] [stdout] test contracts::tep::snake_data::tests::test_snake_data_read_definition_two_unaligned_cells ... ok
[INFO] [stdout] test contracts::tep::snake_data::tests::test_snake_data_string_roundtrip_across_cells ... ok
[INFO] [stdout] test contracts::tep::snake_data::tests::test_snake_data_write_definition_two_unaligned_cells ... ok
[INFO] [stdout] test contracts::tests::test_ton_method_exact_name_overrides_format ... ok
[INFO] [stdout] test contracts::tests::test_ton_methods_name_format_camel_case_compiles ... ok
[INFO] [stdout] test contracts::ton_contract::tests::test_ton_contract_macro ... ok
[INFO] [stdout] test contracts::tvm_get_method::tests::test_hex_format ... ok
[INFO] [stdout] test contracts::tvm_get_method::tests::test_opcode ... ok
[INFO] [stdout] test contracts::tvm_get_method::tests::test_serde_contract ... ok
[INFO] [stdout] test contracts::tep::nft::nft_collection_contract::tests::test_get_collection_data_result ... ok
[INFO] [stdout] test contracts::tep::metadata::metadata_content::tests::byte_unaligned_content ... ok
[INFO] [stdout] test contracts::tep::nft::nft_collection_contract::tests::test_get_nft_address_by_index_result ... ok
[INFO] [stdout] test contracts::tep::nft::nft_collection_contract::tests::test_get_nft_full_content ... ok
[INFO] [stdout] test contracts::tep::nft::nft_item_contract::tests::test_get_nft_data_result ... ok
[INFO] [stdout] test contracts::tep::snake_data::tests::test_snake_data ... ok
[INFO] [stdout] test libs_dict::tests::test_libs_dict ... ok
[INFO] [stdout] test contracts::tep::jetton::jetton_wallet_contract::tests::test_get_wallet_data_result_from_stack_bigint_balance_int ... ok
[INFO] [stdout] test test_dictionary::test_dictionary_rejects_overlong_root_labels ... ok
[INFO] [stdout] test contracts::tep::snake_data::tests::test_snake_data_read_definition_three_unaligned_cells ... ok
[INFO] [stdout] test test_dictionary::test_signed_dictionary_key_boundaries ... ok
[INFO] [stdout] test test_dictionary::test_signed_dictionary_rejects_invalid_raw_keys_and_zero_width ... ok
[INFO] [stdout] test test_dictionary::test_dictionary_rejects_overlong_nested_labels ... ok
[INFO] [stdout] test test_dictionary::test_dictionary_accepts_alternative_and_zero_length_labels ... ok
[INFO] [stdout] test tlb_adapters::dict::dict_key_adapters::tests::test_dict_key_adapter_int ... ok
[INFO] [stdout] test tlb_adapters::dict::dict_key_adapters::tests::test_dict_key_adapter_uint ... ok
[INFO] [stdout] test tlb_adapters::dict::leading_bit_utils::tests::test_add_leading_bit ... ok
[INFO] [stdout] test tlb_adapters::bin_tree::tests::test_bin_tree ... ok
[INFO] [stdout] test test_dictionary::test_signed_dictionary_rejects_out_of_range_int24_keys ... ok
[INFO] [stdout] test tlb_adapters::dict::leading_bit_utils::tests::test_common_prefix_len ... ok
[INFO] [stdout] test tlb_adapters::dict::leading_bit_utils::tests::test_remove_leading_bit ... ok
[INFO] [stdout] test tlb_adapters::dict::tlb_hash_map_e::tests::test_dict_key_bits_len_bigger_than_key ... ok
[INFO] [stdout] test tlb_adapters::dict::tlb_hash_map_e::tests::test_dict_blockchain_data ... ok
[INFO] [stdout] test tlb_adapters::dict::dict_key_adapters::tests::test_dict_key_adapter_signed_key_parse_tlb ... ok
[INFO] [stdout] test tlb_adapters::dict::dict_key_adapters::tests::test_dict_key_adapter_ton_hash ... ok
[INFO] [stdout] test tlb_adapters::dict::leading_bit_utils::tests::test_all_bits_same ... ok
[INFO] [stdout] test ton_wallet::tests::test_ton_wallet_debug ... ok
[INFO] [stdout] test ton_wallet::mnemonic::tests::mnemonic_validate_works ... ok
[INFO] [stdout] test ton_wallet::wallet_tlb::wallet_ext_msg_utils::test::test_write_up_to_4_msgs ... ok
[INFO] [stdout] test ton_wallet::wallet_tlb::wallet_v3::tests::test_wallet_v3_data ... ok
[INFO] [stdout] test ton_wallet::wallet_tlb::wallet_v3::tests::test_wallet_v3_ext_msg_body ... ok
[INFO] [stdout] test ton_wallet::wallet_tlb::wallet_v4::tests::test_wallet_ext_msg_body_v4 ... ok
[INFO] [stdout] test ton_wallet::wallet_tlb::wallet_v5::test::test_wallet_data_v5 ... ok
[INFO] [stdout] test ton_wallet::wallet_tlb::wallet_v5::test::test_wallet_data_v5_testnet ... ok
[INFO] [stdout] test ton_wallet::wallet_tlb::wallet_v4::tests::test_wallet_data_v4 ... ok
[INFO] [stdout] test ton_wallet::wallet_tlb::wallet_v5::test::test_wallet_ext_msg_body_v5 ... ok
[INFO] [stdout] test ton_wallet::wallet_tlb::wallet_v5::test::test_wallet_ext_msg_body_v5_order ... ok
[INFO] [stdout] test ton_wallet::wallet_version::tests::test_wallet_version_serde_contract ... ok
[INFO] [stdout] test ton_wallet::mnemonic::tests::mnemonic_parse_works ... ok
[INFO] [stdout] test block_tlb::block_types::block_info::tests::test_block_tlb_block_info_shard ... ok
[INFO] [stderr] 2026-10-06 19:48:40.947021 contracts::tep:  WARN ton::contracts::tep::metadata::meta_loader:76 - Failed to load metadata from internal META_URI unsupported://metadata: Transport error (builder error for url (unsupported://metadata)), use internal data only
[INFO] [stdout] test contracts::tep::metadata::meta_loader::tests::test_semichain_external_metadata_required ... ok
[INFO] [stdout] test block_tlb::block_types::value_flow::tests::test_value_flow_from_recent_tonviewer_block ... ok
[INFO] [stdout] test block_tlb::merkle_update::tests::test_merkle_update_from_recent_tonviewer_block ... ok
[INFO] [stdout] test block_tlb::block_types::block::tests::test_block_tlb_block ... ok
[INFO] [stdout] test block_tlb::config_types::config_params::tests::test_config_params ... ok
[INFO] [stdout] test block_tlb::block_types::block::tests::test_block_tlb_full ... ok
[INFO] [stdout] test ton_wallet::tests::test_ton_wallet_create_external_msg_v4 ... ok
[INFO] [stdout] test ton_wallet::tests::test_ton_wallet_create_external_msg_v3 ... ok
[INFO] [stdout] test ton_wallet::mnemonic::tests::mnemonic_to_private_key_works ... ok
[INFO] [stdout] test ton_wallet::tests::test_ton_wallet_create_external_msg_v5 ... ok
[INFO] [stdout] test ton_wallet::tests::test_ton_wallet_create ... ok
[INFO] [stdout] test ton_wallet::tests::test_ton_wallet_create_external_msg_signed ... ok
[INFO] [stdout] 
[INFO] [stdout] test result: ok. 126 passed; 0 failed; 0 ignored; 0 measured; 0 filtered out; finished in 10.94s
[INFO] [stdout] 
[INFO] [stderr]      Running tests/init.rs (/opt/rustwide/target/debug/build/ton/919d5acd935f0260/out/init-919d5acd935f0260)
[INFO] [stdout] 
[INFO] [stdout] running 2 tests
[INFO] [stderr] 2026-10-06 19:48:51.384338 tests::test_met  WARN ton::contracts::tep::metadata::meta_loader:76 - Failed to load metadata from internal META_URI https://raw.githubusercontent.com/BlackHatCoin/jetton/master/jetton_metadata.json: Transport error (error sending request for url (https://raw.githubusercontent.com/BlackHatCoin/jetton/master/jetton_metadata.json)), use internal data only
[INFO] [stdout] test tests::test_metadata::test_meta_data_load_ordinal_https ... FAILED
[INFO] [stderr] 2026-10-06 19:48:51.487943 tests::test_met  WARN ton::contracts::tep::metadata::meta_loader:76 - Failed to load metadata from internal META_URI https://cdn.talents.wtf/jetton/metadata.json: Transport error (error sending request for url (https://cdn.talents.wtf/jetton/metadata.json)), use internal data only
[INFO] [stdout] test tests::test_metadata::test_get_jetton_metadata_complex ... FAILED
[INFO] [stdout] 
[INFO] [stdout] failures:
[INFO] [stdout] 
[INFO] [stdout] ---- tests::test_metadata::test_meta_data_load_ordinal_https stdout ----
[INFO] [stdout] Error: Transport error (error sending request for url (https://s.getgems.io/nft/b/c/62fba50217c3fe3cbaad9e7f/95/meta.json))
[INFO] [stdout] 
[INFO] [stdout] Caused by:
[INFO] [stdout]     0: error sending request for url (https://s.getgems.io/nft/b/c/62fba50217c3fe3cbaad9e7f/95/meta.json)
[INFO] [stdout]     1: client error (Connect)
[INFO] [stdout]     2: dns error
[INFO] [stdout]     3: failed to lookup address information: Temporary failure in name resolution
[INFO] [stdout] 
[INFO] [stdout] Stack backtrace:
[INFO] [stdout]    0: <anyhow::Error as core::convert::From<ton::errors::TonError>>::from
[INFO] [stdout]              at /opt/rustwide/cargo-home/registry/src/index.crates.io-1949cf8c6b5b557f/anyhow-1.0.104/src/backtrace.rs:10:14
[INFO] [stdout]    1: <core::result::Result<(), anyhow::Error> as core::ops::try_trait::FromResidual<core::result::Result<!, ton::errors::TonError>>>::from_residual
[INFO] [stdout]              at /rustc/e3feeb59cd1bdd011a2bfcc0747b55125d9b8527/library/core/src/result.rs:2190:27
[INFO] [stdout]    2: init::tests::test_metadata::test_meta_data_load_ordinal_https::{closure#0}
[INFO] [stdout]              at ./tests/tests/test_metadata.rs:154:9
[INFO] [stdout]    3: <core::pin::Pin<&mut dyn core::future::future::Future<Output = core::result::Result<(), anyhow::Error>>> as core::future::future::Future>::poll
[INFO] [stdout]              at /rustc/e3feeb59cd1bdd011a2bfcc0747b55125d9b8527/library/core/src/future/future.rs:133:9
[INFO] [stdout]    4: <core::pin::Pin<&mut core::pin::Pin<&mut dyn core::future::future::Future<Output = core::result::Result<(), anyhow::Error>>>> as core::future::future::Future>::poll
[INFO] [stdout]              at /rustc/e3feeb59cd1bdd011a2bfcc0747b55125d9b8527/library/core/src/future/future.rs:133:9
[INFO] [stdout]    5: <tokio::runtime::scheduler::current_thread::CoreGuard>::block_on::<core::pin::Pin<&mut core::pin::Pin<&mut dyn core::future::future::Future<Output = core::result::Result<(), anyhow::Error>>>>>::{closure#0}::{closure#0}::{closure#0}
[INFO] [stdout]              at /opt/rustwide/cargo-home/registry/src/index.crates.io-1949cf8c6b5b557f/tokio-1.53.1/src/runtime/scheduler/current_thread/mod.rs:830:70
[INFO] [stdout]    6: tokio::task::coop::with_budget::<core::task::poll::Poll<core::result::Result<(), anyhow::Error>>, <tokio::runtime::scheduler::current_thread::CoreGuard>::block_on<core::pin::Pin<&mut core::pin::Pin<&mut dyn core::future::future::Future<Output = core::result::Result<(), anyhow::Error>>>>>::{closure#0}::{closure#0}::{closure#0}>
[INFO] [stdout]              at /opt/rustwide/cargo-home/registry/src/index.crates.io-1949cf8c6b5b557f/tokio-1.53.1/src/task/coop/mod.rs:167:5
[INFO] [stdout]    7: tokio::task::coop::budget::<core::task::poll::Poll<core::result::Result<(), anyhow::Error>>, <tokio::runtime::scheduler::current_thread::CoreGuard>::block_on<core::pin::Pin<&mut core::pin::Pin<&mut dyn core::future::future::Future<Output = core::result::Result<(), anyhow::Error>>>>>::{closure#0}::{closure#0}::{closure#0}>
[INFO] [stdout]              at /opt/rustwide/cargo-home/registry/src/index.crates.io-1949cf8c6b5b557f/tokio-1.53.1/src/task/coop/mod.rs:133:5
[INFO] [stdout]    8: <tokio::runtime::scheduler::current_thread::CoreGuard>::block_on::<core::pin::Pin<&mut core::pin::Pin<&mut dyn core::future::future::Future<Output = core::result::Result<(), anyhow::Error>>>>>::{closure#0}::{closure#0}
[INFO] [stdout]              at /opt/rustwide/cargo-home/registry/src/index.crates.io-1949cf8c6b5b557f/tokio-1.53.1/src/runtime/scheduler/current_thread/mod.rs:830:25
[INFO] [stdout]    9: <tokio::runtime::scheduler::current_thread::Context>::enter::<core::task::poll::Poll<core::result::Result<(), anyhow::Error>>, <tokio::runtime::scheduler::current_thread::CoreGuard>::block_on<core::pin::Pin<&mut core::pin::Pin<&mut dyn core::future::future::Future<Output = core::result::Result<(), anyhow::Error>>>>>::{closure#0}::{closure#0}>
[INFO] [stdout]              at /opt/rustwide/cargo-home/registry/src/index.crates.io-1949cf8c6b5b557f/tokio-1.53.1/src/runtime/scheduler/current_thread/mod.rs:488:19
[INFO] [stdout]   10: <tokio::runtime::scheduler::current_thread::CoreGuard>::block_on::<core::pin::Pin<&mut core::pin::Pin<&mut dyn core::future::future::Future<Output = core::result::Result<(), anyhow::Error>>>>>::{closure#0}
[INFO] [stdout]              at /opt/rustwide/cargo-home/registry/src/index.crates.io-1949cf8c6b5b557f/tokio-1.53.1/src/runtime/scheduler/current_thread/mod.rs:829:44
[INFO] [stdout]   11: <tokio::runtime::scheduler::current_thread::CoreGuard>::enter::<<tokio::runtime::scheduler::current_thread::CoreGuard>::block_on<core::pin::Pin<&mut core::pin::Pin<&mut dyn core::future::future::Future<Output = core::result::Result<(), anyhow::Error>>>>>::{closure#0}, core::option::Option<core::result::Result<(), anyhow::Error>>>::{closure#0}
[INFO] [stdout]              at /opt/rustwide/cargo-home/registry/src/index.crates.io-1949cf8c6b5b557f/tokio-1.53.1/src/runtime/scheduler/current_thread/mod.rs:906:68
[INFO] [stdout]   12: <tokio::runtime::context::scoped::Scoped<tokio::runtime::scheduler::Context>>::set::<<tokio::runtime::scheduler::current_thread::CoreGuard>::enter<<tokio::runtime::scheduler::current_thread::CoreGuard>::block_on<core::pin::Pin<&mut core::pin::Pin<&mut dyn core::future::future::Future<Output = core::result::Result<(), anyhow::Error>>>>>::{closure#0}, core::option::Option<core::result::Result<(), anyhow::Error>>>::{closure#0}, (alloc::boxed::Box<tokio::runtime::scheduler::current_thread::Core>, core::option::Option<core::result::Result<(), anyhow::Error>>)>
[INFO] [stdout]              at /opt/rustwide/cargo-home/registry/src/index.crates.io-1949cf8c6b5b557f/tokio-1.53.1/src/runtime/context/scoped.rs:40:9
[INFO] [stdout]   13: tokio::runtime::context::set_scheduler::<(alloc::boxed::Box<tokio::runtime::scheduler::current_thread::Core>, core::option::Option<core::result::Result<(), anyhow::Error>>), <tokio::runtime::scheduler::current_thread::CoreGuard>::enter<<tokio::runtime::scheduler::current_thread::CoreGuard>::block_on<core::pin::Pin<&mut core::pin::Pin<&mut dyn core::future::future::Future<Output = core::result::Result<(), anyhow::Error>>>>>::{closure#0}, core::option::Option<core::result::Result<(), anyhow::Error>>>::{closure#0}>::{closure#0}
[INFO] [stdout]              at /opt/rustwide/cargo-home/registry/src/index.crates.io-1949cf8c6b5b557f/tokio-1.53.1/src/runtime/context.rs:187:38
[INFO] [stdout]   14: <std::thread::local::LocalKey<tokio::runtime::context::Context>>::try_with::<tokio::runtime::context::set_scheduler<(alloc::boxed::Box<tokio::runtime::scheduler::current_thread::Core>, core::option::Option<core::result::Result<(), anyhow::Error>>), <tokio::runtime::scheduler::current_thread::CoreGuard>::enter<<tokio::runtime::scheduler::current_thread::CoreGuard>::block_on<core::pin::Pin<&mut core::pin::Pin<&mut dyn core::future::future::Future<Output = core::result::Result<(), anyhow::Error>>>>>::{closure#0}, core::option::Option<core::result::Result<(), anyhow::Error>>>::{closure#0}>::{closure#0}, (alloc::boxed::Box<tokio::runtime::scheduler::current_thread::Core>, core::option::Option<core::result::Result<(), anyhow::Error>>)>
[INFO] [stdout]              at /rustc/e3feeb59cd1bdd011a2bfcc0747b55125d9b8527/library/std/src/thread/local.rs:463:12
[INFO] [stdout]   15: <std::thread::local::LocalKey<tokio::runtime::context::Context>>::with::<tokio::runtime::context::set_scheduler<(alloc::boxed::Box<tokio::runtime::scheduler::current_thread::Core>, core::option::Option<core::result::Result<(), anyhow::Error>>), <tokio::runtime::scheduler::current_thread::CoreGuard>::enter<<tokio::runtime::scheduler::current_thread::CoreGuard>::block_on<core::pin::Pin<&mut core::pin::Pin<&mut dyn core::future::future::Future<Output = core::result::Result<(), anyhow::Error>>>>>::{closure#0}, core::option::Option<core::result::Result<(), anyhow::Error>>>::{closure#0}>::{closure#0}, (alloc::boxed::Box<tokio::runtime::scheduler::current_thread::Core>, core::option::Option<core::result::Result<(), anyhow::Error>>)>
[INFO] [stdout]              at /rustc/e3feeb59cd1bdd011a2bfcc0747b55125d9b8527/library/std/src/thread/local.rs:427:20
[INFO] [stdout]   16: tokio::runtime::context::set_scheduler::<(alloc::boxed::Box<tokio::runtime::scheduler::current_thread::Core>, core::option::Option<core::result::Result<(), anyhow::Error>>), <tokio::runtime::scheduler::current_thread::CoreGuard>::enter<<tokio::runtime::scheduler::current_thread::CoreGuard>::block_on<core::pin::Pin<&mut core::pin::Pin<&mut dyn core::future::future::Future<Output = core::result::Result<(), anyhow::Error>>>>>::{closure#0}, core::option::Option<core::result::Result<(), anyhow::Error>>>::{closure#0}>
[INFO] [stdout]              at /opt/rustwide/cargo-home/registry/src/index.crates.io-1949cf8c6b5b557f/tokio-1.53.1/src/runtime/context.rs:187:17
[INFO] [stdout]   17: <tokio::runtime::scheduler::current_thread::CoreGuard>::enter::<<tokio::runtime::scheduler::current_thread::CoreGuard>::block_on<core::pin::Pin<&mut core::pin::Pin<&mut dyn core::future::future::Future<Output = core::result::Result<(), anyhow::Error>>>>>::{closure#0}, core::option::Option<core::result::Result<(), anyhow::Error>>>
[INFO] [stdout]              at /opt/rustwide/cargo-home/registry/src/index.crates.io-1949cf8c6b5b557f/tokio-1.53.1/src/runtime/scheduler/current_thread/mod.rs:906:27
[INFO] [stdout]   18: <tokio::runtime::scheduler::current_thread::CoreGuard>::block_on::<core::pin::Pin<&mut core::pin::Pin<&mut dyn core::future::future::Future<Output = core::result::Result<(), anyhow::Error>>>>>
[INFO] [stdout]              at /opt/rustwide/cargo-home/registry/src/index.crates.io-1949cf8c6b5b557f/tokio-1.53.1/src/runtime/scheduler/current_thread/mod.rs:817:24
[INFO] [stdout]   19: <tokio::runtime::scheduler::current_thread::CurrentThread>::block_on::<core::pin::Pin<&mut dyn core::future::future::Future<Output = core::result::Result<(), anyhow::Error>>>>::{closure#0}
[INFO] [stdout]              at /opt/rustwide/cargo-home/registry/src/index.crates.io-1949cf8c6b5b557f/tokio-1.53.1/src/runtime/scheduler/current_thread/mod.rs:218:33
[INFO] [stdout]   20: tokio::runtime::context::runtime::enter_runtime::<<tokio::runtime::scheduler::current_thread::CurrentThread>::block_on<core::pin::Pin<&mut dyn core::future::future::Future<Output = core::result::Result<(), anyhow::Error>>>>::{closure#0}, core::result::Result<(), anyhow::Error>>
[INFO] [stdout]              at /opt/rustwide/cargo-home/registry/src/index.crates.io-1949cf8c6b5b557f/tokio-1.53.1/src/runtime/context/runtime.rs:65:16
[INFO] [stdout]   21: <tokio::runtime::scheduler::current_thread::CurrentThread>::block_on::<core::pin::Pin<&mut dyn core::future::future::Future<Output = core::result::Result<(), anyhow::Error>>>>
[INFO] [stdout]              at /opt/rustwide/cargo-home/registry/src/index.crates.io-1949cf8c6b5b557f/tokio-1.53.1/src/runtime/scheduler/current_thread/mod.rs:206:9
[INFO] [stdout]   22: <tokio::runtime::runtime::Runtime>::block_on_inner::<core::pin::Pin<&mut dyn core::future::future::Future<Output = core::result::Result<(), anyhow::Error>>>>
[INFO] [stdout]              at /opt/rustwide/cargo-home/registry/src/index.crates.io-1949cf8c6b5b557f/tokio-1.53.1/src/runtime/runtime.rs:374:52
[INFO] [stdout]   23: <tokio::runtime::runtime::Runtime>::block_on::<core::pin::Pin<&mut dyn core::future::future::Future<Output = core::result::Result<(), anyhow::Error>>>>
[INFO] [stdout]              at /opt/rustwide/cargo-home/registry/src/index.crates.io-1949cf8c6b5b557f/tokio-1.53.1/src/runtime/runtime.rs:343:18
[INFO] [stdout]   24: init::tests::test_metadata::test_meta_data_load_ordinal_https
[INFO] [stdout]              at ./tests/tests/test_metadata.rs:168:7
[INFO] [stdout]   25: init::tests::test_metadata::test_meta_data_load_ordinal_https::{closure#0}
[INFO] [stdout]              at ./tests/tests/test_metadata.rs:150:49
[INFO] [stdout]   26: <init::tests::test_metadata::test_meta_data_load_ordinal_https::{closure#0} as core::ops::function::FnOnce<()>>::call_once
[INFO] [stdout]              at /rustc/e3feeb59cd1bdd011a2bfcc0747b55125d9b8527/library/core/src/ops/function.rs:250:5
[INFO] [stdout]   27: <fn() -> core::result::Result<(), alloc::string::String> as core::ops::function::FnOnce<()>>::call_once
[INFO] [stdout]              at /rustc/e3feeb59cd1bdd011a2bfcc0747b55125d9b8527/library/core/src/ops/function.rs:250:5
[INFO] [stdout]   28: test::__rust_begin_short_backtrace::<core::result::Result<(), alloc::string::String>, fn() -> core::result::Result<(), alloc::string::String>>
[INFO] [stdout]              at /rustc/e3feeb59cd1bdd011a2bfcc0747b55125d9b8527/library/test/src/lib.rs:701:18
[INFO] [stdout]   29: test::run_test_in_process::{closure#0}
[INFO] [stdout]              at /rustc/e3feeb59cd1bdd011a2bfcc0747b55125d9b8527/library/test/src/lib.rs:724:74
[INFO] [stdout]   30: <core::panic::unwind_safe::AssertUnwindSafe<test::run_test_in_process::{closure#0}> as core::ops::function::FnOnce<()>>::call_once
[INFO] [stdout]              at /rustc/e3feeb59cd1bdd011a2bfcc0747b55125d9b8527/library/core/src/panic/unwind_safe.rs:275:9
[INFO] [stdout]   31: std::panicking::catch_unwind::do_call::<core::panic::unwind_safe::AssertUnwindSafe<test::run_test_in_process::{closure#0}>, core::result::Result<(), alloc::string::String>>
[INFO] [stdout]              at /rustc/e3feeb59cd1bdd011a2bfcc0747b55125d9b8527/library/std/src/panicking.rs:573:43
[INFO] [stdout]   32: std::panicking::catch_unwind::<core::result::Result<(), alloc::string::String>, core::panic::unwind_safe::AssertUnwindSafe<test::run_test_in_process::{closure#0}>>
[INFO] [stdout]              at /rustc/e3feeb59cd1bdd011a2bfcc0747b55125d9b8527/library/std/src/panicking.rs:541:19
[INFO] [stdout]   33: std::panic::catch_unwind::<core::panic::unwind_safe::AssertUnwindSafe<test::run_test_in_process::{closure#0}>, core::result::Result<(), alloc::string::String>>
[INFO] [stdout]              at /rustc/e3feeb59cd1bdd011a2bfcc0747b55125d9b8527/library/std/src/panic.rs:359:14
[INFO] [stdout]   34: test::run_test_in_process
[INFO] [stdout]              at /rustc/e3feeb59cd1bdd011a2bfcc0747b55125d9b8527/library/test/src/lib.rs:724:27
[INFO] [stdout]   35: test::run_test::{closure#0}
[INFO] [stdout]              at /rustc/e3feeb59cd1bdd011a2bfcc0747b55125d9b8527/library/test/src/lib.rs:645:43
[INFO] [stdout]   36: test::run_test::{closure#1}
[INFO] [stdout]              at /rustc/e3feeb59cd1bdd011a2bfcc0747b55125d9b8527/library/test/src/lib.rs:675:41
[INFO] [stdout]   37: std::sys::backtrace::__rust_begin_short_backtrace::<test::run_test::{closure#1}, ()>
[INFO] [stdout]              at /rustc/e3feeb59cd1bdd011a2bfcc0747b55125d9b8527/library/std/src/sys/backtrace.rs:166:18
[INFO] [stdout]   38: std::thread::lifecycle::spawn_unchecked::<test::run_test::{closure#1}, ()>::{closure#1}::{closure#0}
[INFO] [stdout]              at /rustc/e3feeb59cd1bdd011a2bfcc0747b55125d9b8527/library/std/src/thread/lifecycle.rs:70:13
[INFO] [stdout]   39: <core::panic::unwind_safe::AssertUnwindSafe<std::thread::lifecycle::spawn_unchecked<test::run_test::{closure#1}, ()>::{closure#1}::{closure#0}> as core::ops::function::FnOnce<()>>::call_once
[INFO] [stdout]              at /rustc/e3feeb59cd1bdd011a2bfcc0747b55125d9b8527/library/core/src/panic/unwind_safe.rs:275:9
[INFO] [stdout]   40: std::panicking::catch_unwind::do_call::<core::panic::unwind_safe::AssertUnwindSafe<std::thread::lifecycle::spawn_unchecked<test::run_test::{closure#1}, ()>::{closure#1}::{closure#0}>, ()>
[INFO] [stdout]              at /rustc/e3feeb59cd1bdd011a2bfcc0747b55125d9b8527/library/std/src/panicking.rs:573:43
[INFO] [stdout]   41: std::panicking::catch_unwind::<(), core::panic::unwind_safe::AssertUnwindSafe<std::thread::lifecycle::spawn_unchecked<test::run_test::{closure#1}, ()>::{closure#1}::{closure#0}>>
[INFO] [stdout]              at /rustc/e3feeb59cd1bdd011a2bfcc0747b55125d9b8527/library/std/src/panicking.rs:541:19
[INFO] [stdout]   42: std::panic::catch_unwind::<core::panic::unwind_safe::AssertUnwindSafe<std::thread::lifecycle::spawn_unchecked<test::run_test::{closure#1}, ()>::{closure#1}::{closure#0}>, ()>
[INFO] [stdout]              at /rustc/e3feeb59cd1bdd011a2bfcc0747b55125d9b8527/library/std/src/panic.rs:359:14
[INFO] [stdout]   43: std::thread::lifecycle::spawn_unchecked::<test::run_test::{closure#1}, ()>::{closure#1}
[INFO] [stdout]              at /rustc/e3feeb59cd1bdd011a2bfcc0747b55125d9b8527/library/std/src/thread/lifecycle.rs:68:26
[INFO] [stdout]   44: <std::thread::lifecycle::spawn_unchecked<test::run_test::{closure#1}, ()>::{closure#1} as core::ops::function::FnOnce<()>>::call_once::{shim:vtable#0}
[INFO] [stdout]              at /rustc/e3feeb59cd1bdd011a2bfcc0747b55125d9b8527/library/core/src/ops/function.rs:250:5
[INFO] [stdout]   45: <alloc::boxed::Box<dyn core::ops::function::FnOnce<(), Output = ()> + core::marker::Send> as core::ops::function::FnOnce<()>>::call_once
[INFO] [stdout]              at /rustc/e3feeb59cd1bdd011a2bfcc0747b55125d9b8527/library/alloc/src/boxed.rs:2314:9
[INFO] [stdout]   46: <std::sys::thread::unix::Thread>::new::thread_start
[INFO] [stdout]              at /rustc/e3feeb59cd1bdd011a2bfcc0747b55125d9b8527/library/std/src/sys/thread/unix.rs:127:17
[INFO] [stdout]   47: <unknown>
[INFO] [stdout]   48: clone
[INFO] [stdout] 
[INFO] [stdout] ---- tests::test_metadata::test_get_jetton_metadata_complex stdout ----
[INFO] [stdout] 
[INFO] [stdout] thread 'tests::test_metadata::test_get_jetton_metadata_complex' (2399) panicked at tests/tests/test_metadata.rs:178:44:
[INFO] [stdout] called `Option::unwrap()` on a `None` value
[INFO] [stdout] stack backtrace:
[INFO] [stdout]    0:     0x5c78e848d251 - std[617be2ca0a6fd877]::backtrace_rs::backtrace::libunwind::trace
[INFO] [stdout]                                at /rustc/e3feeb59cd1bdd011a2bfcc0747b55125d9b8527/library/std/src/../../backtrace/src/backtrace/libunwind.rs:117:9
[INFO] [stdout]    1:     0x5c78e848d251 - std[617be2ca0a6fd877]::backtrace_rs::backtrace::trace_unsynchronized::<std[617be2ca0a6fd877]::sys::backtrace::_print_fmt::{closure#1}>
[INFO] [stdout]                                at /rustc/e3feeb59cd1bdd011a2bfcc0747b55125d9b8527/library/std/src/../../backtrace/src/backtrace/mod.rs:66:14
[INFO] [stdout]    2:     0x5c78e848d251 - std[617be2ca0a6fd877]::sys::backtrace::_print_fmt
[INFO] [stdout]                                at /rustc/e3feeb59cd1bdd011a2bfcc0747b55125d9b8527/library/std/src/sys/backtrace.rs:74:9
[INFO] [stdout]    3:     0x5c78e848d251 - <<std[617be2ca0a6fd877]::sys::backtrace::BacktraceLock>::print::DisplayBacktrace as core[a373ad73a504971]::fmt::Display>::fmt
[INFO] [stdout]                                at /rustc/e3feeb59cd1bdd011a2bfcc0747b55125d9b8527/library/std/src/sys/backtrace.rs:44:26
[INFO] [stdout]    4:     0x5c78e84a47ca - <core[a373ad73a504971]::fmt::rt::Argument>::fmt
[INFO] [stdout]                                at /rustc/e3feeb59cd1bdd011a2bfcc0747b55125d9b8527/library/core/src/fmt/rt.rs:152:76
[INFO] [stdout]    5:     0x5c78e84a47ca - core[a373ad73a504971]::fmt::write
[INFO] [stdout]    6:     0x5c78e84922fc - core[a373ad73a504971]::io::write::default_write_fmt::<alloc[2e1b2a31b91974c5]::vec::Vec<u8>>
[INFO] [stdout]                                at /rustc/e3feeb59cd1bdd011a2bfcc0747b55125d9b8527/library/core/src/io/write.rs:402:11
[INFO] [stdout]    7:     0x5c78e84922fc - <alloc[2e1b2a31b91974c5]::vec::Vec<u8> as core[a373ad73a504971]::io::write::Write>::write_fmt
[INFO] [stdout]                                at /rustc/e3feeb59cd1bdd011a2bfcc0747b55125d9b8527/library/core/src/io/write.rs:335:13
[INFO] [stdout]    8:     0x5c78e8467436 - <std[617be2ca0a6fd877]::sys::backtrace::BacktraceLock>::print
[INFO] [stdout]                                at /rustc/e3feeb59cd1bdd011a2bfcc0747b55125d9b8527/library/std/src/sys/backtrace.rs:47:9
[INFO] [stdout]    9:     0x5c78e8467436 - std[617be2ca0a6fd877]::panicking::default_hook::{closure#0}
[INFO] [stdout]                                at /rustc/e3feeb59cd1bdd011a2bfcc0747b55125d9b8527/library/std/src/panicking.rs:289:27
[INFO] [stdout]   10:     0x5c78e8484969 - std[617be2ca0a6fd877]::panicking::default_hook
[INFO] [stdout]                                at /rustc/e3feeb59cd1bdd011a2bfcc0747b55125d9b8527/library/std/src/panicking.rs:313:9
[INFO] [stdout]   11:     0x5c78e7f0eef0 - <alloc[2e1b2a31b91974c5]::boxed::Box<dyn for<'a, 'b> core[a373ad73a504971]::ops::function::Fn<(&'a std[617be2ca0a6fd877]::panic::PanicHookInfo<'b>,), Output = ()> + core[a373ad73a504971]::marker::Sync + core[a373ad73a504971]::marker::Send> as core[a373ad73a504971]::ops::function::Fn<(&std[617be2ca0a6fd877]::panic::PanicHookInfo,)>>::call
[INFO] [stdout]                                at /rustc/e3feeb59cd1bdd011a2bfcc0747b55125d9b8527/library/alloc/src/boxed.rs:2328:9
[INFO] [stdout]   12:     0x5c78e7f0eef0 - test[aada8e7e76ba119b]::test_main_inner::{closure#0}
[INFO] [stdout]                                at /rustc/e3feeb59cd1bdd011a2bfcc0747b55125d9b8527/library/test/src/lib.rs:137:21
[INFO] [stdout]   13:     0x5c78e8484c92 - <alloc[2e1b2a31b91974c5]::boxed::Box<dyn for<'a, 'b> core[a373ad73a504971]::ops::function::Fn<(&'a std[617be2ca0a6fd877]::panic::PanicHookInfo<'b>,), Output = ()> + core[a373ad73a504971]::marker::Sync + core[a373ad73a504971]::marker::Send> as core[a373ad73a504971]::ops::function::Fn<(&std[617be2ca0a6fd877]::panic::PanicHookInfo,)>>::call
[INFO] [stdout]                                at /rustc/e3feeb59cd1bdd011a2bfcc0747b55125d9b8527/library/alloc/src/boxed.rs:2328:9
[INFO] [stdout]   14:     0x5c78e8484c92 - std[617be2ca0a6fd877]::panicking::panic_with_hook
[INFO] [stdout]                                at /rustc/e3feeb59cd1bdd011a2bfcc0747b55125d9b8527/library/std/src/panicking.rs:819:13
[INFO] [stdout]   15:     0x5c78e8467514 - std[617be2ca0a6fd877]::panicking::panic_handler::{closure#0}
[INFO] [stdout]                                at /rustc/e3feeb59cd1bdd011a2bfcc0747b55125d9b8527/library/std/src/panicking.rs:678:13
[INFO] [stdout]   16:     0x5c78e845f9f9 - std[617be2ca0a6fd877]::sys::backtrace::__rust_end_short_backtrace::<std[617be2ca0a6fd877]::panicking::panic_handler::{closure#0}, !>
[INFO] [stdout]                                at /rustc/e3feeb59cd1bdd011a2bfcc0747b55125d9b8527/library/std/src/sys/backtrace.rs:182:18
[INFO] [stdout]   17:     0x5c78e84683ed - __rustc[ea4f61d10b84890b]::rust_begin_unwind
[INFO] [stdout]                                at /rustc/e3feeb59cd1bdd011a2bfcc0747b55125d9b8527/library/std/src/panicking.rs:676:5
[INFO] [stdout]   18:     0x5c78e84a501c - core[a373ad73a504971]::panicking::panic_fmt
[INFO] [stdout]                                at /rustc/e3feeb59cd1bdd011a2bfcc0747b55125d9b8527/library/core/src/panicking.rs:80:14
[INFO] [stdout]   19:     0x5c78e84a4fe2 - core[a373ad73a504971]::panicking::panic
[INFO] [stdout]                                at /rustc/e3feeb59cd1bdd011a2bfcc0747b55125d9b8527/library/core/src/panicking.rs:150:5
[INFO] [stdout]   20:     0x5c78e84a4ce9 - core[a373ad73a504971]::option::unwrap_failed
[INFO] [stdout]                                at /rustc/e3feeb59cd1bdd011a2bfcc0747b55125d9b8527/library/core/src/option.rs:2253:5
[INFO] [stdout]   21:     0x5c78e7eec107 - <core[a373ad73a504971]::option::Option<&alloc[2e1b2a31b91974c5]::string::String>>::unwrap
[INFO] [stdout]                                at /rustc/e3feeb59cd1bdd011a2bfcc0747b55125d9b8527/library/core/src/option.rs:1016:21
[INFO] [stdout]   22:     0x5c78e7eec107 - init[a6a79ddb4c5f7b4a]::tests::test_metadata::assert_get_jetton_content_tnt::{closure#0}
[INFO] [stdout]                                at /opt/rustwide/workdir/tests/tests/test_metadata.rs:178:44
[INFO] [stdout]   23:     0x5c78e7ef0999 - init[a6a79ddb4c5f7b4a]::tests::test_metadata::test_get_jetton_metadata_complex::{closure#0}
[INFO] [stdout]                                at /opt/rustwide/workdir/tests/tests/test_metadata.rs:27:37
[INFO] [stdout]   24:     0x5c78e7ef2c35 - <core[a373ad73a504971]::pin::Pin<&mut dyn core[a373ad73a504971]::future::future::Future<Output = core[a373ad73a504971]::result::Result<(), anyhow[5742dc27d2c32ed7]::Error>>> as core[a373ad73a504971]::future::future::Future>::poll
[INFO] [stdout]                                at /rustc/e3feeb59cd1bdd011a2bfcc0747b55125d9b8527/library/core/src/future/future.rs:133:9
[INFO] [stdout]   25:     0x5c78e7ef2cad - <core[a373ad73a504971]::pin::Pin<&mut core[a373ad73a504971]::pin::Pin<&mut dyn core[a373ad73a504971]::future::future::Future<Output = core[a373ad73a504971]::result::Result<(), anyhow[5742dc27d2c32ed7]::Error>>>> as core[a373ad73a504971]::future::future::Future>::poll
[INFO] [stdout]                                at /rustc/e3feeb59cd1bdd011a2bfcc0747b55125d9b8527/library/core/src/future/future.rs:133:9
[INFO] [stdout]   26:     0x5c78e7ee54dd - <tokio[89814da7dae4ce76]::runtime::scheduler::current_thread::CoreGuard>::block_on::<core[a373ad73a504971]::pin::Pin<&mut core[a373ad73a504971]::pin::Pin<&mut dyn core[a373ad73a504971]::future::future::Future<Output = core[a373ad73a504971]::result::Result<(), anyhow[5742dc27d2c32ed7]::Error>>>>>::{closure#0}::{closure#0}::{closure#0}
[INFO] [stdout]                                at /opt/rustwide/cargo-home/registry/src/index.crates.io-1949cf8c6b5b557f/tokio-1.53.1/src/runtime/scheduler/current_thread/mod.rs:830:70
[INFO] [stdout]   27:     0x5c78e7ee5408 - tokio[89814da7dae4ce76]::task::coop::with_budget::<core[a373ad73a504971]::task::poll::Poll<core[a373ad73a504971]::result::Result<(), anyhow[5742dc27d2c32ed7]::Error>>, <tokio[89814da7dae4ce76]::runtime::scheduler::current_thread::CoreGuard>::block_on<core[a373ad73a504971]::pin::Pin<&mut core[a373ad73a504971]::pin::Pin<&mut dyn core[a373ad73a504971]::future::future::Future<Output = core[a373ad73a504971]::result::Result<(), anyhow[5742dc27d2c32ed7]::Error>>>>>::{closure#0}::{closure#0}::{closure#0}>
[INFO] [stdout]                                at /opt/rustwide/cargo-home/registry/src/index.crates.io-1949cf8c6b5b557f/tokio-1.53.1/src/task/coop/mod.rs:167:5
[INFO] [stdout]   28:     0x5c78e7ee5408 - tokio[89814da7dae4ce76]::task::coop::budget::<core[a373ad73a504971]::task::poll::Poll<core[a373ad73a504971]::result::Result<(), anyhow[5742dc27d2c32ed7]::Error>>, <tokio[89814da7dae4ce76]::runtime::scheduler::current_thread::CoreGuard>::block_on<core[a373ad73a504971]::pin::Pin<&mut core[a373ad73a504971]::pin::Pin<&mut dyn core[a373ad73a504971]::future::future::Future<Output = core[a373ad73a504971]::result::Result<(), anyhow[5742dc27d2c32ed7]::Error>>>>>::{closure#0}::{closure#0}::{closure#0}>
[INFO] [stdout]                                at /opt/rustwide/cargo-home/registry/src/index.crates.io-1949cf8c6b5b557f/tokio-1.53.1/src/task/coop/mod.rs:133:5
[INFO] [stdout]   29:     0x5c78e7ee5408 - <tokio[89814da7dae4ce76]::runtime::scheduler::current_thread::CoreGuard>::block_on::<core[a373ad73a504971]::pin::Pin<&mut core[a373ad73a504971]::pin::Pin<&mut dyn core[a373ad73a504971]::future::future::Future<Output = core[a373ad73a504971]::result::Result<(), anyhow[5742dc27d2c32ed7]::Error>>>>>::{closure#0}::{closure#0}
[INFO] [stdout]                                at /opt/rustwide/cargo-home/registry/src/index.crates.io-1949cf8c6b5b557f/tokio-1.53.1/src/runtime/scheduler/current_thread/mod.rs:830:25
[INFO] [stdout]   30:     0x5c78e7ee0c07 - <tokio[89814da7dae4ce76]::runtime::scheduler::current_thread::Context>::enter::<core[a373ad73a504971]::task::poll::Poll<core[a373ad73a504971]::result::Result<(), anyhow[5742dc27d2c32ed7]::Error>>, <tokio[89814da7dae4ce76]::runtime::scheduler::current_thread::CoreGuard>::block_on<core[a373ad73a504971]::pin::Pin<&mut core[a373ad73a504971]::pin::Pin<&mut dyn core[a373ad73a504971]::future::future::Future<Output = core[a373ad73a504971]::result::Result<(), anyhow[5742dc27d2c32ed7]::Error>>>>>::{closure#0}::{closure#0}>
[INFO] [stdout]                                at /opt/rustwide/cargo-home/registry/src/index.crates.io-1949cf8c6b5b557f/tokio-1.53.1/src/runtime/scheduler/current_thread/mod.rs:488:19
[INFO] [stdout]   31:     0x5c78e7ee465d - <tokio[89814da7dae4ce76]::runtime::scheduler::current_thread::CoreGuard>::block_on::<core[a373ad73a504971]::pin::Pin<&mut core[a373ad73a504971]::pin::Pin<&mut dyn core[a373ad73a504971]::future::future::Future<Output = core[a373ad73a504971]::result::Result<(), anyhow[5742dc27d2c32ed7]::Error>>>>>::{closure#0}
[INFO] [stdout]                                at /opt/rustwide/cargo-home/registry/src/index.crates.io-1949cf8c6b5b557f/tokio-1.53.1/src/runtime/scheduler/current_thread/mod.rs:829:44
[INFO] [stdout]   32:     0x5c78e7ee38bb - <tokio[89814da7dae4ce76]::runtime::scheduler::current_thread::CoreGuard>::enter::<<tokio[89814da7dae4ce76]::runtime::scheduler::current_thread::CoreGuard>::block_on<core[a373ad73a504971]::pin::Pin<&mut core[a373ad73a504971]::pin::Pin<&mut dyn core[a373ad73a504971]::future::future::Future<Output = core[a373ad73a504971]::result::Result<(), anyhow[5742dc27d2c32ed7]::Error>>>>>::{closure#0}, core[a373ad73a504971]::option::Option<core[a373ad73a504971]::result::Result<(), anyhow[5742dc27d2c32ed7]::Error>>>::{closure#0}
[INFO] [stdout]                                at /opt/rustwide/cargo-home/registry/src/index.crates.io-1949cf8c6b5b557f/tokio-1.53.1/src/runtime/scheduler/current_thread/mod.rs:906:68
[INFO] [stdout]   33:     0x5c78e7ee049a - <tokio[89814da7dae4ce76]::runtime::context::scoped::Scoped<tokio[89814da7dae4ce76]::runtime::scheduler::Context>>::set::<<tokio[89814da7dae4ce76]::runtime::scheduler::current_thread::CoreGuard>::enter<<tokio[89814da7dae4ce76]::runtime::scheduler::current_thread::CoreGuard>::block_on<core[a373ad73a504971]::pin::Pin<&mut core[a373ad73a504971]::pin::Pin<&mut dyn core[a373ad73a504971]::future::future::Future<Output = core[a373ad73a504971]::result::Result<(), anyhow[5742dc27d2c32ed7]::Error>>>>>::{closure#0}, core[a373ad73a504971]::option::Option<core[a373ad73a504971]::result::Result<(), anyhow[5742dc27d2c32ed7]::Error>>>::{closure#0}, (alloc[2e1b2a31b91974c5]::boxed::Box<tokio[89814da7dae4ce76]::runtime::scheduler::current_thread::Core>, core[a373ad73a504971]::option::Option<core[a373ad73a504971]::result::Result<(), anyhow[5742dc27d2c32ed7]::Error>>)>
[INFO] [stdout]                                at /opt/rustwide/cargo-home/registry/src/index.crates.io-1949cf8c6b5b557f/tokio-1.53.1/src/runtime/context/scoped.rs:40:9
[INFO] [stdout]   34:     0x5c78e7ee503a - tokio[89814da7dae4ce76]::runtime::context::set_scheduler::<(alloc[2e1b2a31b91974c5]::boxed::Box<tokio[89814da7dae4ce76]::runtime::scheduler::current_thread::Core>, core[a373ad73a504971]::option::Option<core[a373ad73a504971]::result::Result<(), anyhow[5742dc27d2c32ed7]::Error>>), <tokio[89814da7dae4ce76]::runtime::scheduler::current_thread::CoreGuard>::enter<<tokio[89814da7dae4ce76]::runtime::scheduler::current_thread::CoreGuard>::block_on<core[a373ad73a504971]::pin::Pin<&mut core[a373ad73a504971]::pin::Pin<&mut dyn core[a373ad73a504971]::future::future::Future<Output = core[a373ad73a504971]::result::Result<(), anyhow[5742dc27d2c32ed7]::Error>>>>>::{closure#0}, core[a373ad73a504971]::option::Option<core[a373ad73a504971]::result::Result<(), anyhow[5742dc27d2c32ed7]::Error>>>::{closure#0}>::{closure#0}
[INFO] [stdout]                                at /opt/rustwide/cargo-home/registry/src/index.crates.io-1949cf8c6b5b557f/tokio-1.53.1/src/runtime/context.rs:187:38
[INFO] [stdout]   35:     0x5c78e7ef50dc - <std[617be2ca0a6fd877]::thread::local::LocalKey<tokio[89814da7dae4ce76]::runtime::context::Context>>::try_with::<tokio[89814da7dae4ce76]::runtime::context::set_scheduler<(alloc[2e1b2a31b91974c5]::boxed::Box<tokio[89814da7dae4ce76]::runtime::scheduler::current_thread::Core>, core[a373ad73a504971]::option::Option<core[a373ad73a504971]::result::Result<(), anyhow[5742dc27d2c32ed7]::Error>>), <tokio[89814da7dae4ce76]::runtime::scheduler::current_thread::CoreGuard>::enter<<tokio[89814da7dae4ce76]::runtime::scheduler::current_thread::CoreGuard>::block_on<core[a373ad73a504971]::pin::Pin<&mut core[a373ad73a504971]::pin::Pin<&mut dyn core[a373ad73a504971]::future::future::Future<Output = core[a373ad73a504971]::result::Result<(), anyhow[5742dc27d2c32ed7]::Error>>>>>::{closure#0}, core[a373ad73a504971]::option::Option<core[a373ad73a504971]::result::Result<(), anyhow[5742dc27d2c32ed7]::Error>>>::{closure#0}>::{closure#0}, (alloc[2e1b2a31b91974c5]::boxed::Box<tokio[89814da7dae4ce76]::runtime::scheduler::current_thread::Core>, core[a373ad73a504971]::option::Option<core[a373ad73a504971]::result::Result<(), anyhow[5742dc27d2c32ed7]::Error>>)>
[INFO] [stdout]                                at /rustc/e3feeb59cd1bdd011a2bfcc0747b55125d9b8527/library/std/src/thread/local.rs:463:12
[INFO] [stdout]   36:     0x5c78e7ef4d6c - <std[617be2ca0a6fd877]::thread::local::LocalKey<tokio[89814da7dae4ce76]::runtime::context::Context>>::with::<tokio[89814da7dae4ce76]::runtime::context::set_scheduler<(alloc[2e1b2a31b91974c5]::boxed::Box<tokio[89814da7dae4ce76]::runtime::scheduler::current_thread::Core>, core[a373ad73a504971]::option::Option<core[a373ad73a504971]::result::Result<(), anyhow[5742dc27d2c32ed7]::Error>>), <tokio[89814da7dae4ce76]::runtime::scheduler::current_thread::CoreGuard>::enter<<tokio[89814da7dae4ce76]::runtime::scheduler::current_thread::CoreGuard>::block_on<core[a373ad73a504971]::pin::Pin<&mut core[a373ad73a504971]::pin::Pin<&mut dyn core[a373ad73a504971]::future::future::Future<Output = core[a373ad73a504971]::result::Result<(), anyhow[5742dc27d2c32ed7]::Error>>>>>::{closure#0}, core[a373ad73a504971]::option::Option<core[a373ad73a504971]::result::Result<(), anyhow[5742dc27d2c32ed7]::Error>>>::{closure#0}>::{closure#0}, (alloc[2e1b2a31b91974c5]::boxed::Box<tokio[89814da7dae4ce76]::runtime::scheduler::current_thread::Core>, core[a373ad73a504971]::option::Option<core[a373ad73a504971]::result::Result<(), anyhow[5742dc27d2c32ed7]::Error>>)>
[INFO] [stdout]                                at /rustc/e3feeb59cd1bdd011a2bfcc0747b55125d9b8527/library/std/src/thread/local.rs:427:20
[INFO] [stdout]   37:     0x5c78e7ee2f21 - tokio[89814da7dae4ce76]::runtime::context::set_scheduler::<(alloc[2e1b2a31b91974c5]::boxed::Box<tokio[89814da7dae4ce76]::runtime::scheduler::current_thread::Core>, core[a373ad73a504971]::option::Option<core[a373ad73a504971]::result::Result<(), anyhow[5742dc27d2c32ed7]::Error>>), <tokio[89814da7dae4ce76]::runtime::scheduler::current_thread::CoreGuard>::enter<<tokio[89814da7dae4ce76]::runtime::scheduler::current_thread::CoreGuard>::block_on<core[a373ad73a504971]::pin::Pin<&mut core[a373ad73a504971]::pin::Pin<&mut dyn core[a373ad73a504971]::future::future::Future<Output = core[a373ad73a504971]::result::Result<(), anyhow[5742dc27d2c32ed7]::Error>>>>>::{closure#0}, core[a373ad73a504971]::option::Option<core[a373ad73a504971]::result::Result<(), anyhow[5742dc27d2c32ed7]::Error>>>::{closure#0}>
[INFO] [stdout]                                at /opt/rustwide/cargo-home/registry/src/index.crates.io-1949cf8c6b5b557f/tokio-1.53.1/src/runtime/context.rs:187:17
[INFO] [stdout]   38:     0x5c78e7ee14a9 - <tokio[89814da7dae4ce76]::runtime::scheduler::current_thread::CoreGuard>::enter::<<tokio[89814da7dae4ce76]::runtime::scheduler::current_thread::CoreGuard>::block_on<core[a373ad73a504971]::pin::Pin<&mut core[a373ad73a504971]::pin::Pin<&mut dyn core[a373ad73a504971]::future::future::Future<Output = core[a373ad73a504971]::result::Result<(), anyhow[5742dc27d2c32ed7]::Error>>>>>::{closure#0}, core[a373ad73a504971]::option::Option<core[a373ad73a504971]::result::Result<(), anyhow[5742dc27d2c32ed7]::Error>>>
[INFO] [stdout]                                at /opt/rustwide/cargo-home/registry/src/index.crates.io-1949cf8c6b5b557f/tokio-1.53.1/src/runtime/scheduler/current_thread/mod.rs:906:27
[INFO] [stdout]   39:     0x5c78e7ee17d7 - <tokio[89814da7dae4ce76]::runtime::scheduler::current_thread::CoreGuard>::block_on::<core[a373ad73a504971]::pin::Pin<&mut core[a373ad73a504971]::pin::Pin<&mut dyn core[a373ad73a504971]::future::future::Future<Output = core[a373ad73a504971]::result::Result<(), anyhow[5742dc27d2c32ed7]::Error>>>>>
[INFO] [stdout]                                at /opt/rustwide/cargo-home/registry/src/index.crates.io-1949cf8c6b5b557f/tokio-1.53.1/src/runtime/scheduler/current_thread/mod.rs:817:24
[INFO] [stdout]   40:     0x5c78e7ee36bc - <tokio[89814da7dae4ce76]::runtime::scheduler::current_thread::CurrentThread>::block_on::<core[a373ad73a504971]::pin::Pin<&mut dyn core[a373ad73a504971]::future::future::Future<Output = core[a373ad73a504971]::result::Result<(), anyhow[5742dc27d2c32ed7]::Error>>>>::{closure#0}
[INFO] [stdout]                                at /opt/rustwide/cargo-home/registry/src/index.crates.io-1949cf8c6b5b557f/tokio-1.53.1/src/runtime/scheduler/current_thread/mod.rs:218:33
[INFO] [stdout]   41:     0x5c78e7ef5faa - tokio[89814da7dae4ce76]::runtime::context::runtime::enter_runtime::<<tokio[89814da7dae4ce76]::runtime::scheduler::current_thread::CurrentThread>::block_on<core[a373ad73a504971]::pin::Pin<&mut dyn core[a373ad73a504971]::future::future::Future<Output = core[a373ad73a504971]::result::Result<(), anyhow[5742dc27d2c32ed7]::Error>>>>::{closure#0}, core[a373ad73a504971]::result::Result<(), anyhow[5742dc27d2c32ed7]::Error>>
[INFO] [stdout]                                at /opt/rustwide/cargo-home/registry/src/index.crates.io-1949cf8c6b5b557f/tokio-1.53.1/src/runtime/context/runtime.rs:65:16
[INFO] [stdout]   42:     0x5c78e7ee0624 - <tokio[89814da7dae4ce76]::runtime::scheduler::current_thread::CurrentThread>::block_on::<core[a373ad73a504971]::pin::Pin<&mut dyn core[a373ad73a504971]::future::future::Future<Output = core[a373ad73a504971]::result::Result<(), anyhow[5742dc27d2c32ed7]::Error>>>>
[INFO] [stdout]                                at /opt/rustwide/cargo-home/registry/src/index.crates.io-1949cf8c6b5b557f/tokio-1.53.1/src/runtime/scheduler/current_thread/mod.rs:206:9
[INFO] [stdout]   43:     0x5c78e7efb43b - <tokio[89814da7dae4ce76]::runtime::runtime::Runtime>::block_on_inner::<core[a373ad73a504971]::pin::Pin<&mut dyn core[a373ad73a504971]::future::future::Future<Output = core[a373ad73a504971]::result::Result<(), anyhow[5742dc27d2c32ed7]::Error>>>>
[INFO] [stdout]                                at /opt/rustwide/cargo-home/registry/src/index.crates.io-1949cf8c6b5b557f/tokio-1.53.1/src/runtime/runtime.rs:374:52
[INFO] [stdout]   44:     0x5c78e7efb581 - <tokio[89814da7dae4ce76]::runtime::runtime::Runtime>::block_on::<core[a373ad73a504971]::pin::Pin<&mut dyn core[a373ad73a504971]::future::future::Future<Output = core[a373ad73a504971]::result::Result<(), anyhow[5742dc27d2c32ed7]::Error>>>>
[INFO] [stdout]                                at /opt/rustwide/cargo-home/registry/src/index.crates.io-1949cf8c6b5b557f/tokio-1.53.1/src/runtime/runtime.rs:343:18
[INFO] [stdout]   45:     0x5c78e7ef222f - init[a6a79ddb4c5f7b4a]::tests::test_metadata::test_get_jetton_metadata_complex
[INFO] [stdout]                                at /opt/rustwide/workdir/tests/tests/test_metadata.rs:29:7
[INFO] [stdout]   46:     0x5c78e7eecbc7 - init[a6a79ddb4c5f7b4a]::tests::test_metadata::test_get_jetton_metadata_complex::{closure#0}
[INFO] [stdout]                                at /opt/rustwide/workdir/tests/tests/test_metadata.rs:18:48
[INFO] [stdout]   47:     0x5c78e7ee97f6 - <init[a6a79ddb4c5f7b4a]::tests::test_metadata::test_get_jetton_metadata_complex::{closure#0} as core[a373ad73a504971]::ops::function::FnOnce<()>>::call_once
[INFO] [stdout]                                at /rustc/e3feeb59cd1bdd011a2bfcc0747b55125d9b8527/library/core/src/ops/function.rs:250:5
[INFO] [stdout]   48:     0x5c78e7f0233b - <fn() -> core[a373ad73a504971]::result::Result<(), alloc[2e1b2a31b91974c5]::string::String> as core[a373ad73a504971]::ops::function::FnOnce<()>>::call_once
[INFO] [stdout]                                at /rustc/e3feeb59cd1bdd011a2bfcc0747b55125d9b8527/library/core/src/ops/function.rs:250:5
[INFO] [stdout]   49:     0x5c78e7f0233b - test[aada8e7e76ba119b]::__rust_begin_short_backtrace::<core[a373ad73a504971]::result::Result<(), alloc[2e1b2a31b91974c5]::string::String>, fn() -> core[a373ad73a504971]::result::Result<(), alloc[2e1b2a31b91974c5]::string::String>>
[INFO] [stdout]                                at /rustc/e3feeb59cd1bdd011a2bfcc0747b55125d9b8527/library/test/src/lib.rs:701:18
[INFO] [stdout]   50:     0x5c78e7f0f515 - test[aada8e7e76ba119b]::run_test_in_process::{closure#0}
[INFO] [stdout]                                at /rustc/e3feeb59cd1bdd011a2bfcc0747b55125d9b8527/library/test/src/lib.rs:724:74
[INFO] [stdout]   51:     0x5c78e7f0f515 - <core[a373ad73a504971]::panic::unwind_safe::AssertUnwindSafe<test[aada8e7e76ba119b]::run_test_in_process::{closure#0}> as core[a373ad73a504971]::ops::function::FnOnce<()>>::call_once
[INFO] [stdout]                                at /rustc/e3feeb59cd1bdd011a2bfcc0747b55125d9b8527/library/core/src/panic/unwind_safe.rs:275:9
[INFO] [stdout]   52:     0x5c78e7f0f515 - std[617be2ca0a6fd877]::panicking::catch_unwind::do_call::<core[a373ad73a504971]::panic::unwind_safe::AssertUnwindSafe<test[aada8e7e76ba119b]::run_test_in_process::{closure#0}>, core[a373ad73a504971]::result::Result<(), alloc[2e1b2a31b91974c5]::string::String>>
[INFO] [stdout]                                at /rustc/e3feeb59cd1bdd011a2bfcc0747b55125d9b8527/library/std/src/panicking.rs:573:43
[INFO] [stdout]   53:     0x5c78e7f0f515 - std[617be2ca0a6fd877]::panicking::catch_unwind::<core[a373ad73a504971]::result::Result<(), alloc[2e1b2a31b91974c5]::string::String>, core[a373ad73a504971]::panic::unwind_safe::AssertUnwindSafe<test[aada8e7e76ba119b]::run_test_in_process::{closure#0}>>
[INFO] [stdout]                                at /rustc/e3feeb59cd1bdd011a2bfcc0747b55125d9b8527/library/std/src/panicking.rs:541:19
[INFO] [stdout]   54:     0x5c78e7f0f515 - std[617be2ca0a6fd877]::panic::catch_unwind::<core[a373ad73a504971]::panic::unwind_safe::AssertUnwindSafe<test[aada8e7e76ba119b]::run_test_in_process::{closure#0}>, core[a373ad73a504971]::result::Result<(), alloc[2e1b2a31b91974c5]::string::String>>
[INFO] [stdout]                                at /rustc/e3feeb59cd1bdd011a2bfcc0747b55125d9b8527/library/std/src/panic.rs:359:14
[INFO] [stdout]   55:     0x5c78e7f0f515 - test[aada8e7e76ba119b]::run_test_in_process
[INFO] [stdout]                                at /rustc/e3feeb59cd1bdd011a2bfcc0747b55125d9b8527/library/test/src/lib.rs:724:27
[INFO] [stdout]   56:     0x5c78e7f0f515 - test[aada8e7e76ba119b]::run_test::{closure#0}
[INFO] [stdout]                                at /rustc/e3feeb59cd1bdd011a2bfcc0747b55125d9b8527/library/test/src/lib.rs:645:43
[INFO] [stdout]   57:     0x5c78e7f08e04 - test[aada8e7e76ba119b]::run_test::{closure#1}
[INFO] [stdout]                                at /rustc/e3feeb59cd1bdd011a2bfcc0747b55125d9b8527/library/test/src/lib.rs:675:41
[INFO] [stdout]   58:     0x5c78e7f08e04 - std[617be2ca0a6fd877]::sys::backtrace::__rust_begin_short_backtrace::<test[aada8e7e76ba119b]::run_test::{closure#1}, ()>
[INFO] [stdout]                                at /rustc/e3feeb59cd1bdd011a2bfcc0747b55125d9b8527/library/std/src/sys/backtrace.rs:166:18
[INFO] [stdout]   59:     0x5c78e7f125a2 - std[617be2ca0a6fd877]::thread::lifecycle::spawn_unchecked::<test[aada8e7e76ba119b]::run_test::{closure#1}, ()>::{closure#1}::{closure#0}
[INFO] [stdout]                                at /rustc/e3feeb59cd1bdd011a2bfcc0747b55125d9b8527/library/std/src/thread/lifecycle.rs:70:13
[INFO] [stdout]   60:     0x5c78e7f125a2 - <core[a373ad73a504971]::panic::unwind_safe::AssertUnwindSafe<std[617be2ca0a6fd877]::thread::lifecycle::spawn_unchecked<test[aada8e7e76ba119b]::run_test::{closure#1}, ()>::{closure#1}::{closure#0}> as core[a373ad73a504971]::ops::function::FnOnce<()>>::call_once
[INFO] [stdout]                                at /rustc/e3feeb59cd1bdd011a2bfcc0747b55125d9b8527/library/core/src/panic/unwind_safe.rs:275:9
[INFO] [stdout]   61:     0x5c78e7f125a2 - std[617be2ca0a6fd877]::panicking::catch_unwind::do_call::<core[a373ad73a504971]::panic::unwind_safe::AssertUnwindSafe<std[617be2ca0a6fd877]::thread::lifecycle::spawn_unchecked<test[aada8e7e76ba119b]::run_test::{closure#1}, ()>::{closure#1}::{closure#0}>, ()>
[INFO] [stdout]                                at /rustc/e3feeb59cd1bdd011a2bfcc0747b55125d9b8527/library/std/src/panicking.rs:573:43
[INFO] [stdout]   62:     0x5c78e7f125a2 - std[617be2ca0a6fd877]::panicking::catch_unwind::<(), core[a373ad73a504971]::panic::unwind_safe::AssertUnwindSafe<std[617be2ca0a6fd877]::thread::lifecycle::spawn_unchecked<test[aada8e7e76ba119b]::run_test::{closure#1}, ()>::{closure#1}::{closure#0}>>
[INFO] [stdout]                                at /rustc/e3feeb59cd1bdd011a2bfcc0747b55125d9b8527/library/std/src/panicking.rs:541:19
[INFO] [stdout]   63:     0x5c78e7f125a2 - std[617be2ca0a6fd877]::panic::catch_unwind::<core[a373ad73a504971]::panic::unwind_safe::AssertUnwindSafe<std[617be2ca0a6fd877]::thread::lifecycle::spawn_unchecked<test[aada8e7e76ba119b]::run_test::{closure#1}, ()>::{closure#1}::{closure#0}>, ()>
[INFO] [stdout]                                at /rustc/e3feeb59cd1bdd011a2bfcc0747b55125d9b8527/library/std/src/panic.rs:359:14
[INFO] [stdout]   64:     0x5c78e7f125a2 - std[617be2ca0a6fd877]::thread::lifecycle::spawn_unchecked::<test[aada8e7e76ba119b]::run_test::{closure#1}, ()>::{closure#1}
[INFO] [stdout]                                at /rustc/e3feeb59cd1bdd011a2bfcc0747b55125d9b8527/library/std/src/thread/lifecycle.rs:68:26
[INFO] [stdout]   65:     0x5c78e7f125a2 - <std[617be2ca0a6fd877]::thread::lifecycle::spawn_unchecked<test[aada8e7e76ba119b]::run_test::{closure#1}, ()>::{closure#1} as core[a373ad73a504971]::ops::function::FnOnce<()>>::call_once::{shim:vtable#0}
[INFO] [stdout]                                at /rustc/e3feeb59cd1bdd011a2bfcc0747b55125d9b8527/library/core/src/ops/function.rs:250:5
[INFO] [stdout]   66:     0x5c78e848c0bf - <alloc[2e1b2a31b91974c5]::boxed::Box<dyn core[a373ad73a504971]::ops::function::FnOnce<(), Output = ()> + core[a373ad73a504971]::marker::Send> as core[a373ad73a504971]::ops::function::FnOnce<()>>::call_once
[INFO] [stdout]                                at /rustc/e3feeb59cd1bdd011a2bfcc0747b55125d9b8527/library/alloc/src/boxed.rs:2314:9
[INFO] [stdout]   67:     0x5c78e848c0bf - <std[617be2ca0a6fd877]::sys::thread::unix::Thread>::new::thread_start
[INFO] [stdout]                                at /rustc/e3feeb59cd1bdd011a2bfcc0747b55125d9b8527/library/std/src/sys/thread/unix.rs:127:17
[INFO] [stdout]   68:     0x7369213f7dfa - <unknown>
[INFO] [stdout]   69:     0x73692148b3d4 - clone
[INFO] [stdout]   70:                0x0 - <unknown>
[INFO] [stdout] 
[INFO] [stdout] 
[INFO] [stdout] failures:
[INFO] [stdout]     tests::test_metadata::test_get_jetton_metadata_complex
[INFO] [stdout]     tests::test_metadata::test_meta_data_load_ordinal_https
[INFO] [stdout] 
[INFO] [stdout] test result: FAILED. 0 passed; 2 failed; 0 ignored; 0 measured; 0 filtered out; finished in 0.19s
[INFO] [stdout] 
[INFO] [stderr] error: test failed, to rerun pass `--test init`
[INFO] running `Command { std: "docker" "inspect" "f748f253a66ec2c3834f338a2f15c4c6c6b690b92696fc0629a6b353a13d2fd3", kill_on_drop: false }`
[INFO] running `Command { std: "docker" "rm" "-f" "f748f253a66ec2c3834f338a2f15c4c6c6b690b92696fc0629a6b353a13d2fd3", kill_on_drop: false }`
[INFO] [stdout] f748f253a66ec2c3834f338a2f15c4c6c6b690b92696fc0629a6b353a13d2fd3
