[INFO] fetching crate tokio-actors 0.10.0...
[INFO] testing tokio-actors-0.10.0 against 1.99.0-beta.8 for beta-1.100-2
[INFO] extracting crate tokio-actors 0.10.0 into /workspace/builds/worker-7-tc1/source
[INFO] started tweaking crates.io crate tokio-actors 0.10.0
[INFO] removed 0 missing examples
[INFO] removed 0 missing tests
[INFO] finished tweaking crates.io crate tokio-actors 0.10.0
[INFO] tweaked toml for crates.io crate tokio-actors 0.10.0 written to /workspace/builds/worker-7-tc1/source/Cargo.toml
[INFO] validating manifest of crates.io crate tokio-actors 0.10.0 on toolchain 1.99.0-beta.8
[INFO] running `Command { std: CARGO_HOME="/workspace/cargo-home" RUSTUP_HOME="/workspace/rustup-home" "/workspace/cargo-home/bin/cargo" "+1.99.0-beta.8" "metadata" "--manifest-path" "Cargo.toml" "--no-deps", kill_on_drop: false }`
[INFO] crate crates.io crate tokio-actors 0.10.0 already has a lockfile, it will not be regenerated
[INFO] running `Command { std: CARGO_HOME="/workspace/cargo-home" RUSTUP_HOME="/workspace/rustup-home" "/workspace/cargo-home/bin/cargo" "+1.99.0-beta.8" "fetch" "--manifest-path" "Cargo.toml", kill_on_drop: false }`
[INFO] [stderr]  Downloading crates ...
[INFO] [stderr]   Downloaded criterion-plot v0.6.0
[INFO] [stderr]   Downloaded criterion v0.7.0
[INFO] running `Command { std: "docker" "create" "-v" "/var/lib/crater-agent-workspace/builds/worker-7-tc1/source:/opt/rustwide/workdir:ro,Z" "-v" "/var/lib/crater-agent-workspace/builds/worker-7-tc1/target:/opt/rustwide/target:rw,Z" "-v" "/var/lib/crater-agent-workspace/cargo-home:/opt/rustwide/cargo-home:ro,Z" "-v" "/var/lib/crater-agent-workspace/rustup-home:/opt/rustwide/rustup-home:ro,Z" "-m" "1610612736" "--network" "none" "ghcr.io/rust-lang/crates-build-env/linux@sha256:3111399a4047eeb3a02b7a90e478d715f38a8c6669b5c4b49d30a17385265909" "sleep" "infinity", kill_on_drop: false }`
[INFO] [stdout] eaaaa4808f11b3427d6fd751408882d3c8f85a246d73b98c59094559753af6fc
[INFO] running `Command { std: "docker" "start" "eaaaa4808f11b3427d6fd751408882d3c8f85a246d73b98c59094559753af6fc", kill_on_drop: false }`
[INFO] running `Command { std: "docker" "inspect" "eaaaa4808f11b3427d6fd751408882d3c8f85a246d73b98c59094559753af6fc", kill_on_drop: false }`
[INFO] running `Command { std: "docker" "exec" "-e" "SOURCE_DIR=/opt/rustwide/workdir" "-e" "CARGO_HOME=/opt/rustwide/cargo-home" "-e" "RUSTUP_HOME=/opt/rustwide/rustup-home" "-e" "CARGO_TARGET_DIR=/opt/rustwide/target" "-w" "/opt/rustwide/workdir" "--user" "0:0" "eaaaa4808f11b3427d6fd751408882d3c8f85a246d73b98c59094559753af6fc" "/opt/rustwide/cargo-home/bin/cargo" "+1.99.0-beta.8" "metadata" "--no-deps" "--format-version=1", kill_on_drop: false }`
[INFO] running `Command { std: "docker" "inspect" "eaaaa4808f11b3427d6fd751408882d3c8f85a246d73b98c59094559753af6fc", kill_on_drop: false }`
[INFO] running `Command { std: "docker" "exec" "-e" "SOURCE_DIR=/opt/rustwide/workdir" "-e" "CARGO_HOME=/opt/rustwide/cargo-home" "-e" "RUSTUP_HOME=/opt/rustwide/rustup-home" "-e" "CARGO_TARGET_DIR=/opt/rustwide/target" "-e" "CARGO_INCREMENTAL=0" "-e" "RUST_BACKTRACE=full" "-e" "RUSTFLAGS=--cap-lints=warn" "-e" "RUSTDOCFLAGS=--cap-lints=warn" "-w" "/opt/rustwide/workdir" "--user" "0:0" "eaaaa4808f11b3427d6fd751408882d3c8f85a246d73b98c59094559753af6fc" "/opt/rustwide/cargo-home/bin/cargo" "+1.99.0-beta.8" "build" "--frozen" "--message-format=json", kill_on_drop: false }`
[INFO] [stderr]    Compiling libc v0.2.189
[INFO] [stderr]    Compiling futures-core v0.3.34
[INFO] [stderr]    Compiling futures-sink v0.3.34
[INFO] [stderr]    Compiling syn v3.0.4
[INFO] [stderr]    Compiling getrandom v0.4.3
[INFO] [stderr]    Compiling parking_lot_core v0.9.12
[INFO] [stderr]    Compiling uuid v1.26.0
[INFO] [stderr]    Compiling dashmap v6.2.1
[INFO] [stderr]    Compiling tokio-macros v2.7.2
[INFO] [stderr]    Compiling thiserror-impl v2.0.20
[INFO] [stderr]    Compiling tokio v1.53.1
[INFO] [stderr]    Compiling thiserror v2.0.20
[INFO] [stderr]    Compiling tokio-stream v0.1.19
[INFO] [stderr]    Compiling tokio-util v0.7.19
[INFO] [stderr]    Compiling tokio-actors v0.10.0 (/opt/rustwide/workdir)
[INFO] [stderr]     Finished `dev` profile [unoptimized + debuginfo] target(s) in 9.42s
[INFO] running `Command { std: "docker" "inspect" "eaaaa4808f11b3427d6fd751408882d3c8f85a246d73b98c59094559753af6fc", kill_on_drop: false }`
[INFO] running `Command { std: "docker" "exec" "-e" "SOURCE_DIR=/opt/rustwide/workdir" "-e" "CARGO_HOME=/opt/rustwide/cargo-home" "-e" "RUSTUP_HOME=/opt/rustwide/rustup-home" "-e" "CARGO_TARGET_DIR=/opt/rustwide/target" "-e" "CARGO_INCREMENTAL=0" "-e" "RUST_BACKTRACE=full" "-e" "RUSTFLAGS=--cap-lints=warn" "-e" "RUSTDOCFLAGS=--cap-lints=warn" "-w" "/opt/rustwide/workdir" "--user" "0:0" "eaaaa4808f11b3427d6fd751408882d3c8f85a246d73b98c59094559753af6fc" "/opt/rustwide/cargo-home/bin/cargo" "+1.99.0-beta.8" "test" "--frozen" "--no-run" "--message-format=json", kill_on_drop: false }`
[INFO] [stderr]    Compiling zerocopy v0.8.56
[INFO] [stderr]    Compiling either v1.18.0
[INFO] [stderr]    Compiling syn v2.0.119
[INFO] [stderr]    Compiling regex-syntax v0.8.11
[INFO] [stderr]    Compiling serde_derive v1.0.229
[INFO] [stderr]    Compiling serde_json v1.0.151
[INFO] [stderr]    Compiling clap_builder v4.6.6
[INFO] [stderr]    Compiling plotters v0.3.7
[INFO] [stderr]    Compiling itertools v0.13.0
[INFO] [stderr]    Compiling rayon v1.12.0
[INFO] [stderr]    Compiling regex-automata v0.4.18
[INFO] [stderr]    Compiling criterion-plot v0.6.0
[INFO] [stderr]    Compiling clap v4.6.6
[INFO] [stderr]    Compiling serde v1.0.229
[INFO] [stderr]    Compiling zerocopy-derive v0.8.56
[INFO] [stderr]    Compiling tinytemplate v1.2.1
[INFO] [stderr]    Compiling regex v1.13.1
[INFO] [stderr]    Compiling half v2.7.1
[INFO] [stderr]    Compiling ciborium-ll v0.2.2
[INFO] [stderr]    Compiling ciborium v0.2.2
[INFO] [stderr]    Compiling criterion v0.7.0
[INFO] [stderr]    Compiling tokio-actors v0.10.0 (/opt/rustwide/workdir)
[INFO] [stderr]     Finished `test` profile [unoptimized + debuginfo] target(s) in 51.64s
[INFO] running `Command { std: "docker" "inspect" "eaaaa4808f11b3427d6fd751408882d3c8f85a246d73b98c59094559753af6fc", kill_on_drop: false }`
[INFO] running `Command { std: "docker" "exec" "-e" "SOURCE_DIR=/opt/rustwide/workdir" "-e" "CARGO_HOME=/opt/rustwide/cargo-home" "-e" "RUSTUP_HOME=/opt/rustwide/rustup-home" "-e" "CARGO_TARGET_DIR=/opt/rustwide/target" "-e" "CARGO_INCREMENTAL=0" "-e" "RUST_BACKTRACE=full" "-e" "RUSTFLAGS=--cap-lints=warn" "-e" "RUSTDOCFLAGS=--cap-lints=warn" "-w" "/opt/rustwide/workdir" "--user" "0:0" "eaaaa4808f11b3427d6fd751408882d3c8f85a246d73b98c59094559753af6fc" "/opt/rustwide/cargo-home/bin/cargo" "+1.99.0-beta.8" "test" "--frozen", kill_on_drop: false }`
[INFO] [stderr]     Finished `test` profile [unoptimized + debuginfo] target(s) in 0.15s
[INFO] [stdout] 
[INFO] [stderr]      Running unittests src/lib.rs (/opt/rustwide/target/debug/deps/tokio_actors-742fc975375cfbdf)
[INFO] [stdout] running 43 tests
[INFO] [stdout] test actor::runtime::tests::saturating_deadline_zero_duration_is_a_no_op ... ok
[INFO] [stdout] test actor::supervision::tests::budget_allows_within_limit ... ok
[INFO] [stdout] test actor::supervision::tests::guard_disarmed_by_the_watcher_is_inert_on_normal_completion ... ok
[INFO] [stdout] test actor::supervision::tests::guard_drop_effects_are_harmless_on_an_already_stopped_child ... ok
[INFO] [stdout] test actor::context::tests::start_timeout_builder_sets_value ... ok
[INFO] [stdout] test actor::runtime::tests::saturating_deadline_matches_plain_addition_within_range ... ok
[INFO] [stdout] test actor::supervision::tests::guard_fires_exactly_once_when_aborted_before_its_watcher_is_ever_polled ... ok
[INFO] [stdout] test actor::supervision::tests::guard_drop_raises_kill_forces_status_and_feeds_the_reaper_exactly_once ... ok
[INFO] [stdout] test actor::runtime::tests::saturating_deadline_saturates_instead_of_panicking ... ok
[INFO] [stdout] test actor::supervision::tests::registry_all_ids ... ok
[INFO] [stdout] test actor::supervision::tests::registry_children_after ... ok
[INFO] [stdout] test actor::supervision::tests::guard_degrades_to_immediate_abort_when_the_reaper_channel_is_full ... ok
[INFO] [stdout] test actor::supervision::tests::budget_denies_when_exhausted ... ok
[INFO] [stdout] test actor::supervision::tests::strategy_one_for_all_stops_live_reverse_restarts_forward ... ok
[INFO] [stdout] test actor::supervision::tests::registry_register_and_get ... ok
[INFO] [stdout] test actor::supervision::tests::strategy_permanent_restarts_on_any_reason ... ok
[INFO] [stdout] test actor::supervision::tests::strategy_rest_for_one_affects_failed_and_later ... ok
[INFO] [stdout] test actor::panic::tests::passes_through_normal_completion ... ok
[INFO] [stdout] test actor::supervision::tests::strategy_survives_zero_elapsed_restarts_with_underflowing_window ... ok
[INFO] [stdout] test actor::context::tests::start_timeout_defaults_to_none ... ok
[INFO] [stdout] test actor::supervision::tests::registry_drain_all ... ok
[INFO] [stdout] test actor::supervision::tests::strategy_budget_exhausted ... ok
[INFO] [stdout] test actor::supervision::tests::strategy_group_excludes_temporary_from_restart_but_stops_it ... ok
[INFO] [stdout] test actor::supervision::tests::strategy_temporary_always_removes ... ok
[INFO] [stdout] test actor::supervision::tests::registry_update_restarted_accepts_pending_seq_only ... ok
[INFO] [stdout] test system::tests::stale_registry_guard_drop_never_removes_a_newer_registration ... ok
[INFO] [stdout] test types::stop_lane::tests::first_raise_is_always_accepted ... ok
[INFO] [stdout] test types::stop_lane::tests::lower_severity_never_displaces_a_higher_one ... ok
[INFO] [stdout] test types::stop_lane::tests::equal_severity_reraise_bumps_generation_without_changing_tier ... ok
[INFO] [stdout] test types::stop_lane::tests::raise_after_receiver_dropped_is_a_harmless_no_op ... ok
[INFO] [stdout] test actor::supervision::tests::registry_remove_reindexes ... ok
[INFO] [stdout] test actor::supervision::tests::strategy_transient_removes_on_clean_reasons_restarts_on_abnormal ... ok
[INFO] [stdout] test system::tests::matching_seq_guard_drop_removes_its_own_registration ... ok
[INFO] [stdout] test types::stop_lane::tests::higher_severity_overwrites_lower ... ok
[INFO] [stdout] test actor::panic::tests::non_string_payload_becomes_placeholder ... ok
[INFO] [stdout] test actor::panic::tests::catches_panic_before_first_await ... ok
[INFO] [stdout] test actor::panic::tests::formatted_runtime_payload_is_string ... ok
[INFO] [stdout] test actor::panic::tests::catch_sync_catches ... ok
[INFO] [stdout] test system::tests::reaper_pops_the_soonest_deadline_first ... ok
[INFO] [stdout] test system::tests::reaper_aborts_a_child_that_outlives_its_deadline ... ok
[INFO] [stdout] test actor::panic::tests::catches_panic_after_await_point ... ok
[INFO] [stdout] test system::tests::reaper_never_disturbs_a_child_that_already_exited ... ok
[INFO] [stdout] test actor::supervision::tests::budget_recovers_after_window ... ok
[INFO] [stdout] 
[INFO] [stdout] test result: ok. 43 passed; 0 failed; 0 ignored; 0 measured; 0 filtered out; finished in 0.07s
[INFO] [stdout] 
[INFO] [stderr]      Running tests/cascade.rs (/opt/rustwide/target/debug/deps/cascade-067f70a156715833)
[INFO] [stdout] 
[INFO] [stdout] running 5 tests
[INFO] [stdout] test cascaded_subtree_has_no_observably_running_descendant_after_kill ... ok
[INFO] [stdout] test nested_cooperative_subtree_tears_down_without_reaper_rescue ... ok
[INFO] [stdout] test escalated_timeout_kill_cascades_the_same_as_configured_kill ... ok
[INFO] [stdout] test wedged_child_is_aborted_only_after_its_grace ... ok
[INFO] [stdout] test restarted_incarnation_still_cascades_on_a_later_parent_kill ... ok
[INFO] [stdout] 
[INFO] [stdout] test result: ok. 5 passed; 0 failed; 0 ignored; 0 measured; 0 filtered out; finished in 0.29s
[INFO] [stdout] 
[INFO] [stderr]      Running tests/config_builder.rs (/opt/rustwide/target/debug/deps/config_builder-8688dfd3d2c3c9af)
[INFO] [stdout] 
[INFO] [stdout] running 5 tests
[INFO] [stdout] test zero_mailbox_capacity_returns_spawn_error_instead_of_panicking ... ok
[INFO] [stdout] test config_with_custom_mailbox_via_builder ... ok
[INFO] [stdout] test config_can_be_passed_via_builder ... ok
[INFO] [stdout] test config_defaults_when_not_specified ... ok
[INFO] [stdout] test builder_pattern_for_mailbox_capacity ... ok
[INFO] [stdout] 
[INFO] [stdout] test result: ok. 5 passed; 0 failed; 0 ignored; 0 measured; 0 filtered out; finished in 0.01s
[INFO] [stdout] 
[INFO] [stderr]      Running tests/counter.rs (/opt/rustwide/target/debug/deps/counter-8015501dce5642dd)
[INFO] [stdout] 
[INFO] [stdout] running 1 test
[INFO] [stdout] test simple_counter_handles_messages ... ok
[INFO] [stdout] 
[INFO] [stdout] test result: ok. 1 passed; 0 failed; 0 ignored; 0 measured; 0 filtered out; finished in 0.01s
[INFO] [stdout] 
[INFO] [stderr]      Running tests/cross_comm.rs (/opt/rustwide/target/debug/deps/cross_comm-5b56bd0b57cf7258)
[INFO] [stdout] 
[INFO] [stdout] running 1 test
[INFO] [stdout] test actors_can_forward_messages_between_each_other ... ok
[INFO] [stderr]      Running tests/error_types.rs (/opt/rustwide/target/debug/deps/error_types-02fd97e97ff45c26)
[INFO] [stdout] 
[INFO] [stdout] test result: ok. 1 passed; 0 failed; 0 ignored; 0 measured; 0 filtered out; finished in 0.02s
[INFO] [stdout] 
[INFO] [stdout] 
[INFO] [stdout] running 9 tests
[INFO] [stdout] test actor_error_spawn_preserves_type ... ok
[INFO] [stdout] test name_taken_error_includes_system ... ok
[INFO] [stdout] test system_name_taken_is_visible ... ok
[INFO] [stdout] test spawn_child_on_non_supervisor_is_not_a_supervisor ... ok
[INFO] [stdout] test stream_error_arrives_structured ... ok
[INFO] [stdout] test supervision_error_arrives_structured ... ok
[INFO] [stdout] test duplicate_child_kept_spec_then_delete_allows_respawn ... ok
[INFO] [stdout] test timer_error_arrives_structured ... ok
[INFO] [stdout] test budget_exhaustion_records_structured_supervision_error ... ok
[INFO] [stdout] 
[INFO] [stdout] test result: ok. 9 passed; 0 failed; 0 ignored; 0 measured; 0 filtered out; finished in 0.13s
[INFO] [stdout] 
[INFO] [stderr]      Running tests/handle_queries.rs (/opt/rustwide/target/debug/deps/handle_queries-4443ab58b9bb87e4)
[INFO] [stdout] 
[INFO] [stdout] running 7 tests
[INFO] [stdout] test mailbox_len_and_available_sum_to_capacity ... ok
[INFO] [stdout] test handle_equality_based_on_actor_id ... ok
[INFO] [stdout] test is_alive_returns_true_when_actor_running ... ok
[INFO] [stdout] test handle_can_be_used_in_hashset ... ok
[INFO] [stdout] test handle_inequality_across_systems ... ok
[INFO] [stdout] test mailbox_queries_show_correct_capacity ... ok
[INFO] [stdout] test is_alive_returns_false_after_stop ... ok
[INFO] [stdout] 
[INFO] [stdout] test result: ok. 7 passed; 0 failed; 0 ignored; 0 measured; 0 filtered out; finished in 0.04s
[INFO] [stdout] 
[INFO] [stderr]      Running tests/lifecycle.rs (/opt/rustwide/target/debug/deps/lifecycle-fbd9f4e7ce86d0f7)
[INFO] [stdout] 
[INFO] [stdout] running 4 tests
[INFO] [stdout] test pre_start_failure_prevents_startup ... ok
[INFO] [stdout] test forced_stop_bypasses_pre_stop ... ok
[INFO] [stdout] test lifecycle_hooks_fire_without_supervision ... ok
[INFO] [stdout] test pre_stop_rejection_keeps_actor_alive ... ok
[INFO] [stdout] 
[INFO] [stdout] test result: ok. 4 passed; 0 failed; 0 ignored; 0 measured; 0 filtered out; finished in 0.06s
[INFO] [stdout] 
[INFO] [stderr]      Running tests/restart_plane.rs (/opt/rustwide/target/debug/deps/restart_plane-3003b5610589c9b8)
[INFO] [stdout] 
[INFO] [stdout] running 9 tests
[INFO] [stdout] test factory_panic_in_restart_task_surfaces_typed_and_charges_budget ... ok
[INFO] [stdout] test one_for_all_down_member_rejoins_chain_budget_charged_once ... ok
[INFO] [stdout] test parent_killed_mid_restart_hung_init_start_timeout_none_frees_the_name ... ok
[INFO] [stdout] test parent_killed_mid_restart_before_ack_frees_the_name ... ok
[INFO] [stdout] test parent_killed_racing_the_crash_never_leaks_an_incarnation ... ok
[INFO] [stdout] test no_two_live_incarnations_under_rapid_consecutive_crashes ... ok
[INFO] [stdout] test restart_start_timeout_surfaces_as_typed_spawn_error ... ok
[INFO] [stdout] test group_chain_holds_for_an_independent_restart_then_escalates_and_proceeds ... ok
[INFO] [stdout] test adopted_solo_during_group_stopping_joins_awaiting_and_the_chain_completes ... ok
[INFO] [stdout] 
[INFO] [stdout] test result: ok. 9 passed; 0 failed; 0 ignored; 0 measured; 0 filtered out; finished in 1.07s
[INFO] [stdout] 
[INFO] [stderr]      Running tests/self_reference_liveness.rs (/opt/rustwide/target/debug/deps/self_reference_liveness-e398b7e3e7c2d462)
[INFO] [stdout] 
[INFO] [stdout] running 1 test
[INFO] [stdout] test timer_actor_liveness_contract ... ok
[INFO] [stdout] 
[INFO] [stdout] test result: ok. 1 passed; 0 failed; 0 ignored; 0 measured; 0 filtered out; finished in 0.27s
[INFO] [stdout] 
[INFO] [stderr]      Running tests/send_timeout.rs (/opt/rustwide/target/debug/deps/send_timeout-56346e3f86c86649)
[INFO] [stdout] 
[INFO] [stdout] running 4 tests
[INFO] [stdout] test healthy_fast_actor_send_timeout_matches_send ... ok
[INFO] [stdout] test send_timeout_with_huge_duration_does_not_panic ... ok
[INFO] [stdout] test full_mailbox_with_hung_handler_times_out_unenqueued ... ok
[INFO] [stdout] test slow_handler_times_out_enqueued_then_actor_survives ... ok
[INFO] [stderr]      Running tests/spawn_ack.rs (/opt/rustwide/target/debug/deps/spawn_ack-9c247d92e7d4e2e8)
[INFO] [stdout] 
[INFO] [stdout] test result: ok. 4 passed; 0 failed; 0 ignored; 0 measured; 0 filtered out; finished in 0.29s
[INFO] [stdout] 
[INFO] [stdout] 
[INFO] [stdout] running 8 tests
[INFO] [stdout] test init_failure_stops_children_spawned_in_on_started ... ok
[INFO] [stdout] test default_spawn_waits_for_on_started ... ok
[INFO] [stdout] test detached_spawn_does_not_wait_and_stays_silent_on_init_failure ... ok
[INFO] [stdout] test named_respawn_after_failed_init_never_sees_name_taken ... ok
[INFO] [stdout] test pre_start_err_surfaces_as_spawn_error_init ... ok
[INFO] [stdout] test on_started_panic_surfaces_as_spawn_error_init_and_skips_on_stopped ... ok
[INFO] [stdout] test start_timeout_aborts_slow_init_and_skips_on_stopped ... ok
[INFO] [stdout] test named_respawn_after_start_timeout_never_sees_name_taken ... ok
[INFO] [stdout] 
[INFO] [stdout] test result: ok. 8 passed; 0 failed; 0 ignored; 0 measured; 0 filtered out; finished in 0.64s
[INFO] [stdout] 
[INFO] [stderr]      Running tests/spawn_builder.rs (/opt/rustwide/target/debug/deps/spawn_builder-0d487949490e51d3)
[INFO] [stdout] 
[INFO] [stdout] running 9 tests
[INFO] [stderr]      Running tests/spawn_methods.rs (/opt/rustwide/target/debug/deps/spawn_methods-7c7273b7d8f655d4)
[INFO] [stdout] test supervisor_parent_default ... ok
[INFO] [stdout] test builder_chain_order_independent ... ok
[INFO] [stdout] test named_on_system ... ok
[INFO] [stdout] test supervised_parent_custom_config ... ok
[INFO] [stdout] test named_spawn ... ok
[INFO] [stdout] test anonymous_spawn ... ok
[INFO] [stdout] test named_on_system_with_config ... ok
[INFO] [stdout] test named_with_config ... ok
[INFO] [stdout] test on_system ... ok
[INFO] [stdout] 
[INFO] [stdout] test result: ok. 9 passed; 0 failed; 0 ignored; 0 measured; 0 filtered out; finished in 0.01s
[INFO] [stdout] 
[INFO] [stdout] 
[INFO] [stdout] running 10 tests
[INFO] [stdout] test spawn_anonymous ... ok
[INFO] [stdout] test spawn_on_specific_system ... ok
[INFO] [stdout] test spawn_named_collision ... ok
[INFO] [stdout] test spawn_on_named_with_full_params ... ok
[INFO] [stdout] test spawn_on_named_in_system ... ok
[INFO] [stdout] test spawn_named_registers_in_default ... ok
[INFO] [stdout] test spawn_named_with_custom_config ... ok
[INFO] [stdout] test concurrent_spawn_named_no_race ... ok
[INFO] [stdout] test system_kill_named_actor ... ok
[INFO] [stdout] test system_stop_named_actor ... ok
[INFO] [stdout] 
[INFO] [stdout] test result: ok. 10 passed; 0 failed; 0 ignored; 0 measured; 0 filtered out; finished in 0.06s
[INFO] [stdout] 
[INFO] [stderr]      Running tests/spawn_registration.rs (/opt/rustwide/target/debug/deps/spawn_registration-26a0bda0a5f3a909)
[INFO] [stderr]      Running tests/status_plane.rs (/opt/rustwide/target/debug/deps/status_plane-7c693b24172d16f7)
[INFO] [stdout] 
[INFO] [stdout] running 1 test
[INFO] [stdout] test bare_spawn_registers ... ok
[INFO] [stdout] 
[INFO] [stdout] test result: ok. 1 passed; 0 failed; 0 ignored; 0 measured; 0 filtered out; finished in 0.00s
[INFO] [stdout] 
[INFO] [stdout] 
[INFO] [stdout] running 6 tests
[INFO] [stdout] test status_is_running_after_spawn_ack ... ok
[INFO] [stdout] test wait_stopped_resolves_on_graceful_stop ... ok
[INFO] [stdout] test wait_stopped_resolves_instantly_when_already_stopped ... ok
[INFO] [stdout] test wait_stopped_resolves_on_kill ... ok
[INFO] [stdout] test wait_stopped_resolves_when_aborted_mid_hang ... ok
[INFO] [stderr]      Running tests/stop_lane.rs (/opt/rustwide/target/debug/deps/stop_lane-5e3f92c59a136c9d)
[INFO] [stdout] test status_answers_running_for_hung_actor ... ok
[INFO] [stdout] 
[INFO] [stdout] test result: ok. 6 passed; 0 failed; 0 ignored; 0 measured; 0 filtered out; finished in 0.14s
[INFO] [stdout] 
[INFO] [stdout] 
[INFO] [stdout] running 8 tests
[INFO] [stdout] test escalation_ladder_contains_no_awaited_stop_sends ... ok
[INFO] [stdout] test kill_before_pending_graceful_observation_suppresses_it_entirely ... ok
[INFO] [stdout] test graceful_after_kill_has_no_effect_once_kill_already_landed ... ok
[INFO] [stdout] test sequential_observed_raises_each_produce_their_own_pre_stop_call ... ok
[INFO] [stdout] test kill_under_a_flooded_mailbox_waits_for_the_in_flight_handler ... ok
[INFO] [stdout] test coalesced_raises_during_a_busy_handler_fire_pre_stop_exactly_once ... ok
[INFO] [stdout] test veto_then_resend_same_severity_re_fires_pre_stop ... ok
[INFO] [stdout] test stop_after_already_stopped_matches_closed_mpsc_error ... FAILED
[INFO] [stdout] 
[INFO] [stdout] failures:
[INFO] [stdout] 
[INFO] [stdout] ---- stop_after_already_stopped_matches_closed_mpsc_error stdout ----
[INFO] [stdout] 
[INFO] [stdout] thread 'stop_after_already_stopped_matches_closed_mpsc_error' (2613) panicked at tests/stop_lane.rs:117:58:
[INFO] [stdout] called `Result::unwrap_err()` on an `Ok` value: ()
[INFO] [stdout] stack backtrace:
[INFO] [stdout]    0:     0x63d92a049311 - std[70759c8f55707aa4]::backtrace_rs::backtrace::libunwind::trace
[INFO] [stdout]                                at /rustc/dfb0accb7f508ae8be965d8629557221c889dd98/library/std/src/../../backtrace/src/backtrace/libunwind.rs:117:9
[INFO] [stdout]    1:     0x63d92a049311 - std[70759c8f55707aa4]::backtrace_rs::backtrace::trace_unsynchronized::<std[70759c8f55707aa4]::sys::backtrace::_print_fmt::{closure#1}>
[INFO] [stdout]                                at /rustc/dfb0accb7f508ae8be965d8629557221c889dd98/library/std/src/../../backtrace/src/backtrace/mod.rs:66:14
[INFO] [stdout]    2:     0x63d92a049311 - std[70759c8f55707aa4]::sys::backtrace::_print_fmt
[INFO] [stdout]                                at /rustc/dfb0accb7f508ae8be965d8629557221c889dd98/library/std/src/sys/backtrace.rs:74:9
[INFO] [stdout]    3:     0x63d92a049311 - <<std[70759c8f55707aa4]::sys::backtrace::BacktraceLock>::print::DisplayBacktrace as core[df12db4294e9bfd3]::fmt::Display>::fmt
[INFO] [stdout]                                at /rustc/dfb0accb7f508ae8be965d8629557221c889dd98/library/std/src/sys/backtrace.rs:44:26
[INFO] [stdout]    4:     0x63d92a05d6ba - <core[df12db4294e9bfd3]::fmt::rt::Argument>::fmt
[INFO] [stdout]                                at /rustc/dfb0accb7f508ae8be965d8629557221c889dd98/library/core/src/fmt/rt.rs:152:76
[INFO] [stdout]    5:     0x63d92a05d6ba - core[df12db4294e9bfd3]::fmt::write
[INFO] [stdout]    6:     0x63d92a04d7fc - core[df12db4294e9bfd3]::io::write::default_write_fmt::<alloc[2182bb758b4b3781]::vec::Vec<u8>>
[INFO] [stdout]                                at /rustc/dfb0accb7f508ae8be965d8629557221c889dd98/library/core/src/io/write.rs:402:11
[INFO] [stdout]    7:     0x63d92a04d7fc - <alloc[2182bb758b4b3781]::vec::Vec<u8> as core[df12db4294e9bfd3]::io::write::Write>::write_fmt
[INFO] [stdout]                                at /rustc/dfb0accb7f508ae8be965d8629557221c889dd98/library/core/src/io/write.rs:335:13
[INFO] [stdout]    8:     0x63d92a025326 - <std[70759c8f55707aa4]::sys::backtrace::BacktraceLock>::print
[INFO] [stdout]                                at /rustc/dfb0accb7f508ae8be965d8629557221c889dd98/library/std/src/sys/backtrace.rs:47:9
[INFO] [stdout]    9:     0x63d92a025326 - std[70759c8f55707aa4]::panicking::default_hook::{closure#0}
[INFO] [stdout]                                at /rustc/dfb0accb7f508ae8be965d8629557221c889dd98/library/std/src/panicking.rs:292:27
[INFO] [stdout]   10:     0x63d92a041779 - std[70759c8f55707aa4]::panicking::default_hook
[INFO] [stdout]                                at /rustc/dfb0accb7f508ae8be965d8629557221c889dd98/library/std/src/panicking.rs:316:9
[INFO] [stdout]   11:     0x63d929f02160 - <alloc[2182bb758b4b3781]::boxed::Box<dyn for<'a, 'b> core[df12db4294e9bfd3]::ops::function::Fn<(&'a std[70759c8f55707aa4]::panic::PanicHookInfo<'b>,), Output = ()> + core[df12db4294e9bfd3]::marker::Send + core[df12db4294e9bfd3]::marker::Sync> as core[df12db4294e9bfd3]::ops::function::Fn<(&std[70759c8f55707aa4]::panic::PanicHookInfo,)>>::call
[INFO] [stdout]                                at /rustc/dfb0accb7f508ae8be965d8629557221c889dd98/library/alloc/src/boxed.rs:2334:9
[INFO] [stdout]   12:     0x63d929f02160 - test[9d35eded1c95d3be]::test_main_inner::<test[9d35eded1c95d3be]::test_main_static::{closure#0}>::{closure#0}
[INFO] [stdout]                                at /rustc/dfb0accb7f508ae8be965d8629557221c889dd98/library/test/src/lib.rs:155:21
[INFO] [stdout]   13:     0x63d92a041aa2 - <alloc[2182bb758b4b3781]::boxed::Box<dyn for<'a, 'b> core[df12db4294e9bfd3]::ops::function::Fn<(&'a std[70759c8f55707aa4]::panic::PanicHookInfo<'b>,), Output = ()> + core[df12db4294e9bfd3]::marker::Send + core[df12db4294e9bfd3]::marker::Sync> as core[df12db4294e9bfd3]::ops::function::Fn<(&std[70759c8f55707aa4]::panic::PanicHookInfo,)>>::call
[INFO] [stdout]                                at /rustc/dfb0accb7f508ae8be965d8629557221c889dd98/library/alloc/src/boxed.rs:2334:9
[INFO] [stdout]   14:     0x63d92a041aa2 - std[70759c8f55707aa4]::panicking::panic_with_hook
[INFO] [stdout]                                at /rustc/dfb0accb7f508ae8be965d8629557221c889dd98/library/std/src/panicking.rs:823:13
[INFO] [stdout]   15:     0x63d92a0253d2 - std[70759c8f55707aa4]::panicking::panic_handler::{closure#0}
[INFO] [stdout]                                at /rustc/dfb0accb7f508ae8be965d8629557221c889dd98/library/std/src/panicking.rs:688:13
[INFO] [stdout]   16:     0x63d92a01e159 - std[70759c8f55707aa4]::sys::backtrace::__rust_end_short_backtrace::<std[70759c8f55707aa4]::panicking::panic_handler::{closure#0}, !>
[INFO] [stdout]                                at /rustc/dfb0accb7f508ae8be965d8629557221c889dd98/library/std/src/sys/backtrace.rs:182:18
[INFO] [stdout]   17:     0x63d92a025fcd - __rustc[8fa7c3cbc660c2b3]::rust_begin_unwind
[INFO] [stdout]                                at /rustc/dfb0accb7f508ae8be965d8629557221c889dd98/library/std/src/panicking.rs:679:5
[INFO] [stdout]   18:     0x63d92a05dedc - core[df12db4294e9bfd3]::panicking::panic_fmt
[INFO] [stdout]                                at /rustc/dfb0accb7f508ae8be965d8629557221c889dd98/library/core/src/panicking.rs:80:14
[INFO] [stdout]   19:     0x63d92a05dc32 - core[df12db4294e9bfd3]::result::unwrap_failed
[INFO] [stdout]                                at /rustc/dfb0accb7f508ae8be965d8629557221c889dd98/library/core/src/result.rs:1871:5
[INFO] [stdout]   20:     0x63d929ef4aff - <core[df12db4294e9bfd3]::result::Result<(), tokio_actors[8b4007c8ff4a6f41]::error::SendError>>::unwrap_err
[INFO] [stdout]                                at /rustc/dfb0accb7f508ae8be965d8629557221c889dd98/library/core/src/result.rs:1328:22
[INFO] [stdout]   21:     0x63d929ebd1db - stop_lane[dc6eaf8b96b3a96a]::stop_after_already_stopped_matches_closed_mpsc_error::{closure#0}
[INFO] [stdout]                                at /opt/rustwide/workdir/tests/stop_lane.rs:117:58
[INFO] [stdout]   22:     0x63d929ed9a42 - <core[df12db4294e9bfd3]::pin::Pin<&mut dyn core[df12db4294e9bfd3]::future::future::Future<Output = ()>> as core[df12db4294e9bfd3]::future::future::Future>::poll
[INFO] [stdout]                                at /rustc/dfb0accb7f508ae8be965d8629557221c889dd98/library/core/src/future/future.rs:133:9
[INFO] [stdout]   23:     0x63d929ef2e5d - <tokio[1bcaf6555eaede7e]::runtime::park::CachedParkThread>::block_on::<core[df12db4294e9bfd3]::pin::Pin<&mut dyn core[df12db4294e9bfd3]::future::future::Future<Output = ()>>>::{closure#0}
[INFO] [stdout]                                at /opt/rustwide/cargo-home/registry/src/index.crates.io-1949cf8c6b5b557f/tokio-1.53.1/src/runtime/park.rs:284:71
[INFO] [stdout]   24:     0x63d929ef0f4e - tokio[1bcaf6555eaede7e]::task::coop::with_budget::<core[df12db4294e9bfd3]::task::poll::Poll<()>, <tokio[1bcaf6555eaede7e]::runtime::park::CachedParkThread>::block_on<core[df12db4294e9bfd3]::pin::Pin<&mut dyn core[df12db4294e9bfd3]::future::future::Future<Output = ()>>>::{closure#0}>
[INFO] [stdout]                                at /opt/rustwide/cargo-home/registry/src/index.crates.io-1949cf8c6b5b557f/tokio-1.53.1/src/task/coop/mod.rs:167:5
[INFO] [stdout]   25:     0x63d929ef0f4e - tokio[1bcaf6555eaede7e]::task::coop::budget::<core[df12db4294e9bfd3]::task::poll::Poll<()>, <tokio[1bcaf6555eaede7e]::runtime::park::CachedParkThread>::block_on<core[df12db4294e9bfd3]::pin::Pin<&mut dyn core[df12db4294e9bfd3]::future::future::Future<Output = ()>>>::{closure#0}>
[INFO] [stdout]                                at /opt/rustwide/cargo-home/registry/src/index.crates.io-1949cf8c6b5b557f/tokio-1.53.1/src/task/coop/mod.rs:133:5
[INFO] [stdout]   26:     0x63d929ef0f4e - <tokio[1bcaf6555eaede7e]::runtime::park::CachedParkThread>::block_on::<core[df12db4294e9bfd3]::pin::Pin<&mut dyn core[df12db4294e9bfd3]::future::future::Future<Output = ()>>>
[INFO] [stdout]                                at /opt/rustwide/cargo-home/registry/src/index.crates.io-1949cf8c6b5b557f/tokio-1.53.1/src/runtime/park.rs:284:31
[INFO] [stdout]   27:     0x63d929ef0086 - <tokio[1bcaf6555eaede7e]::runtime::context::blocking::BlockingRegionGuard>::block_on::<core[df12db4294e9bfd3]::pin::Pin<&mut dyn core[df12db4294e9bfd3]::future::future::Future<Output = ()>>>
[INFO] [stdout]                                at /opt/rustwide/cargo-home/registry/src/index.crates.io-1949cf8c6b5b557f/tokio-1.53.1/src/runtime/context/blocking.rs:66:14
[INFO] [stdout]   28:     0x63d929ee9558 - <tokio[1bcaf6555eaede7e]::runtime::scheduler::multi_thread::MultiThread>::block_on::<core[df12db4294e9bfd3]::pin::Pin<&mut dyn core[df12db4294e9bfd3]::future::future::Future<Output = ()>>>::{closure#0}
[INFO] [stdout]                                at /opt/rustwide/cargo-home/registry/src/index.crates.io-1949cf8c6b5b557f/tokio-1.53.1/src/runtime/scheduler/multi_thread/mod.rs:92:22
[INFO] [stdout]   29:     0x63d929edaa63 - tokio[1bcaf6555eaede7e]::runtime::context::runtime::enter_runtime::<<tokio[1bcaf6555eaede7e]::runtime::scheduler::multi_thread::MultiThread>::block_on<core[df12db4294e9bfd3]::pin::Pin<&mut dyn core[df12db4294e9bfd3]::future::future::Future<Output = ()>>>::{closure#0}, ()>
[INFO] [stdout]                                at /opt/rustwide/cargo-home/registry/src/index.crates.io-1949cf8c6b5b557f/tokio-1.53.1/src/runtime/context/runtime.rs:65:16
[INFO] [stdout]   30:     0x63d929ee9394 - <tokio[1bcaf6555eaede7e]::runtime::scheduler::multi_thread::MultiThread>::block_on::<core[df12db4294e9bfd3]::pin::Pin<&mut dyn core[df12db4294e9bfd3]::future::future::Future<Output = ()>>>
[INFO] [stdout]                                at /opt/rustwide/cargo-home/registry/src/index.crates.io-1949cf8c6b5b557f/tokio-1.53.1/src/runtime/scheduler/multi_thread/mod.rs:91:9
[INFO] [stdout]   31:     0x63d929ee4b2f - <tokio[1bcaf6555eaede7e]::runtime::runtime::Runtime>::block_on_inner::<core[df12db4294e9bfd3]::pin::Pin<&mut dyn core[df12db4294e9bfd3]::future::future::Future<Output = ()>>>
[INFO] [stdout]                                at /opt/rustwide/cargo-home/registry/src/index.crates.io-1949cf8c6b5b557f/tokio-1.53.1/src/runtime/runtime.rs:376:50
[INFO] [stdout]   32:     0x63d929ee4cab - <tokio[1bcaf6555eaede7e]::runtime::runtime::Runtime>::block_on::<core[df12db4294e9bfd3]::pin::Pin<&mut dyn core[df12db4294e9bfd3]::future::future::Future<Output = ()>>>
[INFO] [stdout]                                at /opt/rustwide/cargo-home/registry/src/index.crates.io-1949cf8c6b5b557f/tokio-1.53.1/src/runtime/runtime.rs:343:18
[INFO] [stdout]   33:     0x63d929ec2b01 - stop_lane[dc6eaf8b96b3a96a]::stop_after_already_stopped_matches_closed_mpsc_error
[INFO] [stdout]                                at /opt/rustwide/workdir/tests/stop_lane.rs:118:53
[INFO] [stdout]   34:     0x63d929ebb817 - stop_lane[dc6eaf8b96b3a96a]::stop_after_already_stopped_matches_closed_mpsc_error::{closure#0}
[INFO] [stdout]                                at /opt/rustwide/workdir/tests/stop_lane.rs:96:64
[INFO] [stdout]   35:     0x63d929ea56f6 - <stop_lane[dc6eaf8b96b3a96a]::stop_after_already_stopped_matches_closed_mpsc_error::{closure#0} as core[df12db4294e9bfd3]::ops::function::FnOnce<()>>::call_once
[INFO] [stdout]                                at /rustc/dfb0accb7f508ae8be965d8629557221c889dd98/library/core/src/ops/function.rs:250:5
[INFO] [stdout]   36:     0x63d929ef544b - <fn() -> core[df12db4294e9bfd3]::result::Result<(), alloc[2182bb758b4b3781]::string::String> as core[df12db4294e9bfd3]::ops::function::FnOnce<()>>::call_once
[INFO] [stdout]                                at /rustc/dfb0accb7f508ae8be965d8629557221c889dd98/library/core/src/ops/function.rs:250:5
[INFO] [stdout]   37:     0x63d929ef544b - test[9d35eded1c95d3be]::__rust_begin_short_backtrace::<core[df12db4294e9bfd3]::result::Result<(), alloc[2182bb758b4b3781]::string::String>, fn() -> core[df12db4294e9bfd3]::result::Result<(), alloc[2182bb758b4b3781]::string::String>>
[INFO] [stdout]                                at /rustc/dfb0accb7f508ae8be965d8629557221c889dd98/library/test/src/lib.rs:733:18
[INFO] [stdout]   38:     0x63d929f02ab5 - test[9d35eded1c95d3be]::run_test_in_process::{closure#0}
[INFO] [stdout]                                at /rustc/dfb0accb7f508ae8be965d8629557221c889dd98/library/test/src/lib.rs:756:74
[INFO] [stdout]   39:     0x63d929f02ab5 - <core[df12db4294e9bfd3]::panic::unwind_safe::AssertUnwindSafe<test[9d35eded1c95d3be]::run_test_in_process::{closure#0}> as core[df12db4294e9bfd3]::ops::function::FnOnce<()>>::call_once
[INFO] [stdout]                                at /rustc/dfb0accb7f508ae8be965d8629557221c889dd98/library/core/src/panic/unwind_safe.rs:275:9
[INFO] [stdout]   40:     0x63d929f02ab5 - std[70759c8f55707aa4]::panicking::catch_unwind::do_call::<core[df12db4294e9bfd3]::panic::unwind_safe::AssertUnwindSafe<test[9d35eded1c95d3be]::run_test_in_process::{closure#0}>, core[df12db4294e9bfd3]::result::Result<(), alloc[2182bb758b4b3781]::string::String>>
[INFO] [stdout]                                at /rustc/dfb0accb7f508ae8be965d8629557221c889dd98/library/std/src/panicking.rs:576:43
[INFO] [stdout]   41:     0x63d929f02ab5 - std[70759c8f55707aa4]::panicking::catch_unwind::<core[df12db4294e9bfd3]::result::Result<(), alloc[2182bb758b4b3781]::string::String>, core[df12db4294e9bfd3]::panic::unwind_safe::AssertUnwindSafe<test[9d35eded1c95d3be]::run_test_in_process::{closure#0}>>
[INFO] [stdout]                                at /rustc/dfb0accb7f508ae8be965d8629557221c889dd98/library/std/src/panicking.rs:544:19
[INFO] [stdout]   42:     0x63d929f02ab5 - std[70759c8f55707aa4]::panic::catch_unwind::<core[df12db4294e9bfd3]::panic::unwind_safe::AssertUnwindSafe<test[9d35eded1c95d3be]::run_test_in_process::{closure#0}>, core[df12db4294e9bfd3]::result::Result<(), alloc[2182bb758b4b3781]::string::String>>
[INFO] [stdout]                                at /rustc/dfb0accb7f508ae8be965d8629557221c889dd98/library/std/src/panic.rs:359:14
[INFO] [stdout]   43:     0x63d929f02ab5 - test[9d35eded1c95d3be]::run_test_in_process
[INFO] [stdout]                                at /rustc/dfb0accb7f508ae8be965d8629557221c889dd98/library/test/src/lib.rs:756:27
[INFO] [stdout]   44:     0x63d929f02ab5 - test[9d35eded1c95d3be]::run_test::{closure#0}
[INFO] [stdout]                                at /rustc/dfb0accb7f508ae8be965d8629557221c889dd98/library/test/src/lib.rs:677:43
[INFO] [stdout]   45:     0x63d929efc374 - test[9d35eded1c95d3be]::run_test::{closure#1}
[INFO] [stdout]                                at /rustc/dfb0accb7f508ae8be965d8629557221c889dd98/library/test/src/lib.rs:707:41
[INFO] [stdout]   46:     0x63d929efc374 - std[70759c8f55707aa4]::sys::backtrace::__rust_begin_short_backtrace::<test[9d35eded1c95d3be]::run_test::{closure#1}, ()>
[INFO] [stdout]                                at /rustc/dfb0accb7f508ae8be965d8629557221c889dd98/library/std/src/sys/backtrace.rs:166:18
[INFO] [stdout]   47:     0x63d929f05c12 - std[70759c8f55707aa4]::thread::lifecycle::spawn_unchecked::<test[9d35eded1c95d3be]::run_test::{closure#1}, ()>::{closure#1}::{closure#0}
[INFO] [stdout]                                at /rustc/dfb0accb7f508ae8be965d8629557221c889dd98/library/std/src/thread/lifecycle.rs:70:13
[INFO] [stdout]   48:     0x63d929f05c12 - <core[df12db4294e9bfd3]::panic::unwind_safe::AssertUnwindSafe<std[70759c8f55707aa4]::thread::lifecycle::spawn_unchecked<test[9d35eded1c95d3be]::run_test::{closure#1}, ()>::{closure#1}::{closure#0}> as core[df12db4294e9bfd3]::ops::function::FnOnce<()>>::call_once
[INFO] [stdout]                                at /rustc/dfb0accb7f508ae8be965d8629557221c889dd98/library/core/src/panic/unwind_safe.rs:275:9
[INFO] [stdout]   49:     0x63d929f05c12 - std[70759c8f55707aa4]::panicking::catch_unwind::do_call::<core[df12db4294e9bfd3]::panic::unwind_safe::AssertUnwindSafe<std[70759c8f55707aa4]::thread::lifecycle::spawn_unchecked<test[9d35eded1c95d3be]::run_test::{closure#1}, ()>::{closure#1}::{closure#0}>, ()>
[INFO] [stdout]                                at /rustc/dfb0accb7f508ae8be965d8629557221c889dd98/library/std/src/panicking.rs:576:43
[INFO] [stdout]   50:     0x63d929f05c12 - std[70759c8f55707aa4]::panicking::catch_unwind::<(), core[df12db4294e9bfd3]::panic::unwind_safe::AssertUnwindSafe<std[70759c8f55707aa4]::thread::lifecycle::spawn_unchecked<test[9d35eded1c95d3be]::run_test::{closure#1}, ()>::{closure#1}::{closure#0}>>
[INFO] [stdout]                                at /rustc/dfb0accb7f508ae8be965d8629557221c889dd98/library/std/src/panicking.rs:544:19
[INFO] [stdout]   51:     0x63d929f05c12 - std[70759c8f55707aa4]::panic::catch_unwind::<core[df12db4294e9bfd3]::panic::unwind_safe::AssertUnwindSafe<std[70759c8f55707aa4]::thread::lifecycle::spawn_unchecked<test[9d35eded1c95d3be]::run_test::{closure#1}, ()>::{closure#1}::{closure#0}>, ()>
[INFO] [stdout]                                at /rustc/dfb0accb7f508ae8be965d8629557221c889dd98/library/std/src/panic.rs:359:14
[INFO] [stdout]   52:     0x63d929f05c12 - std[70759c8f55707aa4]::thread::lifecycle::spawn_unchecked::<test[9d35eded1c95d3be]::run_test::{closure#1}, ()>::{closure#1}
[INFO] [stdout]                                at /rustc/dfb0accb7f508ae8be965d8629557221c889dd98/library/std/src/thread/lifecycle.rs:68:26
[INFO] [stdout]   53:     0x63d929f05c12 - <std[70759c8f55707aa4]::thread::lifecycle::spawn_unchecked<test[9d35eded1c95d3be]::run_test::{closure#1}, ()>::{closure#1} as core[df12db4294e9bfd3]::ops::function::FnOnce<()>>::call_once::{shim:vtable#0}
[INFO] [stdout]                                at /rustc/dfb0accb7f508ae8be965d8629557221c889dd98/library/core/src/ops/function.rs:250:5
[INFO] [stdout]   54:     0x63d92a048ba9 - <alloc[2182bb758b4b3781]::boxed::Box<dyn core[df12db4294e9bfd3]::ops::function::FnOnce<(), Output = ()> + core[df12db4294e9bfd3]::marker::Send> as core[df12db4294e9bfd3]::ops::function::FnOnce<()>>::call_once
[INFO] [stdout]                                at /rustc/dfb0accb7f508ae8be965d8629557221c889dd98/library/alloc/src/boxed.rs:2320:9
[INFO] [stdout]   55:     0x63d92a048ba9 - <std[70759c8f55707aa4]::sys::thread::unix::Thread>::new::thread_start
[INFO] [stdout]                                at /rustc/dfb0accb7f508ae8be965d8629557221c889dd98/library/std/src/sys/thread/unix.rs:123:17
[INFO] [stdout]   56:     0x73e3f2fbadfa - <unknown>
[INFO] [stdout]   57:     0x73e3f304e3d4 - clone
[INFO] [stdout]   58:                0x0 - <unknown>
[INFO] [stdout] 
[INFO] [stdout] 
[INFO] [stdout] failures:
[INFO] [stdout]     stop_after_already_stopped_matches_closed_mpsc_error
[INFO] [stdout] 
[INFO] [stdout] test result: FAILED. 7 passed; 1 failed; 0 ignored; 0 measured; 0 filtered out; finished in 0.10s
[INFO] [stdout] 
[INFO] [stderr] error: test failed, to rerun pass `--test stop_lane`
[INFO] running `Command { std: "docker" "inspect" "eaaaa4808f11b3427d6fd751408882d3c8f85a246d73b98c59094559753af6fc", kill_on_drop: false }`
[INFO] running `Command { std: "docker" "rm" "-f" "eaaaa4808f11b3427d6fd751408882d3c8f85a246d73b98c59094559753af6fc", kill_on_drop: false }`
[INFO] [stdout] eaaaa4808f11b3427d6fd751408882d3c8f85a246d73b98c59094559753af6fc
