[INFO] fetching crate tmp-typst-syntax-custom-metadata 0.15.1-custom.metadata...
[INFO] testing tmp-typst-syntax-custom-metadata-0.15.1-custom.metadata against 1.99.0-beta.8 for beta-1.100-2
[INFO] extracting crate tmp-typst-syntax-custom-metadata 0.15.1-custom.metadata into /workspace/builds/worker-0-tc1/source
[INFO] started tweaking crates.io crate tmp-typst-syntax-custom-metadata 0.15.1-custom.metadata
[INFO] finished tweaking crates.io crate tmp-typst-syntax-custom-metadata 0.15.1-custom.metadata
[INFO] tweaked toml for crates.io crate tmp-typst-syntax-custom-metadata 0.15.1-custom.metadata written to /workspace/builds/worker-0-tc1/source/Cargo.toml
[INFO] validating manifest of crates.io crate tmp-typst-syntax-custom-metadata 0.15.1-custom.metadata on toolchain 1.99.0-beta.8
[INFO] running `Command { std: CARGO_HOME="/workspace/cargo-home" RUSTUP_HOME="/workspace/rustup-home" "/workspace/cargo-home/bin/cargo" "+1.99.0-beta.8" "metadata" "--manifest-path" "Cargo.toml" "--no-deps", kill_on_drop: false }`
[INFO] crate crates.io crate tmp-typst-syntax-custom-metadata 0.15.1-custom.metadata already has a lockfile, it will not be regenerated
[INFO] running `Command { std: CARGO_HOME="/workspace/cargo-home" RUSTUP_HOME="/workspace/rustup-home" "/workspace/cargo-home/bin/cargo" "+1.99.0-beta.8" "fetch" "--manifest-path" "Cargo.toml", kill_on_drop: false }`
[INFO] [stderr]     Updating crates.io index
[INFO] [stderr]  Downloading crates ...
[INFO] [stderr]   Downloaded unscanny v0.1.0
[INFO] [stderr]   Downloaded unicode-math-class v0.1.0
[INFO] [stderr]   Downloaded unicode-script v0.5.8
[INFO] [stderr]   Downloaded thin-vec v0.2.19
[INFO] [stderr]   Downloaded tmp-typst-timing-custom-metadata v0.15.1-custom.metadata
[INFO] [stderr]   Downloaded tmp-typst-utils-custom-metadata v0.15.1-custom.metadata
[INFO] [stderr]   Downloaded crossbeam-deque v0.8.7
[INFO] [stderr]   Downloaded ecow v0.2.6
[INFO] [stderr]   Downloaded portable-atomic v1.14.0
[INFO] running `Command { std: "docker" "create" "-v" "/var/lib/crater-agent-workspace/builds/worker-0-tc1/source:/opt/rustwide/workdir:ro,Z" "-v" "/var/lib/crater-agent-workspace/builds/worker-0-tc1/target:/opt/rustwide/target:rw,Z" "-v" "/var/lib/crater-agent-workspace/cargo-home:/opt/rustwide/cargo-home:ro,Z" "-v" "/var/lib/crater-agent-workspace/rustup-home:/opt/rustwide/rustup-home:ro,Z" "-m" "1610612736" "--network" "none" "ghcr.io/rust-lang/crates-build-env/linux@sha256:3111399a4047eeb3a02b7a90e478d715f38a8c6669b5c4b49d30a17385265909" "sleep" "infinity", kill_on_drop: false }`
[INFO] [stdout] ef573b220c6b5613553458c9ece1d0352f8aefd7eff9b08fc504511c76fd9a54
[INFO] running `Command { std: "docker" "start" "ef573b220c6b5613553458c9ece1d0352f8aefd7eff9b08fc504511c76fd9a54", kill_on_drop: false }`
[INFO] running `Command { std: "docker" "inspect" "ef573b220c6b5613553458c9ece1d0352f8aefd7eff9b08fc504511c76fd9a54", kill_on_drop: false }`
[INFO] running `Command { std: "docker" "exec" "-e" "SOURCE_DIR=/opt/rustwide/workdir" "-e" "CARGO_HOME=/opt/rustwide/cargo-home" "-e" "RUSTUP_HOME=/opt/rustwide/rustup-home" "-e" "CARGO_TARGET_DIR=/opt/rustwide/target" "-w" "/opt/rustwide/workdir" "--user" "0:0" "ef573b220c6b5613553458c9ece1d0352f8aefd7eff9b08fc504511c76fd9a54" "/opt/rustwide/cargo-home/bin/cargo" "+1.99.0-beta.8" "metadata" "--no-deps" "--format-version=1", kill_on_drop: false }`
[INFO] running `Command { std: "docker" "inspect" "ef573b220c6b5613553458c9ece1d0352f8aefd7eff9b08fc504511c76fd9a54", kill_on_drop: false }`
[INFO] running `Command { std: "docker" "exec" "-e" "SOURCE_DIR=/opt/rustwide/workdir" "-e" "CARGO_HOME=/opt/rustwide/cargo-home" "-e" "RUSTUP_HOME=/opt/rustwide/rustup-home" "-e" "CARGO_TARGET_DIR=/opt/rustwide/target" "-e" "CARGO_INCREMENTAL=0" "-e" "RUST_BACKTRACE=full" "-e" "RUSTFLAGS=--cap-lints=warn" "-e" "RUSTDOCFLAGS=--cap-lints=warn" "-w" "/opt/rustwide/workdir" "--user" "0:0" "ef573b220c6b5613553458c9ece1d0352f8aefd7eff9b08fc504511c76fd9a54" "/opt/rustwide/cargo-home/bin/cargo" "+1.99.0-beta.8" "build" "--frozen" "--message-format=json", kill_on_drop: false }`
[INFO] [stderr]    Compiling proc-macro2 v1.0.107
[INFO] [stderr]    Compiling unicode-ident v1.0.24
[INFO] [stderr]    Compiling quote v1.0.47
[INFO] [stderr]    Compiling serde_core v1.0.229
[INFO] [stderr]    Compiling serde v1.0.229
[INFO] [stderr]    Compiling crossbeam-utils v0.8.22
[INFO] [stderr]    Compiling crossbeam-deque v0.8.7
[INFO] [stderr]    Compiling smallvec v1.15.2
[INFO] [stderr]    Compiling zmij v1.0.23
[INFO] [stderr]    Compiling serde_json v1.0.151
[INFO] [stderr]    Compiling portable-atomic v1.14.0
[INFO] [stderr]    Compiling indexmap v2.14.0
[INFO] [stderr]    Compiling either v1.17.0
[INFO] [stderr]    Compiling parking_lot_core v0.9.12
[INFO] [stderr]    Compiling memchr v2.8.3
[INFO] [stderr]    Compiling tmp-typst-utils-custom-metadata v0.15.1-custom.metadata
[INFO] [stderr]    Compiling parking_lot v0.12.5
[INFO] [stderr]    Compiling siphasher v1.0.3
[INFO] [stderr]    Compiling thin-vec v0.2.19
[INFO] [stderr]    Compiling crossbeam-epoch v0.9.20
[INFO] [stderr]    Compiling syn v3.0.3
[INFO] [stderr]    Compiling unicode-math-class v0.1.0
[INFO] [stderr]    Compiling semver v1.0.28
[INFO] [stderr]    Compiling unscanny v0.1.0
[INFO] [stderr]    Compiling unicode-script v0.5.8
[INFO] [stderr]    Compiling rayon-core v1.13.0
[INFO] [stderr]    Compiling rayon v1.12.0
[INFO] [stderr]    Compiling serde_derive v1.0.229
[INFO] [stderr]    Compiling serde_spanned v0.6.9
[INFO] [stderr]    Compiling toml_datetime v0.6.11
[INFO] [stderr]    Compiling ecow v0.2.6
[INFO] [stderr]    Compiling tmp-typst-timing-custom-metadata v0.15.1-custom.metadata
[INFO] [stderr]    Compiling toml_edit v0.22.27
[INFO] [stderr]    Compiling toml v0.8.23
[INFO] [stderr]    Compiling tmp-typst-syntax-custom-metadata v0.15.1-custom.metadata (/opt/rustwide/workdir)
[INFO] [stderr]     Finished `dev` profile [unoptimized + debuginfo] target(s) in 33.01s
[INFO] running `Command { std: "docker" "inspect" "ef573b220c6b5613553458c9ece1d0352f8aefd7eff9b08fc504511c76fd9a54", kill_on_drop: false }`
[INFO] running `Command { std: "docker" "exec" "-e" "SOURCE_DIR=/opt/rustwide/workdir" "-e" "CARGO_HOME=/opt/rustwide/cargo-home" "-e" "RUSTUP_HOME=/opt/rustwide/rustup-home" "-e" "CARGO_TARGET_DIR=/opt/rustwide/target" "-e" "CARGO_INCREMENTAL=0" "-e" "RUST_BACKTRACE=full" "-e" "RUSTFLAGS=--cap-lints=warn" "-e" "RUSTDOCFLAGS=--cap-lints=warn" "-w" "/opt/rustwide/workdir" "--user" "0:0" "ef573b220c6b5613553458c9ece1d0352f8aefd7eff9b08fc504511c76fd9a54" "/opt/rustwide/cargo-home/bin/cargo" "+1.99.0-beta.8" "test" "--frozen" "--no-run" "--message-format=json", kill_on_drop: false }`
[INFO] [stderr]    Compiling tmp-typst-syntax-custom-metadata v0.15.1-custom.metadata (/opt/rustwide/workdir)
[INFO] [stderr]     Finished `test` profile [unoptimized + debuginfo] target(s) in 4.45s
[INFO] running `Command { std: "docker" "inspect" "ef573b220c6b5613553458c9ece1d0352f8aefd7eff9b08fc504511c76fd9a54", kill_on_drop: false }`
[INFO] running `Command { std: "docker" "exec" "-e" "SOURCE_DIR=/opt/rustwide/workdir" "-e" "CARGO_HOME=/opt/rustwide/cargo-home" "-e" "RUSTUP_HOME=/opt/rustwide/rustup-home" "-e" "CARGO_TARGET_DIR=/opt/rustwide/target" "-e" "CARGO_INCREMENTAL=0" "-e" "RUST_BACKTRACE=full" "-e" "RUSTFLAGS=--cap-lints=warn" "-e" "RUSTDOCFLAGS=--cap-lints=warn" "-w" "/opt/rustwide/workdir" "--user" "0:0" "ef573b220c6b5613553458c9ece1d0352f8aefd7eff9b08fc504511c76fd9a54" "/opt/rustwide/cargo-home/bin/cargo" "+1.99.0-beta.8" "test" "--frozen", kill_on_drop: false }`
[INFO] [stderr]     Finished `test` profile [unoptimized + debuginfo] target(s) in 0.09s
[INFO] [stderr]      Running unittests src/lib.rs (/opt/rustwide/target/debug/deps/tmp_typst_syntax_custom_metadata-899ff443c62707c1)
[INFO] [stdout] 
[INFO] [stdout] running 40 tests
[INFO] [stdout] test ast::tests::test_expr_placeholder ... ok
[INFO] [stdout] test lines::tests::test_source_file_edit ... ok
[INFO] [stdout] test lines::tests::test_source_file_pos_to_column ... ok
[INFO] [stdout] test lines::tests::test_source_file_pos_to_line ... ok
[INFO] [stdout] test lines::tests::test_source_file_roundtrip ... ok
[INFO] [stdout] test node::tests::test_debug ... ok
[INFO] [stdout] test lines::tests::test_source_file_new ... ok
[INFO] [stdout] test node::tests::test_linked_node_non_trivia_leaf ... ok
[INFO] [stdout] test node::tests::test_debug_sub_range ... ok
[INFO] [stdout] test highlight::tests::test_highlighting ... ok
[INFO] [stdout] test node::tests::test_linked_node ... ok
[INFO] [stdout] test package::tests::version_version_match ... ok
[INFO] [stdout] test path::tests::test_file_ops ... ok
[INFO] [stdout] test path::tests::test_new ... ok
[INFO] [stdout] test path::tests::test_realize ... ok
[INFO] [stdout] test path::tests::test_relative_from ... ok
[INFO] [stdout] test path::tests::test_segment ... ok
[INFO] [stdout] test kind::test::test_mode_after ... ok
[INFO] [stdout] test path::tests::test_segments ... ok
[INFO] [stdout] test path::tests::test_virtualize_unix ... ok
[INFO] [stdout] test reparser::tests::test_reparse_basic ... ok
[INFO] [stdout] test lines::tests::test_source_file_utf16 ... ok
[INFO] [stdout] test set::tests::test_set ... ok
[INFO] [stdout] test package::tests::minimal_manifest ... ok
[INFO] [stdout] test source::test::test_source_sub_ranges ... ok
[INFO] [stdout] test path::tests::test_join ... ok
[INFO] [stdout] test package::tests::tool_section ... ok
[INFO] [stdout] test package::tests::unknown_keys ... ok
[INFO] [stdout] test reparser::tests::test_reparse_block ... ok
[INFO] [stdout] test reparser::tests::test_reparse_markup ... ok
[INFO] [stdout] test span::tests::test_sub_range_constructor ... ok
[INFO] [stdout] test span::tests::test_span_number_encoding ... ok
[INFO] [stdout] test span::tests::test_range_mapper_exhaustive ... ok
[INFO] [stdout] test span::tests::test_span_range_encoding ... ok
[INFO] [stdout] test span::tests::test_sub_range_mapping ... ok
[INFO] [stdout] test span::tests::test_diag_span_range ... ok
[INFO] [stdout] test span::tests::test_range_mapper ... ok
[INFO] [stdout] test span::tests::test_span_detached ... ok
[INFO] [stdout] test span::tests::test_sub_range_saturating ... ok
[INFO] [stdout] test reparser::tests::test_reparse_unclosed_embedded ... ok
[INFO] [stdout] 
[INFO] [stdout] test result: ok. 40 passed; 0 failed; 0 ignored; 0 measured; 0 filtered out; finished in 0.02s
[INFO] [stdout] 
[INFO] [stderr]    Doc-tests tmp_typst_syntax_custom_metadata
[INFO] [stdout] 
[INFO] [stdout] running 2 tests
[INFO] [stdout] test src/node.rs - node::Node (line 43) ... ignored
[INFO] [stdout] test src/package.rs - package::ToolInfo (line 40) ... FAILED
[INFO] [stdout] 
[INFO] [stdout] failures:
[INFO] [stdout] 
[INFO] [stdout] ---- src/package.rs - package::ToolInfo (line 40) stdout ----
[INFO] [stdout] error[E0433]: cannot find module or crate `typst_syntax` in this scope
[INFO] [stdout]   --> src/package.rs:43:5
[INFO] [stdout]    |
[INFO] [stdout] 43 | use typst_syntax::package::PackageManifest;
[INFO] [stdout]    |     ^^^^^^^^^^^^ use of unresolved module or unlinked crate `typst_syntax`
[INFO] [stdout]    |
[INFO] [stdout]    = help: if you wanted to use a crate named `typst_syntax`, use `cargo add typst_syntax` to add it to your `Cargo.toml`
[INFO] [stdout] 
[INFO] [stdout] error: aborting due to 1 previous error
[INFO] [stdout] 
[INFO] [stdout] For more information about this error, try `rustc --explain E0433`.
[INFO] [stdout] Couldn't compile the test.
[INFO] [stdout] 
[INFO] [stdout] failures:
[INFO] [stdout]     src/package.rs - package::ToolInfo (line 40)
[INFO] [stdout] 
[INFO] [stdout] test result: FAILED. 0 passed; 1 failed; 1 ignored; 0 measured; 0 filtered out; finished in 0.14s
[INFO] [stdout] 
[INFO] [stdout] all doctests ran in 0.20s; merged doctests compilation took 0.06s
[INFO] [stderr] error: doctest failed, to rerun pass `--doc`
[INFO] running `Command { std: "docker" "inspect" "ef573b220c6b5613553458c9ece1d0352f8aefd7eff9b08fc504511c76fd9a54", kill_on_drop: false }`
[INFO] running `Command { std: "docker" "rm" "-f" "ef573b220c6b5613553458c9ece1d0352f8aefd7eff9b08fc504511c76fd9a54", kill_on_drop: false }`
[INFO] [stdout] ef573b220c6b5613553458c9ece1d0352f8aefd7eff9b08fc504511c76fd9a54
