[INFO] fetching crate tk-pg-optimize 0.1.1...
[INFO] testing tk-pg-optimize-0.1.1 against 1.100.0-beta.1 for beta-1.100-2
[INFO] extracting crate tk-pg-optimize 0.1.1 into /workspace/builds/worker-3-tc2/source
[INFO] started tweaking crates.io crate tk-pg-optimize 0.1.1
[INFO] finished tweaking crates.io crate tk-pg-optimize 0.1.1
[INFO] tweaked toml for crates.io crate tk-pg-optimize 0.1.1 written to /workspace/builds/worker-3-tc2/source/Cargo.toml
[INFO] validating manifest of crates.io crate tk-pg-optimize 0.1.1 on toolchain 1.100.0-beta.1
[INFO] running `Command { std: CARGO_HOME="/workspace/cargo-home" RUSTUP_HOME="/workspace/rustup-home" "/workspace/cargo-home/bin/cargo" "+1.100.0-beta.1" "metadata" "--manifest-path" "Cargo.toml" "--no-deps", kill_on_drop: false }`
[INFO] crate crates.io crate tk-pg-optimize 0.1.1 already has a lockfile, it will not be regenerated
[INFO] running `Command { std: CARGO_HOME="/workspace/cargo-home" RUSTUP_HOME="/workspace/rustup-home" "/workspace/cargo-home/bin/cargo" "+1.100.0-beta.1" "fetch" "--manifest-path" "Cargo.toml", kill_on_drop: false }`
[INFO] [stderr] warning: `package.homepage` is redundant with `package.repository`
[INFO] [stderr]   --> Cargo.toml:48:12
[INFO] [stderr]    |
[INFO] [stderr] 48 | homepage = "https://github.com/quantinuum/tket2"
[INFO] [stderr]    |            ^^^^^^^^^^^^^^^^^^^^^^^^^^^^^^^^^^^^^
[INFO] [stderr] ...
[INFO] [stderr] 53 | repository = "https://github.com/quantinuum/tket2"
[INFO] [stderr]    |              -------------------------------------
[INFO] [stderr]    |
[INFO] [stderr]    = note: `cargo::redundant_homepage` is set to `warn` by default
[INFO] [stderr] help: consider removing `package.homepage`
[INFO] [stderr] warning: `tk-pg-optimize` (manifest) generated 1 warning
[INFO] running `Command { std: "docker" "create" "-v" "/var/lib/crater-agent-workspace/builds/worker-3-tc2/source:/opt/rustwide/workdir:ro,Z" "-v" "/var/lib/crater-agent-workspace/builds/worker-3-tc2/target:/opt/rustwide/target:rw,Z" "-v" "/var/lib/crater-agent-workspace/cargo-home:/opt/rustwide/cargo-home:ro,Z" "-v" "/var/lib/crater-agent-workspace/rustup-home:/opt/rustwide/rustup-home:ro,Z" "-m" "1610612736" "--network" "none" "ghcr.io/rust-lang/crates-build-env/linux@sha256:3111399a4047eeb3a02b7a90e478d715f38a8c6669b5c4b49d30a17385265909" "sleep" "infinity", kill_on_drop: false }`
[INFO] [stdout] c9955eee8e105b12279f40df27694e0aacf74913e4fb5e5cb67fa229e80a7f8b
[INFO] running `Command { std: "docker" "start" "c9955eee8e105b12279f40df27694e0aacf74913e4fb5e5cb67fa229e80a7f8b", kill_on_drop: false }`
[INFO] running `Command { std: "docker" "inspect" "c9955eee8e105b12279f40df27694e0aacf74913e4fb5e5cb67fa229e80a7f8b", kill_on_drop: false }`
[INFO] running `Command { std: "docker" "exec" "-e" "SOURCE_DIR=/opt/rustwide/workdir" "-e" "CARGO_HOME=/opt/rustwide/cargo-home" "-e" "RUSTUP_HOME=/opt/rustwide/rustup-home" "-e" "CARGO_TARGET_DIR=/opt/rustwide/target" "-w" "/opt/rustwide/workdir" "--user" "0:0" "c9955eee8e105b12279f40df27694e0aacf74913e4fb5e5cb67fa229e80a7f8b" "/opt/rustwide/cargo-home/bin/cargo" "+1.100.0-beta.1" "metadata" "--no-deps" "--format-version=1", kill_on_drop: false }`
[INFO] running `Command { std: "docker" "inspect" "c9955eee8e105b12279f40df27694e0aacf74913e4fb5e5cb67fa229e80a7f8b", kill_on_drop: false }`
[INFO] running `Command { std: "docker" "exec" "-e" "SOURCE_DIR=/opt/rustwide/workdir" "-e" "CARGO_HOME=/opt/rustwide/cargo-home" "-e" "RUSTUP_HOME=/opt/rustwide/rustup-home" "-e" "CARGO_TARGET_DIR=/opt/rustwide/target" "-e" "CARGO_INCREMENTAL=0" "-e" "RUST_BACKTRACE=full" "-e" "RUSTFLAGS=--cap-lints=warn" "-e" "RUSTDOCFLAGS=--cap-lints=warn" "-w" "/opt/rustwide/workdir" "--user" "0:0" "c9955eee8e105b12279f40df27694e0aacf74913e4fb5e5cb67fa229e80a7f8b" "/opt/rustwide/cargo-home/bin/cargo" "+1.100.0-beta.1" "build" "--frozen" "--message-format=json", kill_on_drop: false }`
[INFO] [stderr] warning: `package.homepage` is redundant with `package.repository`
[INFO] [stderr]   --> Cargo.toml:48:12
[INFO] [stderr]    |
[INFO] [stderr] 48 | homepage = "https://github.com/quantinuum/tket2"
[INFO] [stderr]    |            ^^^^^^^^^^^^^^^^^^^^^^^^^^^^^^^^^^^^^
[INFO] [stderr] ...
[INFO] [stderr] 53 | repository = "https://github.com/quantinuum/tket2"
[INFO] [stderr]    |              -------------------------------------
[INFO] [stderr]    |
[INFO] [stderr]    = note: `cargo::redundant_homepage` is set to `warn` by default
[INFO] [stderr] help: consider removing `package.homepage`
[INFO] [stderr] warning: `tk-pg-optimize` (manifest) generated 1 warning
[INFO] [stderr]    Compiling crossbeam-utils v0.8.23
[INFO] [stderr]    Compiling crossbeam-epoch v0.9.21
[INFO] [stderr]    Compiling syn v3.0.5
[INFO] [stderr]    Compiling crossbeam-deque v0.8.8
[INFO] [stderr]    Compiling serde_json v1.0.151
[INFO] [stderr]    Compiling getrandom v0.4.3
[INFO] [stderr]    Compiling tk-pg-utils v0.1.1
[INFO] [stderr]    Compiling either v1.18.0
[INFO] [stderr]    Compiling rand v0.10.3
[INFO] [stderr]    Compiling rayon-core v1.13.0
[INFO] [stderr]    Compiling rayon v1.12.0
[INFO] [stderr]    Compiling thiserror-impl v2.0.21
[INFO] [stderr]    Compiling serde_derive v1.0.229
[INFO] [stderr]    Compiling thiserror v2.0.21
[INFO] [stderr]    Compiling serde v1.0.229
[INFO] [stderr]    Compiling tk-pg-core v0.1.1
[INFO] [stderr]    Compiling tk-pg-bitpacked v0.1.1
[INFO] [stderr]    Compiling tk-pg-ir-kernels v0.1.1
[INFO] [stderr]    Compiling tk-pg-qm-tableau v0.1.1
[INFO] [stderr]    Compiling tk-pg-optimize v0.1.1 (/opt/rustwide/workdir)
[INFO] [stderr]     Finished `dev` profile [unoptimized + debuginfo] target(s) in 17.66s
[INFO] running `Command { std: "docker" "inspect" "c9955eee8e105b12279f40df27694e0aacf74913e4fb5e5cb67fa229e80a7f8b", kill_on_drop: false }`
[INFO] running `Command { std: "docker" "exec" "-e" "SOURCE_DIR=/opt/rustwide/workdir" "-e" "CARGO_HOME=/opt/rustwide/cargo-home" "-e" "RUSTUP_HOME=/opt/rustwide/rustup-home" "-e" "CARGO_TARGET_DIR=/opt/rustwide/target" "-e" "CARGO_INCREMENTAL=0" "-e" "RUST_BACKTRACE=full" "-e" "RUSTFLAGS=--cap-lints=warn" "-e" "RUSTDOCFLAGS=--cap-lints=warn" "-w" "/opt/rustwide/workdir" "--user" "0:0" "c9955eee8e105b12279f40df27694e0aacf74913e4fb5e5cb67fa229e80a7f8b" "/opt/rustwide/cargo-home/bin/cargo" "+1.100.0-beta.1" "test" "--frozen" "--no-run" "--message-format=json", kill_on_drop: false }`
[INFO] [stderr] warning: `package.homepage` is redundant with `package.repository`
[INFO] [stderr]   --> Cargo.toml:48:12
[INFO] [stderr]    |
[INFO] [stderr] 48 | homepage = "https://github.com/quantinuum/tket2"
[INFO] [stderr]    |            ^^^^^^^^^^^^^^^^^^^^^^^^^^^^^^^^^^^^^
[INFO] [stderr] ...
[INFO] [stderr] 53 | repository = "https://github.com/quantinuum/tket2"
[INFO] [stderr]    |              -------------------------------------
[INFO] [stderr]    |
[INFO] [stderr]    = note: `cargo::redundant_homepage` is set to `warn` by default
[INFO] [stderr] help: consider removing `package.homepage`
[INFO] [stderr] warning: `tk-pg-optimize` (manifest) generated 1 warning
[INFO] [stderr]    Compiling uuid v1.23.5
[INFO] [stderr]    Compiling tk-pg-converter v0.1.1
[INFO] [stderr]    Compiling tk-pg-optimize v0.1.1 (/opt/rustwide/workdir)
[INFO] [stderr]     Finished `test` profile [unoptimized + debuginfo] target(s) in 3.50s
[INFO] running `Command { std: "docker" "inspect" "c9955eee8e105b12279f40df27694e0aacf74913e4fb5e5cb67fa229e80a7f8b", kill_on_drop: false }`
[INFO] running `Command { std: "docker" "exec" "-e" "SOURCE_DIR=/opt/rustwide/workdir" "-e" "CARGO_HOME=/opt/rustwide/cargo-home" "-e" "RUSTUP_HOME=/opt/rustwide/rustup-home" "-e" "CARGO_TARGET_DIR=/opt/rustwide/target" "-e" "CARGO_INCREMENTAL=0" "-e" "RUST_BACKTRACE=full" "-e" "RUSTFLAGS=--cap-lints=warn" "-e" "RUSTDOCFLAGS=--cap-lints=warn" "-w" "/opt/rustwide/workdir" "--user" "0:0" "c9955eee8e105b12279f40df27694e0aacf74913e4fb5e5cb67fa229e80a7f8b" "/opt/rustwide/cargo-home/bin/cargo" "+1.100.0-beta.1" "test" "--frozen", kill_on_drop: false }`
[INFO] [stderr] warning: `package.homepage` is redundant with `package.repository`
[INFO] [stderr]   --> Cargo.toml:48:12
[INFO] [stderr]    |
[INFO] [stderr] 48 | homepage = "https://github.com/quantinuum/tket2"
[INFO] [stderr]    |            ^^^^^^^^^^^^^^^^^^^^^^^^^^^^^^^^^^^^^
[INFO] [stderr] ...
[INFO] [stderr] 53 | repository = "https://github.com/quantinuum/tket2"
[INFO] [stderr]    |              -------------------------------------
[INFO] [stderr]    |
[INFO] [stderr]    = note: `cargo::redundant_homepage` is set to `warn` by default
[INFO] [stderr] help: consider removing `package.homepage`
[INFO] [stderr] warning: `tk-pg-optimize` (manifest) generated 1 warning
[INFO] [stderr]     Finished `test` profile [unoptimized + debuginfo] target(s) in 0.09s
[INFO] [stderr]      Running unittests src/lib.rs (/opt/rustwide/target/debug/build/tk-pg-optimize/80fd8cd9af83235c/out/tk_pg_optimize-80fd8cd9af83235c)
[INFO] [stdout] 
[INFO] [stdout] running 36 tests
[INFO] [stdout] test commuting_sets::tests::test_black_boxes ... ok
[INFO] [stdout] test commuting_sets::tests::test_idempotent ... ok
[INFO] [stdout] test commuting_sets::tests::test_group_ops ... ok
[INFO] [stdout] test commuting_sets::tests::test_max_set_size ... ok
[INFO] [stdout] test commuting_sets::tests::test_measurement_commutes_with_classically_independent_conditional_box ... ok
[INFO] [stdout] test commuting_sets::tests::test_measurement_writing_condition_bit_is_separate_from_conditional_box ... ok
[INFO] [stdout] test commuting_sets::tests::test_conditional_boxes_reading_same_cbit_commute ... ok
[INFO] [stdout] test commuting_sets::tests::test_measurements_writing_same_cbit_are_in_separate_sets ... ok
[INFO] [stdout] test commuting_sets::tests::test_empty_graph ... ok
[INFO] [stdout] test commuting_sets::tests::test_measurement_and_conditional_measurement_writing_same_cbit_are_separate ... ok
[INFO] [stdout] test commuting_sets::tests::test_conditional_boxes_with_classical_dependencies_are_separate ... ok
[INFO] [stdout] test commuting_sets::tests::test_conditional_boxes ... ok
[INFO] [stdout] test packed_op::tests::test_op_commute ... ok
[INFO] [stdout] test packed_op::tests::test_xz_to_zx_conversion_matches_direct_packing ... ok
[INFO] [stdout] test packed_op::tests::test_commute_bitpacked ... ok
[INFO] [stdout] test commuting_sets::tests::test_pg_contains_set_boundary ... ok
[INFO] [stdout] test commuting_sets::tests::test_non_pauli_ops ... ok
[INFO] [stdout] test commuting_sets::tests::test_pg_contains_only_set_boundaries ... ok
[INFO] [stdout] test rotation_merging::tests::test_pending_tableau_emitted_before_black_box ... ok
[INFO] [stdout] test rotation_merging::tests::test_empty_graph ... ok
[INFO] [stdout] test rotation_merging::tests::test_preserving_black_box ... ok
[INFO] [stdout] test rotation_merging::tests::test_all_identity_clifford_rotation_panics - should panic ... ok
[INFO] [stdout] test packed_op::tests::test_commute_bitpacked_rejects_unequal_lengths - should panic ... ok
[INFO] [stdout] test rotation_merging::tests::test_gate_panics - should panic ... ok
[INFO] [stdout] test rotation_merging::tests::test_rotation_merging_across_commuting_ops ... ok
[INFO] [stdout] test rotation_merging::tests::test_rotation_not_merged_across_anticommuting_op ... ok
[INFO] [stdout] test rotation_merging::tests::test_set_boundaries_removed ... ok
[INFO] [stdout] test rotation_merging::tests::test_tableau_propagation_through_supported_ops ... ok
[INFO] [stdout] test rotation_merging::tests::test_unsupported_conditional_op_panics - should panic ... ok
[INFO] [stdout] test rotation_merging::tests::test_negative_angle_rotation_merging ... FAILED
[INFO] [stdout] test rotation_merging::tests::test_rotation_cancellation ... FAILED
[INFO] [stdout] test rotation_merging::tests::test_rotation_merging_v ... FAILED
[INFO] [stdout] test rotation_merging::tests::test_rotation_merging ... FAILED
[INFO] [stdout] test rotation_merging::tests::test_preserving_tableau ... FAILED
[INFO] [stdout] test rotation_merging::tests::test_x_rotations_only ... FAILED
[INFO] [stdout] test rotation_merging::tests::test_random_rotation_merging ... FAILED
[INFO] [stdout] 
[INFO] [stdout] failures:
[INFO] [stdout] 
[INFO] [stdout] ---- rotation_merging::tests::test_negative_angle_rotation_merging stdout ----
[INFO] [stdout] 
[INFO] [stdout] thread 'rotation_merging::tests::test_negative_angle_rotation_merging' (452) panicked at /opt/rustwide/cargo-home/registry/src/index.crates.io-1949cf8c6b5b557f/tk-pg-converter-0.1.1/src/unitary_comparison.rs:56:9:
[INFO] [stdout] No usable Python interpreter with `pytket` was found for the unitary comparison worker. Tried ["python", "python3"]:
[INFO] [stdout] `python`: could not be spawned (No such file or directory (os error 2))
[INFO] [stdout] `python3`: `import pytket` failed (exit status: 1):
[INFO] [stdout] Traceback (most recent call last):
[INFO] [stdout]   File "<string>", line 1, in <module>
[INFO] [stdout]     import pytket
[INFO] [stdout] ModuleNotFoundError: No module named 'pytket'
[INFO] [stdout] Install `pytket` in the environment, or set `PG_TK_PYTHON` to a Python interpreter that has it.
[INFO] [stdout] stack backtrace:
[INFO] [stdout]    0:     0x5580948060f1 - std[617be2ca0a6fd877]::backtrace_rs::backtrace::libunwind::trace
[INFO] [stdout]                                at /rustc/e3feeb59cd1bdd011a2bfcc0747b55125d9b8527/library/std/src/../../backtrace/src/backtrace/libunwind.rs:117:9
[INFO] [stdout]    1:     0x5580948060f1 - std[617be2ca0a6fd877]::backtrace_rs::backtrace::trace_unsynchronized::<std[617be2ca0a6fd877]::sys::backtrace::_print_fmt::{closure#1}>
[INFO] [stdout]                                at /rustc/e3feeb59cd1bdd011a2bfcc0747b55125d9b8527/library/std/src/../../backtrace/src/backtrace/mod.rs:66:14
[INFO] [stdout]    2:     0x5580948060f1 - std[617be2ca0a6fd877]::sys::backtrace::_print_fmt
[INFO] [stdout]                                at /rustc/e3feeb59cd1bdd011a2bfcc0747b55125d9b8527/library/std/src/sys/backtrace.rs:74:9
[INFO] [stdout]    3:     0x5580948060f1 - <<std[617be2ca0a6fd877]::sys::backtrace::BacktraceLock>::print::DisplayBacktrace as core[a373ad73a504971]::fmt::Display>::fmt
[INFO] [stdout]                                at /rustc/e3feeb59cd1bdd011a2bfcc0747b55125d9b8527/library/std/src/sys/backtrace.rs:44:26
[INFO] [stdout]    4:     0x55809481b42a - <core[a373ad73a504971]::fmt::rt::Argument>::fmt
[INFO] [stdout]                                at /rustc/e3feeb59cd1bdd011a2bfcc0747b55125d9b8527/library/core/src/fmt/rt.rs:152:76
[INFO] [stdout]    5:     0x55809481b42a - core[a373ad73a504971]::fmt::write
[INFO] [stdout]    6:     0x55809480a60c - core[a373ad73a504971]::io::write::default_write_fmt::<alloc[2e1b2a31b91974c5]::vec::Vec<u8>>
[INFO] [stdout]                                at /rustc/e3feeb59cd1bdd011a2bfcc0747b55125d9b8527/library/core/src/io/write.rs:402:11
[INFO] [stdout]    7:     0x55809480a60c - <alloc[2e1b2a31b91974c5]::vec::Vec<u8> as core[a373ad73a504971]::io::write::Write>::write_fmt
[INFO] [stdout]                                at /rustc/e3feeb59cd1bdd011a2bfcc0747b55125d9b8527/library/core/src/io/write.rs:335:13
[INFO] [stdout]    8:     0x5580947e1f66 - <std[617be2ca0a6fd877]::sys::backtrace::BacktraceLock>::print
[INFO] [stdout]                                at /rustc/e3feeb59cd1bdd011a2bfcc0747b55125d9b8527/library/std/src/sys/backtrace.rs:47:9
[INFO] [stdout]    9:     0x5580947e1f66 - std[617be2ca0a6fd877]::panicking::default_hook::{closure#0}
[INFO] [stdout]                                at /rustc/e3feeb59cd1bdd011a2bfcc0747b55125d9b8527/library/std/src/panicking.rs:289:27
[INFO] [stdout]   10:     0x5580947fe609 - std[617be2ca0a6fd877]::panicking::default_hook
[INFO] [stdout]                                at /rustc/e3feeb59cd1bdd011a2bfcc0747b55125d9b8527/library/std/src/panicking.rs:313:9
[INFO] [stdout]   11:     0x5580946e3cd0 - <alloc[2e1b2a31b91974c5]::boxed::Box<dyn for<'a, 'b> core[a373ad73a504971]::ops::function::Fn<(&'a std[617be2ca0a6fd877]::panic::PanicHookInfo<'b>,), Output = ()> + core[a373ad73a504971]::marker::Sync + core[a373ad73a504971]::marker::Send> as core[a373ad73a504971]::ops::function::Fn<(&std[617be2ca0a6fd877]::panic::PanicHookInfo,)>>::call
[INFO] [stdout]                                at /rustc/e3feeb59cd1bdd011a2bfcc0747b55125d9b8527/library/alloc/src/boxed.rs:2328:9
[INFO] [stdout]   12:     0x5580946e3cd0 - test[aada8e7e76ba119b]::test_main_inner::{closure#0}
[INFO] [stdout]                                at /rustc/e3feeb59cd1bdd011a2bfcc0747b55125d9b8527/library/test/src/lib.rs:137:21
[INFO] [stdout]   13:     0x5580947fe932 - <alloc[2e1b2a31b91974c5]::boxed::Box<dyn for<'a, 'b> core[a373ad73a504971]::ops::function::Fn<(&'a std[617be2ca0a6fd877]::panic::PanicHookInfo<'b>,), Output = ()> + core[a373ad73a504971]::marker::Sync + core[a373ad73a504971]::marker::Send> as core[a373ad73a504971]::ops::function::Fn<(&std[617be2ca0a6fd877]::panic::PanicHookInfo,)>>::call
[INFO] [stdout]                                at /rustc/e3feeb59cd1bdd011a2bfcc0747b55125d9b8527/library/alloc/src/boxed.rs:2328:9
[INFO] [stdout]   14:     0x5580947fe932 - std[617be2ca0a6fd877]::panicking::panic_with_hook
[INFO] [stdout]                                at /rustc/e3feeb59cd1bdd011a2bfcc0747b55125d9b8527/library/std/src/panicking.rs:819:13
[INFO] [stdout]   15:     0x5580947e2012 - std[617be2ca0a6fd877]::panicking::panic_handler::{closure#0}
[INFO] [stdout]                                at /rustc/e3feeb59cd1bdd011a2bfcc0747b55125d9b8527/library/std/src/panicking.rs:685:13
[INFO] [stdout]   16:     0x5580947dad29 - std[617be2ca0a6fd877]::sys::backtrace::__rust_end_short_backtrace::<std[617be2ca0a6fd877]::panicking::panic_handler::{closure#0}, !>
[INFO] [stdout]                                at /rustc/e3feeb59cd1bdd011a2bfcc0747b55125d9b8527/library/std/src/sys/backtrace.rs:182:18
[INFO] [stdout]   17:     0x5580947e2c1d - __rustc[ea4f61d10b84890b]::rust_begin_unwind
[INFO] [stdout]                                at /rustc/e3feeb59cd1bdd011a2bfcc0747b55125d9b8527/library/std/src/panicking.rs:676:5
[INFO] [stdout]   18:     0x55809481bc1c - core[a373ad73a504971]::panicking::panic_fmt
[INFO] [stdout]                                at /rustc/e3feeb59cd1bdd011a2bfcc0747b55125d9b8527/library/core/src/panicking.rs:80:14
[INFO] [stdout]   19:     0x558094744b10 - <tk_pg_converter[c12106c492936e02]::unitary_comparison::TkCompareWorker>::new
[INFO] [stdout]                                at /opt/rustwide/cargo-home/registry/src/index.crates.io-1949cf8c6b5b557f/tk-pg-converter-0.1.1/src/unitary_comparison.rs:56:9
[INFO] [stdout]   20:     0x558094744547 - tk_pg_converter[c12106c492936e02]::unitary_comparison::compare_unitaries_with_worker::{closure#0}
[INFO] [stdout]                                at /opt/rustwide/cargo-home/registry/src/index.crates.io-1949cf8c6b5b557f/tk-pg-converter-0.1.1/src/unitary_comparison.rs:128:62
[INFO] [stdout]   21:     0x55809474b218 - <std[617be2ca0a6fd877]::sync::once_lock::OnceLock<std[617be2ca0a6fd877]::sync::poison::mutex::Mutex<tk_pg_converter[c12106c492936e02]::unitary_comparison::TkCompareWorker>>>::get_or_init::<tk_pg_converter[c12106c492936e02]::unitary_comparison::compare_unitaries_with_worker::{closure#0}>::{closure#0}
[INFO] [stdout]                                at /rustc/e3feeb59cd1bdd011a2bfcc0747b55125d9b8527/library/std/src/sync/once_lock.rs:350:50
[INFO] [stdout]   22:     0x55809474b187 - <std[617be2ca0a6fd877]::sync::once_lock::OnceLock<std[617be2ca0a6fd877]::sync::poison::mutex::Mutex<tk_pg_converter[c12106c492936e02]::unitary_comparison::TkCompareWorker>>>::initialize::<<std[617be2ca0a6fd877]::sync::once_lock::OnceLock<std[617be2ca0a6fd877]::sync::poison::mutex::Mutex<tk_pg_converter[c12106c492936e02]::unitary_comparison::TkCompareWorker>>>::get_or_init<tk_pg_converter[c12106c492936e02]::unitary_comparison::compare_unitaries_with_worker::{closure#0}>::{closure#0}, !>::{closure#0}
[INFO] [stdout]                                at /rustc/e3feeb59cd1bdd011a2bfcc0747b55125d9b8527/library/std/src/sync/once_lock.rs:572:19
[INFO] [stdout]   23:     0x558094735302 - <std[617be2ca0a6fd877]::sync::once::Once>::call_once_force::<<std[617be2ca0a6fd877]::sync::once_lock::OnceLock<std[617be2ca0a6fd877]::sync::poison::mutex::Mutex<tk_pg_converter[c12106c492936e02]::unitary_comparison::TkCompareWorker>>>::initialize<<std[617be2ca0a6fd877]::sync::once_lock::OnceLock<std[617be2ca0a6fd877]::sync::poison::mutex::Mutex<tk_pg_converter[c12106c492936e02]::unitary_comparison::TkCompareWorker>>>::get_or_init<tk_pg_converter[c12106c492936e02]::unitary_comparison::compare_unitaries_with_worker::{closure#0}>::{closure#0}, !>::{closure#0}>::{closure#0}
[INFO] [stdout]                                at /rustc/e3feeb59cd1bdd011a2bfcc0747b55125d9b8527/library/std/src/sync/once.rs:227:40
[INFO] [stdout]   24:     0x5580947e7c69 - <std[617be2ca0a6fd877]::sys::sync::once::futex::Once>::call
[INFO] [stdout]                                at /rustc/e3feeb59cd1bdd011a2bfcc0747b55125d9b8527/library/std/src/sys/sync/once/futex.rs:183:21
[INFO] [stdout]   25:     0x558094733b5a - <std[617be2ca0a6fd877]::sync::once::Once>::call_once_force::<<std[617be2ca0a6fd877]::sync::once_lock::OnceLock<std[617be2ca0a6fd877]::sync::poison::mutex::Mutex<tk_pg_converter[c12106c492936e02]::unitary_comparison::TkCompareWorker>>>::initialize<<std[617be2ca0a6fd877]::sync::once_lock::OnceLock<std[617be2ca0a6fd877]::sync::poison::mutex::Mutex<tk_pg_converter[c12106c492936e02]::unitary_comparison::TkCompareWorker>>>::get_or_init<tk_pg_converter[c12106c492936e02]::unitary_comparison::compare_unitaries_with_worker::{closure#0}>::{closure#0}, !>::{closure#0}>
[INFO] [stdout]                                at /rustc/e3feeb59cd1bdd011a2bfcc0747b55125d9b8527/library/std/src/sync/once.rs:227:20
[INFO] [stdout]   26:     0x558094748e2c - <std[617be2ca0a6fd877]::sync::once_lock::OnceLock<std[617be2ca0a6fd877]::sync::poison::mutex::Mutex<tk_pg_converter[c12106c492936e02]::unitary_comparison::TkCompareWorker>>>::initialize::<<std[617be2ca0a6fd877]::sync::once_lock::OnceLock<std[617be2ca0a6fd877]::sync::poison::mutex::Mutex<tk_pg_converter[c12106c492936e02]::unitary_comparison::TkCompareWorker>>>::get_or_init<tk_pg_converter[c12106c492936e02]::unitary_comparison::compare_unitaries_with_worker::{closure#0}>::{closure#0}, !>
[INFO] [stdout]                                at /rustc/e3feeb59cd1bdd011a2bfcc0747b55125d9b8527/library/std/src/sync/once_lock.rs:571:19
[INFO] [stdout]   27:     0x558094748eae - <std[617be2ca0a6fd877]::sync::once_lock::OnceLock<std[617be2ca0a6fd877]::sync::poison::mutex::Mutex<tk_pg_converter[c12106c492936e02]::unitary_comparison::TkCompareWorker>>>::get_or_try_init::<<std[617be2ca0a6fd877]::sync::once_lock::OnceLock<std[617be2ca0a6fd877]::sync::poison::mutex::Mutex<tk_pg_converter[c12106c492936e02]::unitary_comparison::TkCompareWorker>>>::get_or_init<tk_pg_converter[c12106c492936e02]::unitary_comparison::compare_unitaries_with_worker::{closure#0}>::{closure#0}, !>
[INFO] [stdout]                                at /rustc/e3feeb59cd1bdd011a2bfcc0747b55125d9b8527/library/std/src/sync/once_lock.rs:439:14
[INFO] [stdout]   28:     0x558094748e4e - <std[617be2ca0a6fd877]::sync::once_lock::OnceLock<std[617be2ca0a6fd877]::sync::poison::mutex::Mutex<tk_pg_converter[c12106c492936e02]::unitary_comparison::TkCompareWorker>>>::get_or_init::<tk_pg_converter[c12106c492936e02]::unitary_comparison::compare_unitaries_with_worker::{closure#0}>
[INFO] [stdout]                                at /rustc/e3feeb59cd1bdd011a2bfcc0747b55125d9b8527/library/std/src/sync/once_lock.rs:350:20
[INFO] [stdout]   29:     0x5580947466f5 - tk_pg_converter[c12106c492936e02]::unitary_comparison::compare_unitaries_with_worker
[INFO] [stdout]                                at /opt/rustwide/cargo-home/registry/src/index.crates.io-1949cf8c6b5b557f/tk-pg-converter-0.1.1/src/unitary_comparison.rs:128:36
[INFO] [stdout]   30:     0x558094746462 - tk_pg_converter[c12106c492936e02]::unitary_comparison::compare_unitaries_via_tk
[INFO] [stdout]                                at /opt/rustwide/cargo-home/registry/src/index.crates.io-1949cf8c6b5b557f/tk-pg-converter-0.1.1/src/unitary_comparison.rs:169:18
[INFO] [stdout]   31:     0x5580946ac794 - tk_pg_optimize[2175be898987c0d7]::rotation_merging::tests::test_negative_angle_rotation_merging
[INFO] [stdout]                                at /opt/rustwide/workdir/src/rotation_merging.rs:526:17
[INFO] [stdout]   32:     0x5580946a7027 - tk_pg_optimize[2175be898987c0d7]::rotation_merging::tests::test_negative_angle_rotation_merging::{closure#0}
[INFO] [stdout]                                at /opt/rustwide/workdir/src/rotation_merging.rs:508:46
[INFO] [stdout]   33:     0x5580946d6e66 - <tk_pg_optimize[2175be898987c0d7]::rotation_merging::tests::test_negative_angle_rotation_merging::{closure#0} as core[a373ad73a504971]::ops::function::FnOnce<()>>::call_once
[INFO] [stdout]                                at /rustc/e3feeb59cd1bdd011a2bfcc0747b55125d9b8527/library/core/src/ops/function.rs:250:5
[INFO] [stdout]   34:     0x5580946d711b - <fn() -> core[a373ad73a504971]::result::Result<(), alloc[2e1b2a31b91974c5]::string::String> as core[a373ad73a504971]::ops::function::FnOnce<()>>::call_once
[INFO] [stdout]                                at /rustc/e3feeb59cd1bdd011a2bfcc0747b55125d9b8527/library/core/src/ops/function.rs:250:5
[INFO] [stdout]   35:     0x5580946d711b - test[aada8e7e76ba119b]::__rust_begin_short_backtrace::<core[a373ad73a504971]::result::Result<(), alloc[2e1b2a31b91974c5]::string::String>, fn() -> core[a373ad73a504971]::result::Result<(), alloc[2e1b2a31b91974c5]::string::String>>
[INFO] [stdout]                                at /rustc/e3feeb59cd1bdd011a2bfcc0747b55125d9b8527/library/test/src/lib.rs:701:18
[INFO] [stdout]   36:     0x5580946e42f5 - test[aada8e7e76ba119b]::run_test_in_process::{closure#0}
[INFO] [stdout]                                at /rustc/e3feeb59cd1bdd011a2bfcc0747b55125d9b8527/library/test/src/lib.rs:724:74
[INFO] [stdout]   37:     0x5580946e42f5 - <core[a373ad73a504971]::panic::unwind_safe::AssertUnwindSafe<test[aada8e7e76ba119b]::run_test_in_process::{closure#0}> as core[a373ad73a504971]::ops::function::FnOnce<()>>::call_once
[INFO] [stdout]                                at /rustc/e3feeb59cd1bdd011a2bfcc0747b55125d9b8527/library/core/src/panic/unwind_safe.rs:275:9
[INFO] [stdout]   38:     0x5580946e42f5 - std[617be2ca0a6fd877]::panicking::catch_unwind::do_call::<core[a373ad73a504971]::panic::unwind_safe::AssertUnwindSafe<test[aada8e7e76ba119b]::run_test_in_process::{closure#0}>, core[a373ad73a504971]::result::Result<(), alloc[2e1b2a31b91974c5]::string::String>>
[INFO] [stdout]                                at /rustc/e3feeb59cd1bdd011a2bfcc0747b55125d9b8527/library/std/src/panicking.rs:573:43
[INFO] [stdout]   39:     0x5580946e42f5 - std[617be2ca0a6fd877]::panicking::catch_unwind::<core[a373ad73a504971]::result::Result<(), alloc[2e1b2a31b91974c5]::string::String>, core[a373ad73a504971]::panic::unwind_safe::AssertUnwindSafe<test[aada8e7e76ba119b]::run_test_in_process::{closure#0}>>
[INFO] [stdout]                                at /rustc/e3feeb59cd1bdd011a2bfcc0747b55125d9b8527/library/std/src/panicking.rs:541:19
[INFO] [stdout]   40:     0x5580946e42f5 - std[617be2ca0a6fd877]::panic::catch_unwind::<core[a373ad73a504971]::panic::unwind_safe::AssertUnwindSafe<test[aada8e7e76ba119b]::run_test_in_process::{closure#0}>, core[a373ad73a504971]::result::Result<(), alloc[2e1b2a31b91974c5]::string::String>>
[INFO] [stdout]                                at /rustc/e3feeb59cd1bdd011a2bfcc0747b55125d9b8527/library/std/src/panic.rs:359:14
[INFO] [stdout]   41:     0x5580946e42f5 - test[aada8e7e76ba119b]::run_test_in_process
[INFO] [stdout]                                at /rustc/e3feeb59cd1bdd011a2bfcc0747b55125d9b8527/library/test/src/lib.rs:724:27
[INFO] [stdout]   42:     0x5580946e42f5 - test[aada8e7e76ba119b]::run_test::{closure#0}
[INFO] [stdout]                                at /rustc/e3feeb59cd1bdd011a2bfcc0747b55125d9b8527/library/test/src/lib.rs:645:43
[INFO] [stdout]   43:     0x5580946ddbe4 - test[aada8e7e76ba119b]::run_test::{closure#1}
[INFO] [stdout]                                at /rustc/e3feeb59cd1bdd011a2bfcc0747b55125d9b8527/library/test/src/lib.rs:675:41
[INFO] [stdout]   44:     0x5580946ddbe4 - std[617be2ca0a6fd877]::sys::backtrace::__rust_begin_short_backtrace::<test[aada8e7e76ba119b]::run_test::{closure#1}, ()>
[INFO] [stdout]                                at /rustc/e3feeb59cd1bdd011a2bfcc0747b55125d9b8527/library/std/src/sys/backtrace.rs:166:18
[INFO] [stdout]   45:     0x5580946e7382 - std[617be2ca0a6fd877]::thread::lifecycle::spawn_unchecked::<test[aada8e7e76ba119b]::run_test::{closure#1}, ()>::{closure#1}::{closure#0}
[INFO] [stdout]                                at /rustc/e3feeb59cd1bdd011a2bfcc0747b55125d9b8527/library/std/src/thread/lifecycle.rs:70:13
[INFO] [stdout]   46:     0x5580946e7382 - <core[a373ad73a504971]::panic::unwind_safe::AssertUnwindSafe<std[617be2ca0a6fd877]::thread::lifecycle::spawn_unchecked<test[aada8e7e76ba119b]::run_test::{closure#1}, ()>::{closure#1}::{closure#0}> as core[a373ad73a504971]::ops::function::FnOnce<()>>::call_once
[INFO] [stdout]                                at /rustc/e3feeb59cd1bdd011a2bfcc0747b55125d9b8527/library/core/src/panic/unwind_safe.rs:275:9
[INFO] [stdout]   47:     0x5580946e7382 - std[617be2ca0a6fd877]::panicking::catch_unwind::do_call::<core[a373ad73a504971]::panic::unwind_safe::AssertUnwindSafe<std[617be2ca0a6fd877]::thread::lifecycle::spawn_unchecked<test[aada8e7e76ba119b]::run_test::{closure#1}, ()>::{closure#1}::{closure#0}>, ()>
[INFO] [stdout]                                at /rustc/e3feeb59cd1bdd011a2bfcc0747b55125d9b8527/library/std/src/panicking.rs:573:43
[INFO] [stdout]   48:     0x5580946e7382 - std[617be2ca0a6fd877]::panicking::catch_unwind::<(), core[a373ad73a504971]::panic::unwind_safe::AssertUnwindSafe<std[617be2ca0a6fd877]::thread::lifecycle::spawn_unchecked<test[aada8e7e76ba119b]::run_test::{closure#1}, ()>::{closure#1}::{closure#0}>>
[INFO] [stdout]                                at /rustc/e3feeb59cd1bdd011a2bfcc0747b55125d9b8527/library/std/src/panicking.rs:541:19
[INFO] [stdout]   49:     0x5580946e7382 - std[617be2ca0a6fd877]::panic::catch_unwind::<core[a373ad73a504971]::panic::unwind_safe::AssertUnwindSafe<std[617be2ca0a6fd877]::thread::lifecycle::spawn_unchecked<test[aada8e7e76ba119b]::run_test::{closure#1}, ()>::{closure#1}::{closure#0}>, ()>
[INFO] [stdout]                                at /rustc/e3feeb59cd1bdd011a2bfcc0747b55125d9b8527/library/std/src/panic.rs:359:14
[INFO] [stdout]   50:     0x5580946e7382 - std[617be2ca0a6fd877]::thread::lifecycle::spawn_unchecked::<test[aada8e7e76ba119b]::run_test::{closure#1}, ()>::{closure#1}
[INFO] [stdout]                                at /rustc/e3feeb59cd1bdd011a2bfcc0747b55125d9b8527/library/std/src/thread/lifecycle.rs:68:26
[INFO] [stdout]   51:     0x5580946e7382 - <std[617be2ca0a6fd877]::thread::lifecycle::spawn_unchecked<test[aada8e7e76ba119b]::run_test::{closure#1}, ()>::{closure#1} as core[a373ad73a504971]::ops::function::FnOnce<()>>::call_once::{shim:vtable#0}
[INFO] [stdout]                                at /rustc/e3feeb59cd1bdd011a2bfcc0747b55125d9b8527/library/core/src/ops/function.rs:250:5
[INFO] [stdout]   52:     0x55809480593f - <alloc[2e1b2a31b91974c5]::boxed::Box<dyn core[a373ad73a504971]::ops::function::FnOnce<(), Output = ()> + core[a373ad73a504971]::marker::Send> as core[a373ad73a504971]::ops::function::FnOnce<()>>::call_once
[INFO] [stdout]                                at /rustc/e3feeb59cd1bdd011a2bfcc0747b55125d9b8527/library/alloc/src/boxed.rs:2314:9
[INFO] [stdout]   53:     0x55809480593f - <std[617be2ca0a6fd877]::sys::thread::unix::Thread>::new::thread_start
[INFO] [stdout]                                at /rustc/e3feeb59cd1bdd011a2bfcc0747b55125d9b8527/library/std/src/sys/thread/unix.rs:127:17
[INFO] [stdout]   54:     0x7e414ecf1dfa - <unknown>
[INFO] [stdout]   55:     0x7e414ed853d4 - clone
[INFO] [stdout]   56:                0x0 - <unknown>
[INFO] [stdout] 
[INFO] [stdout] ---- rotation_merging::tests::test_rotation_cancellation stdout ----
[INFO] [stdout] 
[INFO] [stdout] thread 'rotation_merging::tests::test_rotation_cancellation' (457) panicked at /opt/rustwide/cargo-home/registry/src/index.crates.io-1949cf8c6b5b557f/tk-pg-converter-0.1.1/src/unitary_comparison.rs:56:9:
[INFO] [stdout] No usable Python interpreter with `pytket` was found for the unitary comparison worker. Tried ["python", "python3"]:
[INFO] [stdout] `python`: could not be spawned (No such file or directory (os error 2))
[INFO] [stdout] `python3`: `import pytket` failed (exit status: 1):
[INFO] [stdout] Traceback (most recent call last):
[INFO] [stdout]   File "<string>", line 1, in <module>
[INFO] [stdout]     import pytket
[INFO] [stdout] ModuleNotFoundError: No module named 'pytket'
[INFO] [stdout] Install `pytket` in the environment, or set `PG_TK_PYTHON` to a Python interpreter that has it.
[INFO] [stdout] stack backtrace:
[INFO] [stdout]    0:     0x5580948060f1 - std[617be2ca0a6fd877]::backtrace_rs::backtrace::libunwind::trace
[INFO] [stdout]                                at /rustc/e3feeb59cd1bdd011a2bfcc0747b55125d9b8527/library/std/src/../../backtrace/src/backtrace/libunwind.rs:117:9
[INFO] [stdout]    1:     0x5580948060f1 - std[617be2ca0a6fd877]::backtrace_rs::backtrace::trace_unsynchronized::<std[617be2ca0a6fd877]::sys::backtrace::_print_fmt::{closure#1}>
[INFO] [stdout]                                at /rustc/e3feeb59cd1bdd011a2bfcc0747b55125d9b8527/library/std/src/../../backtrace/src/backtrace/mod.rs:66:14
[INFO] [stdout]    2:     0x5580948060f1 - std[617be2ca0a6fd877]::sys::backtrace::_print_fmt
[INFO] [stdout]                                at /rustc/e3feeb59cd1bdd011a2bfcc0747b55125d9b8527/library/std/src/sys/backtrace.rs:74:9
[INFO] [stdout]    3:     0x5580948060f1 - <<std[617be2ca0a6fd877]::sys::backtrace::BacktraceLock>::print::DisplayBacktrace as core[a373ad73a504971]::fmt::Display>::fmt
[INFO] [stdout]                                at /rustc/e3feeb59cd1bdd011a2bfcc0747b55125d9b8527/library/std/src/sys/backtrace.rs:44:26
[INFO] [stdout]    4:     0x55809481b42a - <core[a373ad73a504971]::fmt::rt::Argument>::fmt
[INFO] [stdout]                                at /rustc/e3feeb59cd1bdd011a2bfcc0747b55125d9b8527/library/core/src/fmt/rt.rs:152:76
[INFO] [stdout]    5:     0x55809481b42a - core[a373ad73a504971]::fmt::write
[INFO] [stdout]    6:     0x55809480a60c - core[a373ad73a504971]::io::write::default_write_fmt::<alloc[2e1b2a31b91974c5]::vec::Vec<u8>>
[INFO] [stdout]                                at /rustc/e3feeb59cd1bdd011a2bfcc0747b55125d9b8527/library/core/src/io/write.rs:402:11
[INFO] [stdout]    7:     0x55809480a60c - <alloc[2e1b2a31b91974c5]::vec::Vec<u8> as core[a373ad73a504971]::io::write::Write>::write_fmt
[INFO] [stdout]                                at /rustc/e3feeb59cd1bdd011a2bfcc0747b55125d9b8527/library/core/src/io/write.rs:335:13
[INFO] [stdout]    8:     0x5580947e1f66 - <std[617be2ca0a6fd877]::sys::backtrace::BacktraceLock>::print
[INFO] [stdout]                                at /rustc/e3feeb59cd1bdd011a2bfcc0747b55125d9b8527/library/std/src/sys/backtrace.rs:47:9
[INFO] [stdout]    9:     0x5580947e1f66 - std[617be2ca0a6fd877]::panicking::default_hook::{closure#0}
[INFO] [stdout]                                at /rustc/e3feeb59cd1bdd011a2bfcc0747b55125d9b8527/library/std/src/panicking.rs:289:27
[INFO] [stdout]   10:     0x5580947fe609 - std[617be2ca0a6fd877]::panicking::default_hook
[INFO] [stdout]                                at /rustc/e3feeb59cd1bdd011a2bfcc0747b55125d9b8527/library/std/src/panicking.rs:313:9
[INFO] [stdout]   11:     0x5580946e3cd0 - <alloc[2e1b2a31b91974c5]::boxed::Box<dyn for<'a, 'b> core[a373ad73a504971]::ops::function::Fn<(&'a std[617be2ca0a6fd877]::panic::PanicHookInfo<'b>,), Output = ()> + core[a373ad73a504971]::marker::Sync + core[a373ad73a504971]::marker::Send> as core[a373ad73a504971]::ops::function::Fn<(&std[617be2ca0a6fd877]::panic::PanicHookInfo,)>>::call
[INFO] [stdout]                                at /rustc/e3feeb59cd1bdd011a2bfcc0747b55125d9b8527/library/alloc/src/boxed.rs:2328:9
[INFO] [stdout]   12:     0x5580946e3cd0 - test[aada8e7e76ba119b]::test_main_inner::{closure#0}
[INFO] [stdout]                                at /rustc/e3feeb59cd1bdd011a2bfcc0747b55125d9b8527/library/test/src/lib.rs:137:21
[INFO] [stdout]   13:     0x5580947fe932 - <alloc[2e1b2a31b91974c5]::boxed::Box<dyn for<'a, 'b> core[a373ad73a504971]::ops::function::Fn<(&'a std[617be2ca0a6fd877]::panic::PanicHookInfo<'b>,), Output = ()> + core[a373ad73a504971]::marker::Sync + core[a373ad73a504971]::marker::Send> as core[a373ad73a504971]::ops::function::Fn<(&std[617be2ca0a6fd877]::panic::PanicHookInfo,)>>::call
[INFO] [stdout]                                at /rustc/e3feeb59cd1bdd011a2bfcc0747b55125d9b8527/library/alloc/src/boxed.rs:2328:9
[INFO] [stdout]   14:     0x5580947fe932 - std[617be2ca0a6fd877]::panicking::panic_with_hook
[INFO] [stdout]                                at /rustc/e3feeb59cd1bdd011a2bfcc0747b55125d9b8527/library/std/src/panicking.rs:819:13
[INFO] [stdout]   15:     0x5580947e2012 - std[617be2ca0a6fd877]::panicking::panic_handler::{closure#0}
[INFO] [stdout]                                at /rustc/e3feeb59cd1bdd011a2bfcc0747b55125d9b8527/library/std/src/panicking.rs:685:13
[INFO] [stdout]   16:     0x5580947dad29 - std[617be2ca0a6fd877]::sys::backtrace::__rust_end_short_backtrace::<std[617be2ca0a6fd877]::panicking::panic_handler::{closure#0}, !>
[INFO] [stdout]                                at /rustc/e3feeb59cd1bdd011a2bfcc0747b55125d9b8527/library/std/src/sys/backtrace.rs:182:18
[INFO] [stdout]   17:     0x5580947e2c1d - __rustc[ea4f61d10b84890b]::rust_begin_unwind
[INFO] [stdout]                                at /rustc/e3feeb59cd1bdd011a2bfcc0747b55125d9b8527/library/std/src/panicking.rs:676:5
[INFO] [stdout]   18:     0x55809481bc1c - core[a373ad73a504971]::panicking::panic_fmt
[INFO] [stdout]                                at /rustc/e3feeb59cd1bdd011a2bfcc0747b55125d9b8527/library/core/src/panicking.rs:80:14
[INFO] [stdout]   19:     0x558094744b10 - <tk_pg_converter[c12106c492936e02]::unitary_comparison::TkCompareWorker>::new
[INFO] [stdout]                                at /opt/rustwide/cargo-home/registry/src/index.crates.io-1949cf8c6b5b557f/tk-pg-converter-0.1.1/src/unitary_comparison.rs:56:9
[INFO] [stdout]   20:     0x558094744547 - tk_pg_converter[c12106c492936e02]::unitary_comparison::compare_unitaries_with_worker::{closure#0}
[INFO] [stdout]                                at /opt/rustwide/cargo-home/registry/src/index.crates.io-1949cf8c6b5b557f/tk-pg-converter-0.1.1/src/unitary_comparison.rs:128:62
[INFO] [stdout]   21:     0x55809474b218 - <std[617be2ca0a6fd877]::sync::once_lock::OnceLock<std[617be2ca0a6fd877]::sync::poison::mutex::Mutex<tk_pg_converter[c12106c492936e02]::unitary_comparison::TkCompareWorker>>>::get_or_init::<tk_pg_converter[c12106c492936e02]::unitary_comparison::compare_unitaries_with_worker::{closure#0}>::{closure#0}
[INFO] [stdout]                                at /rustc/e3feeb59cd1bdd011a2bfcc0747b55125d9b8527/library/std/src/sync/once_lock.rs:350:50
[INFO] [stdout]   22:     0x55809474b187 - <std[617be2ca0a6fd877]::sync::once_lock::OnceLock<std[617be2ca0a6fd877]::sync::poison::mutex::Mutex<tk_pg_converter[c12106c492936e02]::unitary_comparison::TkCompareWorker>>>::initialize::<<std[617be2ca0a6fd877]::sync::once_lock::OnceLock<std[617be2ca0a6fd877]::sync::poison::mutex::Mutex<tk_pg_converter[c12106c492936e02]::unitary_comparison::TkCompareWorker>>>::get_or_init<tk_pg_converter[c12106c492936e02]::unitary_comparison::compare_unitaries_with_worker::{closure#0}>::{closure#0}, !>::{closure#0}
[INFO] [stdout]                                at /rustc/e3feeb59cd1bdd011a2bfcc0747b55125d9b8527/library/std/src/sync/once_lock.rs:572:19
[INFO] [stdout]   23:     0x558094735302 - <std[617be2ca0a6fd877]::sync::once::Once>::call_once_force::<<std[617be2ca0a6fd877]::sync::once_lock::OnceLock<std[617be2ca0a6fd877]::sync::poison::mutex::Mutex<tk_pg_converter[c12106c492936e02]::unitary_comparison::TkCompareWorker>>>::initialize<<std[617be2ca0a6fd877]::sync::once_lock::OnceLock<std[617be2ca0a6fd877]::sync::poison::mutex::Mutex<tk_pg_converter[c12106c492936e02]::unitary_comparison::TkCompareWorker>>>::get_or_init<tk_pg_converter[c12106c492936e02]::unitary_comparison::compare_unitaries_with_worker::{closure#0}>::{closure#0}, !>::{closure#0}>::{closure#0}
[INFO] [stdout]                                at /rustc/e3feeb59cd1bdd011a2bfcc0747b55125d9b8527/library/std/src/sync/once.rs:227:40
[INFO] [stdout]   24:     0x5580947e7c69 - <std[617be2ca0a6fd877]::sys::sync::once::futex::Once>::call
[INFO] [stdout]                                at /rustc/e3feeb59cd1bdd011a2bfcc0747b55125d9b8527/library/std/src/sys/sync/once/futex.rs:183:21
[INFO] [stdout]   25:     0x558094733b5a - <std[617be2ca0a6fd877]::sync::once::Once>::call_once_force::<<std[617be2ca0a6fd877]::sync::once_lock::OnceLock<std[617be2ca0a6fd877]::sync::poison::mutex::Mutex<tk_pg_converter[c12106c492936e02]::unitary_comparison::TkCompareWorker>>>::initialize<<std[617be2ca0a6fd877]::sync::once_lock::OnceLock<std[617be2ca0a6fd877]::sync::poison::mutex::Mutex<tk_pg_converter[c12106c492936e02]::unitary_comparison::TkCompareWorker>>>::get_or_init<tk_pg_converter[c12106c492936e02]::unitary_comparison::compare_unitaries_with_worker::{closure#0}>::{closure#0}, !>::{closure#0}>
[INFO] [stdout]                                at /rustc/e3feeb59cd1bdd011a2bfcc0747b55125d9b8527/library/std/src/sync/once.rs:227:20
[INFO] [stdout]   26:     0x558094748e2c - <std[617be2ca0a6fd877]::sync::once_lock::OnceLock<std[617be2ca0a6fd877]::sync::poison::mutex::Mutex<tk_pg_converter[c12106c492936e02]::unitary_comparison::TkCompareWorker>>>::initialize::<<std[617be2ca0a6fd877]::sync::once_lock::OnceLock<std[617be2ca0a6fd877]::sync::poison::mutex::Mutex<tk_pg_converter[c12106c492936e02]::unitary_comparison::TkCompareWorker>>>::get_or_init<tk_pg_converter[c12106c492936e02]::unitary_comparison::compare_unitaries_with_worker::{closure#0}>::{closure#0}, !>
[INFO] [stdout]                                at /rustc/e3feeb59cd1bdd011a2bfcc0747b55125d9b8527/library/std/src/sync/once_lock.rs:571:19
[INFO] [stdout]   27:     0x558094748eae - <std[617be2ca0a6fd877]::sync::once_lock::OnceLock<std[617be2ca0a6fd877]::sync::poison::mutex::Mutex<tk_pg_converter[c12106c492936e02]::unitary_comparison::TkCompareWorker>>>::get_or_try_init::<<std[617be2ca0a6fd877]::sync::once_lock::OnceLock<std[617be2ca0a6fd877]::sync::poison::mutex::Mutex<tk_pg_converter[c12106c492936e02]::unitary_comparison::TkCompareWorker>>>::get_or_init<tk_pg_converter[c12106c492936e02]::unitary_comparison::compare_unitaries_with_worker::{closure#0}>::{closure#0}, !>
[INFO] [stdout]                                at /rustc/e3feeb59cd1bdd011a2bfcc0747b55125d9b8527/library/std/src/sync/once_lock.rs:439:14
[INFO] [stdout]   28:     0x558094748e4e - <std[617be2ca0a6fd877]::sync::once_lock::OnceLock<std[617be2ca0a6fd877]::sync::poison::mutex::Mutex<tk_pg_converter[c12106c492936e02]::unitary_comparison::TkCompareWorker>>>::get_or_init::<tk_pg_converter[c12106c492936e02]::unitary_comparison::compare_unitaries_with_worker::{closure#0}>
[INFO] [stdout]                                at /rustc/e3feeb59cd1bdd011a2bfcc0747b55125d9b8527/library/std/src/sync/once_lock.rs:350:20
[INFO] [stdout]   29:     0x5580947466f5 - tk_pg_converter[c12106c492936e02]::unitary_comparison::compare_unitaries_with_worker
[INFO] [stdout]                                at /opt/rustwide/cargo-home/registry/src/index.crates.io-1949cf8c6b5b557f/tk-pg-converter-0.1.1/src/unitary_comparison.rs:128:36
[INFO] [stdout]   30:     0x558094746462 - tk_pg_converter[c12106c492936e02]::unitary_comparison::compare_unitaries_via_tk
[INFO] [stdout]                                at /opt/rustwide/cargo-home/registry/src/index.crates.io-1949cf8c6b5b557f/tk-pg-converter-0.1.1/src/unitary_comparison.rs:169:18
[INFO] [stdout]   31:     0x5580946aaaff - tk_pg_optimize[2175be898987c0d7]::rotation_merging::tests::test_rotation_cancellation
[INFO] [stdout]                                at /opt/rustwide/workdir/src/rotation_merging.rs:548:17
[INFO] [stdout]   32:     0x5580946a6f97 - tk_pg_optimize[2175be898987c0d7]::rotation_merging::tests::test_rotation_cancellation::{closure#0}
[INFO] [stdout]                                at /opt/rustwide/workdir/src/rotation_merging.rs:530:36
[INFO] [stdout]   33:     0x5580946d6e06 - <tk_pg_optimize[2175be898987c0d7]::rotation_merging::tests::test_rotation_cancellation::{closure#0} as core[a373ad73a504971]::ops::function::FnOnce<()>>::call_once
[INFO] [stdout]                                at /rustc/e3feeb59cd1bdd011a2bfcc0747b55125d9b8527/library/core/src/ops/function.rs:250:5
[INFO] [stdout]   34:     0x5580946d711b - <fn() -> core[a373ad73a504971]::result::Result<(), alloc[2e1b2a31b91974c5]::string::String> as core[a373ad73a504971]::ops::function::FnOnce<()>>::call_once
[INFO] [stdout]                                at /rustc/e3feeb59cd1bdd011a2bfcc0747b55125d9b8527/library/core/src/ops/function.rs:250:5
[INFO] [stdout]   35:     0x5580946d711b - test[aada8e7e76ba119b]::__rust_begin_short_backtrace::<core[a373ad73a504971]::result::Result<(), alloc[2e1b2a31b91974c5]::string::String>, fn() -> core[a373ad73a504971]::result::Result<(), alloc[2e1b2a31b91974c5]::string::String>>
[INFO] [stdout]                                at /rustc/e3feeb59cd1bdd011a2bfcc0747b55125d9b8527/library/test/src/lib.rs:701:18
[INFO] [stdout]   36:     0x5580946e42f5 - test[aada8e7e76ba119b]::run_test_in_process::{closure#0}
[INFO] [stdout]                                at /rustc/e3feeb59cd1bdd011a2bfcc0747b55125d9b8527/library/test/src/lib.rs:724:74
[INFO] [stdout]   37:     0x5580946e42f5 - <core[a373ad73a504971]::panic::unwind_safe::AssertUnwindSafe<test[aada8e7e76ba119b]::run_test_in_process::{closure#0}> as core[a373ad73a504971]::ops::function::FnOnce<()>>::call_once
[INFO] [stdout]                                at /rustc/e3feeb59cd1bdd011a2bfcc0747b55125d9b8527/library/core/src/panic/unwind_safe.rs:275:9
[INFO] [stdout]   38:     0x5580946e42f5 - std[617be2ca0a6fd877]::panicking::catch_unwind::do_call::<core[a373ad73a504971]::panic::unwind_safe::AssertUnwindSafe<test[aada8e7e76ba119b]::run_test_in_process::{closure#0}>, core[a373ad73a504971]::result::Result<(), alloc[2e1b2a31b91974c5]::string::String>>
[INFO] [stdout]                                at /rustc/e3feeb59cd1bdd011a2bfcc0747b55125d9b8527/library/std/src/panicking.rs:573:43
[INFO] [stdout]   39:     0x5580946e42f5 - std[617be2ca0a6fd877]::panicking::catch_unwind::<core[a373ad73a504971]::result::Result<(), alloc[2e1b2a31b91974c5]::string::String>, core[a373ad73a504971]::panic::unwind_safe::AssertUnwindSafe<test[aada8e7e76ba119b]::run_test_in_process::{closure#0}>>
[INFO] [stdout]                                at /rustc/e3feeb59cd1bdd011a2bfcc0747b55125d9b8527/library/std/src/panicking.rs:541:19
[INFO] [stdout]   40:     0x5580946e42f5 - std[617be2ca0a6fd877]::panic::catch_unwind::<core[a373ad73a504971]::panic::unwind_safe::AssertUnwindSafe<test[aada8e7e76ba119b]::run_test_in_process::{closure#0}>, core[a373ad73a504971]::result::Result<(), alloc[2e1b2a31b91974c5]::string::String>>
[INFO] [stdout]                                at /rustc/e3feeb59cd1bdd011a2bfcc0747b55125d9b8527/library/std/src/panic.rs:359:14
[INFO] [stdout]   41:     0x5580946e42f5 - test[aada8e7e76ba119b]::run_test_in_process
[INFO] [stdout]                                at /rustc/e3feeb59cd1bdd011a2bfcc0747b55125d9b8527/library/test/src/lib.rs:724:27
[INFO] [stdout]   42:     0x5580946e42f5 - test[aada8e7e76ba119b]::run_test::{closure#0}
[INFO] [stdout]                                at /rustc/e3feeb59cd1bdd011a2bfcc0747b55125d9b8527/library/test/src/lib.rs:645:43
[INFO] [stdout]   43:     0x5580946ddbe4 - test[aada8e7e76ba119b]::run_test::{closure#1}
[INFO] [stdout]                                at /rustc/e3feeb59cd1bdd011a2bfcc0747b55125d9b8527/library/test/src/lib.rs:675:41
[INFO] [stdout]   44:     0x5580946ddbe4 - std[617be2ca0a6fd877]::sys::backtrace::__rust_begin_short_backtrace::<test[aada8e7e76ba119b]::run_test::{closure#1}, ()>
[INFO] [stdout]                                at /rustc/e3feeb59cd1bdd011a2bfcc0747b55125d9b8527/library/std/src/sys/backtrace.rs:166:18
[INFO] [stdout]   45:     0x5580946e7382 - std[617be2ca0a6fd877]::thread::lifecycle::spawn_unchecked::<test[aada8e7e76ba119b]::run_test::{closure#1}, ()>::{closure#1}::{closure#0}
[INFO] [stdout]                                at /rustc/e3feeb59cd1bdd011a2bfcc0747b55125d9b8527/library/std/src/thread/lifecycle.rs:70:13
[INFO] [stdout]   46:     0x5580946e7382 - <core[a373ad73a504971]::panic::unwind_safe::AssertUnwindSafe<std[617be2ca0a6fd877]::thread::lifecycle::spawn_unchecked<test[aada8e7e76ba119b]::run_test::{closure#1}, ()>::{closure#1}::{closure#0}> as core[a373ad73a504971]::ops::function::FnOnce<()>>::call_once
[INFO] [stdout]                                at /rustc/e3feeb59cd1bdd011a2bfcc0747b55125d9b8527/library/core/src/panic/unwind_safe.rs:275:9
[INFO] [stdout]   47:     0x5580946e7382 - std[617be2ca0a6fd877]::panicking::catch_unwind::do_call::<core[a373ad73a504971]::panic::unwind_safe::AssertUnwindSafe<std[617be2ca0a6fd877]::thread::lifecycle::spawn_unchecked<test[aada8e7e76ba119b]::run_test::{closure#1}, ()>::{closure#1}::{closure#0}>, ()>
[INFO] [stdout]                                at /rustc/e3feeb59cd1bdd011a2bfcc0747b55125d9b8527/library/std/src/panicking.rs:573:43
[INFO] [stdout]   48:     0x5580946e7382 - std[617be2ca0a6fd877]::panicking::catch_unwind::<(), core[a373ad73a504971]::panic::unwind_safe::AssertUnwindSafe<std[617be2ca0a6fd877]::thread::lifecycle::spawn_unchecked<test[aada8e7e76ba119b]::run_test::{closure#1}, ()>::{closure#1}::{closure#0}>>
[INFO] [stdout]                                at /rustc/e3feeb59cd1bdd011a2bfcc0747b55125d9b8527/library/std/src/panicking.rs:541:19
[INFO] [stdout]   49:     0x5580946e7382 - std[617be2ca0a6fd877]::panic::catch_unwind::<core[a373ad73a504971]::panic::unwind_safe::AssertUnwindSafe<std[617be2ca0a6fd877]::thread::lifecycle::spawn_unchecked<test[aada8e7e76ba119b]::run_test::{closure#1}, ()>::{closure#1}::{closure#0}>, ()>
[INFO] [stdout]                                at /rustc/e3feeb59cd1bdd011a2bfcc0747b55125d9b8527/library/std/src/panic.rs:359:14
[INFO] [stdout]   50:     0x5580946e7382 - std[617be2ca0a6fd877]::thread::lifecycle::spawn_unchecked::<test[aada8e7e76ba119b]::run_test::{closure#1}, ()>::{closure#1}
[INFO] [stdout]                                at /rustc/e3feeb59cd1bdd011a2bfcc0747b55125d9b8527/library/std/src/thread/lifecycle.rs:68:26
[INFO] [stdout]   51:     0x5580946e7382 - <std[617be2ca0a6fd877]::thread::lifecycle::spawn_unchecked<test[aada8e7e76ba119b]::run_test::{closure#1}, ()>::{closure#1} as core[a373ad73a504971]::ops::function::FnOnce<()>>::call_once::{shim:vtable#0}
[INFO] [stdout]                                at /rustc/e3feeb59cd1bdd011a2bfcc0747b55125d9b8527/library/core/src/ops/function.rs:250:5
[INFO] [stdout]   52:     0x55809480593f - <alloc[2e1b2a31b91974c5]::boxed::Box<dyn core[a373ad73a504971]::ops::function::FnOnce<(), Output = ()> + core[a373ad73a504971]::marker::Send> as core[a373ad73a504971]::ops::function::FnOnce<()>>::call_once
[INFO] [stdout]                                at /rustc/e3feeb59cd1bdd011a2bfcc0747b55125d9b8527/library/alloc/src/boxed.rs:2314:9
[INFO] [stdout]   53:     0x55809480593f - <std[617be2ca0a6fd877]::sys::thread::unix::Thread>::new::thread_start
[INFO] [stdout]                                at /rustc/e3feeb59cd1bdd011a2bfcc0747b55125d9b8527/library/std/src/sys/thread/unix.rs:127:17
[INFO] [stdout]   54:     0x7e414ecf1dfa - <unknown>
[INFO] [stdout]   55:     0x7e414ed853d4 - clone
[INFO] [stdout]   56:                0x0 - <unknown>
[INFO] [stdout] 
[INFO] [stdout] ---- rotation_merging::tests::test_rotation_merging_v stdout ----
[INFO] [stdout] 
[INFO] [stdout] thread 'rotation_merging::tests::test_rotation_merging_v' (462) panicked at /opt/rustwide/cargo-home/registry/src/index.crates.io-1949cf8c6b5b557f/tk-pg-converter-0.1.1/src/unitary_comparison.rs:56:9:
[INFO] [stdout] No usable Python interpreter with `pytket` was found for the unitary comparison worker. Tried ["python", "python3"]:
[INFO] [stdout] `python`: could not be spawned (No such file or directory (os error 2))
[INFO] [stdout] `python3`: `import pytket` failed (exit status: 1):
[INFO] [stdout] Traceback (most recent call last):
[INFO] [stdout]   File "<string>", line 1, in <module>
[INFO] [stdout]     import pytket
[INFO] [stdout] ModuleNotFoundError: No module named 'pytket'
[INFO] [stdout] Install `pytket` in the environment, or set `PG_TK_PYTHON` to a Python interpreter that has it.
[INFO] [stdout] stack backtrace:
[INFO] [stdout]    0:     0x5580948060f1 - std[617be2ca0a6fd877]::backtrace_rs::backtrace::libunwind::trace
[INFO] [stdout]                                at /rustc/e3feeb59cd1bdd011a2bfcc0747b55125d9b8527/library/std/src/../../backtrace/src/backtrace/libunwind.rs:117:9
[INFO] [stdout]    1:     0x5580948060f1 - std[617be2ca0a6fd877]::backtrace_rs::backtrace::trace_unsynchronized::<std[617be2ca0a6fd877]::sys::backtrace::_print_fmt::{closure#1}>
[INFO] [stdout]                                at /rustc/e3feeb59cd1bdd011a2bfcc0747b55125d9b8527/library/std/src/../../backtrace/src/backtrace/mod.rs:66:14
[INFO] [stdout]    2:     0x5580948060f1 - std[617be2ca0a6fd877]::sys::backtrace::_print_fmt
[INFO] [stdout]                                at /rustc/e3feeb59cd1bdd011a2bfcc0747b55125d9b8527/library/std/src/sys/backtrace.rs:74:9
[INFO] [stdout]    3:     0x5580948060f1 - <<std[617be2ca0a6fd877]::sys::backtrace::BacktraceLock>::print::DisplayBacktrace as core[a373ad73a504971]::fmt::Display>::fmt
[INFO] [stdout]                                at /rustc/e3feeb59cd1bdd011a2bfcc0747b55125d9b8527/library/std/src/sys/backtrace.rs:44:26
[INFO] [stdout]    4:     0x55809481b42a - <core[a373ad73a504971]::fmt::rt::Argument>::fmt
[INFO] [stdout]                                at /rustc/e3feeb59cd1bdd011a2bfcc0747b55125d9b8527/library/core/src/fmt/rt.rs:152:76
[INFO] [stdout]    5:     0x55809481b42a - core[a373ad73a504971]::fmt::write
[INFO] [stdout]    6:     0x55809480a60c - core[a373ad73a504971]::io::write::default_write_fmt::<alloc[2e1b2a31b91974c5]::vec::Vec<u8>>
[INFO] [stdout]                                at /rustc/e3feeb59cd1bdd011a2bfcc0747b55125d9b8527/library/core/src/io/write.rs:402:11
[INFO] [stdout]    7:     0x55809480a60c - <alloc[2e1b2a31b91974c5]::vec::Vec<u8> as core[a373ad73a504971]::io::write::Write>::write_fmt
[INFO] [stdout]                                at /rustc/e3feeb59cd1bdd011a2bfcc0747b55125d9b8527/library/core/src/io/write.rs:335:13
[INFO] [stdout]    8:     0x5580947e1f66 - <std[617be2ca0a6fd877]::sys::backtrace::BacktraceLock>::print
[INFO] [stdout]                                at /rustc/e3feeb59cd1bdd011a2bfcc0747b55125d9b8527/library/std/src/sys/backtrace.rs:47:9
[INFO] [stdout]    9:     0x5580947e1f66 - std[617be2ca0a6fd877]::panicking::default_hook::{closure#0}
[INFO] [stdout]                                at /rustc/e3feeb59cd1bdd011a2bfcc0747b55125d9b8527/library/std/src/panicking.rs:289:27
[INFO] [stdout]   10:     0x5580947fe609 - std[617be2ca0a6fd877]::panicking::default_hook
[INFO] [stdout]                                at /rustc/e3feeb59cd1bdd011a2bfcc0747b55125d9b8527/library/std/src/panicking.rs:313:9
[INFO] [stdout]   11:     0x5580946e3cd0 - <alloc[2e1b2a31b91974c5]::boxed::Box<dyn for<'a, 'b> core[a373ad73a504971]::ops::function::Fn<(&'a std[617be2ca0a6fd877]::panic::PanicHookInfo<'b>,), Output = ()> + core[a373ad73a504971]::marker::Sync + core[a373ad73a504971]::marker::Send> as core[a373ad73a504971]::ops::function::Fn<(&std[617be2ca0a6fd877]::panic::PanicHookInfo,)>>::call
[INFO] [stdout]                                at /rustc/e3feeb59cd1bdd011a2bfcc0747b55125d9b8527/library/alloc/src/boxed.rs:2328:9
[INFO] [stdout]   12:     0x5580946e3cd0 - test[aada8e7e76ba119b]::test_main_inner::{closure#0}
[INFO] [stdout]                                at /rustc/e3feeb59cd1bdd011a2bfcc0747b55125d9b8527/library/test/src/lib.rs:137:21
[INFO] [stdout]   13:     0x5580947fe932 - <alloc[2e1b2a31b91974c5]::boxed::Box<dyn for<'a, 'b> core[a373ad73a504971]::ops::function::Fn<(&'a std[617be2ca0a6fd877]::panic::PanicHookInfo<'b>,), Output = ()> + core[a373ad73a504971]::marker::Sync + core[a373ad73a504971]::marker::Send> as core[a373ad73a504971]::ops::function::Fn<(&std[617be2ca0a6fd877]::panic::PanicHookInfo,)>>::call
[INFO] [stdout]                                at /rustc/e3feeb59cd1bdd011a2bfcc0747b55125d9b8527/library/alloc/src/boxed.rs:2328:9
[INFO] [stdout]   14:     0x5580947fe932 - std[617be2ca0a6fd877]::panicking::panic_with_hook
[INFO] [stdout]                                at /rustc/e3feeb59cd1bdd011a2bfcc0747b55125d9b8527/library/std/src/panicking.rs:819:13
[INFO] [stdout]   15:     0x5580947e2012 - std[617be2ca0a6fd877]::panicking::panic_handler::{closure#0}
[INFO] [stdout]                                at /rustc/e3feeb59cd1bdd011a2bfcc0747b55125d9b8527/library/std/src/panicking.rs:685:13
[INFO] [stdout]   16:     0x5580947dad29 - std[617be2ca0a6fd877]::sys::backtrace::__rust_end_short_backtrace::<std[617be2ca0a6fd877]::panicking::panic_handler::{closure#0}, !>
[INFO] [stdout]                                at /rustc/e3feeb59cd1bdd011a2bfcc0747b55125d9b8527/library/std/src/sys/backtrace.rs:182:18
[INFO] [stdout]   17:     0x5580947e2c1d - __rustc[ea4f61d10b84890b]::rust_begin_unwind
[INFO] [stdout]                                at /rustc/e3feeb59cd1bdd011a2bfcc0747b55125d9b8527/library/std/src/panicking.rs:676:5
[INFO] [stdout]   18:     0x55809481bc1c - core[a373ad73a504971]::panicking::panic_fmt
[INFO] [stdout]                                at /rustc/e3feeb59cd1bdd011a2bfcc0747b55125d9b8527/library/core/src/panicking.rs:80:14
[INFO] [stdout]   19:     0x558094744b10 - <tk_pg_converter[c12106c492936e02]::unitary_comparison::TkCompareWorker>::new
[INFO] [stdout]                                at /opt/rustwide/cargo-home/registry/src/index.crates.io-1949cf8c6b5b557f/tk-pg-converter-0.1.1/src/unitary_comparison.rs:56:9
[INFO] [stdout]   20:     0x558094744547 - tk_pg_converter[c12106c492936e02]::unitary_comparison::compare_unitaries_with_worker::{closure#0}
[INFO] [stdout]                                at /opt/rustwide/cargo-home/registry/src/index.crates.io-1949cf8c6b5b557f/tk-pg-converter-0.1.1/src/unitary_comparison.rs:128:62
[INFO] [stdout]   21:     0x55809474b218 - <std[617be2ca0a6fd877]::sync::once_lock::OnceLock<std[617be2ca0a6fd877]::sync::poison::mutex::Mutex<tk_pg_converter[c12106c492936e02]::unitary_comparison::TkCompareWorker>>>::get_or_init::<tk_pg_converter[c12106c492936e02]::unitary_comparison::compare_unitaries_with_worker::{closure#0}>::{closure#0}
[INFO] [stdout]                                at /rustc/e3feeb59cd1bdd011a2bfcc0747b55125d9b8527/library/std/src/sync/once_lock.rs:350:50
[INFO] [stdout]   22:     0x55809474b187 - <std[617be2ca0a6fd877]::sync::once_lock::OnceLock<std[617be2ca0a6fd877]::sync::poison::mutex::Mutex<tk_pg_converter[c12106c492936e02]::unitary_comparison::TkCompareWorker>>>::initialize::<<std[617be2ca0a6fd877]::sync::once_lock::OnceLock<std[617be2ca0a6fd877]::sync::poison::mutex::Mutex<tk_pg_converter[c12106c492936e02]::unitary_comparison::TkCompareWorker>>>::get_or_init<tk_pg_converter[c12106c492936e02]::unitary_comparison::compare_unitaries_with_worker::{closure#0}>::{closure#0}, !>::{closure#0}
[INFO] [stdout]                                at /rustc/e3feeb59cd1bdd011a2bfcc0747b55125d9b8527/library/std/src/sync/once_lock.rs:572:19
[INFO] [stdout]   23:     0x558094735302 - <std[617be2ca0a6fd877]::sync::once::Once>::call_once_force::<<std[617be2ca0a6fd877]::sync::once_lock::OnceLock<std[617be2ca0a6fd877]::sync::poison::mutex::Mutex<tk_pg_converter[c12106c492936e02]::unitary_comparison::TkCompareWorker>>>::initialize<<std[617be2ca0a6fd877]::sync::once_lock::OnceLock<std[617be2ca0a6fd877]::sync::poison::mutex::Mutex<tk_pg_converter[c12106c492936e02]::unitary_comparison::TkCompareWorker>>>::get_or_init<tk_pg_converter[c12106c492936e02]::unitary_comparison::compare_unitaries_with_worker::{closure#0}>::{closure#0}, !>::{closure#0}>::{closure#0}
[INFO] [stdout]                                at /rustc/e3feeb59cd1bdd011a2bfcc0747b55125d9b8527/library/std/src/sync/once.rs:227:40
[INFO] [stdout]   24:     0x5580947e7c69 - <std[617be2ca0a6fd877]::sys::sync::once::futex::Once>::call
[INFO] [stdout]                                at /rustc/e3feeb59cd1bdd011a2bfcc0747b55125d9b8527/library/std/src/sys/sync/once/futex.rs:183:21
[INFO] [stdout]   25:     0x558094733b5a - <std[617be2ca0a6fd877]::sync::once::Once>::call_once_force::<<std[617be2ca0a6fd877]::sync::once_lock::OnceLock<std[617be2ca0a6fd877]::sync::poison::mutex::Mutex<tk_pg_converter[c12106c492936e02]::unitary_comparison::TkCompareWorker>>>::initialize<<std[617be2ca0a6fd877]::sync::once_lock::OnceLock<std[617be2ca0a6fd877]::sync::poison::mutex::Mutex<tk_pg_converter[c12106c492936e02]::unitary_comparison::TkCompareWorker>>>::get_or_init<tk_pg_converter[c12106c492936e02]::unitary_comparison::compare_unitaries_with_worker::{closure#0}>::{closure#0}, !>::{closure#0}>
[INFO] [stdout]                                at /rustc/e3feeb59cd1bdd011a2bfcc0747b55125d9b8527/library/std/src/sync/once.rs:227:20
[INFO] [stdout]   26:     0x558094748e2c - <std[617be2ca0a6fd877]::sync::once_lock::OnceLock<std[617be2ca0a6fd877]::sync::poison::mutex::Mutex<tk_pg_converter[c12106c492936e02]::unitary_comparison::TkCompareWorker>>>::initialize::<<std[617be2ca0a6fd877]::sync::once_lock::OnceLock<std[617be2ca0a6fd877]::sync::poison::mutex::Mutex<tk_pg_converter[c12106c492936e02]::unitary_comparison::TkCompareWorker>>>::get_or_init<tk_pg_converter[c12106c492936e02]::unitary_comparison::compare_unitaries_with_worker::{closure#0}>::{closure#0}, !>
[INFO] [stdout]                                at /rustc/e3feeb59cd1bdd011a2bfcc0747b55125d9b8527/library/std/src/sync/once_lock.rs:571:19
[INFO] [stdout]   27:     0x558094748eae - <std[617be2ca0a6fd877]::sync::once_lock::OnceLock<std[617be2ca0a6fd877]::sync::poison::mutex::Mutex<tk_pg_converter[c12106c492936e02]::unitary_comparison::TkCompareWorker>>>::get_or_try_init::<<std[617be2ca0a6fd877]::sync::once_lock::OnceLock<std[617be2ca0a6fd877]::sync::poison::mutex::Mutex<tk_pg_converter[c12106c492936e02]::unitary_comparison::TkCompareWorker>>>::get_or_init<tk_pg_converter[c12106c492936e02]::unitary_comparison::compare_unitaries_with_worker::{closure#0}>::{closure#0}, !>
[INFO] [stdout]                                at /rustc/e3feeb59cd1bdd011a2bfcc0747b55125d9b8527/library/std/src/sync/once_lock.rs:439:14
[INFO] [stdout]   28:     0x558094748e4e - <std[617be2ca0a6fd877]::sync::once_lock::OnceLock<std[617be2ca0a6fd877]::sync::poison::mutex::Mutex<tk_pg_converter[c12106c492936e02]::unitary_comparison::TkCompareWorker>>>::get_or_init::<tk_pg_converter[c12106c492936e02]::unitary_comparison::compare_unitaries_with_worker::{closure#0}>
[INFO] [stdout]                                at /rustc/e3feeb59cd1bdd011a2bfcc0747b55125d9b8527/library/std/src/sync/once_lock.rs:350:20
[INFO] [stdout]   29:     0x5580947466f5 - tk_pg_converter[c12106c492936e02]::unitary_comparison::compare_unitaries_with_worker
[INFO] [stdout]                                at /opt/rustwide/cargo-home/registry/src/index.crates.io-1949cf8c6b5b557f/tk-pg-converter-0.1.1/src/unitary_comparison.rs:128:36
[INFO] [stdout]   30:     0x558094746462 - tk_pg_converter[c12106c492936e02]::unitary_comparison::compare_unitaries_via_tk
[INFO] [stdout]                                at /opt/rustwide/cargo-home/registry/src/index.crates.io-1949cf8c6b5b557f/tk-pg-converter-0.1.1/src/unitary_comparison.rs:169:18
[INFO] [stdout]   31:     0x5580946a9e5b - tk_pg_optimize[2175be898987c0d7]::rotation_merging::tests::test_rotation_merging_v
[INFO] [stdout]                                at /opt/rustwide/workdir/src/rotation_merging.rs:275:17
[INFO] [stdout]   32:     0x5580946a6f37 - tk_pg_optimize[2175be898987c0d7]::rotation_merging::tests::test_rotation_merging_v::{closure#0}
[INFO] [stdout]                                at /opt/rustwide/workdir/src/rotation_merging.rs:265:33
[INFO] [stdout]   33:     0x5580946d6dc6 - <tk_pg_optimize[2175be898987c0d7]::rotation_merging::tests::test_rotation_merging_v::{closure#0} as core[a373ad73a504971]::ops::function::FnOnce<()>>::call_once
[INFO] [stdout]                                at /rustc/e3feeb59cd1bdd011a2bfcc0747b55125d9b8527/library/core/src/ops/function.rs:250:5
[INFO] [stdout]   34:     0x5580946d711b - <fn() -> core[a373ad73a504971]::result::Result<(), alloc[2e1b2a31b91974c5]::string::String> as core[a373ad73a504971]::ops::function::FnOnce<()>>::call_once
[INFO] [stdout]                                at /rustc/e3feeb59cd1bdd011a2bfcc0747b55125d9b8527/library/core/src/ops/function.rs:250:5
[INFO] [stdout]   35:     0x5580946d711b - test[aada8e7e76ba119b]::__rust_begin_short_backtrace::<core[a373ad73a504971]::result::Result<(), alloc[2e1b2a31b91974c5]::string::String>, fn() -> core[a373ad73a504971]::result::Result<(), alloc[2e1b2a31b91974c5]::string::String>>
[INFO] [stdout]                                at /rustc/e3feeb59cd1bdd011a2bfcc0747b55125d9b8527/library/test/src/lib.rs:701:18
[INFO] [stdout]   36:     0x5580946e42f5 - test[aada8e7e76ba119b]::run_test_in_process::{closure#0}
[INFO] [stdout]                                at /rustc/e3feeb59cd1bdd011a2bfcc0747b55125d9b8527/library/test/src/lib.rs:724:74
[INFO] [stdout]   37:     0x5580946e42f5 - <core[a373ad73a504971]::panic::unwind_safe::AssertUnwindSafe<test[aada8e7e76ba119b]::run_test_in_process::{closure#0}> as core[a373ad73a504971]::ops::function::FnOnce<()>>::call_once
[INFO] [stdout]                                at /rustc/e3feeb59cd1bdd011a2bfcc0747b55125d9b8527/library/core/src/panic/unwind_safe.rs:275:9
[INFO] [stdout]   38:     0x5580946e42f5 - std[617be2ca0a6fd877]::panicking::catch_unwind::do_call::<core[a373ad73a504971]::panic::unwind_safe::AssertUnwindSafe<test[aada8e7e76ba119b]::run_test_in_process::{closure#0}>, core[a373ad73a504971]::result::Result<(), alloc[2e1b2a31b91974c5]::string::String>>
[INFO] [stdout]                                at /rustc/e3feeb59cd1bdd011a2bfcc0747b55125d9b8527/library/std/src/panicking.rs:573:43
[INFO] [stdout]   39:     0x5580946e42f5 - std[617be2ca0a6fd877]::panicking::catch_unwind::<core[a373ad73a504971]::result::Result<(), alloc[2e1b2a31b91974c5]::string::String>, core[a373ad73a504971]::panic::unwind_safe::AssertUnwindSafe<test[aada8e7e76ba119b]::run_test_in_process::{closure#0}>>
[INFO] [stdout]                                at /rustc/e3feeb59cd1bdd011a2bfcc0747b55125d9b8527/library/std/src/panicking.rs:541:19
[INFO] [stdout]   40:     0x5580946e42f5 - std[617be2ca0a6fd877]::panic::catch_unwind::<core[a373ad73a504971]::panic::unwind_safe::AssertUnwindSafe<test[aada8e7e76ba119b]::run_test_in_process::{closure#0}>, core[a373ad73a504971]::result::Result<(), alloc[2e1b2a31b91974c5]::string::String>>
[INFO] [stdout]                                at /rustc/e3feeb59cd1bdd011a2bfcc0747b55125d9b8527/library/std/src/panic.rs:359:14
[INFO] [stdout]   41:     0x5580946e42f5 - test[aada8e7e76ba119b]::run_test_in_process
[INFO] [stdout]                                at /rustc/e3feeb59cd1bdd011a2bfcc0747b55125d9b8527/library/test/src/lib.rs:724:27
[INFO] [stdout]   42:     0x5580946e42f5 - test[aada8e7e76ba119b]::run_test::{closure#0}
[INFO] [stdout]                                at /rustc/e3feeb59cd1bdd011a2bfcc0747b55125d9b8527/library/test/src/lib.rs:645:43
[INFO] [stdout]   43:     0x5580946ddbe4 - test[aada8e7e76ba119b]::run_test::{closure#1}
[INFO] [stdout]                                at /rustc/e3feeb59cd1bdd011a2bfcc0747b55125d9b8527/library/test/src/lib.rs:675:41
[INFO] [stdout]   44:     0x5580946ddbe4 - std[617be2ca0a6fd877]::sys::backtrace::__rust_begin_short_backtrace::<test[aada8e7e76ba119b]::run_test::{closure#1}, ()>
[INFO] [stdout]                                at /rustc/e3feeb59cd1bdd011a2bfcc0747b55125d9b8527/library/std/src/sys/backtrace.rs:166:18
[INFO] [stdout]   45:     0x5580946e7382 - std[617be2ca0a6fd877]::thread::lifecycle::spawn_unchecked::<test[aada8e7e76ba119b]::run_test::{closure#1}, ()>::{closure#1}::{closure#0}
[INFO] [stdout]                                at /rustc/e3feeb59cd1bdd011a2bfcc0747b55125d9b8527/library/std/src/thread/lifecycle.rs:70:13
[INFO] [stdout]   46:     0x5580946e7382 - <core[a373ad73a504971]::panic::unwind_safe::AssertUnwindSafe<std[617be2ca0a6fd877]::thread::lifecycle::spawn_unchecked<test[aada8e7e76ba119b]::run_test::{closure#1}, ()>::{closure#1}::{closure#0}> as core[a373ad73a504971]::ops::function::FnOnce<()>>::call_once
[INFO] [stdout]                                at /rustc/e3feeb59cd1bdd011a2bfcc0747b55125d9b8527/library/core/src/panic/unwind_safe.rs:275:9
[INFO] [stdout]   47:     0x5580946e7382 - std[617be2ca0a6fd877]::panicking::catch_unwind::do_call::<core[a373ad73a504971]::panic::unwind_safe::AssertUnwindSafe<std[617be2ca0a6fd877]::thread::lifecycle::spawn_unchecked<test[aada8e7e76ba119b]::run_test::{closure#1}, ()>::{closure#1}::{closure#0}>, ()>
[INFO] [stdout]                                at /rustc/e3feeb59cd1bdd011a2bfcc0747b55125d9b8527/library/std/src/panicking.rs:573:43
[INFO] [stdout]   48:     0x5580946e7382 - std[617be2ca0a6fd877]::panicking::catch_unwind::<(), core[a373ad73a504971]::panic::unwind_safe::AssertUnwindSafe<std[617be2ca0a6fd877]::thread::lifecycle::spawn_unchecked<test[aada8e7e76ba119b]::run_test::{closure#1}, ()>::{closure#1}::{closure#0}>>
[INFO] [stdout]                                at /rustc/e3feeb59cd1bdd011a2bfcc0747b55125d9b8527/library/std/src/panicking.rs:541:19
[INFO] [stdout]   49:     0x5580946e7382 - std[617be2ca0a6fd877]::panic::catch_unwind::<core[a373ad73a504971]::panic::unwind_safe::AssertUnwindSafe<std[617be2ca0a6fd877]::thread::lifecycle::spawn_unchecked<test[aada8e7e76ba119b]::run_test::{closure#1}, ()>::{closure#1}::{closure#0}>, ()>
[INFO] [stdout]                                at /rustc/e3feeb59cd1bdd011a2bfcc0747b55125d9b8527/library/std/src/panic.rs:359:14
[INFO] [stdout]   50:     0x5580946e7382 - std[617be2ca0a6fd877]::thread::lifecycle::spawn_unchecked::<test[aada8e7e76ba119b]::run_test::{closure#1}, ()>::{closure#1}
[INFO] [stdout]                                at /rustc/e3feeb59cd1bdd011a2bfcc0747b55125d9b8527/library/std/src/thread/lifecycle.rs:68:26
[INFO] [stdout]   51:     0x5580946e7382 - <std[617be2ca0a6fd877]::thread::lifecycle::spawn_unchecked<test[aada8e7e76ba119b]::run_test::{closure#1}, ()>::{closure#1} as core[a373ad73a504971]::ops::function::FnOnce<()>>::call_once::{shim:vtable#0}
[INFO] [stdout]                                at /rustc/e3feeb59cd1bdd011a2bfcc0747b55125d9b8527/library/core/src/ops/function.rs:250:5
[INFO] [stdout]   52:     0x55809480593f - <alloc[2e1b2a31b91974c5]::boxed::Box<dyn core[a373ad73a504971]::ops::function::FnOnce<(), Output = ()> + core[a373ad73a504971]::marker::Send> as core[a373ad73a504971]::ops::function::FnOnce<()>>::call_once
[INFO] [stdout]                                at /rustc/e3feeb59cd1bdd011a2bfcc0747b55125d9b8527/library/alloc/src/boxed.rs:2314:9
[INFO] [stdout]   53:     0x55809480593f - <std[617be2ca0a6fd877]::sys::thread::unix::Thread>::new::thread_start
[INFO] [stdout]                                at /rustc/e3feeb59cd1bdd011a2bfcc0747b55125d9b8527/library/std/src/sys/thread/unix.rs:127:17
[INFO] [stdout]   54:     0x7e414ecf1dfa - <unknown>
[INFO] [stdout]   55:     0x7e414ed853d4 - clone
[INFO] [stdout]   56:                0x0 - <unknown>
[INFO] [stdout] 
[INFO] [stdout] ---- rotation_merging::tests::test_rotation_merging stdout ----
[INFO] [stdout] 
[INFO] [stdout] thread 'rotation_merging::tests::test_rotation_merging' (459) panicked at /opt/rustwide/cargo-home/registry/src/index.crates.io-1949cf8c6b5b557f/tk-pg-converter-0.1.1/src/unitary_comparison.rs:56:9:
[INFO] [stdout] No usable Python interpreter with `pytket` was found for the unitary comparison worker. Tried ["python", "python3"]:
[INFO] [stdout] `python`: could not be spawned (No such file or directory (os error 2))
[INFO] [stdout] `python3`: `import pytket` failed (exit status: 1):
[INFO] [stdout] Traceback (most recent call last):
[INFO] [stdout]   File "<string>", line 1, in <module>
[INFO] [stdout]     import pytket
[INFO] [stdout] ModuleNotFoundError: No module named 'pytket'
[INFO] [stdout] Install `pytket` in the environment, or set `PG_TK_PYTHON` to a Python interpreter that has it.
[INFO] [stdout] stack backtrace:
[INFO] [stdout]    0:     0x5580948060f1 - std[617be2ca0a6fd877]::backtrace_rs::backtrace::libunwind::trace
[INFO] [stdout]                                at /rustc/e3feeb59cd1bdd011a2bfcc0747b55125d9b8527/library/std/src/../../backtrace/src/backtrace/libunwind.rs:117:9
[INFO] [stdout]    1:     0x5580948060f1 - std[617be2ca0a6fd877]::backtrace_rs::backtrace::trace_unsynchronized::<std[617be2ca0a6fd877]::sys::backtrace::_print_fmt::{closure#1}>
[INFO] [stdout]                                at /rustc/e3feeb59cd1bdd011a2bfcc0747b55125d9b8527/library/std/src/../../backtrace/src/backtrace/mod.rs:66:14
[INFO] [stdout]    2:     0x5580948060f1 - std[617be2ca0a6fd877]::sys::backtrace::_print_fmt
[INFO] [stdout]                                at /rustc/e3feeb59cd1bdd011a2bfcc0747b55125d9b8527/library/std/src/sys/backtrace.rs:74:9
[INFO] [stdout]    3:     0x5580948060f1 - <<std[617be2ca0a6fd877]::sys::backtrace::BacktraceLock>::print::DisplayBacktrace as core[a373ad73a504971]::fmt::Display>::fmt
[INFO] [stdout]                                at /rustc/e3feeb59cd1bdd011a2bfcc0747b55125d9b8527/library/std/src/sys/backtrace.rs:44:26
[INFO] [stdout]    4:     0x55809481b42a - <core[a373ad73a504971]::fmt::rt::Argument>::fmt
[INFO] [stdout]                                at /rustc/e3feeb59cd1bdd011a2bfcc0747b55125d9b8527/library/core/src/fmt/rt.rs:152:76
[INFO] [stdout]    5:     0x55809481b42a - core[a373ad73a504971]::fmt::write
[INFO] [stdout]    6:     0x55809480a60c - core[a373ad73a504971]::io::write::default_write_fmt::<alloc[2e1b2a31b91974c5]::vec::Vec<u8>>
[INFO] [stdout]                                at /rustc/e3feeb59cd1bdd011a2bfcc0747b55125d9b8527/library/core/src/io/write.rs:402:11
[INFO] [stdout]    7:     0x55809480a60c - <alloc[2e1b2a31b91974c5]::vec::Vec<u8> as core[a373ad73a504971]::io::write::Write>::write_fmt
[INFO] [stdout]                                at /rustc/e3feeb59cd1bdd011a2bfcc0747b55125d9b8527/library/core/src/io/write.rs:335:13
[INFO] [stdout]    8:     0x5580947e1f66 - <std[617be2ca0a6fd877]::sys::backtrace::BacktraceLock>::print
[INFO] [stdout]                                at /rustc/e3feeb59cd1bdd011a2bfcc0747b55125d9b8527/library/std/src/sys/backtrace.rs:47:9
[INFO] [stdout]    9:     0x5580947e1f66 - std[617be2ca0a6fd877]::panicking::default_hook::{closure#0}
[INFO] [stdout]                                at /rustc/e3feeb59cd1bdd011a2bfcc0747b55125d9b8527/library/std/src/panicking.rs:289:27
[INFO] [stdout]   10:     0x5580947fe609 - std[617be2ca0a6fd877]::panicking::default_hook
[INFO] [stdout]                                at /rustc/e3feeb59cd1bdd011a2bfcc0747b55125d9b8527/library/std/src/panicking.rs:313:9
[INFO] [stdout]   11:     0x5580946e3cd0 - <alloc[2e1b2a31b91974c5]::boxed::Box<dyn for<'a, 'b> core[a373ad73a504971]::ops::function::Fn<(&'a std[617be2ca0a6fd877]::panic::PanicHookInfo<'b>,), Output = ()> + core[a373ad73a504971]::marker::Sync + core[a373ad73a504971]::marker::Send> as core[a373ad73a504971]::ops::function::Fn<(&std[617be2ca0a6fd877]::panic::PanicHookInfo,)>>::call
[INFO] [stdout]                                at /rustc/e3feeb59cd1bdd011a2bfcc0747b55125d9b8527/library/alloc/src/boxed.rs:2328:9
[INFO] [stdout]   12:     0x5580946e3cd0 - test[aada8e7e76ba119b]::test_main_inner::{closure#0}
[INFO] [stdout]                                at /rustc/e3feeb59cd1bdd011a2bfcc0747b55125d9b8527/library/test/src/lib.rs:137:21
[INFO] [stdout]   13:     0x5580947fe932 - <alloc[2e1b2a31b91974c5]::boxed::Box<dyn for<'a, 'b> core[a373ad73a504971]::ops::function::Fn<(&'a std[617be2ca0a6fd877]::panic::PanicHookInfo<'b>,), Output = ()> + core[a373ad73a504971]::marker::Sync + core[a373ad73a504971]::marker::Send> as core[a373ad73a504971]::ops::function::Fn<(&std[617be2ca0a6fd877]::panic::PanicHookInfo,)>>::call
[INFO] [stdout]                                at /rustc/e3feeb59cd1bdd011a2bfcc0747b55125d9b8527/library/alloc/src/boxed.rs:2328:9
[INFO] [stdout]   14:     0x5580947fe932 - std[617be2ca0a6fd877]::panicking::panic_with_hook
[INFO] [stdout]                                at /rustc/e3feeb59cd1bdd011a2bfcc0747b55125d9b8527/library/std/src/panicking.rs:819:13
[INFO] [stdout]   15:     0x5580947e2012 - std[617be2ca0a6fd877]::panicking::panic_handler::{closure#0}
[INFO] [stdout]                                at /rustc/e3feeb59cd1bdd011a2bfcc0747b55125d9b8527/library/std/src/panicking.rs:685:13
[INFO] [stdout]   16:     0x5580947dad29 - std[617be2ca0a6fd877]::sys::backtrace::__rust_end_short_backtrace::<std[617be2ca0a6fd877]::panicking::panic_handler::{closure#0}, !>
[INFO] [stdout]                                at /rustc/e3feeb59cd1bdd011a2bfcc0747b55125d9b8527/library/std/src/sys/backtrace.rs:182:18
[INFO] [stdout]   17:     0x5580947e2c1d - __rustc[ea4f61d10b84890b]::rust_begin_unwind
[INFO] [stdout]                                at /rustc/e3feeb59cd1bdd011a2bfcc0747b55125d9b8527/library/std/src/panicking.rs:676:5
[INFO] [stdout]   18:     0x55809481bc1c - core[a373ad73a504971]::panicking::panic_fmt
[INFO] [stdout]                                at /rustc/e3feeb59cd1bdd011a2bfcc0747b55125d9b8527/library/core/src/panicking.rs:80:14
[INFO] [stdout]   19:     0x558094744b10 - <tk_pg_converter[c12106c492936e02]::unitary_comparison::TkCompareWorker>::new
[INFO] [stdout]                                at /opt/rustwide/cargo-home/registry/src/index.crates.io-1949cf8c6b5b557f/tk-pg-converter-0.1.1/src/unitary_comparison.rs:56:9
[INFO] [stdout]   20:     0x558094744547 - tk_pg_converter[c12106c492936e02]::unitary_comparison::compare_unitaries_with_worker::{closure#0}
[INFO] [stdout]                                at /opt/rustwide/cargo-home/registry/src/index.crates.io-1949cf8c6b5b557f/tk-pg-converter-0.1.1/src/unitary_comparison.rs:128:62
[INFO] [stdout]   21:     0x55809474b218 - <std[617be2ca0a6fd877]::sync::once_lock::OnceLock<std[617be2ca0a6fd877]::sync::poison::mutex::Mutex<tk_pg_converter[c12106c492936e02]::unitary_comparison::TkCompareWorker>>>::get_or_init::<tk_pg_converter[c12106c492936e02]::unitary_comparison::compare_unitaries_with_worker::{closure#0}>::{closure#0}
[INFO] [stdout]                                at /rustc/e3feeb59cd1bdd011a2bfcc0747b55125d9b8527/library/std/src/sync/once_lock.rs:350:50
[INFO] [stdout]   22:     0x55809474b187 - <std[617be2ca0a6fd877]::sync::once_lock::OnceLock<std[617be2ca0a6fd877]::sync::poison::mutex::Mutex<tk_pg_converter[c12106c492936e02]::unitary_comparison::TkCompareWorker>>>::initialize::<<std[617be2ca0a6fd877]::sync::once_lock::OnceLock<std[617be2ca0a6fd877]::sync::poison::mutex::Mutex<tk_pg_converter[c12106c492936e02]::unitary_comparison::TkCompareWorker>>>::get_or_init<tk_pg_converter[c12106c492936e02]::unitary_comparison::compare_unitaries_with_worker::{closure#0}>::{closure#0}, !>::{closure#0}
[INFO] [stdout]                                at /rustc/e3feeb59cd1bdd011a2bfcc0747b55125d9b8527/library/std/src/sync/once_lock.rs:572:19
[INFO] [stdout]   23:     0x558094735302 - <std[617be2ca0a6fd877]::sync::once::Once>::call_once_force::<<std[617be2ca0a6fd877]::sync::once_lock::OnceLock<std[617be2ca0a6fd877]::sync::poison::mutex::Mutex<tk_pg_converter[c12106c492936e02]::unitary_comparison::TkCompareWorker>>>::initialize<<std[617be2ca0a6fd877]::sync::once_lock::OnceLock<std[617be2ca0a6fd877]::sync::poison::mutex::Mutex<tk_pg_converter[c12106c492936e02]::unitary_comparison::TkCompareWorker>>>::get_or_init<tk_pg_converter[c12106c492936e02]::unitary_comparison::compare_unitaries_with_worker::{closure#0}>::{closure#0}, !>::{closure#0}>::{closure#0}
[INFO] [stdout]                                at /rustc/e3feeb59cd1bdd011a2bfcc0747b55125d9b8527/library/std/src/sync/once.rs:227:40
[INFO] [stdout]   24:     0x5580947e7c69 - <std[617be2ca0a6fd877]::sys::sync::once::futex::Once>::call
[INFO] [stdout]                                at /rustc/e3feeb59cd1bdd011a2bfcc0747b55125d9b8527/library/std/src/sys/sync/once/futex.rs:183:21
[INFO] [stdout]   25:     0x558094733b5a - <std[617be2ca0a6fd877]::sync::once::Once>::call_once_force::<<std[617be2ca0a6fd877]::sync::once_lock::OnceLock<std[617be2ca0a6fd877]::sync::poison::mutex::Mutex<tk_pg_converter[c12106c492936e02]::unitary_comparison::TkCompareWorker>>>::initialize<<std[617be2ca0a6fd877]::sync::once_lock::OnceLock<std[617be2ca0a6fd877]::sync::poison::mutex::Mutex<tk_pg_converter[c12106c492936e02]::unitary_comparison::TkCompareWorker>>>::get_or_init<tk_pg_converter[c12106c492936e02]::unitary_comparison::compare_unitaries_with_worker::{closure#0}>::{closure#0}, !>::{closure#0}>
[INFO] [stdout]                                at /rustc/e3feeb59cd1bdd011a2bfcc0747b55125d9b8527/library/std/src/sync/once.rs:227:20
[INFO] [stdout]   26:     0x558094748e2c - <std[617be2ca0a6fd877]::sync::once_lock::OnceLock<std[617be2ca0a6fd877]::sync::poison::mutex::Mutex<tk_pg_converter[c12106c492936e02]::unitary_comparison::TkCompareWorker>>>::initialize::<<std[617be2ca0a6fd877]::sync::once_lock::OnceLock<std[617be2ca0a6fd877]::sync::poison::mutex::Mutex<tk_pg_converter[c12106c492936e02]::unitary_comparison::TkCompareWorker>>>::get_or_init<tk_pg_converter[c12106c492936e02]::unitary_comparison::compare_unitaries_with_worker::{closure#0}>::{closure#0}, !>
[INFO] [stdout]                                at /rustc/e3feeb59cd1bdd011a2bfcc0747b55125d9b8527/library/std/src/sync/once_lock.rs:571:19
[INFO] [stdout]   27:     0x558094748eae - <std[617be2ca0a6fd877]::sync::once_lock::OnceLock<std[617be2ca0a6fd877]::sync::poison::mutex::Mutex<tk_pg_converter[c12106c492936e02]::unitary_comparison::TkCompareWorker>>>::get_or_try_init::<<std[617be2ca0a6fd877]::sync::once_lock::OnceLock<std[617be2ca0a6fd877]::sync::poison::mutex::Mutex<tk_pg_converter[c12106c492936e02]::unitary_comparison::TkCompareWorker>>>::get_or_init<tk_pg_converter[c12106c492936e02]::unitary_comparison::compare_unitaries_with_worker::{closure#0}>::{closure#0}, !>
[INFO] [stdout]                                at /rustc/e3feeb59cd1bdd011a2bfcc0747b55125d9b8527/library/std/src/sync/once_lock.rs:439:14
[INFO] [stdout]   28:     0x558094748e4e - <std[617be2ca0a6fd877]::sync::once_lock::OnceLock<std[617be2ca0a6fd877]::sync::poison::mutex::Mutex<tk_pg_converter[c12106c492936e02]::unitary_comparison::TkCompareWorker>>>::get_or_init::<tk_pg_converter[c12106c492936e02]::unitary_comparison::compare_unitaries_with_worker::{closure#0}>
[INFO] [stdout]                                at /rustc/e3feeb59cd1bdd011a2bfcc0747b55125d9b8527/library/std/src/sync/once_lock.rs:350:20
[INFO] [stdout]   29:     0x5580947466f5 - tk_pg_converter[c12106c492936e02]::unitary_comparison::compare_unitaries_with_worker
[INFO] [stdout]                                at /opt/rustwide/cargo-home/registry/src/index.crates.io-1949cf8c6b5b557f/tk-pg-converter-0.1.1/src/unitary_comparison.rs:128:36
[INFO] [stdout]   30:     0x558094746462 - tk_pg_converter[c12106c492936e02]::unitary_comparison::compare_unitaries_via_tk
[INFO] [stdout]                                at /opt/rustwide/cargo-home/registry/src/index.crates.io-1949cf8c6b5b557f/tk-pg-converter-0.1.1/src/unitary_comparison.rs:169:18
[INFO] [stdout]   31:     0x5580946a8460 - tk_pg_optimize[2175be898987c0d7]::rotation_merging::tests::test_rotation_merging
[INFO] [stdout]                                at /opt/rustwide/workdir/src/rotation_merging.rs:261:17
[INFO] [stdout]   32:     0x5580946a6ea7 - tk_pg_optimize[2175be898987c0d7]::rotation_merging::tests::test_rotation_merging::{closure#0}
[INFO] [stdout]                                at /opt/rustwide/workdir/src/rotation_merging.rs:245:31
[INFO] [stdout]   33:     0x5580946d6d66 - <tk_pg_optimize[2175be898987c0d7]::rotation_merging::tests::test_rotation_merging::{closure#0} as core[a373ad73a504971]::ops::function::FnOnce<()>>::call_once
[INFO] [stdout]                                at /rustc/e3feeb59cd1bdd011a2bfcc0747b55125d9b8527/library/core/src/ops/function.rs:250:5
[INFO] [stdout]   34:     0x5580946d711b - <fn() -> core[a373ad73a504971]::result::Result<(), alloc[2e1b2a31b91974c5]::string::String> as core[a373ad73a504971]::ops::function::FnOnce<()>>::call_once
[INFO] [stdout]                                at /rustc/e3feeb59cd1bdd011a2bfcc0747b55125d9b8527/library/core/src/ops/function.rs:250:5
[INFO] [stdout]   35:     0x5580946d711b - test[aada8e7e76ba119b]::__rust_begin_short_backtrace::<core[a373ad73a504971]::result::Result<(), alloc[2e1b2a31b91974c5]::string::String>, fn() -> core[a373ad73a504971]::result::Result<(), alloc[2e1b2a31b91974c5]::string::String>>
[INFO] [stdout]                                at /rustc/e3feeb59cd1bdd011a2bfcc0747b55125d9b8527/library/test/src/lib.rs:701:18
[INFO] [stdout]   36:     0x5580946e42f5 - test[aada8e7e76ba119b]::run_test_in_process::{closure#0}
[INFO] [stdout]                                at /rustc/e3feeb59cd1bdd011a2bfcc0747b55125d9b8527/library/test/src/lib.rs:724:74
[INFO] [stdout]   37:     0x5580946e42f5 - <core[a373ad73a504971]::panic::unwind_safe::AssertUnwindSafe<test[aada8e7e76ba119b]::run_test_in_process::{closure#0}> as core[a373ad73a504971]::ops::function::FnOnce<()>>::call_once
[INFO] [stdout]                                at /rustc/e3feeb59cd1bdd011a2bfcc0747b55125d9b8527/library/core/src/panic/unwind_safe.rs:275:9
[INFO] [stdout]   38:     0x5580946e42f5 - std[617be2ca0a6fd877]::panicking::catch_unwind::do_call::<core[a373ad73a504971]::panic::unwind_safe::AssertUnwindSafe<test[aada8e7e76ba119b]::run_test_in_process::{closure#0}>, core[a373ad73a504971]::result::Result<(), alloc[2e1b2a31b91974c5]::string::String>>
[INFO] [stdout]                                at /rustc/e3feeb59cd1bdd011a2bfcc0747b55125d9b8527/library/std/src/panicking.rs:573:43
[INFO] [stdout]   39:     0x5580946e42f5 - std[617be2ca0a6fd877]::panicking::catch_unwind::<core[a373ad73a504971]::result::Result<(), alloc[2e1b2a31b91974c5]::string::String>, core[a373ad73a504971]::panic::unwind_safe::AssertUnwindSafe<test[aada8e7e76ba119b]::run_test_in_process::{closure#0}>>
[INFO] [stdout]                                at /rustc/e3feeb59cd1bdd011a2bfcc0747b55125d9b8527/library/std/src/panicking.rs:541:19
[INFO] [stdout]   40:     0x5580946e42f5 - std[617be2ca0a6fd877]::panic::catch_unwind::<core[a373ad73a504971]::panic::unwind_safe::AssertUnwindSafe<test[aada8e7e76ba119b]::run_test_in_process::{closure#0}>, core[a373ad73a504971]::result::Result<(), alloc[2e1b2a31b91974c5]::string::String>>
[INFO] [stdout]                                at /rustc/e3feeb59cd1bdd011a2bfcc0747b55125d9b8527/library/std/src/panic.rs:359:14
[INFO] [stdout]   41:     0x5580946e42f5 - test[aada8e7e76ba119b]::run_test_in_process
[INFO] [stdout]                                at /rustc/e3feeb59cd1bdd011a2bfcc0747b55125d9b8527/library/test/src/lib.rs:724:27
[INFO] [stdout]   42:     0x5580946e42f5 - test[aada8e7e76ba119b]::run_test::{closure#0}
[INFO] [stdout]                                at /rustc/e3feeb59cd1bdd011a2bfcc0747b55125d9b8527/library/test/src/lib.rs:645:43
[INFO] [stdout]   43:     0x5580946ddbe4 - test[aada8e7e76ba119b]::run_test::{closure#1}
[INFO] [stdout]                                at /rustc/e3feeb59cd1bdd011a2bfcc0747b55125d9b8527/library/test/src/lib.rs:675:41
[INFO] [stdout]   44:     0x5580946ddbe4 - std[617be2ca0a6fd877]::sys::backtrace::__rust_begin_short_backtrace::<test[aada8e7e76ba119b]::run_test::{closure#1}, ()>
[INFO] [stdout]                                at /rustc/e3feeb59cd1bdd011a2bfcc0747b55125d9b8527/library/std/src/sys/backtrace.rs:166:18
[INFO] [stdout]   45:     0x5580946e7382 - std[617be2ca0a6fd877]::thread::lifecycle::spawn_unchecked::<test[aada8e7e76ba119b]::run_test::{closure#1}, ()>::{closure#1}::{closure#0}
[INFO] [stdout]                                at /rustc/e3feeb59cd1bdd011a2bfcc0747b55125d9b8527/library/std/src/thread/lifecycle.rs:70:13
[INFO] [stdout]   46:     0x5580946e7382 - <core[a373ad73a504971]::panic::unwind_safe::AssertUnwindSafe<std[617be2ca0a6fd877]::thread::lifecycle::spawn_unchecked<test[aada8e7e76ba119b]::run_test::{closure#1}, ()>::{closure#1}::{closure#0}> as core[a373ad73a504971]::ops::function::FnOnce<()>>::call_once
[INFO] [stdout]                                at /rustc/e3feeb59cd1bdd011a2bfcc0747b55125d9b8527/library/core/src/panic/unwind_safe.rs:275:9
[INFO] [stdout]   47:     0x5580946e7382 - std[617be2ca0a6fd877]::panicking::catch_unwind::do_call::<core[a373ad73a504971]::panic::unwind_safe::AssertUnwindSafe<std[617be2ca0a6fd877]::thread::lifecycle::spawn_unchecked<test[aada8e7e76ba119b]::run_test::{closure#1}, ()>::{closure#1}::{closure#0}>, ()>
[INFO] [stdout]                                at /rustc/e3feeb59cd1bdd011a2bfcc0747b55125d9b8527/library/std/src/panicking.rs:573:43
[INFO] [stdout]   48:     0x5580946e7382 - std[617be2ca0a6fd877]::panicking::catch_unwind::<(), core[a373ad73a504971]::panic::unwind_safe::AssertUnwindSafe<std[617be2ca0a6fd877]::thread::lifecycle::spawn_unchecked<test[aada8e7e76ba119b]::run_test::{closure#1}, ()>::{closure#1}::{closure#0}>>
[INFO] [stdout]                                at /rustc/e3feeb59cd1bdd011a2bfcc0747b55125d9b8527/library/std/src/panicking.rs:541:19
[INFO] [stdout]   49:     0x5580946e7382 - std[617be2ca0a6fd877]::panic::catch_unwind::<core[a373ad73a504971]::panic::unwind_safe::AssertUnwindSafe<std[617be2ca0a6fd877]::thread::lifecycle::spawn_unchecked<test[aada8e7e76ba119b]::run_test::{closure#1}, ()>::{closure#1}::{closure#0}>, ()>
[INFO] [stdout]                                at /rustc/e3feeb59cd1bdd011a2bfcc0747b55125d9b8527/library/std/src/panic.rs:359:14
[INFO] [stdout]   50:     0x5580946e7382 - std[617be2ca0a6fd877]::thread::lifecycle::spawn_unchecked::<test[aada8e7e76ba119b]::run_test::{closure#1}, ()>::{closure#1}
[INFO] [stdout]                                at /rustc/e3feeb59cd1bdd011a2bfcc0747b55125d9b8527/library/std/src/thread/lifecycle.rs:68:26
[INFO] [stdout]   51:     0x5580946e7382 - <std[617be2ca0a6fd877]::thread::lifecycle::spawn_unchecked<test[aada8e7e76ba119b]::run_test::{closure#1}, ()>::{closure#1} as core[a373ad73a504971]::ops::function::FnOnce<()>>::call_once::{shim:vtable#0}
[INFO] [stdout]                                at /rustc/e3feeb59cd1bdd011a2bfcc0747b55125d9b8527/library/core/src/ops/function.rs:250:5
[INFO] [stdout]   52:     0x55809480593f - <alloc[2e1b2a31b91974c5]::boxed::Box<dyn core[a373ad73a504971]::ops::function::FnOnce<(), Output = ()> + core[a373ad73a504971]::marker::Send> as core[a373ad73a504971]::ops::function::FnOnce<()>>::call_once
[INFO] [stdout]                                at /rustc/e3feeb59cd1bdd011a2bfcc0747b55125d9b8527/library/alloc/src/boxed.rs:2314:9
[INFO] [stdout]   53:     0x55809480593f - <std[617be2ca0a6fd877]::sys::thread::unix::Thread>::new::thread_start
[INFO] [stdout]                                at /rustc/e3feeb59cd1bdd011a2bfcc0747b55125d9b8527/library/std/src/sys/thread/unix.rs:127:17
[INFO] [stdout]   54:     0x7e414ecf1dfa - <unknown>
[INFO] [stdout]   55:     0x7e414ed853d4 - clone
[INFO] [stdout]   56:                0x0 - <unknown>
[INFO] [stdout] 
[INFO] [stdout] ---- rotation_merging::tests::test_preserving_tableau stdout ----
[INFO] [stdout] 
[INFO] [stdout] thread 'rotation_merging::tests::test_preserving_tableau' (455) panicked at /opt/rustwide/cargo-home/registry/src/index.crates.io-1949cf8c6b5b557f/tk-pg-converter-0.1.1/src/unitary_comparison.rs:56:9:
[INFO] [stdout] No usable Python interpreter with `pytket` was found for the unitary comparison worker. Tried ["python", "python3"]:
[INFO] [stdout] `python`: could not be spawned (No such file or directory (os error 2))
[INFO] [stdout] `python3`: `import pytket` failed (exit status: 1):
[INFO] [stdout] Traceback (most recent call last):
[INFO] [stdout]   File "<string>", line 1, in <module>
[INFO] [stdout]     import pytket
[INFO] [stdout] ModuleNotFoundError: No module named 'pytket'
[INFO] [stdout] Install `pytket` in the environment, or set `PG_TK_PYTHON` to a Python interpreter that has it.
[INFO] [stdout] stack backtrace:
[INFO] [stdout]    0:     0x5580948060f1 - std[617be2ca0a6fd877]::backtrace_rs::backtrace::libunwind::trace
[INFO] [stdout]                                at /rustc/e3feeb59cd1bdd011a2bfcc0747b55125d9b8527/library/std/src/../../backtrace/src/backtrace/libunwind.rs:117:9
[INFO] [stdout]    1:     0x5580948060f1 - std[617be2ca0a6fd877]::backtrace_rs::backtrace::trace_unsynchronized::<std[617be2ca0a6fd877]::sys::backtrace::_print_fmt::{closure#1}>
[INFO] [stdout]                                at /rustc/e3feeb59cd1bdd011a2bfcc0747b55125d9b8527/library/std/src/../../backtrace/src/backtrace/mod.rs:66:14
[INFO] [stdout]    2:     0x5580948060f1 - std[617be2ca0a6fd877]::sys::backtrace::_print_fmt
[INFO] [stdout]                                at /rustc/e3feeb59cd1bdd011a2bfcc0747b55125d9b8527/library/std/src/sys/backtrace.rs:74:9
[INFO] [stdout]    3:     0x5580948060f1 - <<std[617be2ca0a6fd877]::sys::backtrace::BacktraceLock>::print::DisplayBacktrace as core[a373ad73a504971]::fmt::Display>::fmt
[INFO] [stdout]                                at /rustc/e3feeb59cd1bdd011a2bfcc0747b55125d9b8527/library/std/src/sys/backtrace.rs:44:26
[INFO] [stdout]    4:     0x55809481b42a - <core[a373ad73a504971]::fmt::rt::Argument>::fmt
[INFO] [stdout]                                at /rustc/e3feeb59cd1bdd011a2bfcc0747b55125d9b8527/library/core/src/fmt/rt.rs:152:76
[INFO] [stdout]    5:     0x55809481b42a - core[a373ad73a504971]::fmt::write
[INFO] [stdout]    6:     0x55809480a60c - core[a373ad73a504971]::io::write::default_write_fmt::<alloc[2e1b2a31b91974c5]::vec::Vec<u8>>
[INFO] [stdout]                                at /rustc/e3feeb59cd1bdd011a2bfcc0747b55125d9b8527/library/core/src/io/write.rs:402:11
[INFO] [stdout]    7:     0x55809480a60c - <alloc[2e1b2a31b91974c5]::vec::Vec<u8> as core[a373ad73a504971]::io::write::Write>::write_fmt
[INFO] [stdout]                                at /rustc/e3feeb59cd1bdd011a2bfcc0747b55125d9b8527/library/core/src/io/write.rs:335:13
[INFO] [stdout]    8:     0x5580947e1f66 - <std[617be2ca0a6fd877]::sys::backtrace::BacktraceLock>::print
[INFO] [stdout]                                at /rustc/e3feeb59cd1bdd011a2bfcc0747b55125d9b8527/library/std/src/sys/backtrace.rs:47:9
[INFO] [stdout]    9:     0x5580947e1f66 - std[617be2ca0a6fd877]::panicking::default_hook::{closure#0}
[INFO] [stdout]                                at /rustc/e3feeb59cd1bdd011a2bfcc0747b55125d9b8527/library/std/src/panicking.rs:289:27
[INFO] [stdout]   10:     0x5580947fe609 - std[617be2ca0a6fd877]::panicking::default_hook
[INFO] [stdout]                                at /rustc/e3feeb59cd1bdd011a2bfcc0747b55125d9b8527/library/std/src/panicking.rs:313:9
[INFO] [stdout]   11:     0x5580946e3cd0 - <alloc[2e1b2a31b91974c5]::boxed::Box<dyn for<'a, 'b> core[a373ad73a504971]::ops::function::Fn<(&'a std[617be2ca0a6fd877]::panic::PanicHookInfo<'b>,), Output = ()> + core[a373ad73a504971]::marker::Sync + core[a373ad73a504971]::marker::Send> as core[a373ad73a504971]::ops::function::Fn<(&std[617be2ca0a6fd877]::panic::PanicHookInfo,)>>::call
[INFO] [stdout]                                at /rustc/e3feeb59cd1bdd011a2bfcc0747b55125d9b8527/library/alloc/src/boxed.rs:2328:9
[INFO] [stdout]   12:     0x5580946e3cd0 - test[aada8e7e76ba119b]::test_main_inner::{closure#0}
[INFO] [stdout]                                at /rustc/e3feeb59cd1bdd011a2bfcc0747b55125d9b8527/library/test/src/lib.rs:137:21
[INFO] [stdout]   13:     0x5580947fe932 - <alloc[2e1b2a31b91974c5]::boxed::Box<dyn for<'a, 'b> core[a373ad73a504971]::ops::function::Fn<(&'a std[617be2ca0a6fd877]::panic::PanicHookInfo<'b>,), Output = ()> + core[a373ad73a504971]::marker::Sync + core[a373ad73a504971]::marker::Send> as core[a373ad73a504971]::ops::function::Fn<(&std[617be2ca0a6fd877]::panic::PanicHookInfo,)>>::call
[INFO] [stdout]                                at /rustc/e3feeb59cd1bdd011a2bfcc0747b55125d9b8527/library/alloc/src/boxed.rs:2328:9
[INFO] [stdout]   14:     0x5580947fe932 - std[617be2ca0a6fd877]::panicking::panic_with_hook
[INFO] [stdout]                                at /rustc/e3feeb59cd1bdd011a2bfcc0747b55125d9b8527/library/std/src/panicking.rs:819:13
[INFO] [stdout]   15:     0x5580947e2012 - std[617be2ca0a6fd877]::panicking::panic_handler::{closure#0}
[INFO] [stdout]                                at /rustc/e3feeb59cd1bdd011a2bfcc0747b55125d9b8527/library/std/src/panicking.rs:685:13
[INFO] [stdout]   16:     0x5580947dad29 - std[617be2ca0a6fd877]::sys::backtrace::__rust_end_short_backtrace::<std[617be2ca0a6fd877]::panicking::panic_handler::{closure#0}, !>
[INFO] [stdout]                                at /rustc/e3feeb59cd1bdd011a2bfcc0747b55125d9b8527/library/std/src/sys/backtrace.rs:182:18
[INFO] [stdout]   17:     0x5580947e2c1d - __rustc[ea4f61d10b84890b]::rust_begin_unwind
[INFO] [stdout]                                at /rustc/e3feeb59cd1bdd011a2bfcc0747b55125d9b8527/library/std/src/panicking.rs:676:5
[INFO] [stdout]   18:     0x55809481bc1c - core[a373ad73a504971]::panicking::panic_fmt
[INFO] [stdout]                                at /rustc/e3feeb59cd1bdd011a2bfcc0747b55125d9b8527/library/core/src/panicking.rs:80:14
[INFO] [stdout]   19:     0x558094744b10 - <tk_pg_converter[c12106c492936e02]::unitary_comparison::TkCompareWorker>::new
[INFO] [stdout]                                at /opt/rustwide/cargo-home/registry/src/index.crates.io-1949cf8c6b5b557f/tk-pg-converter-0.1.1/src/unitary_comparison.rs:56:9
[INFO] [stdout]   20:     0x558094744547 - tk_pg_converter[c12106c492936e02]::unitary_comparison::compare_unitaries_with_worker::{closure#0}
[INFO] [stdout]                                at /opt/rustwide/cargo-home/registry/src/index.crates.io-1949cf8c6b5b557f/tk-pg-converter-0.1.1/src/unitary_comparison.rs:128:62
[INFO] [stdout]   21:     0x55809474b218 - <std[617be2ca0a6fd877]::sync::once_lock::OnceLock<std[617be2ca0a6fd877]::sync::poison::mutex::Mutex<tk_pg_converter[c12106c492936e02]::unitary_comparison::TkCompareWorker>>>::get_or_init::<tk_pg_converter[c12106c492936e02]::unitary_comparison::compare_unitaries_with_worker::{closure#0}>::{closure#0}
[INFO] [stdout]                                at /rustc/e3feeb59cd1bdd011a2bfcc0747b55125d9b8527/library/std/src/sync/once_lock.rs:350:50
[INFO] [stdout]   22:     0x55809474b187 - <std[617be2ca0a6fd877]::sync::once_lock::OnceLock<std[617be2ca0a6fd877]::sync::poison::mutex::Mutex<tk_pg_converter[c12106c492936e02]::unitary_comparison::TkCompareWorker>>>::initialize::<<std[617be2ca0a6fd877]::sync::once_lock::OnceLock<std[617be2ca0a6fd877]::sync::poison::mutex::Mutex<tk_pg_converter[c12106c492936e02]::unitary_comparison::TkCompareWorker>>>::get_or_init<tk_pg_converter[c12106c492936e02]::unitary_comparison::compare_unitaries_with_worker::{closure#0}>::{closure#0}, !>::{closure#0}
[INFO] [stdout]                                at /rustc/e3feeb59cd1bdd011a2bfcc0747b55125d9b8527/library/std/src/sync/once_lock.rs:572:19
[INFO] [stdout]   23:     0x558094735302 - <std[617be2ca0a6fd877]::sync::once::Once>::call_once_force::<<std[617be2ca0a6fd877]::sync::once_lock::OnceLock<std[617be2ca0a6fd877]::sync::poison::mutex::Mutex<tk_pg_converter[c12106c492936e02]::unitary_comparison::TkCompareWorker>>>::initialize<<std[617be2ca0a6fd877]::sync::once_lock::OnceLock<std[617be2ca0a6fd877]::sync::poison::mutex::Mutex<tk_pg_converter[c12106c492936e02]::unitary_comparison::TkCompareWorker>>>::get_or_init<tk_pg_converter[c12106c492936e02]::unitary_comparison::compare_unitaries_with_worker::{closure#0}>::{closure#0}, !>::{closure#0}>::{closure#0}
[INFO] [stdout]                                at /rustc/e3feeb59cd1bdd011a2bfcc0747b55125d9b8527/library/std/src/sync/once.rs:227:40
[INFO] [stdout]   24:     0x5580947e7c69 - <std[617be2ca0a6fd877]::sys::sync::once::futex::Once>::call
[INFO] [stdout]                                at /rustc/e3feeb59cd1bdd011a2bfcc0747b55125d9b8527/library/std/src/sys/sync/once/futex.rs:183:21
[INFO] [stdout]   25:     0x558094733b5a - <std[617be2ca0a6fd877]::sync::once::Once>::call_once_force::<<std[617be2ca0a6fd877]::sync::once_lock::OnceLock<std[617be2ca0a6fd877]::sync::poison::mutex::Mutex<tk_pg_converter[c12106c492936e02]::unitary_comparison::TkCompareWorker>>>::initialize<<std[617be2ca0a6fd877]::sync::once_lock::OnceLock<std[617be2ca0a6fd877]::sync::poison::mutex::Mutex<tk_pg_converter[c12106c492936e02]::unitary_comparison::TkCompareWorker>>>::get_or_init<tk_pg_converter[c12106c492936e02]::unitary_comparison::compare_unitaries_with_worker::{closure#0}>::{closure#0}, !>::{closure#0}>
[INFO] [stdout]                                at /rustc/e3feeb59cd1bdd011a2bfcc0747b55125d9b8527/library/std/src/sync/once.rs:227:20
[INFO] [stdout]   26:     0x558094748e2c - <std[617be2ca0a6fd877]::sync::once_lock::OnceLock<std[617be2ca0a6fd877]::sync::poison::mutex::Mutex<tk_pg_converter[c12106c492936e02]::unitary_comparison::TkCompareWorker>>>::initialize::<<std[617be2ca0a6fd877]::sync::once_lock::OnceLock<std[617be2ca0a6fd877]::sync::poison::mutex::Mutex<tk_pg_converter[c12106c492936e02]::unitary_comparison::TkCompareWorker>>>::get_or_init<tk_pg_converter[c12106c492936e02]::unitary_comparison::compare_unitaries_with_worker::{closure#0}>::{closure#0}, !>
[INFO] [stdout]                                at /rustc/e3feeb59cd1bdd011a2bfcc0747b55125d9b8527/library/std/src/sync/once_lock.rs:571:19
[INFO] [stdout]   27:     0x558094748eae - <std[617be2ca0a6fd877]::sync::once_lock::OnceLock<std[617be2ca0a6fd877]::sync::poison::mutex::Mutex<tk_pg_converter[c12106c492936e02]::unitary_comparison::TkCompareWorker>>>::get_or_try_init::<<std[617be2ca0a6fd877]::sync::once_lock::OnceLock<std[617be2ca0a6fd877]::sync::poison::mutex::Mutex<tk_pg_converter[c12106c492936e02]::unitary_comparison::TkCompareWorker>>>::get_or_init<tk_pg_converter[c12106c492936e02]::unitary_comparison::compare_unitaries_with_worker::{closure#0}>::{closure#0}, !>
[INFO] [stdout]                                at /rustc/e3feeb59cd1bdd011a2bfcc0747b55125d9b8527/library/std/src/sync/once_lock.rs:439:14
[INFO] [stdout]   28:     0x558094748e4e - <std[617be2ca0a6fd877]::sync::once_lock::OnceLock<std[617be2ca0a6fd877]::sync::poison::mutex::Mutex<tk_pg_converter[c12106c492936e02]::unitary_comparison::TkCompareWorker>>>::get_or_init::<tk_pg_converter[c12106c492936e02]::unitary_comparison::compare_unitaries_with_worker::{closure#0}>
[INFO] [stdout]                                at /rustc/e3feeb59cd1bdd011a2bfcc0747b55125d9b8527/library/std/src/sync/once_lock.rs:350:20
[INFO] [stdout]   29:     0x5580947466f5 - tk_pg_converter[c12106c492936e02]::unitary_comparison::compare_unitaries_with_worker
[INFO] [stdout]                                at /opt/rustwide/cargo-home/registry/src/index.crates.io-1949cf8c6b5b557f/tk-pg-converter-0.1.1/src/unitary_comparison.rs:128:36
[INFO] [stdout]   30:     0x558094746462 - tk_pg_converter[c12106c492936e02]::unitary_comparison::compare_unitaries_via_tk
[INFO] [stdout]                                at /opt/rustwide/cargo-home/registry/src/index.crates.io-1949cf8c6b5b557f/tk-pg-converter-0.1.1/src/unitary_comparison.rs:169:18
[INFO] [stdout]   31:     0x5580946a9948 - tk_pg_optimize[2175be898987c0d7]::rotation_merging::tests::test_preserving_tableau
[INFO] [stdout]                                at /opt/rustwide/workdir/src/rotation_merging.rs:461:17
[INFO] [stdout]   32:     0x5580946a6f07 - tk_pg_optimize[2175be898987c0d7]::rotation_merging::tests::test_preserving_tableau::{closure#0}
[INFO] [stdout]                                at /opt/rustwide/workdir/src/rotation_merging.rs:446:33
[INFO] [stdout]   33:     0x5580946d6da6 - <tk_pg_optimize[2175be898987c0d7]::rotation_merging::tests::test_preserving_tableau::{closure#0} as core[a373ad73a504971]::ops::function::FnOnce<()>>::call_once
[INFO] [stdout]                                at /rustc/e3feeb59cd1bdd011a2bfcc0747b55125d9b8527/library/core/src/ops/function.rs:250:5
[INFO] [stdout]   34:     0x5580946d711b - <fn() -> core[a373ad73a504971]::result::Result<(), alloc[2e1b2a31b91974c5]::string::String> as core[a373ad73a504971]::ops::function::FnOnce<()>>::call_once
[INFO] [stdout]                                at /rustc/e3feeb59cd1bdd011a2bfcc0747b55125d9b8527/library/core/src/ops/function.rs:250:5
[INFO] [stdout]   35:     0x5580946d711b - test[aada8e7e76ba119b]::__rust_begin_short_backtrace::<core[a373ad73a504971]::result::Result<(), alloc[2e1b2a31b91974c5]::string::String>, fn() -> core[a373ad73a504971]::result::Result<(), alloc[2e1b2a31b91974c5]::string::String>>
[INFO] [stdout]                                at /rustc/e3feeb59cd1bdd011a2bfcc0747b55125d9b8527/library/test/src/lib.rs:701:18
[INFO] [stdout]   36:     0x5580946e42f5 - test[aada8e7e76ba119b]::run_test_in_process::{closure#0}
[INFO] [stdout]                                at /rustc/e3feeb59cd1bdd011a2bfcc0747b55125d9b8527/library/test/src/lib.rs:724:74
[INFO] [stdout]   37:     0x5580946e42f5 - <core[a373ad73a504971]::panic::unwind_safe::AssertUnwindSafe<test[aada8e7e76ba119b]::run_test_in_process::{closure#0}> as core[a373ad73a504971]::ops::function::FnOnce<()>>::call_once
[INFO] [stdout]                                at /rustc/e3feeb59cd1bdd011a2bfcc0747b55125d9b8527/library/core/src/panic/unwind_safe.rs:275:9
[INFO] [stdout]   38:     0x5580946e42f5 - std[617be2ca0a6fd877]::panicking::catch_unwind::do_call::<core[a373ad73a504971]::panic::unwind_safe::AssertUnwindSafe<test[aada8e7e76ba119b]::run_test_in_process::{closure#0}>, core[a373ad73a504971]::result::Result<(), alloc[2e1b2a31b91974c5]::string::String>>
[INFO] [stdout]                                at /rustc/e3feeb59cd1bdd011a2bfcc0747b55125d9b8527/library/std/src/panicking.rs:573:43
[INFO] [stdout]   39:     0x5580946e42f5 - std[617be2ca0a6fd877]::panicking::catch_unwind::<core[a373ad73a504971]::result::Result<(), alloc[2e1b2a31b91974c5]::string::String>, core[a373ad73a504971]::panic::unwind_safe::AssertUnwindSafe<test[aada8e7e76ba119b]::run_test_in_process::{closure#0}>>
[INFO] [stdout]                                at /rustc/e3feeb59cd1bdd011a2bfcc0747b55125d9b8527/library/std/src/panicking.rs:541:19
[INFO] [stdout]   40:     0x5580946e42f5 - std[617be2ca0a6fd877]::panic::catch_unwind::<core[a373ad73a504971]::panic::unwind_safe::AssertUnwindSafe<test[aada8e7e76ba119b]::run_test_in_process::{closure#0}>, core[a373ad73a504971]::result::Result<(), alloc[2e1b2a31b91974c5]::string::String>>
[INFO] [stdout]                                at /rustc/e3feeb59cd1bdd011a2bfcc0747b55125d9b8527/library/std/src/panic.rs:359:14
[INFO] [stdout]   41:     0x5580946e42f5 - test[aada8e7e76ba119b]::run_test_in_process
[INFO] [stdout]                                at /rustc/e3feeb59cd1bdd011a2bfcc0747b55125d9b8527/library/test/src/lib.rs:724:27
[INFO] [stdout]   42:     0x5580946e42f5 - test[aada8e7e76ba119b]::run_test::{closure#0}
[INFO] [stdout]                                at /rustc/e3feeb59cd1bdd011a2bfcc0747b55125d9b8527/library/test/src/lib.rs:645:43
[INFO] [stdout]   43:     0x5580946ddbe4 - test[aada8e7e76ba119b]::run_test::{closure#1}
[INFO] [stdout]                                at /rustc/e3feeb59cd1bdd011a2bfcc0747b55125d9b8527/library/test/src/lib.rs:675:41
[INFO] [stdout]   44:     0x5580946ddbe4 - std[617be2ca0a6fd877]::sys::backtrace::__rust_begin_short_backtrace::<test[aada8e7e76ba119b]::run_test::{closure#1}, ()>
[INFO] [stdout]                                at /rustc/e3feeb59cd1bdd011a2bfcc0747b55125d9b8527/library/std/src/sys/backtrace.rs:166:18
[INFO] [stdout]   45:     0x5580946e7382 - std[617be2ca0a6fd877]::thread::lifecycle::spawn_unchecked::<test[aada8e7e76ba119b]::run_test::{closure#1}, ()>::{closure#1}::{closure#0}
[INFO] [stdout]                                at /rustc/e3feeb59cd1bdd011a2bfcc0747b55125d9b8527/library/std/src/thread/lifecycle.rs:70:13
[INFO] [stdout]   46:     0x5580946e7382 - <core[a373ad73a504971]::panic::unwind_safe::AssertUnwindSafe<std[617be2ca0a6fd877]::thread::lifecycle::spawn_unchecked<test[aada8e7e76ba119b]::run_test::{closure#1}, ()>::{closure#1}::{closure#0}> as core[a373ad73a504971]::ops::function::FnOnce<()>>::call_once
[INFO] [stdout]                                at /rustc/e3feeb59cd1bdd011a2bfcc0747b55125d9b8527/library/core/src/panic/unwind_safe.rs:275:9
[INFO] [stdout]   47:     0x5580946e7382 - std[617be2ca0a6fd877]::panicking::catch_unwind::do_call::<core[a373ad73a504971]::panic::unwind_safe::AssertUnwindSafe<std[617be2ca0a6fd877]::thread::lifecycle::spawn_unchecked<test[aada8e7e76ba119b]::run_test::{closure#1}, ()>::{closure#1}::{closure#0}>, ()>
[INFO] [stdout]                                at /rustc/e3feeb59cd1bdd011a2bfcc0747b55125d9b8527/library/std/src/panicking.rs:573:43
[INFO] [stdout]   48:     0x5580946e7382 - std[617be2ca0a6fd877]::panicking::catch_unwind::<(), core[a373ad73a504971]::panic::unwind_safe::AssertUnwindSafe<std[617be2ca0a6fd877]::thread::lifecycle::spawn_unchecked<test[aada8e7e76ba119b]::run_test::{closure#1}, ()>::{closure#1}::{closure#0}>>
[INFO] [stdout]                                at /rustc/e3feeb59cd1bdd011a2bfcc0747b55125d9b8527/library/std/src/panicking.rs:541:19
[INFO] [stdout]   49:     0x5580946e7382 - std[617be2ca0a6fd877]::panic::catch_unwind::<core[a373ad73a504971]::panic::unwind_safe::AssertUnwindSafe<std[617be2ca0a6fd877]::thread::lifecycle::spawn_unchecked<test[aada8e7e76ba119b]::run_test::{closure#1}, ()>::{closure#1}::{closure#0}>, ()>
[INFO] [stdout]                                at /rustc/e3feeb59cd1bdd011a2bfcc0747b55125d9b8527/library/std/src/panic.rs:359:14
[INFO] [stdout]   50:     0x5580946e7382 - std[617be2ca0a6fd877]::thread::lifecycle::spawn_unchecked::<test[aada8e7e76ba119b]::run_test::{closure#1}, ()>::{closure#1}
[INFO] [stdout]                                at /rustc/e3feeb59cd1bdd011a2bfcc0747b55125d9b8527/library/std/src/thread/lifecycle.rs:68:26
[INFO] [stdout]   51:     0x5580946e7382 - <std[617be2ca0a6fd877]::thread::lifecycle::spawn_unchecked<test[aada8e7e76ba119b]::run_test::{closure#1}, ()>::{closure#1} as core[a373ad73a504971]::ops::function::FnOnce<()>>::call_once::{shim:vtable#0}
[INFO] [stdout]                                at /rustc/e3feeb59cd1bdd011a2bfcc0747b55125d9b8527/library/core/src/ops/function.rs:250:5
[INFO] [stdout]   52:     0x55809480593f - <alloc[2e1b2a31b91974c5]::boxed::Box<dyn core[a373ad73a504971]::ops::function::FnOnce<(), Output = ()> + core[a373ad73a504971]::marker::Send> as core[a373ad73a504971]::ops::function::FnOnce<()>>::call_once
[INFO] [stdout]                                at /rustc/e3feeb59cd1bdd011a2bfcc0747b55125d9b8527/library/alloc/src/boxed.rs:2314:9
[INFO] [stdout]   53:     0x55809480593f - <std[617be2ca0a6fd877]::sys::thread::unix::Thread>::new::thread_start
[INFO] [stdout]                                at /rustc/e3feeb59cd1bdd011a2bfcc0747b55125d9b8527/library/std/src/sys/thread/unix.rs:127:17
[INFO] [stdout]   54:     0x7e414ecf1dfa - <unknown>
[INFO] [stdout]   55:     0x7e414ed853d4 - clone
[INFO] [stdout]   56:                0x0 - <unknown>
[INFO] [stdout] 
[INFO] [stdout] ---- rotation_merging::tests::test_x_rotations_only stdout ----
[INFO] [stdout] 
[INFO] [stdout] thread 'rotation_merging::tests::test_x_rotations_only' (467) panicked at /opt/rustwide/cargo-home/registry/src/index.crates.io-1949cf8c6b5b557f/tk-pg-converter-0.1.1/src/unitary_comparison.rs:56:9:
[INFO] [stdout] No usable Python interpreter with `pytket` was found for the unitary comparison worker. Tried ["python", "python3"]:
[INFO] [stdout] `python`: could not be spawned (No such file or directory (os error 2))
[INFO] [stdout] `python3`: `import pytket` failed (exit status: 1):
[INFO] [stdout] Traceback (most recent call last):
[INFO] [stdout]   File "<string>", line 1, in <module>
[INFO] [stdout]     import pytket
[INFO] [stdout] ModuleNotFoundError: No module named 'pytket'
[INFO] [stdout] Install `pytket` in the environment, or set `PG_TK_PYTHON` to a Python interpreter that has it.
[INFO] [stdout] stack backtrace:
[INFO] [stdout]    0:     0x5580948060f1 - std[617be2ca0a6fd877]::backtrace_rs::backtrace::libunwind::trace
[INFO] [stdout]                                at /rustc/e3feeb59cd1bdd011a2bfcc0747b55125d9b8527/library/std/src/../../backtrace/src/backtrace/libunwind.rs:117:9
[INFO] [stdout]    1:     0x5580948060f1 - std[617be2ca0a6fd877]::backtrace_rs::backtrace::trace_unsynchronized::<std[617be2ca0a6fd877]::sys::backtrace::_print_fmt::{closure#1}>
[INFO] [stdout]                                at /rustc/e3feeb59cd1bdd011a2bfcc0747b55125d9b8527/library/std/src/../../backtrace/src/backtrace/mod.rs:66:14
[INFO] [stdout]    2:     0x5580948060f1 - std[617be2ca0a6fd877]::sys::backtrace::_print_fmt
[INFO] [stdout]                                at /rustc/e3feeb59cd1bdd011a2bfcc0747b55125d9b8527/library/std/src/sys/backtrace.rs:74:9
[INFO] [stdout]    3:     0x5580948060f1 - <<std[617be2ca0a6fd877]::sys::backtrace::BacktraceLock>::print::DisplayBacktrace as core[a373ad73a504971]::fmt::Display>::fmt
[INFO] [stdout]                                at /rustc/e3feeb59cd1bdd011a2bfcc0747b55125d9b8527/library/std/src/sys/backtrace.rs:44:26
[INFO] [stdout]    4:     0x55809481b42a - <core[a373ad73a504971]::fmt::rt::Argument>::fmt
[INFO] [stdout]                                at /rustc/e3feeb59cd1bdd011a2bfcc0747b55125d9b8527/library/core/src/fmt/rt.rs:152:76
[INFO] [stdout]    5:     0x55809481b42a - core[a373ad73a504971]::fmt::write
[INFO] [stdout]    6:     0x55809480a60c - core[a373ad73a504971]::io::write::default_write_fmt::<alloc[2e1b2a31b91974c5]::vec::Vec<u8>>
[INFO] [stdout]                                at /rustc/e3feeb59cd1bdd011a2bfcc0747b55125d9b8527/library/core/src/io/write.rs:402:11
[INFO] [stdout]    7:     0x55809480a60c - <alloc[2e1b2a31b91974c5]::vec::Vec<u8> as core[a373ad73a504971]::io::write::Write>::write_fmt
[INFO] [stdout]                                at /rustc/e3feeb59cd1bdd011a2bfcc0747b55125d9b8527/library/core/src/io/write.rs:335:13
[INFO] [stdout]    8:     0x5580947e1f66 - <std[617be2ca0a6fd877]::sys::backtrace::BacktraceLock>::print
[INFO] [stdout]                                at /rustc/e3feeb59cd1bdd011a2bfcc0747b55125d9b8527/library/std/src/sys/backtrace.rs:47:9
[INFO] [stdout]    9:     0x5580947e1f66 - std[617be2ca0a6fd877]::panicking::default_hook::{closure#0}
[INFO] [stdout]                                at /rustc/e3feeb59cd1bdd011a2bfcc0747b55125d9b8527/library/std/src/panicking.rs:289:27
[INFO] [stdout]   10:     0x5580947fe609 - std[617be2ca0a6fd877]::panicking::default_hook
[INFO] [stdout]                                at /rustc/e3feeb59cd1bdd011a2bfcc0747b55125d9b8527/library/std/src/panicking.rs:313:9
[INFO] [stdout]   11:     0x5580946e3cd0 - <alloc[2e1b2a31b91974c5]::boxed::Box<dyn for<'a, 'b> core[a373ad73a504971]::ops::function::Fn<(&'a std[617be2ca0a6fd877]::panic::PanicHookInfo<'b>,), Output = ()> + core[a373ad73a504971]::marker::Sync + core[a373ad73a504971]::marker::Send> as core[a373ad73a504971]::ops::function::Fn<(&std[617be2ca0a6fd877]::panic::PanicHookInfo,)>>::call
[INFO] [stdout]                                at /rustc/e3feeb59cd1bdd011a2bfcc0747b55125d9b8527/library/alloc/src/boxed.rs:2328:9
[INFO] [stdout]   12:     0x5580946e3cd0 - test[aada8e7e76ba119b]::test_main_inner::{closure#0}
[INFO] [stdout]                                at /rustc/e3feeb59cd1bdd011a2bfcc0747b55125d9b8527/library/test/src/lib.rs:137:21
[INFO] [stdout]   13:     0x5580947fe932 - <alloc[2e1b2a31b91974c5]::boxed::Box<dyn for<'a, 'b> core[a373ad73a504971]::ops::function::Fn<(&'a std[617be2ca0a6fd877]::panic::PanicHookInfo<'b>,), Output = ()> + core[a373ad73a504971]::marker::Sync + core[a373ad73a504971]::marker::Send> as core[a373ad73a504971]::ops::function::Fn<(&std[617be2ca0a6fd877]::panic::PanicHookInfo,)>>::call
[INFO] [stdout]                                at /rustc/e3feeb59cd1bdd011a2bfcc0747b55125d9b8527/library/alloc/src/boxed.rs:2328:9
[INFO] [stdout]   14:     0x5580947fe932 - std[617be2ca0a6fd877]::panicking::panic_with_hook
[INFO] [stdout]                                at /rustc/e3feeb59cd1bdd011a2bfcc0747b55125d9b8527/library/std/src/panicking.rs:819:13
[INFO] [stdout]   15:     0x5580947e2012 - std[617be2ca0a6fd877]::panicking::panic_handler::{closure#0}
[INFO] [stdout]                                at /rustc/e3feeb59cd1bdd011a2bfcc0747b55125d9b8527/library/std/src/panicking.rs:685:13
[INFO] [stdout]   16:     0x5580947dad29 - std[617be2ca0a6fd877]::sys::backtrace::__rust_end_short_backtrace::<std[617be2ca0a6fd877]::panicking::panic_handler::{closure#0}, !>
[INFO] [stdout]                                at /rustc/e3feeb59cd1bdd011a2bfcc0747b55125d9b8527/library/std/src/sys/backtrace.rs:182:18
[INFO] [stdout]   17:     0x5580947e2c1d - __rustc[ea4f61d10b84890b]::rust_begin_unwind
[INFO] [stdout]                                at /rustc/e3feeb59cd1bdd011a2bfcc0747b55125d9b8527/library/std/src/panicking.rs:676:5
[INFO] [stdout]   18:     0x55809481bc1c - core[a373ad73a504971]::panicking::panic_fmt
[INFO] [stdout]                                at /rustc/e3feeb59cd1bdd011a2bfcc0747b55125d9b8527/library/core/src/panicking.rs:80:14
[INFO] [stdout]   19:     0x558094744b10 - <tk_pg_converter[c12106c492936e02]::unitary_comparison::TkCompareWorker>::new
[INFO] [stdout]                                at /opt/rustwide/cargo-home/registry/src/index.crates.io-1949cf8c6b5b557f/tk-pg-converter-0.1.1/src/unitary_comparison.rs:56:9
[INFO] [stdout]   20:     0x558094744547 - tk_pg_converter[c12106c492936e02]::unitary_comparison::compare_unitaries_with_worker::{closure#0}
[INFO] [stdout]                                at /opt/rustwide/cargo-home/registry/src/index.crates.io-1949cf8c6b5b557f/tk-pg-converter-0.1.1/src/unitary_comparison.rs:128:62
[INFO] [stdout]   21:     0x55809474b218 - <std[617be2ca0a6fd877]::sync::once_lock::OnceLock<std[617be2ca0a6fd877]::sync::poison::mutex::Mutex<tk_pg_converter[c12106c492936e02]::unitary_comparison::TkCompareWorker>>>::get_or_init::<tk_pg_converter[c12106c492936e02]::unitary_comparison::compare_unitaries_with_worker::{closure#0}>::{closure#0}
[INFO] [stdout]                                at /rustc/e3feeb59cd1bdd011a2bfcc0747b55125d9b8527/library/std/src/sync/once_lock.rs:350:50
[INFO] [stdout]   22:     0x55809474b187 - <std[617be2ca0a6fd877]::sync::once_lock::OnceLock<std[617be2ca0a6fd877]::sync::poison::mutex::Mutex<tk_pg_converter[c12106c492936e02]::unitary_comparison::TkCompareWorker>>>::initialize::<<std[617be2ca0a6fd877]::sync::once_lock::OnceLock<std[617be2ca0a6fd877]::sync::poison::mutex::Mutex<tk_pg_converter[c12106c492936e02]::unitary_comparison::TkCompareWorker>>>::get_or_init<tk_pg_converter[c12106c492936e02]::unitary_comparison::compare_unitaries_with_worker::{closure#0}>::{closure#0}, !>::{closure#0}
[INFO] [stdout]                                at /rustc/e3feeb59cd1bdd011a2bfcc0747b55125d9b8527/library/std/src/sync/once_lock.rs:572:19
[INFO] [stdout]   23:     0x558094735302 - <std[617be2ca0a6fd877]::sync::once::Once>::call_once_force::<<std[617be2ca0a6fd877]::sync::once_lock::OnceLock<std[617be2ca0a6fd877]::sync::poison::mutex::Mutex<tk_pg_converter[c12106c492936e02]::unitary_comparison::TkCompareWorker>>>::initialize<<std[617be2ca0a6fd877]::sync::once_lock::OnceLock<std[617be2ca0a6fd877]::sync::poison::mutex::Mutex<tk_pg_converter[c12106c492936e02]::unitary_comparison::TkCompareWorker>>>::get_or_init<tk_pg_converter[c12106c492936e02]::unitary_comparison::compare_unitaries_with_worker::{closure#0}>::{closure#0}, !>::{closure#0}>::{closure#0}
[INFO] [stdout]                                at /rustc/e3feeb59cd1bdd011a2bfcc0747b55125d9b8527/library/std/src/sync/once.rs:227:40
[INFO] [stdout]   24:     0x5580947e7c69 - <std[617be2ca0a6fd877]::sys::sync::once::futex::Once>::call
[INFO] [stdout]                                at /rustc/e3feeb59cd1bdd011a2bfcc0747b55125d9b8527/library/std/src/sys/sync/once/futex.rs:183:21
[INFO] [stdout]   25:     0x558094733b5a - <std[617be2ca0a6fd877]::sync::once::Once>::call_once_force::<<std[617be2ca0a6fd877]::sync::once_lock::OnceLock<std[617be2ca0a6fd877]::sync::poison::mutex::Mutex<tk_pg_converter[c12106c492936e02]::unitary_comparison::TkCompareWorker>>>::initialize<<std[617be2ca0a6fd877]::sync::once_lock::OnceLock<std[617be2ca0a6fd877]::sync::poison::mutex::Mutex<tk_pg_converter[c12106c492936e02]::unitary_comparison::TkCompareWorker>>>::get_or_init<tk_pg_converter[c12106c492936e02]::unitary_comparison::compare_unitaries_with_worker::{closure#0}>::{closure#0}, !>::{closure#0}>
[INFO] [stdout]                                at /rustc/e3feeb59cd1bdd011a2bfcc0747b55125d9b8527/library/std/src/sync/once.rs:227:20
[INFO] [stdout]   26:     0x558094748e2c - <std[617be2ca0a6fd877]::sync::once_lock::OnceLock<std[617be2ca0a6fd877]::sync::poison::mutex::Mutex<tk_pg_converter[c12106c492936e02]::unitary_comparison::TkCompareWorker>>>::initialize::<<std[617be2ca0a6fd877]::sync::once_lock::OnceLock<std[617be2ca0a6fd877]::sync::poison::mutex::Mutex<tk_pg_converter[c12106c492936e02]::unitary_comparison::TkCompareWorker>>>::get_or_init<tk_pg_converter[c12106c492936e02]::unitary_comparison::compare_unitaries_with_worker::{closure#0}>::{closure#0}, !>
[INFO] [stdout]                                at /rustc/e3feeb59cd1bdd011a2bfcc0747b55125d9b8527/library/std/src/sync/once_lock.rs:571:19
[INFO] [stdout]   27:     0x558094748eae - <std[617be2ca0a6fd877]::sync::once_lock::OnceLock<std[617be2ca0a6fd877]::sync::poison::mutex::Mutex<tk_pg_converter[c12106c492936e02]::unitary_comparison::TkCompareWorker>>>::get_or_try_init::<<std[617be2ca0a6fd877]::sync::once_lock::OnceLock<std[617be2ca0a6fd877]::sync::poison::mutex::Mutex<tk_pg_converter[c12106c492936e02]::unitary_comparison::TkCompareWorker>>>::get_or_init<tk_pg_converter[c12106c492936e02]::unitary_comparison::compare_unitaries_with_worker::{closure#0}>::{closure#0}, !>
[INFO] [stdout]                                at /rustc/e3feeb59cd1bdd011a2bfcc0747b55125d9b8527/library/std/src/sync/once_lock.rs:439:14
[INFO] [stdout]   28:     0x558094748e4e - <std[617be2ca0a6fd877]::sync::once_lock::OnceLock<std[617be2ca0a6fd877]::sync::poison::mutex::Mutex<tk_pg_converter[c12106c492936e02]::unitary_comparison::TkCompareWorker>>>::get_or_init::<tk_pg_converter[c12106c492936e02]::unitary_comparison::compare_unitaries_with_worker::{closure#0}>
[INFO] [stdout]                                at /rustc/e3feeb59cd1bdd011a2bfcc0747b55125d9b8527/library/std/src/sync/once_lock.rs:350:20
[INFO] [stdout]   29:     0x5580947466f5 - tk_pg_converter[c12106c492936e02]::unitary_comparison::compare_unitaries_with_worker
[INFO] [stdout]                                at /opt/rustwide/cargo-home/registry/src/index.crates.io-1949cf8c6b5b557f/tk-pg-converter-0.1.1/src/unitary_comparison.rs:128:36
[INFO] [stdout]   30:     0x558094746462 - tk_pg_converter[c12106c492936e02]::unitary_comparison::compare_unitaries_via_tk
[INFO] [stdout]                                at /opt/rustwide/cargo-home/registry/src/index.crates.io-1949cf8c6b5b557f/tk-pg-converter-0.1.1/src/unitary_comparison.rs:169:18
[INFO] [stdout]   31:     0x5580946a8df9 - tk_pg_optimize[2175be898987c0d7]::rotation_merging::tests::test_x_rotations_only
[INFO] [stdout]                                at /opt/rustwide/workdir/src/rotation_merging.rs:300:17
[INFO] [stdout]   32:     0x5580946a6ed7 - tk_pg_optimize[2175be898987c0d7]::rotation_merging::tests::test_x_rotations_only::{closure#0}
[INFO] [stdout]                                at /opt/rustwide/workdir/src/rotation_merging.rs:279:31
[INFO] [stdout]   33:     0x5580946d6d86 - <tk_pg_optimize[2175be898987c0d7]::rotation_merging::tests::test_x_rotations_only::{closure#0} as core[a373ad73a504971]::ops::function::FnOnce<()>>::call_once
[INFO] [stdout]                                at /rustc/e3feeb59cd1bdd011a2bfcc0747b55125d9b8527/library/core/src/ops/function.rs:250:5
[INFO] [stdout]   34:     0x5580946d711b - <fn() -> core[a373ad73a504971]::result::Result<(), alloc[2e1b2a31b91974c5]::string::String> as core[a373ad73a504971]::ops::function::FnOnce<()>>::call_once
[INFO] [stdout]                                at /rustc/e3feeb59cd1bdd011a2bfcc0747b55125d9b8527/library/core/src/ops/function.rs:250:5
[INFO] [stdout]   35:     0x5580946d711b - test[aada8e7e76ba119b]::__rust_begin_short_backtrace::<core[a373ad73a504971]::result::Result<(), alloc[2e1b2a31b91974c5]::string::String>, fn() -> core[a373ad73a504971]::result::Result<(), alloc[2e1b2a31b91974c5]::string::String>>
[INFO] [stdout]                                at /rustc/e3feeb59cd1bdd011a2bfcc0747b55125d9b8527/library/test/src/lib.rs:701:18
[INFO] [stdout]   36:     0x5580946e42f5 - test[aada8e7e76ba119b]::run_test_in_process::{closure#0}
[INFO] [stdout]                                at /rustc/e3feeb59cd1bdd011a2bfcc0747b55125d9b8527/library/test/src/lib.rs:724:74
[INFO] [stdout]   37:     0x5580946e42f5 - <core[a373ad73a504971]::panic::unwind_safe::AssertUnwindSafe<test[aada8e7e76ba119b]::run_test_in_process::{closure#0}> as core[a373ad73a504971]::ops::function::FnOnce<()>>::call_once
[INFO] [stdout]                                at /rustc/e3feeb59cd1bdd011a2bfcc0747b55125d9b8527/library/core/src/panic/unwind_safe.rs:275:9
[INFO] [stdout]   38:     0x5580946e42f5 - std[617be2ca0a6fd877]::panicking::catch_unwind::do_call::<core[a373ad73a504971]::panic::unwind_safe::AssertUnwindSafe<test[aada8e7e76ba119b]::run_test_in_process::{closure#0}>, core[a373ad73a504971]::result::Result<(), alloc[2e1b2a31b91974c5]::string::String>>
[INFO] [stdout]                                at /rustc/e3feeb59cd1bdd011a2bfcc0747b55125d9b8527/library/std/src/panicking.rs:573:43
[INFO] [stdout]   39:     0x5580946e42f5 - std[617be2ca0a6fd877]::panicking::catch_unwind::<core[a373ad73a504971]::result::Result<(), alloc[2e1b2a31b91974c5]::string::String>, core[a373ad73a504971]::panic::unwind_safe::AssertUnwindSafe<test[aada8e7e76ba119b]::run_test_in_process::{closure#0}>>
[INFO] [stdout]                                at /rustc/e3feeb59cd1bdd011a2bfcc0747b55125d9b8527/library/std/src/panicking.rs:541:19
[INFO] [stdout]   40:     0x5580946e42f5 - std[617be2ca0a6fd877]::panic::catch_unwind::<core[a373ad73a504971]::panic::unwind_safe::AssertUnwindSafe<test[aada8e7e76ba119b]::run_test_in_process::{closure#0}>, core[a373ad73a504971]::result::Result<(), alloc[2e1b2a31b91974c5]::string::String>>
[INFO] [stdout]                                at /rustc/e3feeb59cd1bdd011a2bfcc0747b55125d9b8527/library/std/src/panic.rs:359:14
[INFO] [stdout]   41:     0x5580946e42f5 - test[aada8e7e76ba119b]::run_test_in_process
[INFO] [stdout]                                at /rustc/e3feeb59cd1bdd011a2bfcc0747b55125d9b8527/library/test/src/lib.rs:724:27
[INFO] [stdout]   42:     0x5580946e42f5 - test[aada8e7e76ba119b]::run_test::{closure#0}
[INFO] [stdout]                                at /rustc/e3feeb59cd1bdd011a2bfcc0747b55125d9b8527/library/test/src/lib.rs:645:43
[INFO] [stdout]   43:     0x5580946ddbe4 - test[aada8e7e76ba119b]::run_test::{closure#1}
[INFO] [stdout]                                at /rustc/e3feeb59cd1bdd011a2bfcc0747b55125d9b8527/library/test/src/lib.rs:675:41
[INFO] [stdout]   44:     0x5580946ddbe4 - std[617be2ca0a6fd877]::sys::backtrace::__rust_begin_short_backtrace::<test[aada8e7e76ba119b]::run_test::{closure#1}, ()>
[INFO] [stdout]                                at /rustc/e3feeb59cd1bdd011a2bfcc0747b55125d9b8527/library/std/src/sys/backtrace.rs:166:18
[INFO] [stdout]   45:     0x5580946e7382 - std[617be2ca0a6fd877]::thread::lifecycle::spawn_unchecked::<test[aada8e7e76ba119b]::run_test::{closure#1}, ()>::{closure#1}::{closure#0}
[INFO] [stdout]                                at /rustc/e3feeb59cd1bdd011a2bfcc0747b55125d9b8527/library/std/src/thread/lifecycle.rs:70:13
[INFO] [stdout]   46:     0x5580946e7382 - <core[a373ad73a504971]::panic::unwind_safe::AssertUnwindSafe<std[617be2ca0a6fd877]::thread::lifecycle::spawn_unchecked<test[aada8e7e76ba119b]::run_test::{closure#1}, ()>::{closure#1}::{closure#0}> as core[a373ad73a504971]::ops::function::FnOnce<()>>::call_once
[INFO] [stdout]                                at /rustc/e3feeb59cd1bdd011a2bfcc0747b55125d9b8527/library/core/src/panic/unwind_safe.rs:275:9
[INFO] [stdout]   47:     0x5580946e7382 - std[617be2ca0a6fd877]::panicking::catch_unwind::do_call::<core[a373ad73a504971]::panic::unwind_safe::AssertUnwindSafe<std[617be2ca0a6fd877]::thread::lifecycle::spawn_unchecked<test[aada8e7e76ba119b]::run_test::{closure#1}, ()>::{closure#1}::{closure#0}>, ()>
[INFO] [stdout]                                at /rustc/e3feeb59cd1bdd011a2bfcc0747b55125d9b8527/library/std/src/panicking.rs:573:43
[INFO] [stdout]   48:     0x5580946e7382 - std[617be2ca0a6fd877]::panicking::catch_unwind::<(), core[a373ad73a504971]::panic::unwind_safe::AssertUnwindSafe<std[617be2ca0a6fd877]::thread::lifecycle::spawn_unchecked<test[aada8e7e76ba119b]::run_test::{closure#1}, ()>::{closure#1}::{closure#0}>>
[INFO] [stdout]                                at /rustc/e3feeb59cd1bdd011a2bfcc0747b55125d9b8527/library/std/src/panicking.rs:541:19
[INFO] [stdout]   49:     0x5580946e7382 - std[617be2ca0a6fd877]::panic::catch_unwind::<core[a373ad73a504971]::panic::unwind_safe::AssertUnwindSafe<std[617be2ca0a6fd877]::thread::lifecycle::spawn_unchecked<test[aada8e7e76ba119b]::run_test::{closure#1}, ()>::{closure#1}::{closure#0}>, ()>
[INFO] [stdout]                                at /rustc/e3feeb59cd1bdd011a2bfcc0747b55125d9b8527/library/std/src/panic.rs:359:14
[INFO] [stdout]   50:     0x5580946e7382 - std[617be2ca0a6fd877]::thread::lifecycle::spawn_unchecked::<test[aada8e7e76ba119b]::run_test::{closure#1}, ()>::{closure#1}
[INFO] [stdout]                                at /rustc/e3feeb59cd1bdd011a2bfcc0747b55125d9b8527/library/std/src/thread/lifecycle.rs:68:26
[INFO] [stdout]   51:     0x5580946e7382 - <std[617be2ca0a6fd877]::thread::lifecycle::spawn_unchecked<test[aada8e7e76ba119b]::run_test::{closure#1}, ()>::{closure#1} as core[a373ad73a504971]::ops::function::FnOnce<()>>::call_once::{shim:vtable#0}
[INFO] [stdout]                                at /rustc/e3feeb59cd1bdd011a2bfcc0747b55125d9b8527/library/core/src/ops/function.rs:250:5
[INFO] [stdout]   52:     0x55809480593f - <alloc[2e1b2a31b91974c5]::boxed::Box<dyn core[a373ad73a504971]::ops::function::FnOnce<(), Output = ()> + core[a373ad73a504971]::marker::Send> as core[a373ad73a504971]::ops::function::FnOnce<()>>::call_once
[INFO] [stdout]                                at /rustc/e3feeb59cd1bdd011a2bfcc0747b55125d9b8527/library/alloc/src/boxed.rs:2314:9
[INFO] [stdout]   53:     0x55809480593f - <std[617be2ca0a6fd877]::sys::thread::unix::Thread>::new::thread_start
[INFO] [stdout]                                at /rustc/e3feeb59cd1bdd011a2bfcc0747b55125d9b8527/library/std/src/sys/thread/unix.rs:127:17
[INFO] [stdout]   54:     0x7e414ecf1dfa - <unknown>
[INFO] [stdout]   55:     0x7e414ed853d4 - clone
[INFO] [stdout]   56:                0x0 - <unknown>
[INFO] [stdout] 
[INFO] [stdout] ---- rotation_merging::tests::test_random_rotation_merging stdout ----
[INFO] [stdout] 
[INFO] [stdout] thread 'rotation_merging::tests::test_random_rotation_merging' (456) panicked at /opt/rustwide/cargo-home/registry/src/index.crates.io-1949cf8c6b5b557f/tk-pg-converter-0.1.1/src/unitary_comparison.rs:56:9:
[INFO] [stdout] No usable Python interpreter with `pytket` was found for the unitary comparison worker. Tried ["python", "python3"]:
[INFO] [stdout] `python`: could not be spawned (No such file or directory (os error 2))
[INFO] [stdout] `python3`: `import pytket` failed (exit status: 1):
[INFO] [stdout] Traceback (most recent call last):
[INFO] [stdout]   File "<string>", line 1, in <module>
[INFO] [stdout]     import pytket
[INFO] [stdout] ModuleNotFoundError: No module named 'pytket'
[INFO] [stdout] Install `pytket` in the environment, or set `PG_TK_PYTHON` to a Python interpreter that has it.
[INFO] [stdout] stack backtrace:
[INFO] [stdout]    0:     0x5580948060f1 - std[617be2ca0a6fd877]::backtrace_rs::backtrace::libunwind::trace
[INFO] [stdout]                                at /rustc/e3feeb59cd1bdd011a2bfcc0747b55125d9b8527/library/std/src/../../backtrace/src/backtrace/libunwind.rs:117:9
[INFO] [stdout]    1:     0x5580948060f1 - std[617be2ca0a6fd877]::backtrace_rs::backtrace::trace_unsynchronized::<std[617be2ca0a6fd877]::sys::backtrace::_print_fmt::{closure#1}>
[INFO] [stdout]                                at /rustc/e3feeb59cd1bdd011a2bfcc0747b55125d9b8527/library/std/src/../../backtrace/src/backtrace/mod.rs:66:14
[INFO] [stdout]    2:     0x5580948060f1 - std[617be2ca0a6fd877]::sys::backtrace::_print_fmt
[INFO] [stdout]                                at /rustc/e3feeb59cd1bdd011a2bfcc0747b55125d9b8527/library/std/src/sys/backtrace.rs:74:9
[INFO] [stdout]    3:     0x5580948060f1 - <<std[617be2ca0a6fd877]::sys::backtrace::BacktraceLock>::print::DisplayBacktrace as core[a373ad73a504971]::fmt::Display>::fmt
[INFO] [stdout]                                at /rustc/e3feeb59cd1bdd011a2bfcc0747b55125d9b8527/library/std/src/sys/backtrace.rs:44:26
[INFO] [stdout]    4:     0x55809481b42a - <core[a373ad73a504971]::fmt::rt::Argument>::fmt
[INFO] [stdout]                                at /rustc/e3feeb59cd1bdd011a2bfcc0747b55125d9b8527/library/core/src/fmt/rt.rs:152:76
[INFO] [stdout]    5:     0x55809481b42a - core[a373ad73a504971]::fmt::write
[INFO] [stdout]    6:     0x55809480a60c - core[a373ad73a504971]::io::write::default_write_fmt::<alloc[2e1b2a31b91974c5]::vec::Vec<u8>>
[INFO] [stdout]                                at /rustc/e3feeb59cd1bdd011a2bfcc0747b55125d9b8527/library/core/src/io/write.rs:402:11
[INFO] [stdout]    7:     0x55809480a60c - <alloc[2e1b2a31b91974c5]::vec::Vec<u8> as core[a373ad73a504971]::io::write::Write>::write_fmt
[INFO] [stdout]                                at /rustc/e3feeb59cd1bdd011a2bfcc0747b55125d9b8527/library/core/src/io/write.rs:335:13
[INFO] [stdout]    8:     0x5580947e1f66 - <std[617be2ca0a6fd877]::sys::backtrace::BacktraceLock>::print
[INFO] [stdout]                                at /rustc/e3feeb59cd1bdd011a2bfcc0747b55125d9b8527/library/std/src/sys/backtrace.rs:47:9
[INFO] [stdout]    9:     0x5580947e1f66 - std[617be2ca0a6fd877]::panicking::default_hook::{closure#0}
[INFO] [stdout]                                at /rustc/e3feeb59cd1bdd011a2bfcc0747b55125d9b8527/library/std/src/panicking.rs:289:27
[INFO] [stdout]   10:     0x5580947fe609 - std[617be2ca0a6fd877]::panicking::default_hook
[INFO] [stdout]                                at /rustc/e3feeb59cd1bdd011a2bfcc0747b55125d9b8527/library/std/src/panicking.rs:313:9
[INFO] [stdout]   11:     0x5580946e3cd0 - <alloc[2e1b2a31b91974c5]::boxed::Box<dyn for<'a, 'b> core[a373ad73a504971]::ops::function::Fn<(&'a std[617be2ca0a6fd877]::panic::PanicHookInfo<'b>,), Output = ()> + core[a373ad73a504971]::marker::Sync + core[a373ad73a504971]::marker::Send> as core[a373ad73a504971]::ops::function::Fn<(&std[617be2ca0a6fd877]::panic::PanicHookInfo,)>>::call
[INFO] [stdout]                                at /rustc/e3feeb59cd1bdd011a2bfcc0747b55125d9b8527/library/alloc/src/boxed.rs:2328:9
[INFO] [stdout]   12:     0x5580946e3cd0 - test[aada8e7e76ba119b]::test_main_inner::{closure#0}
[INFO] [stdout]                                at /rustc/e3feeb59cd1bdd011a2bfcc0747b55125d9b8527/library/test/src/lib.rs:137:21
[INFO] [stdout]   13:     0x5580947fe932 - <alloc[2e1b2a31b91974c5]::boxed::Box<dyn for<'a, 'b> core[a373ad73a504971]::ops::function::Fn<(&'a std[617be2ca0a6fd877]::panic::PanicHookInfo<'b>,), Output = ()> + core[a373ad73a504971]::marker::Sync + core[a373ad73a504971]::marker::Send> as core[a373ad73a504971]::ops::function::Fn<(&std[617be2ca0a6fd877]::panic::PanicHookInfo,)>>::call
[INFO] [stdout]                                at /rustc/e3feeb59cd1bdd011a2bfcc0747b55125d9b8527/library/alloc/src/boxed.rs:2328:9
[INFO] [stdout]   14:     0x5580947fe932 - std[617be2ca0a6fd877]::panicking::panic_with_hook
[INFO] [stdout]                                at /rustc/e3feeb59cd1bdd011a2bfcc0747b55125d9b8527/library/std/src/panicking.rs:819:13
[INFO] [stdout]   15:     0x5580947e2012 - std[617be2ca0a6fd877]::panicking::panic_handler::{closure#0}
[INFO] [stdout]                                at /rustc/e3feeb59cd1bdd011a2bfcc0747b55125d9b8527/library/std/src/panicking.rs:685:13
[INFO] [stdout]   16:     0x5580947dad29 - std[617be2ca0a6fd877]::sys::backtrace::__rust_end_short_backtrace::<std[617be2ca0a6fd877]::panicking::panic_handler::{closure#0}, !>
[INFO] [stdout]                                at /rustc/e3feeb59cd1bdd011a2bfcc0747b55125d9b8527/library/std/src/sys/backtrace.rs:182:18
[INFO] [stdout]   17:     0x5580947e2c1d - __rustc[ea4f61d10b84890b]::rust_begin_unwind
[INFO] [stdout]                                at /rustc/e3feeb59cd1bdd011a2bfcc0747b55125d9b8527/library/std/src/panicking.rs:676:5
[INFO] [stdout]   18:     0x55809481bc1c - core[a373ad73a504971]::panicking::panic_fmt
[INFO] [stdout]                                at /rustc/e3feeb59cd1bdd011a2bfcc0747b55125d9b8527/library/core/src/panicking.rs:80:14
[INFO] [stdout]   19:     0x558094744b10 - <tk_pg_converter[c12106c492936e02]::unitary_comparison::TkCompareWorker>::new
[INFO] [stdout]                                at /opt/rustwide/cargo-home/registry/src/index.crates.io-1949cf8c6b5b557f/tk-pg-converter-0.1.1/src/unitary_comparison.rs:56:9
[INFO] [stdout]   20:     0x558094744547 - tk_pg_converter[c12106c492936e02]::unitary_comparison::compare_unitaries_with_worker::{closure#0}
[INFO] [stdout]                                at /opt/rustwide/cargo-home/registry/src/index.crates.io-1949cf8c6b5b557f/tk-pg-converter-0.1.1/src/unitary_comparison.rs:128:62
[INFO] [stdout]   21:     0x55809474b218 - <std[617be2ca0a6fd877]::sync::once_lock::OnceLock<std[617be2ca0a6fd877]::sync::poison::mutex::Mutex<tk_pg_converter[c12106c492936e02]::unitary_comparison::TkCompareWorker>>>::get_or_init::<tk_pg_converter[c12106c492936e02]::unitary_comparison::compare_unitaries_with_worker::{closure#0}>::{closure#0}
[INFO] [stdout]                                at /rustc/e3feeb59cd1bdd011a2bfcc0747b55125d9b8527/library/std/src/sync/once_lock.rs:350:50
[INFO] [stdout]   22:     0x55809474b187 - <std[617be2ca0a6fd877]::sync::once_lock::OnceLock<std[617be2ca0a6fd877]::sync::poison::mutex::Mutex<tk_pg_converter[c12106c492936e02]::unitary_comparison::TkCompareWorker>>>::initialize::<<std[617be2ca0a6fd877]::sync::once_lock::OnceLock<std[617be2ca0a6fd877]::sync::poison::mutex::Mutex<tk_pg_converter[c12106c492936e02]::unitary_comparison::TkCompareWorker>>>::get_or_init<tk_pg_converter[c12106c492936e02]::unitary_comparison::compare_unitaries_with_worker::{closure#0}>::{closure#0}, !>::{closure#0}
[INFO] [stdout]                                at /rustc/e3feeb59cd1bdd011a2bfcc0747b55125d9b8527/library/std/src/sync/once_lock.rs:572:19
[INFO] [stdout]   23:     0x558094735302 - <std[617be2ca0a6fd877]::sync::once::Once>::call_once_force::<<std[617be2ca0a6fd877]::sync::once_lock::OnceLock<std[617be2ca0a6fd877]::sync::poison::mutex::Mutex<tk_pg_converter[c12106c492936e02]::unitary_comparison::TkCompareWorker>>>::initialize<<std[617be2ca0a6fd877]::sync::once_lock::OnceLock<std[617be2ca0a6fd877]::sync::poison::mutex::Mutex<tk_pg_converter[c12106c492936e02]::unitary_comparison::TkCompareWorker>>>::get_or_init<tk_pg_converter[c12106c492936e02]::unitary_comparison::compare_unitaries_with_worker::{closure#0}>::{closure#0}, !>::{closure#0}>::{closure#0}
[INFO] [stdout]                                at /rustc/e3feeb59cd1bdd011a2bfcc0747b55125d9b8527/library/std/src/sync/once.rs:227:40
[INFO] [stdout]   24:     0x5580947e7c69 - <std[617be2ca0a6fd877]::sys::sync::once::futex::Once>::call
[INFO] [stdout]                                at /rustc/e3feeb59cd1bdd011a2bfcc0747b55125d9b8527/library/std/src/sys/sync/once/futex.rs:183:21
[INFO] [stdout]   25:     0x558094733b5a - <std[617be2ca0a6fd877]::sync::once::Once>::call_once_force::<<std[617be2ca0a6fd877]::sync::once_lock::OnceLock<std[617be2ca0a6fd877]::sync::poison::mutex::Mutex<tk_pg_converter[c12106c492936e02]::unitary_comparison::TkCompareWorker>>>::initialize<<std[617be2ca0a6fd877]::sync::once_lock::OnceLock<std[617be2ca0a6fd877]::sync::poison::mutex::Mutex<tk_pg_converter[c12106c492936e02]::unitary_comparison::TkCompareWorker>>>::get_or_init<tk_pg_converter[c12106c492936e02]::unitary_comparison::compare_unitaries_with_worker::{closure#0}>::{closure#0}, !>::{closure#0}>
[INFO] [stdout]                                at /rustc/e3feeb59cd1bdd011a2bfcc0747b55125d9b8527/library/std/src/sync/once.rs:227:20
[INFO] [stdout]   26:     0x558094748e2c - <std[617be2ca0a6fd877]::sync::once_lock::OnceLock<std[617be2ca0a6fd877]::sync::poison::mutex::Mutex<tk_pg_converter[c12106c492936e02]::unitary_comparison::TkCompareWorker>>>::initialize::<<std[617be2ca0a6fd877]::sync::once_lock::OnceLock<std[617be2ca0a6fd877]::sync::poison::mutex::Mutex<tk_pg_converter[c12106c492936e02]::unitary_comparison::TkCompareWorker>>>::get_or_init<tk_pg_converter[c12106c492936e02]::unitary_comparison::compare_unitaries_with_worker::{closure#0}>::{closure#0}, !>
[INFO] [stdout]                                at /rustc/e3feeb59cd1bdd011a2bfcc0747b55125d9b8527/library/std/src/sync/once_lock.rs:571:19
[INFO] [stdout]   27:     0x558094748eae - <std[617be2ca0a6fd877]::sync::once_lock::OnceLock<std[617be2ca0a6fd877]::sync::poison::mutex::Mutex<tk_pg_converter[c12106c492936e02]::unitary_comparison::TkCompareWorker>>>::get_or_try_init::<<std[617be2ca0a6fd877]::sync::once_lock::OnceLock<std[617be2ca0a6fd877]::sync::poison::mutex::Mutex<tk_pg_converter[c12106c492936e02]::unitary_comparison::TkCompareWorker>>>::get_or_init<tk_pg_converter[c12106c492936e02]::unitary_comparison::compare_unitaries_with_worker::{closure#0}>::{closure#0}, !>
[INFO] [stdout]                                at /rustc/e3feeb59cd1bdd011a2bfcc0747b55125d9b8527/library/std/src/sync/once_lock.rs:439:14
[INFO] [stdout]   28:     0x558094748e4e - <std[617be2ca0a6fd877]::sync::once_lock::OnceLock<std[617be2ca0a6fd877]::sync::poison::mutex::Mutex<tk_pg_converter[c12106c492936e02]::unitary_comparison::TkCompareWorker>>>::get_or_init::<tk_pg_converter[c12106c492936e02]::unitary_comparison::compare_unitaries_with_worker::{closure#0}>
[INFO] [stdout]                                at /rustc/e3feeb59cd1bdd011a2bfcc0747b55125d9b8527/library/std/src/sync/once_lock.rs:350:20
[INFO] [stdout]   29:     0x5580947466f5 - tk_pg_converter[c12106c492936e02]::unitary_comparison::compare_unitaries_with_worker
[INFO] [stdout]                                at /opt/rustwide/cargo-home/registry/src/index.crates.io-1949cf8c6b5b557f/tk-pg-converter-0.1.1/src/unitary_comparison.rs:128:36
[INFO] [stdout]   30:     0x558094746462 - tk_pg_converter[c12106c492936e02]::unitary_comparison::compare_unitaries_via_tk
[INFO] [stdout]                                at /opt/rustwide/cargo-home/registry/src/index.crates.io-1949cf8c6b5b557f/tk-pg-converter-0.1.1/src/unitary_comparison.rs:169:18
[INFO] [stdout]   31:     0x5580946abc9e - tk_pg_optimize[2175be898987c0d7]::rotation_merging::tests::test_random_rotation_merging
[INFO] [stdout]                                at /opt/rustwide/workdir/src/rotation_merging.rs:607:17
[INFO] [stdout]   32:     0x5580946a6ff7 - tk_pg_optimize[2175be898987c0d7]::rotation_merging::tests::test_random_rotation_merging::{closure#0}
[INFO] [stdout]                                at /opt/rustwide/workdir/src/rotation_merging.rs:585:38
[INFO] [stdout]   33:     0x5580946d6e46 - <tk_pg_optimize[2175be898987c0d7]::rotation_merging::tests::test_random_rotation_merging::{closure#0} as core[a373ad73a504971]::ops::function::FnOnce<()>>::call_once
[INFO] [stdout]                                at /rustc/e3feeb59cd1bdd011a2bfcc0747b55125d9b8527/library/core/src/ops/function.rs:250:5
[INFO] [stdout]   34:     0x5580946d711b - <fn() -> core[a373ad73a504971]::result::Result<(), alloc[2e1b2a31b91974c5]::string::String> as core[a373ad73a504971]::ops::function::FnOnce<()>>::call_once
[INFO] [stdout]                                at /rustc/e3feeb59cd1bdd011a2bfcc0747b55125d9b8527/library/core/src/ops/function.rs:250:5
[INFO] [stdout]   35:     0x5580946d711b - test[aada8e7e76ba119b]::__rust_begin_short_backtrace::<core[a373ad73a504971]::result::Result<(), alloc[2e1b2a31b91974c5]::string::String>, fn() -> core[a373ad73a504971]::result::Result<(), alloc[2e1b2a31b91974c5]::string::String>>
[INFO] [stdout]                                at /rustc/e3feeb59cd1bdd011a2bfcc0747b55125d9b8527/library/test/src/lib.rs:701:18
[INFO] [stdout]   36:     0x5580946e42f5 - test[aada8e7e76ba119b]::run_test_in_process::{closure#0}
[INFO] [stdout]                                at /rustc/e3feeb59cd1bdd011a2bfcc0747b55125d9b8527/library/test/src/lib.rs:724:74
[INFO] [stdout]   37:     0x5580946e42f5 - <core[a373ad73a504971]::panic::unwind_safe::AssertUnwindSafe<test[aada8e7e76ba119b]::run_test_in_process::{closure#0}> as core[a373ad73a504971]::ops::function::FnOnce<()>>::call_once
[INFO] [stdout]                                at /rustc/e3feeb59cd1bdd011a2bfcc0747b55125d9b8527/library/core/src/panic/unwind_safe.rs:275:9
[INFO] [stdout]   38:     0x5580946e42f5 - std[617be2ca0a6fd877]::panicking::catch_unwind::do_call::<core[a373ad73a504971]::panic::unwind_safe::AssertUnwindSafe<test[aada8e7e76ba119b]::run_test_in_process::{closure#0}>, core[a373ad73a504971]::result::Result<(), alloc[2e1b2a31b91974c5]::string::String>>
[INFO] [stdout]                                at /rustc/e3feeb59cd1bdd011a2bfcc0747b55125d9b8527/library/std/src/panicking.rs:573:43
[INFO] [stdout]   39:     0x5580946e42f5 - std[617be2ca0a6fd877]::panicking::catch_unwind::<core[a373ad73a504971]::result::Result<(), alloc[2e1b2a31b91974c5]::string::String>, core[a373ad73a504971]::panic::unwind_safe::AssertUnwindSafe<test[aada8e7e76ba119b]::run_test_in_process::{closure#0}>>
[INFO] [stdout]                                at /rustc/e3feeb59cd1bdd011a2bfcc0747b55125d9b8527/library/std/src/panicking.rs:541:19
[INFO] [stdout]   40:     0x5580946e42f5 - std[617be2ca0a6fd877]::panic::catch_unwind::<core[a373ad73a504971]::panic::unwind_safe::AssertUnwindSafe<test[aada8e7e76ba119b]::run_test_in_process::{closure#0}>, core[a373ad73a504971]::result::Result<(), alloc[2e1b2a31b91974c5]::string::String>>
[INFO] [stdout]                                at /rustc/e3feeb59cd1bdd011a2bfcc0747b55125d9b8527/library/std/src/panic.rs:359:14
[INFO] [stdout]   41:     0x5580946e42f5 - test[aada8e7e76ba119b]::run_test_in_process
[INFO] [stdout]                                at /rustc/e3feeb59cd1bdd011a2bfcc0747b55125d9b8527/library/test/src/lib.rs:724:27
[INFO] [stdout]   42:     0x5580946e42f5 - test[aada8e7e76ba119b]::run_test::{closure#0}
[INFO] [stdout]                                at /rustc/e3feeb59cd1bdd011a2bfcc0747b55125d9b8527/library/test/src/lib.rs:645:43
[INFO] [stdout]   43:     0x5580946ddbe4 - test[aada8e7e76ba119b]::run_test::{closure#1}
[INFO] [stdout]                                at /rustc/e3feeb59cd1bdd011a2bfcc0747b55125d9b8527/library/test/src/lib.rs:675:41
[INFO] [stdout]   44:     0x5580946ddbe4 - std[617be2ca0a6fd877]::sys::backtrace::__rust_begin_short_backtrace::<test[aada8e7e76ba119b]::run_test::{closure#1}, ()>
[INFO] [stdout]                                at /rustc/e3feeb59cd1bdd011a2bfcc0747b55125d9b8527/library/std/src/sys/backtrace.rs:166:18
[INFO] [stdout]   45:     0x5580946e7382 - std[617be2ca0a6fd877]::thread::lifecycle::spawn_unchecked::<test[aada8e7e76ba119b]::run_test::{closure#1}, ()>::{closure#1}::{closure#0}
[INFO] [stdout]                                at /rustc/e3feeb59cd1bdd011a2bfcc0747b55125d9b8527/library/std/src/thread/lifecycle.rs:70:13
[INFO] [stdout]   46:     0x5580946e7382 - <core[a373ad73a504971]::panic::unwind_safe::AssertUnwindSafe<std[617be2ca0a6fd877]::thread::lifecycle::spawn_unchecked<test[aada8e7e76ba119b]::run_test::{closure#1}, ()>::{closure#1}::{closure#0}> as core[a373ad73a504971]::ops::function::FnOnce<()>>::call_once
[INFO] [stdout]                                at /rustc/e3feeb59cd1bdd011a2bfcc0747b55125d9b8527/library/core/src/panic/unwind_safe.rs:275:9
[INFO] [stdout]   47:     0x5580946e7382 - std[617be2ca0a6fd877]::panicking::catch_unwind::do_call::<core[a373ad73a504971]::panic::unwind_safe::AssertUnwindSafe<std[617be2ca0a6fd877]::thread::lifecycle::spawn_unchecked<test[aada8e7e76ba119b]::run_test::{closure#1}, ()>::{closure#1}::{closure#0}>, ()>
[INFO] [stdout]                                at /rustc/e3feeb59cd1bdd011a2bfcc0747b55125d9b8527/library/std/src/panicking.rs:573:43
[INFO] [stdout]   48:     0x5580946e7382 - std[617be2ca0a6fd877]::panicking::catch_unwind::<(), core[a373ad73a504971]::panic::unwind_safe::AssertUnwindSafe<std[617be2ca0a6fd877]::thread::lifecycle::spawn_unchecked<test[aada8e7e76ba119b]::run_test::{closure#1}, ()>::{closure#1}::{closure#0}>>
[INFO] [stdout]                                at /rustc/e3feeb59cd1bdd011a2bfcc0747b55125d9b8527/library/std/src/panicking.rs:541:19
[INFO] [stdout]   49:     0x5580946e7382 - std[617be2ca0a6fd877]::panic::catch_unwind::<core[a373ad73a504971]::panic::unwind_safe::AssertUnwindSafe<std[617be2ca0a6fd877]::thread::lifecycle::spawn_unchecked<test[aada8e7e76ba119b]::run_test::{closure#1}, ()>::{closure#1}::{closure#0}>, ()>
[INFO] [stdout]                                at /rustc/e3feeb59cd1bdd011a2bfcc0747b55125d9b8527/library/std/src/panic.rs:359:14
[INFO] [stdout]   50:     0x5580946e7382 - std[617be2ca0a6fd877]::thread::lifecycle::spawn_unchecked::<test[aada8e7e76ba119b]::run_test::{closure#1}, ()>::{closure#1}
[INFO] [stdout]                                at /rustc/e3feeb59cd1bdd011a2bfcc0747b55125d9b8527/library/std/src/thread/lifecycle.rs:68:26
[INFO] [stdout]   51:     0x5580946e7382 - <std[617be2ca0a6fd877]::thread::lifecycle::spawn_unchecked<test[aada8e7e76ba119b]::run_test::{closure#1}, ()>::{closure#1} as core[a373ad73a504971]::ops::function::FnOnce<()>>::call_once::{shim:vtable#0}
[INFO] [stdout]                                at /rustc/e3feeb59cd1bdd011a2bfcc0747b55125d9b8527/library/core/src/ops/function.rs:250:5
[INFO] [stdout]   52:     0x55809480593f - <alloc[2e1b2a31b91974c5]::boxed::Box<dyn core[a373ad73a504971]::ops::function::FnOnce<(), Output = ()> + core[a373ad73a504971]::marker::Send> as core[a373ad73a504971]::ops::function::FnOnce<()>>::call_once
[INFO] [stdout]                                at /rustc/e3feeb59cd1bdd011a2bfcc0747b55125d9b8527/library/alloc/src/boxed.rs:2314:9
[INFO] [stdout]   53:     0x55809480593f - <std[617be2ca0a6fd877]::sys::thread::unix::Thread>::new::thread_start
[INFO] [stdout]                                at /rustc/e3feeb59cd1bdd011a2bfcc0747b55125d9b8527/library/std/src/sys/thread/unix.rs:127:17
[INFO] [stdout]   54:     0x7e414ecf1dfa - <unknown>
[INFO] [stdout]   55:     0x7e414ed853d4 - clone
[INFO] [stdout]   56:                0x0 - <unknown>
[INFO] [stdout] 
[INFO] [stdout] 
[INFO] [stdout] failures:
[INFO] [stdout]     rotation_merging::tests::test_negative_angle_rotation_merging
[INFO] [stdout]     rotation_merging::tests::test_preserving_tableau
[INFO] [stdout]     rotation_merging::tests::test_random_rotation_merging
[INFO] [stdout]     rotation_merging::tests::test_rotation_cancellation
[INFO] [stdout]     rotation_merging::tests::test_rotation_merging
[INFO] [stdout]     rotation_merging::tests::test_rotation_merging_v
[INFO] [stdout]     rotation_merging::tests::test_x_rotations_only
[INFO] [stdout] 
[INFO] [stdout] test result: FAILED. 29 passed; 7 failed; 0 ignored; 0 measured; 0 filtered out; finished in 0.77s
[INFO] [stdout] 
[INFO] [stderr] error: test failed, to rerun pass `--lib`
[INFO] running `Command { std: "docker" "inspect" "c9955eee8e105b12279f40df27694e0aacf74913e4fb5e5cb67fa229e80a7f8b", kill_on_drop: false }`
[INFO] running `Command { std: "docker" "rm" "-f" "c9955eee8e105b12279f40df27694e0aacf74913e4fb5e5cb67fa229e80a7f8b", kill_on_drop: false }`
[INFO] [stdout] c9955eee8e105b12279f40df27694e0aacf74913e4fb5e5cb67fa229e80a7f8b
