[INFO] fetching crate tishlang_vm 3.12.2...
[INFO] testing tishlang_vm-3.12.2 against 1.99.0-beta.8 for beta-1.100-2
[INFO] extracting crate tishlang_vm 3.12.2 into /workspace/builds/worker-0-tc1/source
[INFO] started tweaking crates.io crate tishlang_vm 3.12.2
[INFO] removed 0 missing tests
[INFO] finished tweaking crates.io crate tishlang_vm 3.12.2
[INFO] tweaked toml for crates.io crate tishlang_vm 3.12.2 written to /workspace/builds/worker-0-tc1/source/Cargo.toml
[INFO] validating manifest of crates.io crate tishlang_vm 3.12.2 on toolchain 1.99.0-beta.8
[INFO] running `Command { std: CARGO_HOME="/workspace/cargo-home" RUSTUP_HOME="/workspace/rustup-home" "/workspace/cargo-home/bin/cargo" "+1.99.0-beta.8" "metadata" "--manifest-path" "Cargo.toml" "--no-deps", kill_on_drop: false }`
[INFO] crate crates.io crate tishlang_vm 3.12.2 already has a lockfile, it will not be regenerated
[INFO] running `Command { std: CARGO_HOME="/workspace/cargo-home" RUSTUP_HOME="/workspace/rustup-home" "/workspace/cargo-home/bin/cargo" "+1.99.0-beta.8" "fetch" "--manifest-path" "Cargo.toml", kill_on_drop: false }`
[INFO] [stderr]     Updating crates.io index
[INFO] [stderr]  Downloading crates ...
[INFO] [stderr]   Downloaded cc v1.2.57
[INFO] [stderr]   Downloaded tishlang_runtime v3.12.2
[INFO] [stderr]   Downloaded tishlang_core v3.12.2
[INFO] [stderr]   Downloaded arcstr v1.2.0
[INFO] [stderr]   Downloaded tishlang_builtins v3.12.2
[INFO] [stderr]   Downloaded tiny_http v0.12.0
[INFO] [stderr]   Downloaded chunked_transfer v1.5.0
[INFO] [stderr]   Downloaded ar_archive_writer v0.5.1
[INFO] [stderr]   Downloaded arc-swap v1.9.1
[INFO] [stderr]   Downloaded tishlang_parser v3.12.2
[INFO] [stderr]   Downloaded tishlang_opt v3.12.2
[INFO] [stderr]   Downloaded tishlang_ast v3.12.2
[INFO] [stderr]   Downloaded tishlang_lexer v3.12.2
[INFO] [stderr]   Downloaded cranelift-control v0.130.0
[INFO] [stderr]   Downloaded tishlang_ui v3.12.2
[INFO] [stderr]   Downloaded wasmtime-internal-core v43.0.0
[INFO] [stderr]   Downloaded cranelift-isle v0.130.0
[INFO] [stderr]   Downloaded tishlang_bytecode v3.12.2
[INFO] [stderr]   Downloaded tishlang_compile v3.12.2
[INFO] [stderr]   Downloaded cranelift-entity v0.130.0
[INFO] [stderr]   Downloaded cranelift-bitset v0.130.0
[INFO] [stderr]   Downloaded cranelift-native v0.130.0
[INFO] [stderr]   Downloaded regalloc2 v0.15.0
[INFO] [stderr]   Downloaded cranelift-codegen v0.130.0
[INFO] [stderr]   Downloaded cranelift-codegen-shared v0.130.0
[INFO] [stderr]   Downloaded cranelift-codegen-meta v0.130.0
[INFO] [stderr]   Downloaded wasmtime-internal-jit-icache-coherence v43.0.0
[INFO] [stderr]   Downloaded cranelift-bforest v0.130.0
[INFO] [stderr]   Downloaded cranelift-jit v0.130.0
[INFO] [stderr]   Downloaded cranelift-module v0.130.0
[INFO] [stderr]   Downloaded cranelift-assembler-x64 v0.130.0
[INFO] [stderr]   Downloaded cranelift v0.130.0
[INFO] [stderr]   Downloaded cranelift-srcgen v0.130.0
[INFO] [stderr]   Downloaded cranelift-frontend v0.130.0
[INFO] [stderr]   Downloaded cranelift-assembler-x64-meta v0.130.0
[INFO] running `Command { std: "docker" "create" "-v" "/var/lib/crater-agent-workspace/builds/worker-0-tc1/source:/opt/rustwide/workdir:ro,Z" "-v" "/var/lib/crater-agent-workspace/builds/worker-0-tc1/target:/opt/rustwide/target:rw,Z" "-v" "/var/lib/crater-agent-workspace/cargo-home:/opt/rustwide/cargo-home:ro,Z" "-v" "/var/lib/crater-agent-workspace/rustup-home:/opt/rustwide/rustup-home:ro,Z" "-m" "1610612736" "--network" "none" "ghcr.io/rust-lang/crates-build-env/linux@sha256:3111399a4047eeb3a02b7a90e478d715f38a8c6669b5c4b49d30a17385265909" "sleep" "infinity", kill_on_drop: false }`
[INFO] [stdout] 23211374d7c72c2dbe7eb50229fe02f0cf837eb767eb1121cd49149a953f498f
[INFO] running `Command { std: "docker" "start" "23211374d7c72c2dbe7eb50229fe02f0cf837eb767eb1121cd49149a953f498f", kill_on_drop: false }`
[INFO] running `Command { std: "docker" "inspect" "23211374d7c72c2dbe7eb50229fe02f0cf837eb767eb1121cd49149a953f498f", kill_on_drop: false }`
[INFO] running `Command { std: "docker" "exec" "-e" "SOURCE_DIR=/opt/rustwide/workdir" "-e" "CARGO_HOME=/opt/rustwide/cargo-home" "-e" "RUSTUP_HOME=/opt/rustwide/rustup-home" "-e" "CARGO_TARGET_DIR=/opt/rustwide/target" "-w" "/opt/rustwide/workdir" "--user" "0:0" "23211374d7c72c2dbe7eb50229fe02f0cf837eb767eb1121cd49149a953f498f" "/opt/rustwide/cargo-home/bin/cargo" "+1.99.0-beta.8" "metadata" "--no-deps" "--format-version=1", kill_on_drop: false }`
[INFO] running `Command { std: "docker" "inspect" "23211374d7c72c2dbe7eb50229fe02f0cf837eb767eb1121cd49149a953f498f", kill_on_drop: false }`
[INFO] running `Command { std: "docker" "exec" "-e" "SOURCE_DIR=/opt/rustwide/workdir" "-e" "CARGO_HOME=/opt/rustwide/cargo-home" "-e" "RUSTUP_HOME=/opt/rustwide/rustup-home" "-e" "CARGO_TARGET_DIR=/opt/rustwide/target" "-e" "CARGO_INCREMENTAL=0" "-e" "RUST_BACKTRACE=full" "-e" "RUSTFLAGS=--cap-lints=warn" "-e" "RUSTDOCFLAGS=--cap-lints=warn" "-w" "/opt/rustwide/workdir" "--user" "0:0" "23211374d7c72c2dbe7eb50229fe02f0cf837eb767eb1121cd49149a953f498f" "/opt/rustwide/cargo-home/bin/cargo" "+1.99.0-beta.8" "build" "--frozen" "--message-format=json", kill_on_drop: false }`
[INFO] [stderr]    Compiling hashbrown v0.16.1
[INFO] [stderr]    Compiling cranelift-srcgen v0.130.0
[INFO] [stderr]    Compiling wasmtime-internal-core v43.0.0
[INFO] [stderr]    Compiling smallvec v1.15.1
[INFO] [stderr]    Compiling cranelift-isle v0.130.0
[INFO] [stderr]    Compiling cranelift-codegen-shared v0.130.0
[INFO] [stderr]    Compiling target-lexicon v0.13.5
[INFO] [stderr]    Compiling rustc-hash v2.1.1
[INFO] [stderr]    Compiling object v0.37.3
[INFO] [stderr]    Compiling fnv v1.0.7
[INFO] [stderr]    Compiling bumpalo v3.20.2
[INFO] [stderr]    Compiling hashbrown v0.15.5
[INFO] [stderr]    Compiling arbitrary v1.4.2
[INFO] [stderr]    Compiling cc v1.2.57
[INFO] [stderr]    Compiling zerocopy v0.8.47
[INFO] [stderr]    Compiling getrandom v0.3.4
[INFO] [stderr]    Compiling getrandom v0.4.2
[INFO] [stderr]    Compiling anyhow v1.0.102
[INFO] [stderr]    Compiling cranelift-assembler-x64-meta v0.130.0
[INFO] [stderr]    Compiling once_cell v1.21.4
[INFO] [stderr]    Compiling rand_core v0.10.0
[INFO] [stderr]    Compiling arcstr v1.2.0
[INFO] [stderr]    Compiling tinyvec v1.11.0
[INFO] [stderr]    Compiling chacha20 v0.10.0
[INFO] [stderr]    Compiling region v3.0.2
[INFO] [stderr]    Compiling tishlang_ast v3.12.2
[INFO] [stderr]    Compiling unicode-normalization v0.1.25
[INFO] [stderr]    Compiling indexmap v2.13.0
[INFO] [stderr]    Compiling cranelift-codegen-meta v0.130.0
[INFO] [stderr]    Compiling regalloc2 v0.15.0
[INFO] [stderr]    Compiling stacker v0.1.24
[INFO] [stderr]    Compiling rand v0.10.1
[INFO] [stderr]    Compiling cranelift-bitset v0.130.0
[INFO] [stderr]    Compiling wasmtime-internal-jit-icache-coherence v43.0.0
[INFO] [stderr]    Compiling cranelift-entity v0.130.0
[INFO] [stderr]    Compiling cranelift-assembler-x64 v0.130.0
[INFO] [stderr]    Compiling cranelift-bforest v0.130.0
[INFO] [stderr]    Compiling cranelift-control v0.130.0
[INFO] [stderr]    Compiling gimli v0.33.0
[INFO] [stderr]    Compiling cranelift-codegen v0.130.0
[INFO] [stderr]    Compiling ar_archive_writer v0.5.1
[INFO] [stderr]    Compiling psm v0.1.31
[INFO] [stderr]    Compiling ahash v0.8.12
[INFO] [stderr]    Compiling tishlang_core v3.12.2
[INFO] [stderr]    Compiling tishlang_builtins v3.12.2
[INFO] [stderr]    Compiling tishlang_bytecode v3.12.2
[INFO] [stderr]    Compiling cranelift-frontend v0.130.0
[INFO] [stderr]    Compiling cranelift-native v0.130.0
[INFO] [stderr]    Compiling cranelift-module v0.130.0
[INFO] [stderr]    Compiling cranelift-jit v0.130.0
[INFO] [stderr]    Compiling cranelift v0.130.0
[INFO] [stderr]    Compiling tishlang_vm v3.12.2 (/opt/rustwide/workdir)
[INFO] [stdout] warning: unused import: `std::rc::Rc`
[INFO] [stdout]  --> src/vm.rs:7:5
[INFO] [stdout]   |
[INFO] [stdout] 7 | use std::rc::Rc;
[INFO] [stdout]   |     ^^^^^^^^^^^
[INFO] [stdout]   |
[INFO] [stdout]   = note: `#[warn(unused_imports)]` (part of `#[warn(unused)]`) on by default
[INFO] [stdout] 
[INFO] [stdout] 
[INFO] [stdout] warning: value assigned to `instr_off` is never read
[INFO] [stdout]     --> src/vm.rs:2450:29
[INFO] [stdout]      |
[INFO] [stdout] 2450 |         let mut instr_off = 0usize;
[INFO] [stdout]      |                             ^^^^^^ this value is reassigned later and never used
[INFO] [stdout] ...
[INFO] [stdout] 2489 |             instr_off = ip;
[INFO] [stdout]      |             -------------- `instr_off` is overwritten here before the previous value is read
[INFO] [stdout]      |
[INFO] [stdout]      = note: `#[warn(unused_assignments)]` (part of `#[warn(unused)]`) on by default
[INFO] [stdout] 
[INFO] [stdout] 
[INFO] [stdout] warning: associated function `unwind_throw` is never used
[INFO] [stdout]     --> src/vm.rs:1789:8
[INFO] [stdout]      |
[INFO] [stdout] 1726 | impl Vm {
[INFO] [stdout]      | ------- associated function in this implementation
[INFO] [stdout] ...
[INFO] [stdout] 1789 |     fn unwind_throw(
[INFO] [stdout]      |        ^^^^^^^^^^^^
[INFO] [stdout]      |
[INFO] [stdout]      = note: `#[warn(dead_code)]` (part of `#[warn(unused)]`) on by default
[INFO] [stdout] 
[INFO] [stdout] 
[INFO] [stderr]     Finished `dev` profile [unoptimized + debuginfo] target(s) in 33.87s
[INFO] running `Command { std: "docker" "inspect" "23211374d7c72c2dbe7eb50229fe02f0cf837eb767eb1121cd49149a953f498f", kill_on_drop: false }`
[INFO] running `Command { std: "docker" "exec" "-e" "SOURCE_DIR=/opt/rustwide/workdir" "-e" "CARGO_HOME=/opt/rustwide/cargo-home" "-e" "RUSTUP_HOME=/opt/rustwide/rustup-home" "-e" "CARGO_TARGET_DIR=/opt/rustwide/target" "-e" "CARGO_INCREMENTAL=0" "-e" "RUST_BACKTRACE=full" "-e" "RUSTFLAGS=--cap-lints=warn" "-e" "RUSTDOCFLAGS=--cap-lints=warn" "-w" "/opt/rustwide/workdir" "--user" "0:0" "23211374d7c72c2dbe7eb50229fe02f0cf837eb767eb1121cd49149a953f498f" "/opt/rustwide/cargo-home/bin/cargo" "+1.99.0-beta.8" "test" "--frozen" "--no-run" "--message-format=json", kill_on_drop: false }`
[INFO] [stderr]    Compiling object v0.37.3
[INFO] [stderr]    Compiling serde_core v1.0.228
[INFO] [stderr]    Compiling tishlang_lexer v3.12.2
[INFO] [stderr]    Compiling tishlang_ui v3.12.2
[INFO] [stderr]    Compiling tishlang_opt v3.12.2
[INFO] [stderr]    Compiling serde_json v1.0.149
[INFO] [stderr]    Compiling ar_archive_writer v0.5.1
[INFO] [stderr]    Compiling psm v0.1.31
[INFO] [stderr]    Compiling stacker v0.1.24
[INFO] [stderr]    Compiling tishlang_parser v3.12.2
[INFO] [stderr]    Compiling tishlang_vm v3.12.2 (/opt/rustwide/workdir)
[INFO] [stdout] warning: unused import: `std::rc::Rc`
[INFO] [stdout]  --> src/vm.rs:7:5
[INFO] [stdout]   |
[INFO] [stdout] 7 | use std::rc::Rc;
[INFO] [stdout]   |     ^^^^^^^^^^^
[INFO] [stdout]   |
[INFO] [stdout]   = note: `#[warn(unused_imports)]` (part of `#[warn(unused)]`) on by default
[INFO] [stdout] 
[INFO] [stdout] 
[INFO] [stderr]    Compiling tishlang_compile v3.12.2
[INFO] [stdout] warning: value assigned to `instr_off` is never read
[INFO] [stdout]     --> src/vm.rs:2450:29
[INFO] [stdout]      |
[INFO] [stdout] 2450 |         let mut instr_off = 0usize;
[INFO] [stdout]      |                             ^^^^^^ this value is reassigned later and never used
[INFO] [stdout] ...
[INFO] [stdout] 2489 |             instr_off = ip;
[INFO] [stdout]      |             -------------- `instr_off` is overwritten here before the previous value is read
[INFO] [stdout]      |
[INFO] [stdout]      = note: `#[warn(unused_assignments)]` (part of `#[warn(unused)]`) on by default
[INFO] [stdout] 
[INFO] [stdout] 
[INFO] [stdout] warning: associated function `unwind_throw` is never used
[INFO] [stdout]     --> src/vm.rs:1789:8
[INFO] [stdout]      |
[INFO] [stdout] 1726 | impl Vm {
[INFO] [stdout]      | ------- associated function in this implementation
[INFO] [stdout] ...
[INFO] [stdout] 1789 |     fn unwind_throw(
[INFO] [stdout]      |        ^^^^^^^^^^^^
[INFO] [stdout]      |
[INFO] [stdout]      = note: `#[warn(dead_code)]` (part of `#[warn(unused)]`) on by default
[INFO] [stdout] 
[INFO] [stdout] 
[INFO] [stdout] warning: unused import: `std::rc::Rc`
[INFO] [stdout]  --> src/vm.rs:7:5
[INFO] [stdout]   |
[INFO] [stdout] 7 | use std::rc::Rc;
[INFO] [stdout]   |     ^^^^^^^^^^^
[INFO] [stdout]   |
[INFO] [stdout]   = note: `#[warn(unused_imports)]` (part of `#[warn(unused)]`) on by default
[INFO] [stdout] 
[INFO] [stdout] 
[INFO] [stdout] warning: value assigned to `instr_off` is never read
[INFO] [stdout]     --> src/vm.rs:2450:29
[INFO] [stdout]      |
[INFO] [stdout] 2450 |         let mut instr_off = 0usize;
[INFO] [stdout]      |                             ^^^^^^ this value is reassigned later and never used
[INFO] [stdout] ...
[INFO] [stdout] 2489 |             instr_off = ip;
[INFO] [stdout]      |             -------------- `instr_off` is overwritten here before the previous value is read
[INFO] [stdout]      |
[INFO] [stdout]      = note: `#[warn(unused_assignments)]` (part of `#[warn(unused)]`) on by default
[INFO] [stdout] 
[INFO] [stdout] 
[INFO] [stdout] warning: associated function `unwind_throw` is never used
[INFO] [stdout]     --> src/vm.rs:1789:8
[INFO] [stdout]      |
[INFO] [stdout] 1726 | impl Vm {
[INFO] [stdout]      | ------- associated function in this implementation
[INFO] [stdout] ...
[INFO] [stdout] 1789 |     fn unwind_throw(
[INFO] [stdout]      |        ^^^^^^^^^^^^
[INFO] [stdout]      |
[INFO] [stdout]      = note: `#[warn(dead_code)]` (part of `#[warn(unused)]`) on by default
[INFO] [stdout] 
[INFO] [stdout] 
[INFO] [stderr]     Finished `test` profile [unoptimized + debuginfo] target(s) in 25.00s
[INFO] running `Command { std: "docker" "inspect" "23211374d7c72c2dbe7eb50229fe02f0cf837eb767eb1121cd49149a953f498f", kill_on_drop: false }`
[INFO] running `Command { std: "docker" "exec" "-e" "SOURCE_DIR=/opt/rustwide/workdir" "-e" "CARGO_HOME=/opt/rustwide/cargo-home" "-e" "RUSTUP_HOME=/opt/rustwide/rustup-home" "-e" "CARGO_TARGET_DIR=/opt/rustwide/target" "-e" "CARGO_INCREMENTAL=0" "-e" "RUST_BACKTRACE=full" "-e" "RUSTFLAGS=--cap-lints=warn" "-e" "RUSTDOCFLAGS=--cap-lints=warn" "-w" "/opt/rustwide/workdir" "--user" "0:0" "23211374d7c72c2dbe7eb50229fe02f0cf837eb767eb1121cd49149a953f498f" "/opt/rustwide/cargo-home/bin/cargo" "+1.99.0-beta.8" "test" "--frozen", kill_on_drop: false }`
[INFO] [stderr] warning: unused import: `std::rc::Rc`
[INFO] [stderr]  --> src/vm.rs:7:5
[INFO] [stderr]   |
[INFO] [stderr] 7 | use std::rc::Rc;
[INFO] [stderr]   |     ^^^^^^^^^^^
[INFO] [stderr]   |
[INFO] [stderr]   = note: `#[warn(unused_imports)]` (part of `#[warn(unused)]`) on by default
[INFO] [stderr] 
[INFO] [stderr] warning: value assigned to `instr_off` is never read
[INFO] [stderr]     --> src/vm.rs:2450:29
[INFO] [stderr]      |
[INFO] [stderr] 2450 |         let mut instr_off = 0usize;
[INFO] [stderr]      |                             ^^^^^^ this value is reassigned later and never used
[INFO] [stderr] ...
[INFO] [stderr] 2489 |             instr_off = ip;
[INFO] [stderr]      |             -------------- `instr_off` is overwritten here before the previous value is read
[INFO] [stderr]      |
[INFO] [stderr]      = note: `#[warn(unused_assignments)]` (part of `#[warn(unused)]`) on by default
[INFO] [stderr] 
[INFO] [stderr] warning: associated function `unwind_throw` is never used
[INFO] [stderr]     --> src/vm.rs:1789:8
[INFO] [stderr]      |
[INFO] [stderr] 1726 | impl Vm {
[INFO] [stderr]      | ------- associated function in this implementation
[INFO] [stderr] ...
[INFO] [stderr] 1789 |     fn unwind_throw(
[INFO] [stderr]      |        ^^^^^^^^^^^^
[INFO] [stderr]      |
[INFO] [stderr]      = note: `#[warn(dead_code)]` (part of `#[warn(unused)]`) on by default
[INFO] [stderr] 
[INFO] [stderr] warning: `tishlang_vm` (lib) generated 3 warnings (run `cargo fix --lib -p tishlang_vm` to apply 1 suggestion)
[INFO] [stderr] warning: `tishlang_vm` (lib test) generated 3 warnings (3 duplicates)
[INFO] [stderr]     Finished `test` profile [unoptimized + debuginfo] target(s) in 0.23s
[INFO] [stderr]      Running unittests src/lib.rs (/opt/rustwide/target/debug/deps/tishlang_vm-433636071034b91c)
[INFO] [stdout] 
[INFO] [stdout] running 29 tests
[INFO] [stdout] test jit::tests::classify_params_bool_write_kinds ... ok
[INFO] [stdout] test jit::tests::jit_array_param_write_oob_deopts ... ok
[INFO] [stdout] test jit::tests::osr_region_handles_math_binary ... ok
[INFO] [stdout] test jit::tests::jit_array_mode_recursion_over_bool_array ... ok
[INFO] [stdout] test jit::tests::jit_bool_eq_number_never_miscompiles ... ok
[INFO] [stdout] test jit::tests::jit_jv_local_array_sum_matches_closed_form ... ok
[INFO] [stdout] test jit::tests::jit_bool_scalar_slot_flips_and_matches ... ok
[INFO] [stdout] test jit::tests::jit_jv_oob_read_sets_deopt_flag ... ok
[INFO] [stdout] test jit::tests::jit_xcall_cached_per_generation_and_replays_registration ... ok
[INFO] [stdout] test jit::tests::osr_region_handles_branches ... ok
[INFO] [stdout] test jit::tests::jit_array_param_write_and_readback ... ok
[INFO] [stdout] test jit::tests::osr_region_rejects_calls ... ok
[INFO] [stdout] test jit::tests::osr_region_runs_numeric_loop ... ok
[INFO] [stdout] test jit::tests::jit_cache_negative_entries_dedupe ... ok
[INFO] [stdout] test vm::undeclared_var_in_fn_tests::undefined_ident_in_fn_errors_not_null ... ok
[INFO] [stdout] test jit::tests::jit_lowers_shifts_bit_exact_to_vm ... ok
[INFO] [stdout] test tests::bytecode_for_of_break_continue_switch_try ... ok
[INFO] [stdout] test vm::recursion_limit_tests_381::jit_deep_recursion_surfaces_error_not_abort ... ok
[INFO] [stdout] test vm::recursion_limit_tests_381::deep_recursion_is_catchable_not_abort ... ok
[INFO] [stdout] test jit::tests::jit_jv_while_true_epilogue_compiles ... ok
[INFO] [stdout] test jit::tests::jit_cache_detects_address_reuse ... ok
[INFO] [stdout] test jit::tests::osr_cache_content_identity_dedupes_cloned_chunks ... ok
[INFO] [stdout] test vm::undeclared_var_in_fn_tests::frozen_write_throws_catchable_typeerror ... ok
[INFO] [stdout] test vm::undeclared_var_in_fn_tests::undeclared_read_in_fn_errors_not_null ... ok
[INFO] [stdout] test vm::undeclared_var_in_fn_tests::undeclared_read_in_fn_is_catchable ... ok
[INFO] [stdout] test jit::tests::jit_cache_content_identity_dedupes_cloned_chunks ... ok
[INFO] [stdout] test vm::recursion_limit_tests_381::normal_recursion_is_unaffected ... ok
[INFO] [stdout] test vm::recursion_limit_tests_381::uncaught_deep_recursion_surfaces_error_not_abort ... ok
[INFO] [stdout] test jit::tests::jit_cross_function_call_matches_closed_form ... FAILED
[INFO] [stdout] 
[INFO] [stdout] failures:
[INFO] [stdout] 
[INFO] [stdout] ---- jit::tests::jit_cross_function_call_matches_closed_form stdout ----
[INFO] [stdout] 
[INFO] [stdout] thread 'jit::tests::jit_cross_function_call_matches_closed_form' (1428) panicked at src/jit.rs:4906:19:
[INFO] [stdout] sumSq must compile with the resolved `sq` call (did resolution break?)
[INFO] [stdout] stack backtrace:
[INFO] [stdout]    0:     0x58c07451ae91 - std[70759c8f55707aa4]::backtrace_rs::backtrace::libunwind::trace
[INFO] [stdout]                                at /rustc/dfb0accb7f508ae8be965d8629557221c889dd98/library/std/src/../../backtrace/src/backtrace/libunwind.rs:117:9
[INFO] [stdout]    1:     0x58c07451ae91 - std[70759c8f55707aa4]::backtrace_rs::backtrace::trace_unsynchronized::<std[70759c8f55707aa4]::sys::backtrace::_print_fmt::{closure#1}>
[INFO] [stdout]                                at /rustc/dfb0accb7f508ae8be965d8629557221c889dd98/library/std/src/../../backtrace/src/backtrace/mod.rs:66:14
[INFO] [stdout]    2:     0x58c07451ae91 - std[70759c8f55707aa4]::sys::backtrace::_print_fmt
[INFO] [stdout]                                at /rustc/dfb0accb7f508ae8be965d8629557221c889dd98/library/std/src/sys/backtrace.rs:74:9
[INFO] [stdout]    3:     0x58c07451ae91 - <<std[70759c8f55707aa4]::sys::backtrace::BacktraceLock>::print::DisplayBacktrace as core[df12db4294e9bfd3]::fmt::Display>::fmt
[INFO] [stdout]                                at /rustc/dfb0accb7f508ae8be965d8629557221c889dd98/library/std/src/sys/backtrace.rs:44:26
[INFO] [stdout]    4:     0x58c0745333ba - <core[df12db4294e9bfd3]::fmt::rt::Argument>::fmt
[INFO] [stdout]                                at /rustc/dfb0accb7f508ae8be965d8629557221c889dd98/library/core/src/fmt/rt.rs:152:76
[INFO] [stdout]    5:     0x58c0745333ba - core[df12db4294e9bfd3]::fmt::write
[INFO] [stdout]    6:     0x58c07451f87c - core[df12db4294e9bfd3]::io::write::default_write_fmt::<alloc[2182bb758b4b3781]::vec::Vec<u8>>
[INFO] [stdout]                                at /rustc/dfb0accb7f508ae8be965d8629557221c889dd98/library/core/src/io/write.rs:402:11
[INFO] [stdout]    7:     0x58c07451f87c - <alloc[2182bb758b4b3781]::vec::Vec<u8> as core[df12db4294e9bfd3]::io::write::Write>::write_fmt
[INFO] [stdout]                                at /rustc/dfb0accb7f508ae8be965d8629557221c889dd98/library/core/src/io/write.rs:335:13
[INFO] [stdout]    8:     0x58c0744f6cc6 - <std[70759c8f55707aa4]::sys::backtrace::BacktraceLock>::print
[INFO] [stdout]                                at /rustc/dfb0accb7f508ae8be965d8629557221c889dd98/library/std/src/sys/backtrace.rs:47:9
[INFO] [stdout]    9:     0x58c0744f6cc6 - std[70759c8f55707aa4]::panicking::default_hook::{closure#0}
[INFO] [stdout]                                at /rustc/dfb0accb7f508ae8be965d8629557221c889dd98/library/std/src/panicking.rs:292:27
[INFO] [stdout]   10:     0x58c0745133a9 - std[70759c8f55707aa4]::panicking::default_hook
[INFO] [stdout]                                at /rustc/dfb0accb7f508ae8be965d8629557221c889dd98/library/std/src/panicking.rs:316:9
[INFO] [stdout]   11:     0x58c073bfb640 - <alloc[2182bb758b4b3781]::boxed::Box<dyn for<'a, 'b> core[df12db4294e9bfd3]::ops::function::Fn<(&'a std[70759c8f55707aa4]::panic::PanicHookInfo<'b>,), Output = ()> + core[df12db4294e9bfd3]::marker::Send + core[df12db4294e9bfd3]::marker::Sync> as core[df12db4294e9bfd3]::ops::function::Fn<(&std[70759c8f55707aa4]::panic::PanicHookInfo,)>>::call
[INFO] [stdout]                                at /rustc/dfb0accb7f508ae8be965d8629557221c889dd98/library/alloc/src/boxed.rs:2334:9
[INFO] [stdout]   12:     0x58c073bfb640 - test[9d35eded1c95d3be]::test_main_inner::<test[9d35eded1c95d3be]::test_main_static::{closure#0}>::{closure#0}
[INFO] [stdout]                                at /rustc/dfb0accb7f508ae8be965d8629557221c889dd98/library/test/src/lib.rs:155:21
[INFO] [stdout]   13:     0x58c0745136d2 - <alloc[2182bb758b4b3781]::boxed::Box<dyn for<'a, 'b> core[df12db4294e9bfd3]::ops::function::Fn<(&'a std[70759c8f55707aa4]::panic::PanicHookInfo<'b>,), Output = ()> + core[df12db4294e9bfd3]::marker::Send + core[df12db4294e9bfd3]::marker::Sync> as core[df12db4294e9bfd3]::ops::function::Fn<(&std[70759c8f55707aa4]::panic::PanicHookInfo,)>>::call
[INFO] [stdout]                                at /rustc/dfb0accb7f508ae8be965d8629557221c889dd98/library/alloc/src/boxed.rs:2334:9
[INFO] [stdout]   14:     0x58c0745136d2 - std[70759c8f55707aa4]::panicking::panic_with_hook
[INFO] [stdout]                                at /rustc/dfb0accb7f508ae8be965d8629557221c889dd98/library/std/src/panicking.rs:823:13
[INFO] [stdout]   15:     0x58c0744f6d72 - std[70759c8f55707aa4]::panicking::panic_handler::{closure#0}
[INFO] [stdout]                                at /rustc/dfb0accb7f508ae8be965d8629557221c889dd98/library/std/src/panicking.rs:688:13
[INFO] [stdout]   16:     0x58c0744ef569 - std[70759c8f55707aa4]::sys::backtrace::__rust_end_short_backtrace::<std[70759c8f55707aa4]::panicking::panic_handler::{closure#0}, !>
[INFO] [stdout]                                at /rustc/dfb0accb7f508ae8be965d8629557221c889dd98/library/std/src/sys/backtrace.rs:182:18
[INFO] [stdout]   17:     0x58c0744f7a7d - __rustc[8fa7c3cbc660c2b3]::rust_begin_unwind
[INFO] [stdout]                                at /rustc/dfb0accb7f508ae8be965d8629557221c889dd98/library/std/src/panicking.rs:679:5
[INFO] [stdout]   18:     0x58c074533c0c - core[df12db4294e9bfd3]::panicking::panic_fmt
[INFO] [stdout]                                at /rustc/dfb0accb7f508ae8be965d8629557221c889dd98/library/core/src/panicking.rs:80:14
[INFO] [stdout]   19:     0x58c0745338b4 - core[df12db4294e9bfd3]::panicking::panic_display::<&str>
[INFO] [stdout]                                at /rustc/dfb0accb7f508ae8be965d8629557221c889dd98/library/core/src/panicking.rs:259:5
[INFO] [stdout]   20:     0x58c0745338b4 - core[df12db4294e9bfd3]::option::expect_failed
[INFO] [stdout]                                at /rustc/dfb0accb7f508ae8be965d8629557221c889dd98/library/core/src/option.rs:2257:5
[INFO] [stdout]   21:     0x58c073b32b32 - <core[df12db4294e9bfd3]::option::Option<tishlang_vm[c536f157ba708ec4]::jit::NumericFn>>::expect
[INFO] [stdout]                                at /rustc/dfb0accb7f508ae8be965d8629557221c889dd98/library/core/src/option.rs:969:21
[INFO] [stdout]   22:     0x58c073af76ae - tishlang_vm[c536f157ba708ec4]::jit::tests::jit_cross_function_call_matches_closed_form
[INFO] [stdout]                                at /opt/rustwide/workdir/src/jit.rs:4906:19
[INFO] [stdout]   23:     0x58c073af2107 - tishlang_vm[c536f157ba708ec4]::jit::tests::jit_cross_function_call_matches_closed_form::{closure#0}
[INFO] [stdout]                                at /opt/rustwide/workdir/src/jit.rs:4881:53
[INFO] [stdout]   24:     0x58c073aefc16 - <tishlang_vm[c536f157ba708ec4]::jit::tests::jit_cross_function_call_matches_closed_form::{closure#0} as core[df12db4294e9bfd3]::ops::function::FnOnce<()>>::call_once
[INFO] [stdout]                                at /rustc/dfb0accb7f508ae8be965d8629557221c889dd98/library/core/src/ops/function.rs:250:5
[INFO] [stdout]   25:     0x58c073bee92b - <fn() -> core[df12db4294e9bfd3]::result::Result<(), alloc[2182bb758b4b3781]::string::String> as core[df12db4294e9bfd3]::ops::function::FnOnce<()>>::call_once
[INFO] [stdout]                                at /rustc/dfb0accb7f508ae8be965d8629557221c889dd98/library/core/src/ops/function.rs:250:5
[INFO] [stdout]   26:     0x58c073bee92b - test[9d35eded1c95d3be]::__rust_begin_short_backtrace::<core[df12db4294e9bfd3]::result::Result<(), alloc[2182bb758b4b3781]::string::String>, fn() -> core[df12db4294e9bfd3]::result::Result<(), alloc[2182bb758b4b3781]::string::String>>
[INFO] [stdout]                                at /rustc/dfb0accb7f508ae8be965d8629557221c889dd98/library/test/src/lib.rs:733:18
[INFO] [stdout]   27:     0x58c073bfbf95 - test[9d35eded1c95d3be]::run_test_in_process::{closure#0}
[INFO] [stdout]                                at /rustc/dfb0accb7f508ae8be965d8629557221c889dd98/library/test/src/lib.rs:756:74
[INFO] [stdout]   28:     0x58c073bfbf95 - <core[df12db4294e9bfd3]::panic::unwind_safe::AssertUnwindSafe<test[9d35eded1c95d3be]::run_test_in_process::{closure#0}> as core[df12db4294e9bfd3]::ops::function::FnOnce<()>>::call_once
[INFO] [stdout]                                at /rustc/dfb0accb7f508ae8be965d8629557221c889dd98/library/core/src/panic/unwind_safe.rs:275:9
[INFO] [stdout]   29:     0x58c073bfbf95 - std[70759c8f55707aa4]::panicking::catch_unwind::do_call::<core[df12db4294e9bfd3]::panic::unwind_safe::AssertUnwindSafe<test[9d35eded1c95d3be]::run_test_in_process::{closure#0}>, core[df12db4294e9bfd3]::result::Result<(), alloc[2182bb758b4b3781]::string::String>>
[INFO] [stdout]                                at /rustc/dfb0accb7f508ae8be965d8629557221c889dd98/library/std/src/panicking.rs:576:43
[INFO] [stdout]   30:     0x58c073bfbf95 - std[70759c8f55707aa4]::panicking::catch_unwind::<core[df12db4294e9bfd3]::result::Result<(), alloc[2182bb758b4b3781]::string::String>, core[df12db4294e9bfd3]::panic::unwind_safe::AssertUnwindSafe<test[9d35eded1c95d3be]::run_test_in_process::{closure#0}>>
[INFO] [stdout]                                at /rustc/dfb0accb7f508ae8be965d8629557221c889dd98/library/std/src/panicking.rs:544:19
[INFO] [stdout]   31:     0x58c073bfbf95 - std[70759c8f55707aa4]::panic::catch_unwind::<core[df12db4294e9bfd3]::panic::unwind_safe::AssertUnwindSafe<test[9d35eded1c95d3be]::run_test_in_process::{closure#0}>, core[df12db4294e9bfd3]::result::Result<(), alloc[2182bb758b4b3781]::string::String>>
[INFO] [stdout]                                at /rustc/dfb0accb7f508ae8be965d8629557221c889dd98/library/std/src/panic.rs:359:14
[INFO] [stdout]   32:     0x58c073bfbf95 - test[9d35eded1c95d3be]::run_test_in_process
[INFO] [stdout]                                at /rustc/dfb0accb7f508ae8be965d8629557221c889dd98/library/test/src/lib.rs:756:27
[INFO] [stdout]   33:     0x58c073bfbf95 - test[9d35eded1c95d3be]::run_test::{closure#0}
[INFO] [stdout]                                at /rustc/dfb0accb7f508ae8be965d8629557221c889dd98/library/test/src/lib.rs:677:43
[INFO] [stdout]   34:     0x58c073bf5854 - test[9d35eded1c95d3be]::run_test::{closure#1}
[INFO] [stdout]                                at /rustc/dfb0accb7f508ae8be965d8629557221c889dd98/library/test/src/lib.rs:707:41
[INFO] [stdout]   35:     0x58c073bf5854 - std[70759c8f55707aa4]::sys::backtrace::__rust_begin_short_backtrace::<test[9d35eded1c95d3be]::run_test::{closure#1}, ()>
[INFO] [stdout]                                at /rustc/dfb0accb7f508ae8be965d8629557221c889dd98/library/std/src/sys/backtrace.rs:166:18
[INFO] [stdout]   36:     0x58c073bff0f2 - std[70759c8f55707aa4]::thread::lifecycle::spawn_unchecked::<test[9d35eded1c95d3be]::run_test::{closure#1}, ()>::{closure#1}::{closure#0}
[INFO] [stdout]                                at /rustc/dfb0accb7f508ae8be965d8629557221c889dd98/library/std/src/thread/lifecycle.rs:70:13
[INFO] [stdout]   37:     0x58c073bff0f2 - <core[df12db4294e9bfd3]::panic::unwind_safe::AssertUnwindSafe<std[70759c8f55707aa4]::thread::lifecycle::spawn_unchecked<test[9d35eded1c95d3be]::run_test::{closure#1}, ()>::{closure#1}::{closure#0}> as core[df12db4294e9bfd3]::ops::function::FnOnce<()>>::call_once
[INFO] [stdout]                                at /rustc/dfb0accb7f508ae8be965d8629557221c889dd98/library/core/src/panic/unwind_safe.rs:275:9
[INFO] [stdout]   38:     0x58c073bff0f2 - std[70759c8f55707aa4]::panicking::catch_unwind::do_call::<core[df12db4294e9bfd3]::panic::unwind_safe::AssertUnwindSafe<std[70759c8f55707aa4]::thread::lifecycle::spawn_unchecked<test[9d35eded1c95d3be]::run_test::{closure#1}, ()>::{closure#1}::{closure#0}>, ()>
[INFO] [stdout]                                at /rustc/dfb0accb7f508ae8be965d8629557221c889dd98/library/std/src/panicking.rs:576:43
[INFO] [stdout]   39:     0x58c073bff0f2 - std[70759c8f55707aa4]::panicking::catch_unwind::<(), core[df12db4294e9bfd3]::panic::unwind_safe::AssertUnwindSafe<std[70759c8f55707aa4]::thread::lifecycle::spawn_unchecked<test[9d35eded1c95d3be]::run_test::{closure#1}, ()>::{closure#1}::{closure#0}>>
[INFO] [stdout]                                at /rustc/dfb0accb7f508ae8be965d8629557221c889dd98/library/std/src/panicking.rs:544:19
[INFO] [stdout]   40:     0x58c073bff0f2 - std[70759c8f55707aa4]::panic::catch_unwind::<core[df12db4294e9bfd3]::panic::unwind_safe::AssertUnwindSafe<std[70759c8f55707aa4]::thread::lifecycle::spawn_unchecked<test[9d35eded1c95d3be]::run_test::{closure#1}, ()>::{closure#1}::{closure#0}>, ()>
[INFO] [stdout]                                at /rustc/dfb0accb7f508ae8be965d8629557221c889dd98/library/std/src/panic.rs:359:14
[INFO] [stdout]   41:     0x58c073bff0f2 - std[70759c8f55707aa4]::thread::lifecycle::spawn_unchecked::<test[9d35eded1c95d3be]::run_test::{closure#1}, ()>::{closure#1}
[INFO] [stdout]                                at /rustc/dfb0accb7f508ae8be965d8629557221c889dd98/library/std/src/thread/lifecycle.rs:68:26
[INFO] [stdout]   42:     0x58c073bff0f2 - <std[70759c8f55707aa4]::thread::lifecycle::spawn_unchecked<test[9d35eded1c95d3be]::run_test::{closure#1}, ()>::{closure#1} as core[df12db4294e9bfd3]::ops::function::FnOnce<()>>::call_once::{shim:vtable#0}
[INFO] [stdout]                                at /rustc/dfb0accb7f508ae8be965d8629557221c889dd98/library/core/src/ops/function.rs:250:5
[INFO] [stdout]   43:     0x58c07451a759 - <alloc[2182bb758b4b3781]::boxed::Box<dyn core[df12db4294e9bfd3]::ops::function::FnOnce<(), Output = ()> + core[df12db4294e9bfd3]::marker::Send> as core[df12db4294e9bfd3]::ops::function::FnOnce<()>>::call_once
[INFO] [stdout]                                at /rustc/dfb0accb7f508ae8be965d8629557221c889dd98/library/alloc/src/boxed.rs:2320:9
[INFO] [stdout]   44:     0x58c07451a759 - <std[70759c8f55707aa4]::sys::thread::unix::Thread>::new::thread_start
[INFO] [stdout]                                at /rustc/dfb0accb7f508ae8be965d8629557221c889dd98/library/std/src/sys/thread/unix.rs:123:17
[INFO] [stdout]   45:     0x7523bf2a8dfa - <unknown>
[INFO] [stdout]   46:     0x7523bf33c3d4 - clone
[INFO] [stdout]   47:                0x0 - <unknown>
[INFO] [stdout] 
[INFO] [stdout] 
[INFO] [stdout] failures:
[INFO] [stdout]     jit::tests::jit_cross_function_call_matches_closed_form
[INFO] [stdout] 
[INFO] [stdout] test result: FAILED. 28 passed; 1 failed; 0 ignored; 0 measured; 0 filtered out; finished in 0.27s
[INFO] [stdout] 
[INFO] [stderr] error: test failed, to rerun pass `--lib`
[INFO] running `Command { std: "docker" "inspect" "23211374d7c72c2dbe7eb50229fe02f0cf837eb767eb1121cd49149a953f498f", kill_on_drop: false }`
[INFO] running `Command { std: "docker" "rm" "-f" "23211374d7c72c2dbe7eb50229fe02f0cf837eb767eb1121cd49149a953f498f", kill_on_drop: false }`
[INFO] [stdout] 23211374d7c72c2dbe7eb50229fe02f0cf837eb767eb1121cd49149a953f498f
