[INFO] fetching crate timslite 0.1.6...
[INFO] testing timslite-0.1.6 against 1.100.0-beta.1 for beta-1.100-2
[INFO] extracting crate timslite 0.1.6 into /workspace/builds/worker-7-tc2/source
[INFO] started tweaking crates.io crate timslite 0.1.6
[INFO] removed 0 missing tests
[INFO] finished tweaking crates.io crate timslite 0.1.6
[INFO] tweaked toml for crates.io crate timslite 0.1.6 written to /workspace/builds/worker-7-tc2/source/Cargo.toml
[INFO] validating manifest of crates.io crate timslite 0.1.6 on toolchain 1.100.0-beta.1
[INFO] running `Command { std: CARGO_HOME="/workspace/cargo-home" RUSTUP_HOME="/workspace/rustup-home" "/workspace/cargo-home/bin/cargo" "+1.100.0-beta.1" "metadata" "--manifest-path" "Cargo.toml" "--no-deps", kill_on_drop: false }`
[INFO] crate crates.io crate timslite 0.1.6 already has a lockfile, it will not be regenerated
[INFO] running `Command { std: CARGO_HOME="/workspace/cargo-home" RUSTUP_HOME="/workspace/rustup-home" "/workspace/cargo-home/bin/cargo" "+1.100.0-beta.1" "fetch" "--manifest-path" "Cargo.toml", kill_on_drop: false }`
[INFO] [stderr] warning: `package.homepage` is redundant with `package.repository`
[INFO] [stderr]   --> Cargo.toml:53:12
[INFO] [stderr]    |
[INFO] [stderr] 53 | homepage = "https://github.com/snower/timslite"
[INFO] [stderr]    |            ^^^^^^^^^^^^^^^^^^^^^^^^^^^^^^^^^^^^
[INFO] [stderr] ...
[INFO] [stderr] 59 | repository = "https://github.com/snower/timslite"
[INFO] [stderr]    |              ------------------------------------
[INFO] [stderr]    |
[INFO] [stderr]    = note: `cargo::redundant_homepage` is set to `warn` by default
[INFO] [stderr] help: consider removing `package.homepage`
[INFO] [stderr] warning: `timslite` (manifest) generated 1 warning
[INFO] running `Command { std: "docker" "create" "-v" "/var/lib/crater-agent-workspace/builds/worker-7-tc2/source:/opt/rustwide/workdir:ro,Z" "-v" "/var/lib/crater-agent-workspace/builds/worker-7-tc2/target:/opt/rustwide/target:rw,Z" "-v" "/var/lib/crater-agent-workspace/cargo-home:/opt/rustwide/cargo-home:ro,Z" "-v" "/var/lib/crater-agent-workspace/rustup-home:/opt/rustwide/rustup-home:ro,Z" "-m" "1610612736" "--network" "none" "ghcr.io/rust-lang/crates-build-env/linux@sha256:3111399a4047eeb3a02b7a90e478d715f38a8c6669b5c4b49d30a17385265909" "sleep" "infinity", kill_on_drop: false }`
[INFO] [stdout] b096b6de64a540646f5c51fabe59f7f405ab823da8f81ae5c4bc4c949ee8faf1
[INFO] running `Command { std: "docker" "start" "b096b6de64a540646f5c51fabe59f7f405ab823da8f81ae5c4bc4c949ee8faf1", kill_on_drop: false }`
[INFO] running `Command { std: "docker" "inspect" "b096b6de64a540646f5c51fabe59f7f405ab823da8f81ae5c4bc4c949ee8faf1", kill_on_drop: false }`
[INFO] running `Command { std: "docker" "exec" "-e" "SOURCE_DIR=/opt/rustwide/workdir" "-e" "CARGO_HOME=/opt/rustwide/cargo-home" "-e" "RUSTUP_HOME=/opt/rustwide/rustup-home" "-e" "CARGO_TARGET_DIR=/opt/rustwide/target" "-w" "/opt/rustwide/workdir" "--user" "0:0" "b096b6de64a540646f5c51fabe59f7f405ab823da8f81ae5c4bc4c949ee8faf1" "/opt/rustwide/cargo-home/bin/cargo" "+1.100.0-beta.1" "metadata" "--no-deps" "--format-version=1", kill_on_drop: false }`
[INFO] running `Command { std: "docker" "inspect" "b096b6de64a540646f5c51fabe59f7f405ab823da8f81ae5c4bc4c949ee8faf1", kill_on_drop: false }`
[INFO] running `Command { std: "docker" "exec" "-e" "SOURCE_DIR=/opt/rustwide/workdir" "-e" "CARGO_HOME=/opt/rustwide/cargo-home" "-e" "RUSTUP_HOME=/opt/rustwide/rustup-home" "-e" "CARGO_TARGET_DIR=/opt/rustwide/target" "-e" "CARGO_INCREMENTAL=0" "-e" "RUST_BACKTRACE=full" "-e" "RUSTFLAGS=--cap-lints=warn" "-e" "RUSTDOCFLAGS=--cap-lints=warn" "-w" "/opt/rustwide/workdir" "--user" "0:0" "b096b6de64a540646f5c51fabe59f7f405ab823da8f81ae5c4bc4c949ee8faf1" "/opt/rustwide/cargo-home/bin/cargo" "+1.100.0-beta.1" "build" "--frozen" "--message-format=json", kill_on_drop: false }`
[INFO] [stderr] warning: `package.homepage` is redundant with `package.repository`
[INFO] [stderr]   --> Cargo.toml:53:12
[INFO] [stderr]    |
[INFO] [stderr] 53 | homepage = "https://github.com/snower/timslite"
[INFO] [stderr]    |            ^^^^^^^^^^^^^^^^^^^^^^^^^^^^^^^^^^^^
[INFO] [stderr] ...
[INFO] [stderr] 59 | repository = "https://github.com/snower/timslite"
[INFO] [stderr]    |              ------------------------------------
[INFO] [stderr]    |
[INFO] [stderr]    = note: `cargo::redundant_homepage` is set to `warn` by default
[INFO] [stderr] help: consider removing `package.homepage`
[INFO] [stderr] warning: `timslite` (manifest) generated 1 warning
[INFO] [stderr]    Compiling jobserver v0.1.34
[INFO] [stderr]    Compiling zstd-safe v7.2.4
[INFO] [stderr]    Compiling memmap2 v0.9.10
[INFO] [stderr]    Compiling miniz_oxide v0.8.9
[INFO] [stderr]    Compiling cc v1.2.63
[INFO] [stderr]    Compiling zstd-sys v2.0.16+zstd.1.5.7
[INFO] [stderr]    Compiling zstd v0.13.3
[INFO] [stderr]    Compiling timslite v0.1.6 (/opt/rustwide/workdir)
[INFO] [stderr]     Finished `dev` profile [unoptimized + debuginfo] target(s) in 15.95s
[INFO] running `Command { std: "docker" "inspect" "b096b6de64a540646f5c51fabe59f7f405ab823da8f81ae5c4bc4c949ee8faf1", kill_on_drop: false }`
[INFO] running `Command { std: "docker" "exec" "-e" "SOURCE_DIR=/opt/rustwide/workdir" "-e" "CARGO_HOME=/opt/rustwide/cargo-home" "-e" "RUSTUP_HOME=/opt/rustwide/rustup-home" "-e" "CARGO_TARGET_DIR=/opt/rustwide/target" "-e" "CARGO_INCREMENTAL=0" "-e" "RUST_BACKTRACE=full" "-e" "RUSTFLAGS=--cap-lints=warn" "-e" "RUSTDOCFLAGS=--cap-lints=warn" "-w" "/opt/rustwide/workdir" "--user" "0:0" "b096b6de64a540646f5c51fabe59f7f405ab823da8f81ae5c4bc4c949ee8faf1" "/opt/rustwide/cargo-home/bin/cargo" "+1.100.0-beta.1" "test" "--frozen" "--no-run" "--message-format=json", kill_on_drop: false }`
[INFO] [stderr] warning: `package.homepage` is redundant with `package.repository`
[INFO] [stderr]   --> Cargo.toml:53:12
[INFO] [stderr]    |
[INFO] [stderr] 53 | homepage = "https://github.com/snower/timslite"
[INFO] [stderr]    |            ^^^^^^^^^^^^^^^^^^^^^^^^^^^^^^^^^^^^
[INFO] [stderr] ...
[INFO] [stderr] 59 | repository = "https://github.com/snower/timslite"
[INFO] [stderr]    |              ------------------------------------
[INFO] [stderr]    |
[INFO] [stderr]    = note: `cargo::redundant_homepage` is set to `warn` by default
[INFO] [stderr] help: consider removing `package.homepage`
[INFO] [stderr] warning: `timslite` (manifest) generated 1 warning
[INFO] [stderr]    Compiling zerocopy v0.8.48
[INFO] [stderr]    Compiling memchr v2.8.0
[INFO] [stderr]    Compiling getrandom v0.3.4
[INFO] [stderr]    Compiling serde_json v1.0.150
[INFO] [stderr]    Compiling getrandom v0.2.17
[INFO] [stderr]    Compiling rustix v1.1.4
[INFO] [stderr]    Compiling getrandom v0.4.2
[INFO] [stderr]    Compiling fastrand v2.4.1
[INFO] [stderr]    Compiling syn v2.0.117
[INFO] [stderr]    Compiling itertools v0.10.5
[INFO] [stderr]    Compiling wait-timeout v0.2.1
[INFO] [stderr]    Compiling clap_builder v4.6.0
[INFO] [stderr]    Compiling rayon v1.12.0
[INFO] [stderr]    Compiling is-terminal v0.4.17
[INFO] [stderr]    Compiling rand_core v0.6.4
[INFO] [stderr]    Compiling rand_core v0.9.5
[INFO] [stderr]    Compiling rand_xorshift v0.4.0
[INFO] [stderr]    Compiling rand v0.9.4
[INFO] [stderr]    Compiling aho-corasick v1.1.4
[INFO] [stderr]    Compiling criterion-plot v0.5.0
[INFO] [stderr]    Compiling tempfile v3.27.0
[INFO] [stderr]    Compiling regex-automata v0.4.14
[INFO] [stderr]    Compiling clap v4.6.1
[INFO] [stderr]    Compiling rusty-fork v0.3.1
[INFO] [stderr]    Compiling zerocopy-derive v0.8.48
[INFO] [stderr]    Compiling serde_derive v1.0.228
[INFO] [stderr]    Compiling regex v1.12.3
[INFO] [stderr]    Compiling serde v1.0.228
[INFO] [stderr]    Compiling tinytemplate v1.2.1
[INFO] [stderr]    Compiling ppv-lite86 v0.2.21
[INFO] [stderr]    Compiling half v2.7.1
[INFO] [stderr]    Compiling ciborium-ll v0.2.2
[INFO] [stderr]    Compiling rand_chacha v0.9.0
[INFO] [stderr]    Compiling rand_chacha v0.3.1
[INFO] [stderr]    Compiling ciborium v0.2.2
[INFO] [stderr]    Compiling rand v0.8.6
[INFO] [stderr]    Compiling proptest v1.11.0
[INFO] [stderr]    Compiling criterion v0.5.1
[INFO] [stderr]    Compiling timslite v0.1.6 (/opt/rustwide/workdir)
[INFO] [stderr]     Finished `test` profile [unoptimized + debuginfo] target(s) in 39.86s
[INFO] running `Command { std: "docker" "inspect" "b096b6de64a540646f5c51fabe59f7f405ab823da8f81ae5c4bc4c949ee8faf1", kill_on_drop: false }`
[INFO] running `Command { std: "docker" "exec" "-e" "SOURCE_DIR=/opt/rustwide/workdir" "-e" "CARGO_HOME=/opt/rustwide/cargo-home" "-e" "RUSTUP_HOME=/opt/rustwide/rustup-home" "-e" "CARGO_TARGET_DIR=/opt/rustwide/target" "-e" "CARGO_INCREMENTAL=0" "-e" "RUST_BACKTRACE=full" "-e" "RUSTFLAGS=--cap-lints=warn" "-e" "RUSTDOCFLAGS=--cap-lints=warn" "-w" "/opt/rustwide/workdir" "--user" "0:0" "b096b6de64a540646f5c51fabe59f7f405ab823da8f81ae5c4bc4c949ee8faf1" "/opt/rustwide/cargo-home/bin/cargo" "+1.100.0-beta.1" "test" "--frozen", kill_on_drop: false }`
[INFO] [stderr] warning: `package.homepage` is redundant with `package.repository`
[INFO] [stderr]   --> Cargo.toml:53:12
[INFO] [stderr]    |
[INFO] [stderr] 53 | homepage = "https://github.com/snower/timslite"
[INFO] [stderr]    |            ^^^^^^^^^^^^^^^^^^^^^^^^^^^^^^^^^^^^
[INFO] [stderr] ...
[INFO] [stderr] 59 | repository = "https://github.com/snower/timslite"
[INFO] [stderr]    |              ------------------------------------
[INFO] [stderr]    |
[INFO] [stderr]    = note: `cargo::redundant_homepage` is set to `warn` by default
[INFO] [stderr] help: consider removing `package.homepage`
[INFO] [stderr] warning: `timslite` (manifest) generated 1 warning
[INFO] [stderr]     Finished `test` profile [unoptimized + debuginfo] target(s) in 0.54s
[INFO] [stderr]      Running unittests src/lib.rs (/opt/rustwide/target/debug/build/timslite/fec5742fb50e337a/out/timslite-fec5742fb50e337a)
[INFO] [stdout] 
[INFO] [stdout] running 496 tests
[INFO] [stdout] test bg::tests::test_executor_state_initialized ... ok
[INFO] [stdout] test bg::tests::test_retention_delay_uses_utc_epoch_day_boundary ... ok
[INFO] [stdout] test bg::tests::test_next_retention_time_clamp_hour ... ok
[INFO] [stdout] test bg::tests::test_thread_disabled_close_safe ... ok
[INFO] [stdout] test bg::tests::test_next_delay_no_side_effects ... ok
[INFO] [stdout] test bg::tests::test_tick_bg_disabled_mode ... ok
[INFO] [stdout] test bg::tests::test_tick_bg_interval_tasks_due_after_expiry ... ok
[INFO] [stdout] test bg::tests::test_tick_returns_result_structure ... ok
[INFO] [stdout] test bg::tests::test_tick_bg_respects_interval ... ok
[INFO] [stdout] test bg::tests::test_thread_enabled_external_tick_safe ... ok
[INFO] [stdout] test block::tests::test_block_header_roundtrip_boundary_values ... ok
[INFO] [stdout] test block::tests::test_block_header_roundtrip_zero_values ... ok
[INFO] [stdout] test block::tests::test_block_header_sealed_and_single_record_pair ... ok
[INFO] [stdout] test block::tests::test_block_header_size_is_16 ... ok
[INFO] [stdout] test bg::tests::test_next_retention_time_is_not_zero ... ok
[INFO] [stdout] test bg::tests::test_tick_bg_retention_reschedules_after_fire ... ok
[INFO] [stdout] test cache::hot_block_tests::test_default_is_empty ... ok
[INFO] [stdout] test block::tests::test_block_header_compressed_and_sealed_pair ... ok
[INFO] [stdout] test block::tests::test_block_header_flags_individual ... ok
[INFO] [stdout] test block::tests::test_block_header_compressed_and_single_record_pair ... ok
[INFO] [stdout] test cache::hot_block_tests::test_extract_record_from_shared_payload ... ok
[INFO] [stdout] test block::tests::test_block_header_new_fields ... ok
[INFO] [stdout] test block::tests::test_block_header_read_at_offset ... ok
[INFO] [stdout] test block::tests::test_block_header_reserved_is_zero ... ok
[INFO] [stdout] test block::tests::test_block_header_roundtrip ... ok
[INFO] [stdout] test block::tests::test_block_header_zero_flags ... ok
[INFO] [stdout] test cache::hot_block_tests::test_extract_out_of_bounds ... ok
[INFO] [stdout] test cache::tests::test_cache_disabled_when_zero ... ok
[INFO] [stdout] test cache::tests::test_cache_miss_count ... ok
[INFO] [stdout] test cache::tests::test_idle_eviction ... ok
[INFO] [stdout] test cache::tests::test_clear ... ok
[INFO] [stdout] test cache::tests::test_invalidate_removes_entry_and_updates_memory ... ok
[INFO] [stdout] test cache::hot_block_tests::test_hot_reference_expires_after_global_invalidate ... ok
[INFO] [stdout] test cache::hot_block_tests::test_extract_first_record ... ok
[INFO] [stdout] test cache::tests::test_get_returns_shared_payload ... ok
[INFO] [stdout] test cache::tests::test_invalidate_scope_removes_only_matching_scope ... ok
[INFO] [stdout] test cache::tests::test_put_get_roundtrip ... ok
[INFO] [stdout] test compress::tests::test_compress_level_cap ... ok
[INFO] [stdout] test cache::hot_block_tests::test_hot_block_hit_miss ... ok
[INFO] [stdout] test block::tests::test_block_header_all_flags_combined ... ok
[INFO] [stdout] test cache::tests::test_skip_duplicate_insertion ... ok
[INFO] [stdout] test compress::tests::test_compress_decompress_dispatch_deflate ... ok
[INFO] [stdout] test cache::tests::test_lru_eviction_at_watermark ... ok
[INFO] [stdout] test block::tests::proptest_block_header_roundtrip ... ok
[INFO] [stdout] test compress::tests::test_compress_decompress_dispatch_zstd ... ok
[INFO] [stdout] test compress::tests::test_decompress_rejects_unknown_type ... ok
[INFO] [stdout] test compress::tests::test_compress_type_constants ... ok
[INFO] [stdout] test compress::tests::test_invalid_compressed_data ... ok
[INFO] [stdout] test compress::tests::test_empty_data ... ok
[INFO] [stdout] test compress::tests::test_deflate_roundtrip ... ok
[INFO] [stdout] test compress::tests::test_deflate_roundtrip_large_data ... ok
[INFO] [stdout] test compress::tests::test_rejects_unknown_compress_type ... ok
[INFO] [stdout] test compress::tests::test_should_not_use_compressed_for_already_small ... ok
[INFO] [stdout] test compress::tests::test_should_use_compressed_returns_false_for_equal ... ok
[INFO] [stdout] test compress::tests::test_should_use_compressed_returns_false_for_larger ... ok
[INFO] [stdout] test compress::tests::test_deflate_level_range ... ok
[INFO] [stdout] test compress::tests::test_should_use_compressed ... ok
[INFO] [stdout] test compress::tests::test_validate_compress_type_invalid ... ok
[INFO] [stdout] test compress::tests::test_validate_compress_type_valid ... ok
[INFO] [stdout] test config::tests::test_builder_disable_background_thread ... ok
[INFO] [stdout] test config::tests::test_builder_disable_journal ... ok
[INFO] [stdout] test bg::tests::test_next_delay_does_not_wait_for_dataset_lock_during_tick ... ok
[INFO] [stdout] test config::tests::test_builder_read_only_auto ... ok
[INFO] [stdout] test config::tests::test_builder_read_only_false ... ok
[INFO] [stdout] test config::tests::test_builder_read_only_true ... ok
[INFO] [stdout] test bg::tests::test_next_delay_during_tick ... ok
[INFO] [stdout] test compress::tests::test_zstd_compress_enables_frame_content_checksum ... ok
[INFO] [stdout] test config::tests::test_builder_retention_check_hour_clamp ... ok
[INFO] [stdout] test config::tests::test_builder_partial ... ok
[INFO] [stdout] test config::tests::test_dataset_builder_compress_level_clamped_to_9 ... ok
[INFO] [stdout] test config::tests::test_dataset_builder_initial_index_over_max ... ok
[INFO] [stdout] test config::tests::test_dataset_builder_invalid_compress_type ... ok
[INFO] [stdout] test compress::tests::test_zstd_roundtrip_large_data ... ok
[INFO] [stdout] test config::tests::dataset_config_defaults_timestamp_units_per_seconds_to_zero ... ok
[INFO] [stdout] test config::tests::dataset_config_preserves_timestamp_units_per_seconds ... ok
[INFO] [stdout] test config::tests::test_builder_all_fields ... ok
[INFO] [stdout] test config::tests::test_dataset_builder_zero_data_segment_size ... ok
[INFO] [stdout] test bg::tests::test_flush_drains_queue_without_locking_unqueued_dataset ... ok
[INFO] [stdout] test config::tests::test_dataset_config_accessors ... ok
[INFO] [stdout] test config::tests::test_builder_compress_level_cap ... ok
[INFO] [stdout] test config::tests::test_dataset_builder_initial_data_over_max ... ok
[INFO] [stdout] test config::tests::test_dataset_builder_zero_initial_data_segment_size ... ok
[INFO] [stdout] test config::tests::test_dataset_builder_zero_initial_index_segment_size ... ok
[INFO] [stdout] test config::tests::test_dataset_config_builder_retention_window ... ok
[INFO] [stdout] test config::tests::test_dataset_config_from_store ... ok
[INFO] [stdout] test config::tests::test_dataset_config_builder_from_store ... ok
[INFO] [stdout] test config::tests::test_dataset_builder_index_continuous_clamped ... ok
[INFO] [stdout] test config::tests::test_dataset_builder_zero_index_segment_size ... ok
[INFO] [stdout] test config::tests::test_dataset_config_builder_from_store_with_overrides ... ok
[INFO] [stdout] test config::tests::test_dataset_config_validate_success ... ok
[INFO] [stdout] test config::tests::test_store_config_accessors ... ok
[INFO] [stdout] test config::tests::test_store_config_validate_retention_check_hour_23_ok ... ok
[INFO] [stdout] test config::tests::test_store_config_validate_success ... ok
[INFO] [stdout] test config::tests::test_store_builder_compress_level_clamped_to_9 ... ok
[INFO] [stdout] test config::tests::test_validate_compress_level_10_is_invalid ... ok
[INFO] [stdout] test config::tests::test_validate_compress_level_boundary_9_is_valid ... ok
[INFO] [stdout] test config::tests::test_store_builder_retention_check_hour_clamped ... ok
[INFO] [stdout] test config::tests::test_validate_compress_level_max_u8 ... ok
[INFO] [stdout] test config::tests::test_validate_compress_level_over_9 ... ok
[INFO] [stdout] test config::tests::test_validate_dataset_config_initial_equals_max_allowed ... ok
[INFO] [stdout] test config::tests::test_validate_dataset_config_values_initial_over_max ... ok
[INFO] [stdout] test config::tests::test_dataset_config_builder_default_disables_journal ... ok
[INFO] [stdout] test config::tests::test_validate_dataset_config_values_invalid_compress_level ... ok
[INFO] [stdout] test config::tests::test_dataset_config_builder_entry_point ... ok
[INFO] [stdout] test config::tests::test_validate_dataset_config_values_invalid_compress_type ... ok
[INFO] [stdout] test cache::hot_block_tests::test_extract_second_record ... ok
[INFO] [stdout] test config::tests::test_dataset_config_builder_rejects_retention_above_i64_max ... ok
[INFO] [stdout] test config::tests::test_validate_dataset_config_values_invalid_index_continuous ... ok
[INFO] [stdout] test config::tests::test_default_config ... ok
[INFO] [stdout] test config::tests::test_validate_dataset_config_values_retention_above_i64_max ... ok
[INFO] [stdout] test config::tests::test_validate_dataset_config_values_valid ... ok
[INFO] [stdout] test compress::tests::test_zstd_roundtrip ... ok
[INFO] [stdout] test config::tests::test_validate_index_continuous_max_u8 ... ok
[INFO] [stdout] test config::tests::test_validate_index_continuous_two_invalid ... ok
[INFO] [stdout] test config::tests::test_validate_index_continuous_over_1 ... ok
[INFO] [stdout] test config::tests::test_validate_dataset_config_values_initial_index_over_max ... ok
[INFO] [stdout] test config::tests::test_validate_nonzero_size_valid ... ok
[INFO] [stdout] test config::tests::test_validate_compress_level_valid_range ... ok
[INFO] [stdout] test config::tests::test_validate_index_continuous_zero_valid ... ok
[INFO] [stdout] test config::tests::test_validate_nonzero_size_zero ... ok
[INFO] [stdout] test config::tests::test_validate_retention_window_i64_max_plus_one_invalid ... ok
[INFO] [stdout] test config::tests::test_validate_retention_window_u64_max_invalid ... ok
[INFO] [stdout] test config::tests::test_validate_retention_window_i64_max_valid ... ok
[INFO] [stdout] test config::tests::test_validate_retention_window_over_i64_max ... ok
[INFO] [stdout] test config::tests::test_validate_retention_window_zero_valid ... ok
[INFO] [stdout] test bg::tests::test_concurrent_external_ticks_serialized ... ok
[INFO] [stdout] test config::tests::test_store_config_validate_retention_check_hour_over_23 ... ok
[INFO] [stdout] test config::tests::test_validate_dataset_config_values_zero_index_segment ... ok
[INFO] [stdout] test config::tests::test_validate_dataset_config_values_zero_initial_data_segment ... ok
[INFO] [stdout] test config::tests::test_validate_dataset_config_values_zero_initial_index_segment ... ok
[INFO] [stdout] test config::tests::test_validate_index_continuous_one_valid ... ok
[INFO] [stdout] test dataset::tests::query_hot_cache_fast_path_reads_record_and_length ... ok
[INFO] [stdout] test dataset::tests::test_append_crossing_old_threshold_stays_in_place ... ok
[INFO] [stdout] test dataset::tests::test_append_latest_tail_in_place ... ok
[INFO] [stdout] test dataset::tests::test_continuous_first_write_does_not_fill_from_zero ... ok
[INFO] [stdout] test dataset::tests::test_append_old_timestamp_returns_error ... ok
[INFO] [stdout] test compress::tests::test_default_zstd_roundtrip_via_compress_type ... ok
[INFO] [stdout] test dataset::tests::test_append_existing_latest_over_block_capacity_returns_error ... ok
[INFO] [stdout] test dataset::tests::test_continuous_mode_backfill_replaces_filler ... ok
[INFO] [stdout] test dataset::tests::test_append_new_timestamp_creates_record ... ok
[INFO] [stdout] test dataset::tests::test_continuous_backfill_not_found ... ok
[INFO] [stdout] test dataset::tests::test_continuous_mode_filler_filling ... ok
[INFO] [stdout] test dataset::tests::test_continuous_large_gap_filler_is_bounded_by_edge_segments ... ok
[INFO] [stdout] test cache::hot_block_tests::test_clear ... ok
[INFO] [stdout] test dataset::tests::test_append_notifies_queue_only_when_creating_new_timestamp ... ok
[INFO] [stdout] test dataset::tests::test_correction_write_continuous_mode ... ok
[INFO] [stdout] test dataset::tests::test_block_offset_routes_to_next_data_segment_after_rollover ... ok
[INFO] [stdout] test dataset::tests::test_append_new_timestamp_large_record_uses_normal_write_path ... ok
[INFO] [stdout] test dataset::tests::test_append_compressed_latest_returns_error ... ok
[INFO] [stdout] test dataset::tests::test_create_rejects_invalid_index_mode_before_writing_meta ... ok
[INFO] [stdout] test dataset::tests::test_continuous_large_gap_flush_skips_middle_segments ... ok
[INFO] [stdout] test dataset::tests::test_correction_write_multiple_times ... ok
[INFO] [stdout] test dataset::tests::test_continuous_open_recovery_latest_timestamp ... ok
[INFO] [stdout] test dataset::tests::test_continuous_backfill_logical_hole_creates_target_segment ... ok
[INFO] [stdout] test dataset::tests::test_correction_write_non_continuous_mode ... ok
[INFO] [stdout] test dataset::tests::test_correction_write_reopen_persistence ... ok
[INFO] [stdout] test dataset::tests::test_correction_write_fallback_reopen_persistence ... ok
[INFO] [stdout] test dataset::tests::test_correction_write_resize_smaller ... ok
[INFO] [stdout] test dataset::tests::test_correction_write_then_new_write ... ok
[INFO] [stdout] test dataset::tests::test_correction_write_preserves_pending_after_reopen ... ok
[INFO] [stdout] test dataset::tests::test_correction_write_resize_larger ... ok
[INFO] [stdout] test dataset::tests::test_delete_existing_entry ... ok
[INFO] [stdout] test dataset::tests::test_correction_write_falls_back_on_compressed_block ... ok
[INFO] [stdout] test dataset::tests::test_delete_idempotent_error ... ok
[INFO] [stdout] test dataset::tests::test_correction_fallback_invalidates_cached_compressed_block ... ok
[INFO] [stdout] test dataset::tests::test_delete_nonexistent_error ... ok
[INFO] [stdout] test dataset::tests::test_delete_increments_invalid_record_count ... ok
[INFO] [stdout] test dataset::tests::test_delete_persists_across_reopen ... ok
[INFO] [stdout] test dataset::tests::test_delete_then_out_of_order_rewrite ... ok
[INFO] [stdout] test dataset::tests::test_data_rollover_flushes_completed_previous_segment ... ok
[INFO] [stdout] test dataset::tests::test_delete_invalidates_cached_compressed_block ... ok
[INFO] [stdout] test dataset::tests::test_dirty_flush_queue_enqueues_once_and_flushes_targets ... ok
[INFO] [stdout] test dataset::tests::test_delete_filler_entry_error ... ok
[INFO] [stdout] test dataset::tests::test_latest_written_timestamp_after_writes ... ok
[INFO] [stdout] test dataset::tests::test_noncontinuous_mode_out_of_order_rejected_when_no_entry ... ok
[INFO] [stdout] test dataset::tests::test_dirty_flush_queue_skips_idle_closed_stale_target ... ok
[INFO] [stdout] test dataset::tests::test_empty_append_old_timestamp_returns_error_before_noop ... ok
[INFO] [stdout] test dataset::tests::test_noncontinuous_mode_out_of_order_succeeds_with_existing_entry ... ok
[INFO] [stdout] test dataset::tests::test_latest_written_timestamp_after_reopen ... ok
[INFO] [stdout] test dataset::tests::test_out_of_order_increments_invalid_record_count ... ok
[INFO] [stdout] test dataset::tests::test_out_of_order_write_overwrites_real_entry ... ok
[INFO] [stdout] test dataset::tests::test_read_latest_empty_dataset_and_minus_one_is_exact ... ok
[INFO] [stdout] test dataset::tests::test_precise_enqueue_without_runtime_queue_does_not_consume_marker ... ok
[INFO] [stdout] test dataset::tests::test_read_continuous_filler_returns_none ... ok
[INFO] [stdout] test dataset::tests::test_read_after_reopen ... ok
[INFO] [stdout] test dataset::tests::test_flush_with_runtime_queue_syncs_only_queued_queue_state_targets ... ok
[INFO] [stdout] test dataset::tests::test_queue_state_flush_target_persists_ack_without_segment_dirty ... ok
[INFO] [stdout] test dataset::tests::test_flush_keeps_existing_pure_filler_index_segments ... ok
[INFO] [stdout] test dataset::tests::test_read_deleted_returns_none ... ok
[INFO] [stdout] test dataset::tests::test_read_found ... ok
[INFO] [stdout] test dataset::tests::test_read_latest_after_delete_latest ... ok
[INFO] [stdout] test dataset::tests::test_read_latest_after_reopen_and_minus_one_is_exact ... ok
[INFO] [stdout] test dataset::tests::test_retention_query_clamped ... ok
[INFO] [stdout] test dataset::tests::test_retention_out_of_order_rewrite_expired_rejected ... ok
[INFO] [stdout] test dataset::tests::test_out_of_order_invalidates_cached_compressed_block ... ok
[INFO] [stdout] test dataset::tests::test_scale_unix_seconds_overflow_is_invalid_data ... ok
[INFO] [stdout] test dataset::tests::test_scale_unix_seconds_pre_epoch_is_invalid_data ... ok
[INFO] [stdout] test dataset::tests::test_read_not_found ... ok
[INFO] [stdout] test dataset::tests::test_retention_delete_expired_rejected ... ok
[INFO] [stdout] test dataset::tests::test_scale_unix_seconds_uses_requested_units ... ok
[INFO] [stdout] test dataset::tests::test_retention_read_expired_returns_none ... ok
[INFO] [stdout] test dataset::tests::test_retention_reclaim_removes_all_when_expired ... ok
[INFO] [stdout] test dataset::tests::test_retention_reclaim_basic ... ok
[INFO] [stdout] test dataset::tests::test_retention_read_entry_at_index_is_unchecked_after_entry_filter ... ok
[INFO] [stdout] test dataset_state::tests::read_only_open_never_mutates_v1_file ... ok
[INFO] [stdout] test dataset_state::tests::read_only_open_recovers_interrupted_upgrade_without_writing ... ok
[INFO] [stdout] test dataset_state::tests::interrupted_v1_to_v2_extend_recovers_stats_on_writable_open ... ok
[INFO] [stdout] test dataset_state::tests::retention_floor_defaults_to_no_floor_sentinel ... ok
[INFO] [stdout] test dataset_state::tests::retention_floor_never_moves_backward ... ok
[INFO] [stdout] test dataset::tests::test_retention_reclaim_actually_deletes_expired_segments ... ok
[INFO] [stdout] test dataset_state::tests::retention_floor_read_only_advance_is_rejected ... ok
[INFO] [stdout] test dataset::tests::test_retention_window_no_reclaim_when_zero ... ok
[INFO] [stdout] test error::tests::test_all_variants_have_no_source ... ok
[INFO] [stdout] test error::tests::test_already_exists ... ok
[INFO] [stdout] test error::tests::test_consumer_group_not_found_display ... ok
[INFO] [stdout] test error::tests::test_display_messages ... ok
[INFO] [stdout] test error::tests::test_error_source ... ok
[INFO] [stdout] test error::tests::test_expired ... ok
[INFO] [stdout] test error::tests::test_consumer_group_exists_display ... ok
[INFO] [stdout] test error::tests::test_not_found ... ok
[INFO] [stdout] test error::tests::test_pending_full_display ... ok
[INFO] [stdout] test error::tests::test_queue_already_open_display ... ok
[INFO] [stdout] test error::tests::test_queue_closed_display ... ok
[INFO] [stdout] test error::tests::test_queue_not_open_display ... ok
[INFO] [stdout] test dataset_state::tests::retention_floor_survives_state_reopen ... ok
[INFO] [stdout] test error::tests::test_from_io_error ... ok
[INFO] [stdout] test error::tests::test_segment_full_display ... ok
[INFO] [stdout] test dataset_state::tests::state_mutations_flush_immediately ... ok
[INFO] [stdout] test dataset::tests::test_same_timestamp_append_enqueues_only_touched_data_segment ... ok
[INFO] [stdout] test header::tests::test_clear_pending_from_mmap_roundtrip ... ok
[INFO] [stdout] test dataset_state::tests::v1_sized_file_still_migrates_on_writable_open ... ok
[INFO] [stdout] test dataset::tests::test_zero_and_negative_timestamps_are_valid ... ok
[INFO] [stdout] test dataset::tests::test_wall_clock_zero_window_keeps_floor_untouched ... ok
[INFO] [stdout] test dataset::tests::test_wall_clock_expired_write_rejected_without_latest_history ... ok
[INFO] [stdout] test dataset::tests::test_wall_clock_reclaim_advances_persisted_floor ... ok
[INFO] [stdout] test dataset::tests::test_write_and_append_reject_record_over_4mib ... ok
[INFO] [stdout] test header::tests::test_data_boundary_file_offset_negative ... ok
[INFO] [stdout] test header::tests::test_data_create_default_sentinel_values ... ok
[INFO] [stdout] test header::tests::test_data_header_size_field_matches_constant ... ok
[INFO] [stdout] test dataset::tests::test_retention_reclaim_does_not_refresh_last_used_at ... ok
[INFO] [stdout] test dataset::tests::test_signed_timestamps_and_read_latest ... ok
[INFO] [stdout] test header::tests::test_data_boundary_pending_fields_max ... ok
[INFO] [stdout] test header::tests::test_data_read_from_truncated_buffer_returns_invalid_data ... ok
[INFO] [stdout] test header::tests::test_data_boundary_timestamps_min_max ... ok
[INFO] [stdout] test header::tests::test_data_read_from_state_length_too_small ... ok
[INFO] [stdout] test header::tests::test_data_boundary_timestamps_zero ... ok
[INFO] [stdout] test header::tests::test_data_boundary_file_size_zero ... ok
[INFO] [stdout] test header::tests::test_data_read_from_invalid_magic_returns_invalid_magic ... ok
[INFO] [stdout] test header::tests::test_data_header_size_preserved_after_read ... ok
[INFO] [stdout] test header::tests::test_data_pending_state ... ok
[INFO] [stdout] test header::tests::test_data_header_reads_state_after_extended_meta ... ok
[INFO] [stdout] test header::tests::test_data_negative_timestamps ... ok
[INFO] [stdout] test dataset::tests::test_retention_window_stored_and_roundtrip ... ok
[INFO] [stdout] test header::tests::test_data_boundary_wrote_position_max ... ok
[INFO] [stdout] test header::tests::test_data_write_read_roundtrip ... ok
[INFO] [stdout] test header::tests::test_data_compress_level_zero ... ok
[INFO] [stdout] test header::tests::test_data_compress_level_max ... ok
[INFO] [stdout] test header::tests::test_header_sizes ... ok
[INFO] [stdout] test header::tests::test_data_update_state ... ok
[INFO] [stdout] test header::tests::test_future_version_parse ... ok
[INFO] [stdout] test header::tests::test_data_read_from_truncated_meta_tlv ... ok
[INFO] [stdout] test header::tests::test_header_rejects_invalid_compress_type ... ok
[INFO] [stdout] test header::tests::test_header_file_size_roundtrips_u64 ... ok
[INFO] [stdout] test header::tests::test_index_compress_type_roundtrip ... ok
[INFO] [stdout] test header::tests::test_index_create_default_values ... ok
[INFO] [stdout] test header::tests::test_index_header_size_field_matches_constant ... ok
[INFO] [stdout] test header::tests::test_index_read_from_truncated_buffer ... ok
[INFO] [stdout] test header::tests::test_sentinel_values ... ok
[INFO] [stdout] test header::tests::test_index_entries_start_at_reserved_128_bytes ... ok
[INFO] [stdout] test dataset::tests::test_retention_with_epoch_second_timestamps ... ok
[INFO] [stdout] test header::tests::test_index_header_version_remains_v1 ... ok
[INFO] [stdout] test header::tests::test_index_boundary_wrote_position_reset ... ok
[INFO] [stdout] test header::tests::test_index_header_reads_state_after_extended_meta ... ok
[INFO] [stdout] test header::tests::test_multiple_state_updates_last_wins ... ok
[INFO] [stdout] test header::tests::test_write_data_core_state_rejects_wrong_file_type ... ok
[INFO] [stdout] test header::tests::test_index_read_from_wrong_version_returns_error ... ok
[INFO] [stdout] test header::tests::test_pending_state_update_after_core_state ... ok
[INFO] [stdout] test header::tests::test_index_update_wrote_position ... ok
[INFO] [stdout] test header::tests::test_index_read_from_state_length_too_small ... ok
[INFO] [stdout] test header::tests::test_invalid_magic ... ok
[INFO] [stdout] test header::tests::test_index_header_size_preserved_after_read ... ok
[INFO] [stdout] test header::tests::test_index_segment_roundtrip ... ok
[INFO] [stdout] test header::tests::test_index_read_from_invalid_magic_returns_invalid_magic ... ok
[INFO] [stdout] test header::tests::test_write_data_invalid_record_count_rejects_wrong_file_type ... ok
[INFO] [stdout] test header::tests::test_write_data_core_state_roundtrip ... ok
[INFO] [stdout] test header::tests::test_write_data_pending_state_roundtrip ... ok
[INFO] [stdout] test header::tests::test_write_data_pending_state_rejects_wrong_file_type ... ok
[INFO] [stdout] test header::tests::test_write_data_state_field_offset_exceeds_state_length ... ok
[INFO] [stdout] test header::tests::test_write_index_wrote_position_roundtrip ... ok
[INFO] [stdout] test index::segment::tests::test_index_entry_rejects_nonzero_reserved_bytes ... ok
[INFO] [stdout] test header::tests::test_write_data_invalid_record_count_roundtrip ... ok
[INFO] [stdout] test index::segment::tests::proptest_index_entry_roundtrip ... ok
[INFO] [stdout] test header::tests::test_write_index_wrote_position_rejects_wrong_file_type ... ok
[INFO] [stdout] test index::tests::test_index_entry_binary_size ... ok
[INFO] [stdout] test index::tests::test_continuous_segment_capacity_uses_fixed_index_area_start ... ok
[INFO] [stdout] test index::tests::test_index_entry_roundtrip ... ok
[INFO] [stdout] test index::segment::tests::test_index_segment_find_entry_index ... ok
[INFO] [stdout] test index::segment::tests::test_index_entry_stores_global_i64_timestamp_below_segment_start ... ok
[INFO] [stdout] test index::segment::tests::test_index_segment_overwrite_entry ... ok
[INFO] [stdout] test index::tests::test_active_timestamp_range_snapshot ... ok
[INFO] [stdout] test index::tests::test_add_entry_rejects_out_of_order_direct_append ... ok
[INFO] [stdout] test index::segment::tests::test_open_rejects_old_14byte_entry_segment ... ok
[INFO] [stdout] test index::tests::test_add_entry_writes_index_segment_immediately ... ok
[INFO] [stdout] test index::segment::tests::test_index_entry_on_disk_is_32_bytes_with_global_i64_timestamp ... ok
[INFO] [stdout] test index::segment::tests::test_index_segment_finds_index_and_entry_together ... ok
[INFO] [stdout] test index::segment::tests::test_open_reads_entries_after_extended_header ... ok
[INFO] [stdout] test index::tests::test_continuous_segment_start_for_i64_extremes ... ok
[INFO] [stdout] test index::tests::test_index_segment_upper_bound_cs ... ok
[INFO] [stdout] test index::tests::test_index_segment_lower_bound ... ok
[INFO] [stdout] test index::tests::test_index_segment_direct_lookup ... ok
[INFO] [stdout] test index::tests::test_index_segment_query_range_cs ... ok
[INFO] [stdout] test index::tests::test_index_segment_append_and_query ... ok
[INFO] [stdout] test index::tests::test_index_segment_find_entry_index_cs ... ok
[INFO] [stdout] test index::tests::test_noncontinuous_global_i64_timestamp_does_not_split_segment ... ok
[INFO] [stdout] test index::tests::test_index_segment_find_exact_cs ... ok
[INFO] [stdout] test index::tests::test_time_index_dirty_sink_enqueues_from_index_write ... ok
[INFO] [stdout] test index::tests::test_time_index_sync_keeps_pure_filler_segments ... ok
[INFO] [stdout] test index::tests::test_open_len_closed_len ... ok
[INFO] [stdout] test index::tests::test_timestamp_range_snapshot ... ok
[INFO] [stdout] test index::tests::test_noncontinuous_update_delete_skip_unrelated_closed_segment ... ok
[INFO] [stdout] test index::tests::test_sparse_continuous_add_does_not_cleanup_pure_filler_segments ... ok
[INFO] [stdout] test index::tests::test_time_index_archived_range_sink_runs_before_new_segment_create ... ok
[INFO] [stdout] test index::tests::test_time_index_add_and_query ... ok
[INFO] [stdout] test index::tests::test_archived_timestamp_range_snapshot ... ok
[INFO] [stdout] test journal::log::tests::journal_log_first_sequence_is_one ... ok
[INFO] [stdout] test index::tests::test_sparse_continuous_add_flushes_previous_edge_segment ... ok
[INFO] [stdout] test journal::log::tests::test_journal_log_flush_dirty ... ok
[INFO] [stdout] test index::tests::test_time_index_registries_stay_sorted_across_lazy_open ... ok
[INFO] [stdout] test journal::log::tests::test_journal_log_sequence_overflow ... ok
[INFO] [stdout] test journal::record::tests::test_journal_data_append_roundtrip_uses_identifier_and_append_info ... ok
[INFO] [stdout] test journal::record::tests::test_journal_create_encodes_identifier_name_type_and_metadata ... ok
[INFO] [stdout] test journal::log::tests::test_journal_log_latest_sequence ... ok
[INFO] [stdout] test journal::log::tests::journal_log_recovers_next_sequence_from_latest_segment ... ok
[INFO] [stdout] test journal::record::tests::test_journal_data_write_encodes_identifier_tv_without_name_type ... ok
[INFO] [stdout] test journal::record::tests::test_journal_encode_rejects_metadata_field_over_u16 ... ok
[INFO] [stdout] test journal::record::tests::test_journal_encode_rejects_text_field_over_255_bytes ... ok
[INFO] [stdout] test journal::record::tests::test_journal_decode_rejects_zero_duplicate_missing_unknown_and_wrong_order ... ok
[INFO] [stdout] test journal::record::tests::test_journal_decode_rejects_non_minimal_identifier_encoding ... ok
[INFO] [stdout] test journal::record::tests::test_journal_decode_rejects_truncated_identifier ... ok
[INFO] [stdout] test journal::record::tests::test_journal_encode_decode_data_write ... ok
[INFO] [stdout] test journal::record::tests::test_journal_identifier_encoding_boundaries_are_canonical ... ok
[INFO] [stdout] test index::tests::test_timestamp_range_snapshot_with_closed_segments ... ok
[INFO] [stdout] test journal::log::tests::test_journal_log_open_read_only ... ok
[INFO] [stdout] test journal::segment::tests::expand_triggers_when_records_exceed_initial_file_size ... ok
[INFO] [stdout] test journal::log::tests::test_journal_log_query_range ... ok
[INFO] [stdout] test journal::log::tests::test_journal_log_read_beyond_range ... ok
[INFO] [stdout] test journal::log::tests::journal_log_reads_across_segments_without_index ... ok
[INFO] [stdout] test journal::segment::tests::ensure_capacity_allows_many_records_beyond_initial_size ... ok
[INFO] [stdout] test journal::queue::tests::journal_queue_ack_persists_processed_sequence ... ok
[INFO] [stdout] test journal::queue::tests::journal_queue_polls_realtime_sequence_one_based ... ok
[INFO] [stdout] test journal::segment::tests::journal_segment_recovery_truncates_half_written_tail ... ok
[INFO] [stdout] test journal::tests::test_journal_manager_disabled ... ok
[INFO] [stdout] test journal::segment::tests::journal_segment_appends_sequence_records_and_reads_by_sequence ... ok
[INFO] [stdout] test journal::tests::test_journal_manager_key ... ok
[INFO] [stdout] test journal::segment::tests::mmap_for_test_returns_valid_slice_after_write ... ok
[INFO] [stdout] test journal::segment::tests::open_read_only_allows_reads_and_rejects_writes ... ok
[INFO] [stdout] test journal::segment::tests::write_raw_record_to_pending_exercised_via_append ... ok
[INFO] [stdout] test meta::tests::test_meta_enable_journal_false_roundtrip ... ok
[INFO] [stdout] test journal::tests::test_journal_manager_append_create_drop ... ok
[INFO] [stdout] test meta::tests::test_meta_deflate_compress_type_roundtrip ... ok
[INFO] [stdout] test meta::tests::test_meta_enable_journal_roundtrip_default_and_invalid_value ... ok
[INFO] [stdout] test journal::tests::test_journal_manager_read_only_no_data_dir ... ok
[INFO] [stdout] test meta::tests::test_meta_file_roundtrip ... ok
[INFO] [stdout] test meta::tests::test_meta_from_bytes_empty ... ok
[INFO] [stdout] test meta::tests::test_meta_from_bytes_truncated_header ... ok
[INFO] [stdout] test journal::tests::test_journal_manager_read_only ... ok
[INFO] [stdout] test journal::tests::test_journal_manager_flush_dirty ... ok
[INFO] [stdout] test meta::tests::test_meta_from_bytes_truncated_tlv ... ok
[INFO] [stdout] test meta::tests::test_meta_magic ... ok
[INFO] [stdout] test meta::tests::test_meta_invalid_magic ... ok
[INFO] [stdout] test journal::tests::test_journal_manager_enabled_append_and_read ... ok
[INFO] [stdout] test meta::tests::test_meta_new_sets_create_time ... ok
[INFO] [stdout] test meta::tests::test_meta_rejects_missing_compress_type ... ok
[INFO] [stdout] test meta::tests::test_meta_rejects_missing_required_segment_size ... ok
[INFO] [stdout] test meta::tests::test_meta_rejects_retention_window_above_i64_max ... ok
[INFO] [stdout] test meta::tests::test_meta_retention_window_roundtrip ... ok
[INFO] [stdout] test meta::tests::test_meta_roundtrip ... ok
[INFO] [stdout] test meta::tests::test_meta_roundtrip_zero_values ... ok
[INFO] [stdout] test meta::tests::test_meta_timestamp_units_per_seconds_roundtrip ... ok
[INFO] [stdout] test journal::tests::test_journal_manager_append_data_append ... ok
[INFO] [stdout] test journal::tests::test_journal_manager_append_data_delete ... ok
[INFO] [stdout] test meta::tests::test_meta_index_continuous_roundtrip ... ok
[INFO] [stdout] test journal::queue::tests::journal_queue_new_consumer_starts_after_current_latest ... ok
[INFO] [stdout] test journal::segment::tests::journal_segment_uses_single_record_block_for_max_tlv_payload ... ok
[INFO] [stdout] test meta::tests::test_meta_rejects_invalid_create_parameters ... ok
[INFO] [stdout] test meta::tests::test_meta_missing_timestamp_units_per_seconds_decodes_as_zero ... ok
[INFO] [stdout] test meta::tests::test_meta_to_bytes_length ... ok
[INFO] [stdout] test meta::tests::test_meta_read_from_file_not_found ... ok
[INFO] [stdout] test meta::tests::proptest_meta_roundtrip ... ok
[INFO] [stdout] test meta::tests::test_meta_rejects_invalid_compress_type ... ok
[INFO] [stdout] test queue::tests::csf_cleanup_acked_empty ... ok
[INFO] [stdout] test queue::tests::csf_add_pending_full ... ok
[INFO] [stdout] test queue::tests::csf_add_pending_increments_count ... ok
[INFO] [stdout] test queue::tests::csf_ack_nonexistent_errors ... ok
[INFO] [stdout] test queue::tests::csf_cleanup_acked_persists ... ok
[INFO] [stdout] test queue::tests::csf_cleanup_acked_consecutive ... ok
[INFO] [stdout] test queue::tests::csf_create_and_reopen ... ok
[INFO] [stdout] test queue::tests::csf_ack_pending_marks_acked ... ok
[INFO] [stdout] test index::tests::test_time_index_flush_and_reopen ... ok
[INFO] [stdout] test queue::tests::csf_is_in_pending_and_find ... ok
[INFO] [stdout] test queue::tests::csf_create_parent_dirs ... ok
[INFO] [stdout] test queue::tests::csf_dirty_marker_queues_once_until_flush ... ok
[INFO] [stdout] test queue::tests::csf_next_poll_ts_zero ... ok
[INFO] [stdout] test queue::tests::csf_next_poll_ts_positive ... ok
[INFO] [stdout] test query::index_iter::tests::index_query_iterator_advances_across_segments_and_fillers ... ok
[INFO] [stdout] test index::tests::test_continuous_find_entry_uses_computed_closed_segment ... FAILED
[INFO] [stdout] test queue::tests::csf_open_existing_with_pending ... ok
[INFO] [stdout] test queue::tests::csf_open_invalid_version ... ok
[INFO] [stdout] test queue::tests::csf_open_invalid_magic ... ok
[INFO] [stdout] test queue::tests::csf_file_size ... ok
[INFO] [stdout] test queue::tests::pending_entry_round_trip ... ok
[INFO] [stdout] test queue::tests::pending_entry_acked_status ... ok
[INFO] [stdout] test query::iter::tests::next_entry_uses_hot_cache_before_data_segment_lookup ... ok
[INFO] [stdout] test queue::tests::csf_open_rejects_invalid_pending_status ... ok
[INFO] [stdout] test queue::tests::qi_new_empty ... ok
[INFO] [stdout] test queue::tests::queue_consumer_config_builder_validates_bounds ... ok
[INFO] [stdout] test queue::tests::csf_take_retryable_pending_increments_retry ... ok
[INFO] [stdout] test queue::tests::qi_close ... ok
[INFO] [stdout] test queue::tests::csf_open_rejects_duplicate_or_unsorted_pending_timestamps ... ok
[INFO] [stdout] test queue::tests::csf_sync_persists_data ... ok
[INFO] [stdout] test queue::tests::csf_reopen_marks_unacked_pending_recovery_expired_and_keeps_retry_count ... ok
[INFO] [stdout] test query::length_iter::tests::next_entry_uses_hot_cache_before_data_segment_lookup ... ok
[INFO] [stdout] test queue::tests::qi_consumers_can_add ... ok
[INFO] [stdout] test segment::data::tests::test_append_multiple_records_same_block ... ok
[INFO] [stdout] test queue::tests::csf_take_retryable_pending_drops_retry_exhausted_prefix ... ok
[INFO] [stdout] test queue::tests::csf_take_retryable_pending_skips_unexpired ... ok
[INFO] [stdout] test segment::data::tests::test_create_and_append_single_record ... ok
[INFO] [stdout] test segment::data::tests::test_idle_close_reopen_recovery ... ok
[INFO] [stdout] test segment::data::tests::test_multi_record_block_stores_second_offset_in_four_byte_units ... ok
[INFO] [stdout] test queue::tests::qi_multiple_groups ... ok
[INFO] [stdout] test segment::data::tests::test_ensure_open_after_close ... ok
[INFO] [stdout] test segment::data::tests::test_append_to_last_record_rejects_aggregate_payload_overflow ... ok
[INFO] [stdout] test segment::data::tests::test_compressed_block_read_enters_global_cache ... ok
[INFO] [stdout] test segment::data::tests::test_overwrite_in_last_block_rejects_non_tail_record ... ok
[INFO] [stdout] test segment::data::tests::test_header_wrote_position_is_absolute_and_runtime_is_data_relative ... ok
[INFO] [stdout] test segment::data::tests::test_raw_block_read_does_not_enter_global_cache ... ok
[INFO] [stdout] test segment::data::tests::test_multiple_records_read_all ... ok
[INFO] [stdout] test segment::data::tests::test_block_overflow_triggers_seal ... ok
[INFO] [stdout] test segment::data::tests::test_large_record_exclusive_block ... ok
[INFO] [stdout] test segment::tests::test_append_single_record ... ok
[INFO] [stdout] test segment::data::tests::test_raw_block_hot_read_does_not_enter_global_cache ... ok
[INFO] [stdout] test segment::data::tests::test_open_reads_data_after_extended_header ... ok
[INFO] [stdout] test segment::tests::test_append_multiple_records ... ok
[INFO] [stdout] test segment::data::tests::test_read_write_roundtrip ... ok
[INFO] [stdout] test segment::tests::test_segment_offset_for_calculation ... ok
[INFO] [stdout] test segment::tests::test_segment_size_returns_correct_value ... ok
[INFO] [stdout] test tests::test_constants_nonzero ... ok
[INFO] [stdout] test util::tests::test_i64_roundtrip ... ok
[INFO] [stdout] test util::tests::test_i64_roundtrip_max ... ok
[INFO] [stdout] test segment::tests::test_append_to_last_record ... ok
[INFO] [stdout] test util::tests::test_i64_roundtrip_min ... ok
[INFO] [stdout] test util::tests::test_i64_roundtrip_negative_one ... ok
[INFO] [stdout] test segment::tests::test_data_segment_set_dirty_sink_enqueues_from_segment_write ... ok
[INFO] [stdout] test util::tests::test_i64_roundtrip_zero ... ok
[INFO] [stdout] test segment::tests::test_increment_invalid_record_count_uses_computed_closed_offset ... ok
[INFO] [stdout] test segment::tests::test_data_segment_set_archive_sink_runs_before_new_segment_create ... ok
[INFO] [stdout] test segment::tests::test_overwrite_in_last_block ... ok
[INFO] [stdout] test util::tests::test_little_endian_order ... ok
[INFO] [stdout] test util::tests::test_mmap_boundary_i64_min_max ... ok
[INFO] [stdout] test segment::tests::test_expand_segment ... ok
[INFO] [stdout] test util::tests::test_mmap_boundary_u32_max ... ok
[INFO] [stdout] test segment::tests::test_lazy_open_keeps_data_segment_registries_sorted ... ok
[INFO] [stdout] test util::tests::test_mmap_helpers ... ok
[INFO] [stdout] test util::tests::test_mmap_i64_at_various_positions ... ok
[INFO] [stdout] test util::tests::test_mmap_u16_at_various_positions ... ok
[INFO] [stdout] test util::tests::test_mmap_u32_at_various_positions ... ok
[INFO] [stdout] test segment::data::tests::test_large_record_above_u16_roundtrip ... ok
[INFO] [stdout] test util::tests::test_mmap_u64_at_various_positions ... ok
[INFO] [stdout] test segment::data::tests::test_sync_does_not_seal ... ok
[INFO] [stdout] test segment::data::tests::test_reopen_preserves_multi_record_pending_state ... ok
[INFO] [stdout] test util::tests::test_mmap_u64_roundtrip ... ok
[INFO] [stdout] test util::tests::test_path_safe_alphanumeric ... ok
[INFO] [stdout] test util::tests::test_path_safe_dot_rejected ... ok
[INFO] [stdout] test journal::segment::tests::seal_pending_block_when_block_overflow_triggers_compression ... ok
[INFO] [stdout] test util::tests::test_path_safe_empty_rejected ... ok
[INFO] [stdout] test util::tests::test_path_safe_exact_max_len ... ok
[INFO] [stdout] test util::tests::test_path_safe_hyphens ... ok
[INFO] [stdout] test util::tests::test_path_safe_single_char ... ok
[INFO] [stdout] test util::tests::test_path_safe_mixed ... ok
[INFO] [stdout] test segment::data::tests::test_single_record_capacity_uses_compressed_size ... ok
[INFO] [stdout] test util::tests::test_path_safe_space_rejected ... ok
[INFO] [stdout] test segment::data::tests::test_single_record_block_is_always_compressed ... ok
[INFO] [stdout] test util::tests::test_path_safe_too_long_rejected ... ok
[INFO] [stdout] test util::tests::test_path_safe_slash_rejected ... ok
[INFO] [stdout] test util::tests::test_path_safe_underscores ... ok
[INFO] [stdout] test util::tests::test_u16_roundtrip ... ok
[INFO] [stdout] test util::tests::test_u16_roundtrip_max ... ok
[INFO] [stdout] test util::tests::test_u16_roundtrip_zero ... ok
[INFO] [stdout] test util::tests::test_u32_roundtrip ... ok
[INFO] [stdout] test util::tests::test_u32_roundtrip_max ... ok
[INFO] [stdout] test util::tests::test_u32_roundtrip_zero ... ok
[INFO] [stdout] test util::tests::test_u64_roundtrip ... ok
[INFO] [stdout] test util::tests::test_u64_roundtrip_max ... ok
[INFO] [stdout] test util::tests::test_u64_roundtrip_zero ... ok
[INFO] [stdout] test segment::tests::test_append_triggers_segment_creation ... ok
[INFO] [stdout] test compress::tests::test_zstd_level_range ... ok
[INFO] [stdout] 
[INFO] [stdout] failures:
[INFO] [stdout] 
[INFO] [stdout] ---- index::tests::test_continuous_find_entry_uses_computed_closed_segment stdout ----
[INFO] [stdout] 
[INFO] [stdout] thread 'index::tests::test_continuous_find_entry_uses_computed_closed_segment' (1954) panicked at src/index/mod.rs:1456:41:
[INFO] [stdout] called `Result::unwrap()` on an `Err` value: Io(Os { code: 2, kind: NotFound, message: "No such file or directory" })
[INFO] [stdout] stack backtrace:
[INFO] [stdout]    0:     0x635382ef4a01 - std[617be2ca0a6fd877]::backtrace_rs::backtrace::libunwind::trace
[INFO] [stdout]                                at /rustc/e3feeb59cd1bdd011a2bfcc0747b55125d9b8527/library/std/src/../../backtrace/src/backtrace/libunwind.rs:117:9
[INFO] [stdout]    1:     0x635382ef4a01 - std[617be2ca0a6fd877]::backtrace_rs::backtrace::trace_unsynchronized::<std[617be2ca0a6fd877]::sys::backtrace::_print_fmt::{closure#1}>
[INFO] [stdout]                                at /rustc/e3feeb59cd1bdd011a2bfcc0747b55125d9b8527/library/std/src/../../backtrace/src/backtrace/mod.rs:66:14
[INFO] [stdout]    2:     0x635382ef4a01 - std[617be2ca0a6fd877]::sys::backtrace::_print_fmt
[INFO] [stdout]                                at /rustc/e3feeb59cd1bdd011a2bfcc0747b55125d9b8527/library/std/src/sys/backtrace.rs:74:9
[INFO] [stdout]    3:     0x635382ef4a01 - <<std[617be2ca0a6fd877]::sys::backtrace::BacktraceLock>::print::DisplayBacktrace as core[a373ad73a504971]::fmt::Display>::fmt
[INFO] [stdout]                                at /rustc/e3feeb59cd1bdd011a2bfcc0747b55125d9b8527/library/std/src/sys/backtrace.rs:44:26
[INFO] [stdout]    4:     0x635382f0a6da - <core[a373ad73a504971]::fmt::rt::Argument>::fmt
[INFO] [stdout]                                at /rustc/e3feeb59cd1bdd011a2bfcc0747b55125d9b8527/library/core/src/fmt/rt.rs:152:76
[INFO] [stdout]    5:     0x635382f0a6da - core[a373ad73a504971]::fmt::write
[INFO] [stdout]    6:     0x635382ef94bc - core[a373ad73a504971]::io::write::default_write_fmt::<alloc[2e1b2a31b91974c5]::vec::Vec<u8>>
[INFO] [stdout]                                at /rustc/e3feeb59cd1bdd011a2bfcc0747b55125d9b8527/library/core/src/io/write.rs:402:11
[INFO] [stdout]    7:     0x635382ef94bc - <alloc[2e1b2a31b91974c5]::vec::Vec<u8> as core[a373ad73a504971]::io::write::Write>::write_fmt
[INFO] [stdout]                                at /rustc/e3feeb59cd1bdd011a2bfcc0747b55125d9b8527/library/core/src/io/write.rs:335:13
[INFO] [stdout]    8:     0x635382ece086 - <std[617be2ca0a6fd877]::sys::backtrace::BacktraceLock>::print
[INFO] [stdout]                                at /rustc/e3feeb59cd1bdd011a2bfcc0747b55125d9b8527/library/std/src/sys/backtrace.rs:47:9
[INFO] [stdout]    9:     0x635382ece086 - std[617be2ca0a6fd877]::panicking::default_hook::{closure#0}
[INFO] [stdout]                                at /rustc/e3feeb59cd1bdd011a2bfcc0747b55125d9b8527/library/std/src/panicking.rs:289:27
[INFO] [stdout]   10:     0x635382eebce9 - std[617be2ca0a6fd877]::panicking::default_hook
[INFO] [stdout]                                at /rustc/e3feeb59cd1bdd011a2bfcc0747b55125d9b8527/library/std/src/panicking.rs:313:9
[INFO] [stdout]   11:     0x635382e848f0 - <alloc[2e1b2a31b91974c5]::boxed::Box<dyn for<'a, 'b> core[a373ad73a504971]::ops::function::Fn<(&'a std[617be2ca0a6fd877]::panic::PanicHookInfo<'b>,), Output = ()> + core[a373ad73a504971]::marker::Sync + core[a373ad73a504971]::marker::Send> as core[a373ad73a504971]::ops::function::Fn<(&std[617be2ca0a6fd877]::panic::PanicHookInfo,)>>::call
[INFO] [stdout]                                at /rustc/e3feeb59cd1bdd011a2bfcc0747b55125d9b8527/library/alloc/src/boxed.rs:2328:9
[INFO] [stdout]   12:     0x635382e848f0 - test[aada8e7e76ba119b]::test_main_inner::{closure#0}
[INFO] [stdout]                                at /rustc/e3feeb59cd1bdd011a2bfcc0747b55125d9b8527/library/test/src/lib.rs:137:21
[INFO] [stdout]   13:     0x635382eebea2 - <alloc[2e1b2a31b91974c5]::boxed::Box<dyn for<'a, 'b> core[a373ad73a504971]::ops::function::Fn<(&'a std[617be2ca0a6fd877]::panic::PanicHookInfo<'b>,), Output = ()> + core[a373ad73a504971]::marker::Sync + core[a373ad73a504971]::marker::Send> as core[a373ad73a504971]::ops::function::Fn<(&std[617be2ca0a6fd877]::panic::PanicHookInfo,)>>::call
[INFO] [stdout]                                at /rustc/e3feeb59cd1bdd011a2bfcc0747b55125d9b8527/library/alloc/src/boxed.rs:2328:9
[INFO] [stdout]   14:     0x635382eebea2 - std[617be2ca0a6fd877]::panicking::panic_with_hook
[INFO] [stdout]                                at /rustc/e3feeb59cd1bdd011a2bfcc0747b55125d9b8527/library/std/src/panicking.rs:819:13
[INFO] [stdout]   15:     0x635382ece132 - std[617be2ca0a6fd877]::panicking::panic_handler::{closure#0}
[INFO] [stdout]                                at /rustc/e3feeb59cd1bdd011a2bfcc0747b55125d9b8527/library/std/src/panicking.rs:685:13
[INFO] [stdout]   16:     0x635382ec6ac9 - std[617be2ca0a6fd877]::sys::backtrace::__rust_end_short_backtrace::<std[617be2ca0a6fd877]::panicking::panic_handler::{closure#0}, !>
[INFO] [stdout]                                at /rustc/e3feeb59cd1bdd011a2bfcc0747b55125d9b8527/library/std/src/sys/backtrace.rs:182:18
[INFO] [stdout]   17:     0x635382eced3d - __rustc[ea4f61d10b84890b]::rust_begin_unwind
[INFO] [stdout]                                at /rustc/e3feeb59cd1bdd011a2bfcc0747b55125d9b8527/library/std/src/panicking.rs:676:5
[INFO] [stdout]   18:     0x635382f0aefc - core[a373ad73a504971]::panicking::panic_fmt
[INFO] [stdout]                                at /rustc/e3feeb59cd1bdd011a2bfcc0747b55125d9b8527/library/core/src/panicking.rs:80:14
[INFO] [stdout]   19:     0x635382f0ac52 - core[a373ad73a504971]::result::unwrap_failed
[INFO] [stdout]                                at /rustc/e3feeb59cd1bdd011a2bfcc0747b55125d9b8527/library/core/src/result.rs:1870:5
[INFO] [stdout]   20:     0x635382beaac2 - <core[a373ad73a504971]::result::Result<core[a373ad73a504971]::option::Option<timslite[8ed2b983a4055fb4]::index::segment::IndexEntry>, timslite[8ed2b983a4055fb4]::error::TmslError>>::unwrap
[INFO] [stdout]                                at /rustc/e3feeb59cd1bdd011a2bfcc0747b55125d9b8527/library/core/src/result.rs:1232:23
[INFO] [stdout]   21:     0x635382beaac2 - timslite[8ed2b983a4055fb4]::index::tests::test_continuous_find_entry_uses_computed_closed_segment
[INFO] [stdout]                                at /opt/rustwide/workdir/src/index/mod.rs:1456:41
[INFO] [stdout]   22:     0x635382bd6587 - timslite[8ed2b983a4055fb4]::index::tests::test_continuous_find_entry_uses_computed_closed_segment::{closure#0}
[INFO] [stdout]                                at /opt/rustwide/workdir/src/index/mod.rs:1444:65
[INFO] [stdout]   23:     0x635382c42f06 - <timslite[8ed2b983a4055fb4]::index::tests::test_continuous_find_entry_uses_computed_closed_segment::{closure#0} as core[a373ad73a504971]::ops::function::FnOnce<()>>::call_once
[INFO] [stdout]                                at /rustc/e3feeb59cd1bdd011a2bfcc0747b55125d9b8527/library/core/src/ops/function.rs:250:5
[INFO] [stdout]   24:     0x635382e77d3b - <fn() -> core[a373ad73a504971]::result::Result<(), alloc[2e1b2a31b91974c5]::string::String> as core[a373ad73a504971]::ops::function::FnOnce<()>>::call_once
[INFO] [stdout]                                at /rustc/e3feeb59cd1bdd011a2bfcc0747b55125d9b8527/library/core/src/ops/function.rs:250:5
[INFO] [stdout]   25:     0x635382e77d3b - test[aada8e7e76ba119b]::__rust_begin_short_backtrace::<core[a373ad73a504971]::result::Result<(), alloc[2e1b2a31b91974c5]::string::String>, fn() -> core[a373ad73a504971]::result::Result<(), alloc[2e1b2a31b91974c5]::string::String>>
[INFO] [stdout]                                at /rustc/e3feeb59cd1bdd011a2bfcc0747b55125d9b8527/library/test/src/lib.rs:701:18
[INFO] [stdout]   26:     0x635382e84f15 - test[aada8e7e76ba119b]::run_test_in_process::{closure#0}
[INFO] [stdout]                                at /rustc/e3feeb59cd1bdd011a2bfcc0747b55125d9b8527/library/test/src/lib.rs:724:74
[INFO] [stdout]   27:     0x635382e84f15 - <core[a373ad73a504971]::panic::unwind_safe::AssertUnwindSafe<test[aada8e7e76ba119b]::run_test_in_process::{closure#0}> as core[a373ad73a504971]::ops::function::FnOnce<()>>::call_once
[INFO] [stdout]                                at /rustc/e3feeb59cd1bdd011a2bfcc0747b55125d9b8527/library/core/src/panic/unwind_safe.rs:275:9
[INFO] [stdout]   28:     0x635382e84f15 - std[617be2ca0a6fd877]::panicking::catch_unwind::do_call::<core[a373ad73a504971]::panic::unwind_safe::AssertUnwindSafe<test[aada8e7e76ba119b]::run_test_in_process::{closure#0}>, core[a373ad73a504971]::result::Result<(), alloc[2e1b2a31b91974c5]::string::String>>
[INFO] [stdout]                                at /rustc/e3feeb59cd1bdd011a2bfcc0747b55125d9b8527/library/std/src/panicking.rs:573:43
[INFO] [stdout]   29:     0x635382e84f15 - std[617be2ca0a6fd877]::panicking::catch_unwind::<core[a373ad73a504971]::result::Result<(), alloc[2e1b2a31b91974c5]::string::String>, core[a373ad73a504971]::panic::unwind_safe::AssertUnwindSafe<test[aada8e7e76ba119b]::run_test_in_process::{closure#0}>>
[INFO] [stdout]                                at /rustc/e3feeb59cd1bdd011a2bfcc0747b55125d9b8527/library/std/src/panicking.rs:541:19
[INFO] [stdout]   30:     0x635382e84f15 - std[617be2ca0a6fd877]::panic::catch_unwind::<core[a373ad73a504971]::panic::unwind_safe::AssertUnwindSafe<test[aada8e7e76ba119b]::run_test_in_process::{closure#0}>, core[a373ad73a504971]::result::Result<(), alloc[2e1b2a31b91974c5]::string::String>>
[INFO] [stdout]                                at /rustc/e3feeb59cd1bdd011a2bfcc0747b55125d9b8527/library/std/src/panic.rs:359:14
[INFO] [stdout]   31:     0x635382e84f15 - test[aada8e7e76ba119b]::run_test_in_process
[INFO] [stdout]                                at /rustc/e3feeb59cd1bdd011a2bfcc0747b55125d9b8527/library/test/src/lib.rs:724:27
[INFO] [stdout]   32:     0x635382e84f15 - test[aada8e7e76ba119b]::run_test::{closure#0}
[INFO] [stdout]                                at /rustc/e3feeb59cd1bdd011a2bfcc0747b55125d9b8527/library/test/src/lib.rs:645:43
[INFO] [stdout]   33:     0x635382e7e804 - test[aada8e7e76ba119b]::run_test::{closure#1}
[INFO] [stdout]                                at /rustc/e3feeb59cd1bdd011a2bfcc0747b55125d9b8527/library/test/src/lib.rs:675:41
[INFO] [stdout]   34:     0x635382e7e804 - std[617be2ca0a6fd877]::sys::backtrace::__rust_begin_short_backtrace::<test[aada8e7e76ba119b]::run_test::{closure#1}, ()>
[INFO] [stdout]                                at /rustc/e3feeb59cd1bdd011a2bfcc0747b55125d9b8527/library/std/src/sys/backtrace.rs:166:18
[INFO] [stdout]   35:     0x635382e87fa2 - std[617be2ca0a6fd877]::thread::lifecycle::spawn_unchecked::<test[aada8e7e76ba119b]::run_test::{closure#1}, ()>::{closure#1}::{closure#0}
[INFO] [stdout]                                at /rustc/e3feeb59cd1bdd011a2bfcc0747b55125d9b8527/library/std/src/thread/lifecycle.rs:70:13
[INFO] [stdout]   36:     0x635382e87fa2 - <core[a373ad73a504971]::panic::unwind_safe::AssertUnwindSafe<std[617be2ca0a6fd877]::thread::lifecycle::spawn_unchecked<test[aada8e7e76ba119b]::run_test::{closure#1}, ()>::{closure#1}::{closure#0}> as core[a373ad73a504971]::ops::function::FnOnce<()>>::call_once
[INFO] [stdout]                                at /rustc/e3feeb59cd1bdd011a2bfcc0747b55125d9b8527/library/core/src/panic/unwind_safe.rs:275:9
[INFO] [stdout]   37:     0x635382e87fa2 - std[617be2ca0a6fd877]::panicking::catch_unwind::do_call::<core[a373ad73a504971]::panic::unwind_safe::AssertUnwindSafe<std[617be2ca0a6fd877]::thread::lifecycle::spawn_unchecked<test[aada8e7e76ba119b]::run_test::{closure#1}, ()>::{closure#1}::{closure#0}>, ()>
[INFO] [stdout]                                at /rustc/e3feeb59cd1bdd011a2bfcc0747b55125d9b8527/library/std/src/panicking.rs:573:43
[INFO] [stdout]   38:     0x635382e87fa2 - std[617be2ca0a6fd877]::panicking::catch_unwind::<(), core[a373ad73a504971]::panic::unwind_safe::AssertUnwindSafe<std[617be2ca0a6fd877]::thread::lifecycle::spawn_unchecked<test[aada8e7e76ba119b]::run_test::{closure#1}, ()>::{closure#1}::{closure#0}>>
[INFO] [stdout]                                at /rustc/e3feeb59cd1bdd011a2bfcc0747b55125d9b8527/library/std/src/panicking.rs:541:19
[INFO] [stdout]   39:     0x635382e87fa2 - std[617be2ca0a6fd877]::panic::catch_unwind::<core[a373ad73a504971]::panic::unwind_safe::AssertUnwindSafe<std[617be2ca0a6fd877]::thread::lifecycle::spawn_unchecked<test[aada8e7e76ba119b]::run_test::{closure#1}, ()>::{closure#1}::{closure#0}>, ()>
[INFO] [stdout]                                at /rustc/e3feeb59cd1bdd011a2bfcc0747b55125d9b8527/library/std/src/panic.rs:359:14
[INFO] [stdout]   40:     0x635382e87fa2 - std[617be2ca0a6fd877]::thread::lifecycle::spawn_unchecked::<test[aada8e7e76ba119b]::run_test::{closure#1}, ()>::{closure#1}
[INFO] [stdout]                                at /rustc/e3feeb59cd1bdd011a2bfcc0747b55125d9b8527/library/std/src/thread/lifecycle.rs:68:26
[INFO] [stdout]   41:     0x635382e87fa2 - <std[617be2ca0a6fd877]::thread::lifecycle::spawn_unchecked<test[aada8e7e76ba119b]::run_test::{closure#1}, ()>::{closure#1} as core[a373ad73a504971]::ops::function::FnOnce<()>>::call_once::{shim:vtable#0}
[INFO] [stdout]                                at /rustc/e3feeb59cd1bdd011a2bfcc0747b55125d9b8527/library/core/src/ops/function.rs:250:5
[INFO] [stdout]   42:     0x635382ef3a0f - <alloc[2e1b2a31b91974c5]::boxed::Box<dyn core[a373ad73a504971]::ops::function::FnOnce<(), Output = ()> + core[a373ad73a504971]::marker::Send> as core[a373ad73a504971]::ops::function::FnOnce<()>>::call_once
[INFO] [stdout]                                at /rustc/e3feeb59cd1bdd011a2bfcc0747b55125d9b8527/library/alloc/src/boxed.rs:2314:9
[INFO] [stdout]   43:     0x635382ef3a0f - <std[617be2ca0a6fd877]::sys::thread::unix::Thread>::new::thread_start
[INFO] [stdout]                                at /rustc/e3feeb59cd1bdd011a2bfcc0747b55125d9b8527/library/std/src/sys/thread/unix.rs:127:17
[INFO] [stdout]   44:     0x74ac5a505dfa - <unknown>
[INFO] [stdout]   45:     0x74ac5a5993d4 - clone
[INFO] [stdout]   46:                0x0 - <unknown>
[INFO] [stdout] 
[INFO] [stdout] 
[INFO] [stdout] failures:
[INFO] [stdout]     index::tests::test_continuous_find_entry_uses_computed_closed_segment
[INFO] [stdout] 
[INFO] [stdout] test result: FAILED. 495 passed; 1 failed; 0 ignored; 0 measured; 0 filtered out; finished in 0.82s
[INFO] [stdout] 
[INFO] [stderr] error: test failed, to rerun pass `--lib`
[INFO] running `Command { std: "docker" "inspect" "b096b6de64a540646f5c51fabe59f7f405ab823da8f81ae5c4bc4c949ee8faf1", kill_on_drop: false }`
[INFO] running `Command { std: "docker" "rm" "-f" "b096b6de64a540646f5c51fabe59f7f405ab823da8f81ae5c4bc4c949ee8faf1", kill_on_drop: false }`
[INFO] [stdout] b096b6de64a540646f5c51fabe59f7f405ab823da8f81ae5c4bc4c949ee8faf1
