[INFO] fetching crate timewall 2.1.0...
[INFO] testing timewall-2.1.0 against 1.100.0-beta.1 for beta-1.100-2
[INFO] extracting crate timewall 2.1.0 into /workspace/builds/worker-3-tc2/source
[INFO] removed /workspace/builds/worker-3-tc2/source/rust-toolchain.toml
[INFO] started tweaking crates.io crate timewall 2.1.0
[INFO] removed 0 missing tests
[INFO] finished tweaking crates.io crate timewall 2.1.0
[INFO] tweaked toml for crates.io crate timewall 2.1.0 written to /workspace/builds/worker-3-tc2/source/Cargo.toml
[INFO] validating manifest of crates.io crate timewall 2.1.0 on toolchain 1.100.0-beta.1
[INFO] running `Command { std: CARGO_HOME="/workspace/cargo-home" RUSTUP_HOME="/workspace/rustup-home" "/workspace/cargo-home/bin/cargo" "+1.100.0-beta.1" "metadata" "--manifest-path" "Cargo.toml" "--no-deps", kill_on_drop: false }`
[INFO] crate crates.io crate timewall 2.1.0 already has a lockfile, it will not be regenerated
[INFO] running `Command { std: CARGO_HOME="/workspace/cargo-home" RUSTUP_HOME="/workspace/rustup-home" "/workspace/cargo-home/bin/cargo" "+1.100.0-beta.1" "fetch" "--manifest-path" "Cargo.toml", kill_on_drop: false }`
[INFO] running `Command { std: "docker" "create" "-v" "/var/lib/crater-agent-workspace/builds/worker-3-tc2/source:/opt/rustwide/workdir:ro,Z" "-v" "/var/lib/crater-agent-workspace/builds/worker-3-tc2/target:/opt/rustwide/target:rw,Z" "-v" "/var/lib/crater-agent-workspace/cargo-home:/opt/rustwide/cargo-home:ro,Z" "-v" "/var/lib/crater-agent-workspace/rustup-home:/opt/rustwide/rustup-home:ro,Z" "-m" "1610612736" "--network" "none" "ghcr.io/rust-lang/crates-build-env/linux@sha256:3111399a4047eeb3a02b7a90e478d715f38a8c6669b5c4b49d30a17385265909" "sleep" "infinity", kill_on_drop: false }`
[INFO] [stdout] d5daa61a83635c4552d9ae354617910359834c81a6fa74684479eebc621172c7
[INFO] running `Command { std: "docker" "start" "d5daa61a83635c4552d9ae354617910359834c81a6fa74684479eebc621172c7", kill_on_drop: false }`
[INFO] running `Command { std: "docker" "inspect" "d5daa61a83635c4552d9ae354617910359834c81a6fa74684479eebc621172c7", kill_on_drop: false }`
[INFO] running `Command { std: "docker" "exec" "-e" "SOURCE_DIR=/opt/rustwide/workdir" "-e" "CARGO_HOME=/opt/rustwide/cargo-home" "-e" "RUSTUP_HOME=/opt/rustwide/rustup-home" "-e" "CARGO_TARGET_DIR=/opt/rustwide/target" "-w" "/opt/rustwide/workdir" "--user" "0:0" "d5daa61a83635c4552d9ae354617910359834c81a6fa74684479eebc621172c7" "/opt/rustwide/cargo-home/bin/cargo" "+1.100.0-beta.1" "metadata" "--no-deps" "--format-version=1", kill_on_drop: false }`
[INFO] running `Command { std: "docker" "inspect" "d5daa61a83635c4552d9ae354617910359834c81a6fa74684479eebc621172c7", kill_on_drop: false }`
[INFO] running `Command { std: "docker" "exec" "-e" "SOURCE_DIR=/opt/rustwide/workdir" "-e" "CARGO_HOME=/opt/rustwide/cargo-home" "-e" "RUSTUP_HOME=/opt/rustwide/rustup-home" "-e" "CARGO_TARGET_DIR=/opt/rustwide/target" "-e" "CARGO_INCREMENTAL=0" "-e" "RUST_BACKTRACE=full" "-e" "RUSTFLAGS=--cap-lints=warn" "-e" "RUSTDOCFLAGS=--cap-lints=warn" "-w" "/opt/rustwide/workdir" "--user" "0:0" "d5daa61a83635c4552d9ae354617910359834c81a6fa74684479eebc621172c7" "/opt/rustwide/cargo-home/bin/cargo" "+1.100.0-beta.1" "build" "--frozen" "--message-format=json", kill_on_drop: false }`
[INFO] [stderr]    Compiling proc-macro2 v1.0.92
[INFO] [stderr]    Compiling unicode-ident v1.0.5
[INFO] [stderr]    Compiling libc v0.2.180
[INFO] [stderr]    Compiling autocfg v1.1.0
[INFO] [stderr]    Compiling winnow v0.7.13
[INFO] [stderr]    Compiling equivalent v1.0.1
[INFO] [stderr]    Compiling hashbrown v0.16.0
[INFO] [stderr]    Compiling pin-project-lite v0.2.16
[INFO] [stderr]    Compiling serde_core v1.0.228
[INFO] [stderr]    Compiling crossbeam-utils v0.8.12
[INFO] [stderr]    Compiling once_cell v1.21.3
[INFO] [stderr]    Compiling bitflags v2.8.0
[INFO] [stderr]    Compiling anstyle-parse v0.2.5
[INFO] [stderr]    Compiling colorchoice v1.0.2
[INFO] [stderr]    Compiling memchr v2.5.0
[INFO] [stderr]    Compiling anstyle v1.0.8
[INFO] [stderr]    Compiling anstyle-query v1.1.1
[INFO] [stderr]    Compiling fastrand v2.3.0
[INFO] [stderr]    Compiling futures-io v0.3.31
[INFO] [stderr]    Compiling version_check v0.9.4
[INFO] [stderr]    Compiling rustix v0.38.43
[INFO] [stderr]    Compiling cfg_aliases v0.2.1
[INFO] [stderr]    Compiling tracing-core v0.1.33
[INFO] [stderr]    Compiling smallvec v1.15.0
[INFO] [stderr]    Compiling endi v1.1.0
[INFO] [stderr]    Compiling slab v0.4.9
[INFO] [stderr]    Compiling rustix v1.0.7
[INFO] [stderr]    Compiling futures-lite v2.6.1
[INFO] [stderr]    Compiling concurrent-queue v2.5.0
[INFO] [stderr]    Compiling anstream v0.6.15
[INFO] [stderr]    Compiling ahash v0.7.6
[INFO] [stderr]    Compiling linux-raw-sys v0.4.15
[INFO] [stderr]    Compiling syn v1.0.104
[INFO] [stderr]    Compiling quote v1.0.36
[INFO] [stderr]    Compiling event-listener v5.4.0
[INFO] [stderr]    Compiling cfg-expr v0.17.2
[INFO] [stderr]    Compiling syn v2.0.90
[INFO] [stderr]    Compiling async-io v2.6.0
[INFO] [stderr]    Compiling linux-raw-sys v0.9.4
[INFO] [stderr]    Compiling indexmap v2.12.0
[INFO] [stderr]    Compiling clap_builder v4.5.53
[INFO] [stderr]    Compiling event-listener-strategy v0.5.3
[INFO] [stderr]    Compiling pkg-config v0.3.32
[INFO] [stderr]    Compiling version-compare v0.2.0
[INFO] [stderr]    Compiling num-traits v0.2.15
[INFO] [stderr]    Compiling memoffset v0.9.1
[INFO] [stderr]    Compiling thiserror v1.0.37
[INFO] [stderr]    Compiling crc32fast v1.3.2
[INFO] [stderr]    Compiling simd-adler32 v0.3.5
[INFO] [stderr]    Compiling async-channel v2.3.1
[INFO] [stderr]    Compiling aho-corasick v0.7.19
[INFO] [stderr]    Compiling nix v0.30.1
[INFO] [stderr]    Compiling dlv-list v0.3.0
[INFO] [stderr]    Compiling regex-syntax v0.6.28
[INFO] [stderr]    Compiling zmij v1.0.7
[INFO] [stderr]    Compiling itoa v1.0.4
[INFO] [stderr]    Compiling log v0.4.29
[INFO] [stderr]    Compiling adler2 v2.0.0
[INFO] [stderr]    Compiling deranged v0.5.5
[INFO] [stderr]    Compiling miniz_oxide v0.8.9
[INFO] [stderr]    Compiling piper v0.2.4
[INFO] [stderr]    Compiling async-lock v3.4.0
[INFO] [stderr]    Compiling nix v0.31.1
[INFO] [stderr]    Compiling getrandom v0.2.8
[INFO] [stderr]    Compiling signal-hook-registry v1.4.2
[INFO] [stderr]    Compiling dirs-sys v0.3.7
[INFO] [stderr]    Compiling hashbrown v0.12.3
[INFO] [stderr]    Compiling anyhow v1.0.100
[INFO] [stderr]    Compiling signal-hook v0.4.3
[INFO] [stderr]    Compiling time-core v0.1.8
[INFO] [stderr]    Compiling num-conv v0.2.0
[INFO] [stderr]    Compiling regex v1.7.0
[INFO] [stderr]    Compiling dirs-sys v0.5.0
[INFO] [stderr]    Compiling dirs v4.0.0
[INFO] [stderr]    Compiling toml_datetime v0.7.5+spec-1.1.0
[INFO] [stderr]    Compiling serde_spanned v1.0.4
[INFO] [stderr]    Compiling flate2 v1.1.2
[INFO] [stderr]    Compiling num_cpus v1.17.0
[INFO] [stderr]    Compiling ordered-multimap v0.4.3
[INFO] [stderr]    Compiling blocking v1.6.1
[INFO] [stderr]    Compiling toml_parser v1.0.6+spec-1.1.0
[INFO] [stderr]    Compiling time v0.3.47
[INFO] [stderr]    Compiling rust-ini v0.18.0
[INFO] [stderr]    Compiling fdeflate v0.3.4
[INFO] [stderr]    Compiling async-executor v1.13.1
[INFO] [stderr]    Compiling async-broadcast v0.7.2
[INFO] [stderr]    Compiling quick-xml v0.38.3
[INFO] [stderr]    Compiling ordered-stream v0.2.0
[INFO] [stderr]    Compiling either v1.8.0
[INFO] [stderr]    Compiling toml_writer v1.0.6+spec-1.1.0
[INFO] [stderr]    Compiling iana-time-zone v0.1.53
[INFO] [stderr]    Compiling env_filter v0.1.2
[INFO] [stderr]    Compiling xml v1.0.0
[INFO] [stderr]    Compiling humantime v2.1.0
[INFO] [stderr]    Compiling four-cc v0.4.0
[INFO] [stderr]    Compiling env_logger v0.11.6
[INFO] [stderr]    Compiling thiserror-impl v1.0.37
[INFO] [stderr]    Compiling chrono v0.4.42
[INFO] [stderr]    Compiling toml v0.9.10+spec-1.1.0
[INFO] [stderr]    Compiling itertools v0.14.0
[INFO] [stderr]    Compiling png v0.18.0
[INFO] [stderr]    Compiling serde_json v1.0.149
[INFO] [stderr]    Compiling threadpool v1.8.1
[INFO] [stderr]    Compiling xml-rs v1.0.0
[INFO] [stderr]    Compiling directories v6.0.0
[INFO] [stderr]    Compiling sun v0.3.1
[INFO] [stderr]    Compiling seahash v4.1.0
[INFO] [stderr]    Compiling enquote v1.1.0
[INFO] [stderr]    Compiling wallpape-rs v2.0.0
[INFO] [stderr]    Compiling serde_derive v1.0.228
[INFO] [stderr]    Compiling enumflags2_derive v0.7.11
[INFO] [stderr]    Compiling clap_derive v4.5.49
[INFO] [stderr]    Compiling tracing-attributes v0.1.28
[INFO] [stderr]    Compiling serde_repr v0.1.19
[INFO] [stderr]    Compiling enumn v0.1.14
[INFO] [stderr]    Compiling async-trait v0.1.85
[INFO] [stderr]    Compiling tracing v0.1.41
[INFO] [stderr]    Compiling polling v3.7.4
[INFO] [stderr]    Compiling clap v4.5.53
[INFO] [stderr]    Compiling clap-verbosity-flag v3.0.4
[INFO] [stderr]    Compiling clap_complete v4.5.64
[INFO] [stderr]    Compiling serde v1.0.228
[INFO] [stderr]    Compiling serde_spanned v0.6.8
[INFO] [stderr]    Compiling toml_datetime v0.6.8
[INFO] [stderr]    Compiling zvariant_utils v3.2.0
[INFO] [stderr]    Compiling enumflags2 v0.7.11
[INFO] [stderr]    Compiling uuid v1.18.1
[INFO] [stderr]    Compiling ordered-float v5.1.0
[INFO] [stderr]    Compiling plist v1.8.0
[INFO] [stderr]    Compiling async-signal v0.2.10
[INFO] [stderr]    Compiling async-process v2.3.0
[INFO] [stderr]    Compiling toml_edit v0.22.24
[INFO] [stderr]    Compiling timewall v2.1.0 (/opt/rustwide/workdir)
[INFO] [stderr]    Compiling proc-macro-crate v3.2.0
[INFO] [stderr]    Compiling toml v0.8.20
[INFO] [stderr]    Compiling system-deps v7.0.3
[INFO] [stderr]    Compiling zvariant_derive v5.5.3
[INFO] [stderr]    Compiling libheif-sys v5.0.0+1.20.2
[INFO] [stderr]    Compiling zvariant v5.5.3
[INFO] [stderr]    Compiling libheif-rs v2.5.2
[INFO] [stderr]    Compiling zbus_names v4.2.0
[INFO] [stderr]    Compiling zbus_macros v5.12.0
[INFO] [stderr]    Compiling zbus v5.12.0
[INFO] [stderr]     Finished `dev` profile [unoptimized + debuginfo] target(s) in 54.42s
[INFO] [stderr] warning: the following packages contain code that will be rejected by a future version of Rust: nix v0.30.1, nix v0.31.1
[INFO] [stderr] note: to see what the problems were, use the option `--future-incompat-report`, or run `cargo report future-incompatibilities --id 1`
[INFO] running `Command { std: "docker" "inspect" "d5daa61a83635c4552d9ae354617910359834c81a6fa74684479eebc621172c7", kill_on_drop: false }`
[INFO] running `Command { std: "docker" "exec" "-e" "SOURCE_DIR=/opt/rustwide/workdir" "-e" "CARGO_HOME=/opt/rustwide/cargo-home" "-e" "RUSTUP_HOME=/opt/rustwide/rustup-home" "-e" "CARGO_TARGET_DIR=/opt/rustwide/target" "-e" "CARGO_INCREMENTAL=0" "-e" "RUST_BACKTRACE=full" "-e" "RUSTFLAGS=--cap-lints=warn" "-e" "RUSTDOCFLAGS=--cap-lints=warn" "-w" "/opt/rustwide/workdir" "--user" "0:0" "d5daa61a83635c4552d9ae354617910359834c81a6fa74684479eebc621172c7" "/opt/rustwide/cargo-home/bin/cargo" "+1.100.0-beta.1" "test" "--frozen" "--no-run" "--message-format=json", kill_on_drop: false }`
[INFO] [stderr]    Compiling crossbeam-utils v0.8.12
[INFO] [stderr]    Compiling regex-syntax v0.6.28
[INFO] [stderr]    Compiling syn v1.0.104
[INFO] [stderr]    Compiling rustix v1.0.7
[INFO] [stderr]    Compiling semver v1.0.14
[INFO] [stderr]    Compiling futures-sink v0.3.31
[INFO] [stderr]    Compiling bstr v0.2.17
[INFO] [stderr]    Compiling futures-macro v0.3.31
[INFO] [stderr]    Compiling getrandom v0.3.3
[INFO] [stderr]    Compiling predicates-core v1.0.6
[INFO] [stderr]    Compiling float-cmp v0.10.0
[INFO] [stderr]    Compiling thread_local v1.1.4
[INFO] [stderr]    Compiling futures-channel v0.3.31
[INFO] [stderr]    Compiling difflib v0.4.0
[INFO] [stderr]    Compiling doc-comment v0.3.3
[INFO] [stderr]    Compiling termtree v0.4.0
[INFO] [stderr]    Compiling normalize-line-endings v0.3.0
[INFO] [stderr]    Compiling assert_cmd v2.1.2
[INFO] [stderr]    Compiling regex-automata v0.1.10
[INFO] [stderr]    Compiling wait-timeout v0.2.0
[INFO] [stderr]    Compiling futures-timer v3.0.2
[INFO] [stderr]    Compiling predicates-tree v1.0.7
[INFO] [stderr]    Compiling futures-util v0.3.31
[INFO] [stderr]    Compiling bstr v1.0.1
[INFO] [stderr]    Compiling rustc_version v0.4.0
[INFO] [stderr]    Compiling concurrent-queue v2.5.0
[INFO] [stderr]    Compiling event-listener v5.4.0
[INFO] [stderr]    Compiling async-executor v1.13.1
[INFO] [stderr]    Compiling rstest_macros v0.17.0
[INFO] [stderr]    Compiling event-listener-strategy v0.5.3
[INFO] [stderr]    Compiling async-channel v2.3.1
[INFO] [stderr]    Compiling async-lock v3.4.0
[INFO] [stderr]    Compiling async-broadcast v0.7.2
[INFO] [stderr]    Compiling blocking v1.6.1
[INFO] [stderr]    Compiling regex v1.7.0
[INFO] [stderr]    Compiling globset v0.4.9
[INFO] [stderr]    Compiling predicates v3.1.3
[INFO] [stderr]    Compiling env_filter v0.1.2
[INFO] [stderr]    Compiling env_logger v0.11.6
[INFO] [stderr]    Compiling ignore v0.4.18
[INFO] [stderr]    Compiling globwalk v0.9.1
[INFO] [stderr]    Compiling futures-executor v0.3.25
[INFO] [stderr]    Compiling futures v0.3.25
[INFO] [stderr]    Compiling async-io v2.6.0
[INFO] [stderr]    Compiling tempfile v3.20.0
[INFO] [stderr]    Compiling assert_fs v1.1.3
[INFO] [stderr]    Compiling async-signal v0.2.10
[INFO] [stderr]    Compiling async-process v2.3.0
[INFO] [stderr]    Compiling zbus v5.12.0
[INFO] [stderr]    Compiling thiserror-impl v1.0.37
[INFO] [stderr]    Compiling thiserror v1.0.37
[INFO] [stderr]    Compiling enquote v1.1.0
[INFO] [stderr]    Compiling wallpape-rs v2.0.0
[INFO] [stderr]    Compiling rstest v0.17.0
[INFO] [stderr]    Compiling timewall v2.1.0 (/opt/rustwide/workdir)
[INFO] [stderr]     Finished `test` profile [unoptimized + debuginfo] target(s) in 33.14s
[INFO] [stderr] warning: the following packages contain code that will be rejected by a future version of Rust: nix v0.30.1, nix v0.31.1
[INFO] [stderr] note: to see what the problems were, use the option `--future-incompat-report`, or run `cargo report future-incompatibilities --id 1`
[INFO] running `Command { std: "docker" "inspect" "d5daa61a83635c4552d9ae354617910359834c81a6fa74684479eebc621172c7", kill_on_drop: false }`
[INFO] running `Command { std: "docker" "exec" "-e" "SOURCE_DIR=/opt/rustwide/workdir" "-e" "CARGO_HOME=/opt/rustwide/cargo-home" "-e" "RUSTUP_HOME=/opt/rustwide/rustup-home" "-e" "CARGO_TARGET_DIR=/opt/rustwide/target" "-e" "CARGO_INCREMENTAL=0" "-e" "RUST_BACKTRACE=full" "-e" "RUSTFLAGS=--cap-lints=warn" "-e" "RUSTDOCFLAGS=--cap-lints=warn" "-w" "/opt/rustwide/workdir" "--user" "0:0" "d5daa61a83635c4552d9ae354617910359834c81a6fa74684479eebc621172c7" "/opt/rustwide/cargo-home/bin/cargo" "+1.100.0-beta.1" "test" "--frozen", kill_on_drop: false }`
[INFO] [stderr]     Finished `test` profile [unoptimized + debuginfo] target(s) in 0.37s
[INFO] [stderr] warning: the following packages contain code that will be rejected by a future version of Rust: nix v0.30.1, nix v0.31.1
[INFO] [stderr] note: to see what the problems were, use the option `--future-incompat-report`, or run `cargo report future-incompatibilities --id 1`
[INFO] [stderr]      Running unittests src/main.rs (/opt/rustwide/target/debug/build/timewall/f122cec4ba661168/out/timewall-f122cec4ba661168)
[INFO] [stdout] 
[INFO] [stdout] running 76 tests
[INFO] [stdout] test cache::tests::test_cache_in_dir_not_exists ... ok
[INFO] [stdout] test cache::tests::test_cache_entry_exists ... ok
[INFO] [stdout] test cache::tests::test_cache_entry_remove_not_exists ... ok
[INFO] [stdout] test cache::tests::test_last_wallpaper_save_get ... ok
[INFO] [stdout] test heif::convert::tests::test_write_from_padded_data_with_padding ... ok
[INFO] [stdout] test heif::convert::tests::test_write_from_padded_data_no_padding ... ok
[INFO] [stdout] test schedule::appearance::tests::test_current_image_appearance::case_1 ... ok
[INFO] [stdout] test pidfile::tests::test_setter_pidfile_clear ... ok
[INFO] [stdout] test cache::tests::test_cache_in_dir_exists ... ok
[INFO] [stdout] test schedule::appearance::tests::test_current_image_appearance::case_2 ... ok
[INFO] [stdout] test schedule::h24::tests::test_current_image_index_h24_1::case_02 ... ok
[INFO] [stdout] test schedule::h24::tests::test_current_image_index_h24_1::case_01 ... ok
[INFO] [stdout] test cache::tests::test_cached_call_ok ... ok
[INFO] [stdout] test cache::tests::test_cache_entry_not_exists ... ok
[INFO] [stdout] test cache::tests::test_last_wallpaper_load_not_exists ... ok
[INFO] [stdout] test schedule::h24::tests::test_current_image_index_h24_1::case_03 ... ok
[INFO] [stdout] test pidfile::tests::test_setter_pidfile_save_read ... ok
[INFO] [stdout] test cache::tests::test_last_wallpaper_save_clear ... ok
[INFO] [stdout] test schedule::h24::tests::test_current_image_index_h24_1::case_04 ... ok
[INFO] [stdout] test pidfile::tests::test_setter_pidfile_load_not_exists ... ok
[INFO] [stdout] test schedule::h24::tests::test_current_image_index_h24_1::case_10 ... ok
[INFO] [stdout] test schedule::h24::tests::test_current_image_index_h24_1::case_05 ... ok
[INFO] [stdout] test schedule::h24::tests::test_current_image_index_h24_1::case_08 ... ok
[INFO] [stdout] test schedule::h24::tests::test_current_image_index_h24_1::case_06 ... ok
[INFO] [stdout] test schedule::h24::tests::test_current_image_index_h24_1::case_11 ... ok
[INFO] [stdout] test schedule::appearance::tests::test_get_image_index_order_h24 ... ok
[INFO] [stdout] test schedule::h24::tests::test_current_image_index_h24_1::case_07 ... ok
[INFO] [stdout] test schedule::h24::tests::test_current_image_index_h24_1::case_09 ... ok
[INFO] [stdout] test cache::tests::test_cache_entry_remove_exists ... ok
[INFO] [stdout] test schedule::solar::tests::test_current_image_index_from_sun_pos_1::case_01 ... ok
[INFO] [stdout] test schedule::solar::tests::test_current_image_index_from_sun_pos_1::case_07 ... ok
[INFO] [stdout] test schedule::solar::tests::test_current_image_index_from_sun_pos_1::case_09 ... ok
[INFO] [stdout] test schedule::solar::tests::test_current_image_index_from_sun_pos_1::case_08 ... ok
[INFO] [stdout] test schedule::solar::tests::test_current_image_index_from_sun_pos_1::case_03 ... ok
[INFO] [stdout] test schedule::solar::tests::test_current_image_index_from_sun_pos_1::case_05 ... ok
[INFO] [stdout] test schedule::h24::tests::test_current_image_index_h24_1::case_12 ... ok
[INFO] [stdout] test schedule::h24::tests::test_current_image_index_h24_2::case_1 ... ok
[INFO] [stdout] test schedule::h24::tests::test_current_image_index_h24_2::case_3 ... ok
[INFO] [stdout] test schedule::solar::tests::test_current_image_index_from_sun_pos_1::case_02 ... ok
[INFO] [stdout] test schedule::solar::tests::test_current_image_index_from_sun_pos_1::case_12 ... ok
[INFO] [stdout] test schedule::solar::tests::test_current_image_index_from_sun_pos_1::case_15 ... ok
[INFO] [stdout] test schedule::solar::tests::test_current_image_index_from_sun_pos_1::case_16 ... ok
[INFO] [stdout] test schedule::solar::tests::test_current_image_index_from_sun_pos_2::case_1 ... ok
[INFO] [stdout] test schedule::solar::tests::test_current_image_index_from_sun_pos_1::case_13 ... ok
[INFO] [stdout] test schedule::solar::tests::test_current_image_index_from_sun_pos_1::case_14 ... ok
[INFO] [stdout] test schedule::solar::tests::test_current_image_index_from_sun_pos_2::case_3 ... ok
[INFO] [stdout] test schedule::solar::tests::test_current_image_index_from_sun_pos_2::case_4 ... ok
[INFO] [stdout] test schedule::solar::tests::test_current_image_index_from_sun_pos_3::case_3 ... ok
[INFO] [stdout] test schedule::solar::tests::test_current_image_index_from_sun_pos_3::case_2 ... ok
[INFO] [stdout] test schedule::solar::tests::test_get_image_index_order_solar ... ok
[INFO] [stdout] test schedule::solar::tests::test_current_image_index_from_sun_pos_3::case_4 ... ok
[INFO] [stdout] test schedule::solar::tests::test_current_image_index_from_sun_pos_1::case_04 ... ok
[INFO] [stdout] test schedule::solar::tests::test_current_image_index_from_sun_pos_1::case_10 ... ok
[INFO] [stdout] test schedule::h24::tests::test_current_image_index_h24_2::case_2 ... ok
[INFO] [stdout] test schedule::solar::tests::test_current_image_index_from_sun_pos_3::case_1 ... ok
[INFO] [stdout] test schedule::h24::tests::test_get_image_index_order_h24 ... ok
[INFO] [stdout] test wallpaper::metadata::tests::test_get_h24_metadata_from_xmp_attribute::case_2 ... ok
[INFO] [stdout] test schedule::solar::tests::test_current_image_index_from_sun_pos_2::case_2 ... ok
[INFO] [stdout] test wallpaper::metadata::tests::test_get_h24_metadata_from_xmp_attribute::case_3 ... ok
[INFO] [stdout] test wallpaper::metadata::tests::test_get_h24_metadata_from_xmp_attribute::case_1 ... ok
[INFO] [stdout] test wallpaper::metadata::tests::test_get_metadata_from_xmp_element::case_1 ... ok
[INFO] [stdout] test wallpaper::metadata::tests::test_get_metadata_from_xmp_element::case_2 ... ok
[INFO] [stdout] test schedule::solar::tests::test_current_image_index_from_sun_pos_1::case_11 ... ok
[INFO] [stdout] test schedule::solar::tests::test_current_image_index_from_sun_pos_1::case_06 ... ok
[INFO] [stdout] test wallpaper::metadata::tests::test_get_metadata_from_xmp_element::case_3 ... ok
[INFO] [stdout] test wallpaper::properties::tests::test_plist_appearance_from_base64 ... ok
[INFO] [stdout] test wallpaper::properties::tests::test_plist_h24_from_base64 ... ok
[INFO] [stdout] test wallpaper::properties::tests::test_plist_solar_from_base64 ... ok
[INFO] [stdout] test cache::tests::test_cache_entry_file_conflict - should panic ... ok
[INFO] [stdout] test cache::tests::test_cached_call_fallback ... ok
[INFO] [stdout] test wallpaper::metadata::tests::test_get_metadata_from_xmp_invalid_attribute::case_2 ... ok
[INFO] [stdout] test cache::tests::test_cached_call_err ... ok
[INFO] [stdout] test wallpaper::metadata::tests::test_get_metadata_from_xmp_invalid_attribute::case_1 ... ok
[INFO] [stdout] test wallpaper::metadata::tests::test_get_metadata_from_xmp_invalid_element::case_2 ... ok
[INFO] [stdout] test wallpaper::metadata::tests::test_get_metadata_from_xmp_missing ... ok
[INFO] [stdout] test wallpaper::metadata::tests::test_get_metadata_from_xmp_invalid_element::case_1 ... ok
[INFO] [stdout] 
[INFO] [stdout] test result: ok. 76 passed; 0 failed; 0 ignored; 0 measured; 0 filtered out; finished in 0.12s
[INFO] [stdout] 
[INFO] [stderr]      Running tests/clear.rs (/opt/rustwide/target/debug/build/timewall/8e6c68f70df9b3a3/out/clear-8e6c68f70df9b3a3)
[INFO] [stdout] 
[INFO] [stdout] running 1 test
[INFO] [stdout] test test_clear ... FAILED
[INFO] [stdout] 
[INFO] [stdout] failures:
[INFO] [stdout] 
[INFO] [stdout] ---- test_clear stdout ----
[INFO] [stdout] 
[INFO] [stdout] thread 'test_clear' (3629) panicked at /rustc/e3feeb59cd1bdd011a2bfcc0747b55125d9b8527/library/core/src/ops/function.rs:250:5:
[INFO] [stdout] Unexpected failure.
[INFO] [stdout] code=101
[INFO] [stdout] stderr=```<128 lines total>
[INFO] [stdout] ```
[INFO] [stdout] Unpacking \'/opt/rustwide/workdir/tests/examples/sun.heic\'...
[INFO] [stdout] 
[INFO] [stdout] thread \'main\' (3630) panicked at src/loader.rs:28:39:
[INFO] [stdout] wallpaper unpacking failed: couldn\'t extract some images from HEIF
[INFO] [stdout] 
[INFO] [stdout] Caused by:
[INFO] [stdout]     PluginLoadingError(NoMatchingDecoderInstalled) Error while loading plugin: No decoding plugin installed for this compression format
[INFO] [stdout] 
[INFO] [stdout] Stack backtrace:
[INFO] [stdout]    0: <libheif_rs::errors::HeifError as anyhow::context::ext::StdError>::ext_context::<&str>
[INFO] [stdout]              at /opt/rustwide/cargo-home/registry/src/index.crates.io-1949cf8c6b5b557f/anyhow-1.0.100/src/backtrace.rs:27:14
[INFO] [stdout]    1: <core::result::Result<alloc::vec::Vec<libheif_rs::image::Image>, libheif_rs::errors::HeifError> as anyhow::Context<alloc::vec::Vec<libheif_rs::image::Image>, libheif_rs::errors::HeifError>>::context::<&str>
[INFO] [stdout]              at /opt/rustwide/cargo-home/registry/src/index.crates.io-1949cf8c6b5b557f/anyhow-1.0.100/src/context.rs:54:37
[INFO] [stdout]    2: timewall::heif::read::get_images
[INFO] [stdout]              at /opt/rustwide/workdir/src/heif/read.rs:56:10
[INFO] [stdout]    3: timewall::heif::convert::unpack_images::<&std::path::Path>
[INFO] [stdout]              at /opt/rustwide/workdir/src/heif/convert.rs:21:18
[INFO] [stdout]    4: timewall::wallpaper::unpack::<&&std::path::PathBuf, &std::path::PathBuf>
[INFO] [stdout]              at /opt/rustwide/workdir/src/wallpaper/mod.rs:56:5
[INFO] [stdout]    5: <timewall::loader::WallpaperLoader>::load::<&std::path::PathBuf>
[INFO] [stdout] ```
[INFO] [stdout] <68 lines omitted>
[INFO] [stdout] ```
[INFO] [stdout]                                at /rustc/e3feeb59cd1bdd011a2bfcc0747b55125d9b8527/library/core/src/result.rs:1870:5
[INFO] [stdout]   17:     0x60ec80edf94c - <core[a373ad73a504971]::result::Result<(), anyhow[b106fc321cea070f]::Error>>::expect
[INFO] [stdout]                                at /rustc/e3feeb59cd1bdd011a2bfcc0747b55125d9b8527/library/core/src/result.rs:1184:23
[INFO] [stdout]   18:     0x60ec80dee992 - <timewall[b676a435b9d6a726]::loader::WallpaperLoader>::load::<&std[617be2ca0a6fd877]::path::PathBuf>
[INFO] [stdout]                                at /opt/rustwide/workdir/src/loader.rs:28:39
[INFO] [stdout]   19:     0x60ec80e52ee7 - timewall[b676a435b9d6a726]::actions::set::<std[617be2ca0a6fd877]::path::PathBuf>
[INFO] [stdout]                                at /opt/rustwide/workdir/src/actions.rs:55:48
[INFO] [stdout]   20:     0x60ec80e9402b - timewall[b676a435b9d6a726]::main
[INFO] [stdout]                                at /opt/rustwide/workdir/src/main.rs:66:14
[INFO] [stdout]   21:     0x60ec80ec376b - <fn() -> core[a373ad73a504971]::result::Result<(), anyhow[b106fc321cea070f]::Error> as core[a373ad73a504971]::ops::function::FnOnce<()>>::call_once
[INFO] [stdout]                                at /rustc/e3feeb59cd1bdd011a2bfcc0747b55125d9b8527/library/core/src/ops/function.rs:250:5
[INFO] [stdout]   22:     0x60ec80e0a9de - std[617be2ca0a6fd877]::sys::backtrace::__rust_begin_short_backtrace::<fn() -> core[a373ad73a504971]::result::Result<(), anyhow[b106fc321cea070f]::Error>, core[a373ad73a504971]::result::Result<(), anyhow[b106fc321cea070f]::Error>>
[INFO] [stdout]                                at /rustc/e3feeb59cd1bdd011a2bfcc0747b55125d9b8527/library/std/src/sys/backtrace.rs:166:18
[INFO] [stdout]   23:     0x60ec80e21cd1 - std[617be2ca0a6fd877]::rt::lang_start::<core[a373ad73a504971]::result::Result<(), anyhow[b106fc321cea070f]::Error>>::{closure#0}
[INFO] [stdout]                                at /rustc/e3feeb59cd1bdd011a2bfcc0747b55125d9b8527/library/std/src/rt.rs:206:18
[INFO] [stdout]   24:     0x60ec8157b6d8 - <&dyn core[a373ad73a504971]::ops::function::Fn<(), Output = i32> + core[a373ad73a504971]::marker::Sync + core[a373ad73a504971]::panic::unwind_safe::RefUnwindSafe as core[a373ad73a504971]::ops::function::FnOnce<()>>::call_once
[INFO] [stdout]                                at /rustc/e3feeb59cd1bdd011a2bfcc0747b55125d9b8527/library/core/src/ops/function.rs:287:21
[INFO] [stdout]   25:     0x60ec8157b6d8 - std[617be2ca0a6fd877]::panicking::catch_unwind::do_call::<&dyn core[a373ad73a504971]::ops::function::Fn<(), Output = i32> + core[a373ad73a504971]::marker::Sync + core[a373ad73a504971]::panic::unwind_safe::RefUnwindSafe, i32>
[INFO] [stdout]                                at /rustc/e3feeb59cd1bdd011a2bfcc0747b55125d9b8527/library/std/src/panicking.rs:573:43
[INFO] [stdout]   26:     0x60ec8157b6d8 - std[617be2ca0a6fd877]::panicking::catch_unwind::<i32, &dyn core[a373ad73a504971]::ops::function::Fn<(), Output = i32> + core[a373ad73a504971]::marker::Sync + core[a373ad73a504971]::panic::unwind_safe::RefUnwindSafe>
[INFO] [stdout]                                at /rustc/e3feeb59cd1bdd011a2bfcc0747b55125d9b8527/library/std/src/panicking.rs:541:19
[INFO] [stdout]   27:     0x60ec8157b6d8 - std[617be2ca0a6fd877]::panic::catch_unwind::<&dyn core[a373ad73a504971]::ops::function::Fn<(), Output = i32> + core[a373ad73a504971]::marker::Sync + core[a373ad73a504971]::panic::unwind_safe::RefUnwindSafe, i32>
[INFO] [stdout]                                at /rustc/e3feeb59cd1bdd011a2bfcc0747b55125d9b8527/library/std/src/panic.rs:359:14
[INFO] [stdout]   28:     0x60ec8157b6d8 - std[617be2ca0a6fd877]::rt::lang_start_internal::{closure#0}
[INFO] [stdout]                                at /rustc/e3feeb59cd1bdd011a2bfcc0747b55125d9b8527/library/std/src/rt.rs:175:24
[INFO] [stdout]   29:     0x60ec8157b6d8 - std[617be2ca0a6fd877]::panicking::catch_unwind::do_call::<std[617be2ca0a6fd877]::rt::lang_start_internal::{closure#0}, isize>
[INFO] [stdout]                                at /rustc/e3feeb59cd1bdd011a2bfcc0747b55125d9b8527/library/std/src/panicking.rs:573:43
[INFO] [stdout]   30:     0x60ec8157b6d8 - std[617be2ca0a6fd877]::panicking::catch_unwind::<isize, std[617be2ca0a6fd877]::rt::lang_start_internal::{closure#0}>
[INFO] [stdout]                                at /rustc/e3feeb59cd1bdd011a2bfcc0747b55125d9b8527/library/std/src/panicking.rs:541:19
[INFO] [stdout]   31:     0x60ec8157b6d8 - std[617be2ca0a6fd877]::panic::catch_unwind::<std[617be2ca0a6fd877]::rt::lang_start_internal::{closure#0}, isize>
[INFO] [stdout]                                at /rustc/e3feeb59cd1bdd011a2bfcc0747b55125d9b8527/library/std/src/panic.rs:359:14
[INFO] [stdout]   32:     0x60ec8157b6d8 - std[617be2ca0a6fd877]::rt::lang_start_internal
[INFO] [stdout]                                at /rustc/e3feeb59cd1bdd011a2bfcc0747b55125d9b8527/library/std/src/rt.rs:171:5
[INFO] [stdout]   33:     0x60ec80e160b7 - std[617be2ca0a6fd877]::rt::lang_start::<core[a373ad73a504971]::result::Result<(), anyhow[b106fc321cea070f]::Error>>
[INFO] [stdout]                                at /rustc/e3feeb59cd1bdd011a2bfcc0747b55125d9b8527/library/std/src/rt.rs:205:5
[INFO] [stdout]   34:     0x60ec80e9c57e - main
[INFO] [stdout]   35:     0x7868e74fe601 - <unknown>
[INFO] [stdout]   36:     0x7868e74fe718 - __libc_start_main
[INFO] [stdout]   37:     0x60ec80daf7f5 - _start
[INFO] [stdout]   38:                0x0 - <unknown>
[INFO] [stdout] ```
[INFO] [stdout] ```
[INFO] [stderr] error: test failed, to rerun pass `--test clear`
[INFO] [stdout] command=`cd "/tmp/.tmpUNdsPt" && TIMEWALL_CACHE_DIR="/tmp/.tmp3Zb0xq/cache" TIMEWALL_CONFIG_DIR="/tmp/.tmp3o4lDh/config" TIMEWALL_DRY_RUN="true" TIMEWALL_RUNTIME_DIR="/tmp/.tmp4vqgda/runtime" "/opt/rustwide/target/debug/timewall" "set" "/opt/rustwide/workdir/tests/examples/sun.heic"`
[INFO] [stdout] code=101
[INFO] [stdout] stdout=""
[INFO] [stdout] stderr=<128 lines total>
[INFO] [stdout] ```
[INFO] [stdout] Unpacking \'/opt/rustwide/workdir/tests/examples/sun.heic\'...
[INFO] [stdout] 
[INFO] [stdout] thread \'main\' (3630) panicked at src/loader.rs:28:39:
[INFO] [stdout] wallpaper unpacking failed: couldn\'t extract some images from HEIF
[INFO] [stdout] 
[INFO] [stdout] Caused by:
[INFO] [stdout]     PluginLoadingError(NoMatchingDecoderInstalled) Error while loading plugin: No decoding plugin installed for this compression format
[INFO] [stdout] 
[INFO] [stdout] Stack backtrace:
[INFO] [stdout]    0: <libheif_rs::errors::HeifError as anyhow::context::ext::StdError>::ext_context::<&str>
[INFO] [stdout]              at /opt/rustwide/cargo-home/registry/src/index.crates.io-1949cf8c6b5b557f/anyhow-1.0.100/src/backtrace.rs:27:14
[INFO] [stdout]    1: <core::result::Result<alloc::vec::Vec<libheif_rs::image::Image>, libheif_rs::errors::HeifError> as anyhow::Context<alloc::vec::Vec<libheif_rs::image::Image>, libheif_rs::errors::HeifError>>::context::<&str>
[INFO] [stdout]              at /opt/rustwide/cargo-home/registry/src/index.crates.io-1949cf8c6b5b557f/anyhow-1.0.100/src/context.rs:54:37
[INFO] [stdout]    2: timewall::heif::read::get_images
[INFO] [stdout]              at /opt/rustwide/workdir/src/heif/read.rs:56:10
[INFO] [stdout]    3: timewall::heif::convert::unpack_images::<&std::path::Path>
[INFO] [stdout]              at /opt/rustwide/workdir/src/heif/convert.rs:21:18
[INFO] [stdout]    4: timewall::wallpaper::unpack::<&&std::path::PathBuf, &std::path::PathBuf>
[INFO] [stdout]              at /opt/rustwide/workdir/src/wallpaper/mod.rs:56:5
[INFO] [stdout]    5: <timewall::loader::WallpaperLoader>::load::<&std::path::PathBuf>
[INFO] [stdout] ```
[INFO] [stdout] <68 lines omitted>
[INFO] [stdout] ```
[INFO] [stdout]                                at /rustc/e3feeb59cd1bdd011a2bfcc0747b55125d9b8527/library/core/src/result.rs:1870:5
[INFO] [stdout]   17:     0x60ec80edf94c - <core[a373ad73a504971]::result::Result<(), anyhow[b106fc321cea070f]::Error>>::expect
[INFO] [stdout]                                at /rustc/e3feeb59cd1bdd011a2bfcc0747b55125d9b8527/library/core/src/result.rs:1184:23
[INFO] [stdout]   18:     0x60ec80dee992 - <timewall[b676a435b9d6a726]::loader::WallpaperLoader>::load::<&std[617be2ca0a6fd877]::path::PathBuf>
[INFO] [stdout]                                at /opt/rustwide/workdir/src/loader.rs:28:39
[INFO] [stdout]   19:     0x60ec80e52ee7 - timewall[b676a435b9d6a726]::actions::set::<std[617be2ca0a6fd877]::path::PathBuf>
[INFO] [stdout]                                at /opt/rustwide/workdir/src/actions.rs:55:48
[INFO] [stdout]   20:     0x60ec80e9402b - timewall[b676a435b9d6a726]::main
[INFO] [stdout]                                at /opt/rustwide/workdir/src/main.rs:66:14
[INFO] [stdout]   21:     0x60ec80ec376b - <fn() -> core[a373ad73a504971]::result::Result<(), anyhow[b106fc321cea070f]::Error> as core[a373ad73a504971]::ops::function::FnOnce<()>>::call_once
[INFO] [stdout]                                at /rustc/e3feeb59cd1bdd011a2bfcc0747b55125d9b8527/library/core/src/ops/function.rs:250:5
[INFO] [stdout]   22:     0x60ec80e0a9de - std[617be2ca0a6fd877]::sys::backtrace::__rust_begin_short_backtrace::<fn() -> core[a373ad73a504971]::result::Result<(), anyhow[b106fc321cea070f]::Error>, core[a373ad73a504971]::result::Result<(), anyhow[b106fc321cea070f]::Error>>
[INFO] [stdout]                                at /rustc/e3feeb59cd1bdd011a2bfcc0747b55125d9b8527/library/std/src/sys/backtrace.rs:166:18
[INFO] [stdout]   23:     0x60ec80e21cd1 - std[617be2ca0a6fd877]::rt::lang_start::<core[a373ad73a504971]::result::Result<(), anyhow[b106fc321cea070f]::Error>>::{closure#0}
[INFO] [stdout]                                at /rustc/e3feeb59cd1bdd011a2bfcc0747b55125d9b8527/library/std/src/rt.rs:206:18
[INFO] [stdout]   24:     0x60ec8157b6d8 - <&dyn core[a373ad73a504971]::ops::function::Fn<(), Output = i32> + core[a373ad73a504971]::marker::Sync + core[a373ad73a504971]::panic::unwind_safe::RefUnwindSafe as core[a373ad73a504971]::ops::function::FnOnce<()>>::call_once
[INFO] [stdout]                                at /rustc/e3feeb59cd1bdd011a2bfcc0747b55125d9b8527/library/core/src/ops/function.rs:287:21
[INFO] [stdout]   25:     0x60ec8157b6d8 - std[617be2ca0a6fd877]::panicking::catch_unwind::do_call::<&dyn core[a373ad73a504971]::ops::function::Fn<(), Output = i32> + core[a373ad73a504971]::marker::Sync + core[a373ad73a504971]::panic::unwind_safe::RefUnwindSafe, i32>
[INFO] [stdout]                                at /rustc/e3feeb59cd1bdd011a2bfcc0747b55125d9b8527/library/std/src/panicking.rs:573:43
[INFO] [stdout]   26:     0x60ec8157b6d8 - std[617be2ca0a6fd877]::panicking::catch_unwind::<i32, &dyn core[a373ad73a504971]::ops::function::Fn<(), Output = i32> + core[a373ad73a504971]::marker::Sync + core[a373ad73a504971]::panic::unwind_safe::RefUnwindSafe>
[INFO] [stdout]                                at /rustc/e3feeb59cd1bdd011a2bfcc0747b55125d9b8527/library/std/src/panicking.rs:541:19
[INFO] [stdout]   27:     0x60ec8157b6d8 - std[617be2ca0a6fd877]::panic::catch_unwind::<&dyn core[a373ad73a504971]::ops::function::Fn<(), Output = i32> + core[a373ad73a504971]::marker::Sync + core[a373ad73a504971]::panic::unwind_safe::RefUnwindSafe, i32>
[INFO] [stdout]                                at /rustc/e3feeb59cd1bdd011a2bfcc0747b55125d9b8527/library/std/src/panic.rs:359:14
[INFO] [stdout]   28:     0x60ec8157b6d8 - std[617be2ca0a6fd877]::rt::lang_start_internal::{closure#0}
[INFO] [stdout]                                at /rustc/e3feeb59cd1bdd011a2bfcc0747b55125d9b8527/library/std/src/rt.rs:175:24
[INFO] [stdout]   29:     0x60ec8157b6d8 - std[617be2ca0a6fd877]::panicking::catch_unwind::do_call::<std[617be2ca0a6fd877]::rt::lang_start_internal::{closure#0}, isize>
[INFO] [stdout]                                at /rustc/e3feeb59cd1bdd011a2bfcc0747b55125d9b8527/library/std/src/panicking.rs:573:43
[INFO] [stdout]   30:     0x60ec8157b6d8 - std[617be2ca0a6fd877]::panicking::catch_unwind::<isize, std[617be2ca0a6fd877]::rt::lang_start_internal::{closure#0}>
[INFO] [stdout]                                at /rustc/e3feeb59cd1bdd011a2bfcc0747b55125d9b8527/library/std/src/panicking.rs:541:19
[INFO] [stdout]   31:     0x60ec8157b6d8 - std[617be2ca0a6fd877]::panic::catch_unwind::<std[617be2ca0a6fd877]::rt::lang_start_internal::{closure#0}, isize>
[INFO] [stdout]                                at /rustc/e3feeb59cd1bdd011a2bfcc0747b55125d9b8527/library/std/src/panic.rs:359:14
[INFO] [stdout]   32:     0x60ec8157b6d8 - std[617be2ca0a6fd877]::rt::lang_start_internal
[INFO] [stdout]                                at /rustc/e3feeb59cd1bdd011a2bfcc0747b55125d9b8527/library/std/src/rt.rs:171:5
[INFO] [stdout]   33:     0x60ec80e160b7 - std[617be2ca0a6fd877]::rt::lang_start::<core[a373ad73a504971]::result::Result<(), anyhow[b106fc321cea070f]::Error>>
[INFO] [stdout]                                at /rustc/e3feeb59cd1bdd011a2bfcc0747b55125d9b8527/library/std/src/rt.rs:205:5
[INFO] [stdout]   34:     0x60ec80e9c57e - main
[INFO] [stdout]   35:     0x7868e74fe601 - <unknown>
[INFO] [stdout]   36:     0x7868e74fe718 - __libc_start_main
[INFO] [stdout]   37:     0x60ec80daf7f5 - _start
[INFO] [stdout]   38:                0x0 - <unknown>
[INFO] [stdout] ```
[INFO] [stdout] 
[INFO] [stdout] 
[INFO] [stdout] stack backtrace:
[INFO] [stdout]    0:     0x5d5c434939a1 - std[617be2ca0a6fd877]::backtrace_rs::backtrace::libunwind::trace
[INFO] [stdout]                                at /rustc/e3feeb59cd1bdd011a2bfcc0747b55125d9b8527/library/std/src/../../backtrace/src/backtrace/libunwind.rs:117:9
[INFO] [stdout]    1:     0x5d5c434939a1 - std[617be2ca0a6fd877]::backtrace_rs::backtrace::trace_unsynchronized::<std[617be2ca0a6fd877]::sys::backtrace::_print_fmt::{closure#1}>
[INFO] [stdout]                                at /rustc/e3feeb59cd1bdd011a2bfcc0747b55125d9b8527/library/std/src/../../backtrace/src/backtrace/mod.rs:66:14
[INFO] [stdout]    2:     0x5d5c434939a1 - std[617be2ca0a6fd877]::sys::backtrace::_print_fmt
[INFO] [stdout]                                at /rustc/e3feeb59cd1bdd011a2bfcc0747b55125d9b8527/library/std/src/sys/backtrace.rs:74:9
[INFO] [stdout]    3:     0x5d5c434939a1 - <<std[617be2ca0a6fd877]::sys::backtrace::BacktraceLock>::print::DisplayBacktrace as core[a373ad73a504971]::fmt::Display>::fmt
[INFO] [stdout]                                at /rustc/e3feeb59cd1bdd011a2bfcc0747b55125d9b8527/library/std/src/sys/backtrace.rs:44:26
[INFO] [stdout]    4:     0x5d5c434a9d1a - <core[a373ad73a504971]::fmt::rt::Argument>::fmt
[INFO] [stdout]                                at /rustc/e3feeb59cd1bdd011a2bfcc0747b55125d9b8527/library/core/src/fmt/rt.rs:152:76
[INFO] [stdout]    5:     0x5d5c434a9d1a - core[a373ad73a504971]::fmt::write
[INFO] [stdout]    6:     0x5d5c4349920c - core[a373ad73a504971]::io::write::default_write_fmt::<alloc[2e1b2a31b91974c5]::vec::Vec<u8>>
[INFO] [stdout]                                at /rustc/e3feeb59cd1bdd011a2bfcc0747b55125d9b8527/library/core/src/io/write.rs:402:11
[INFO] [stdout]    7:     0x5d5c4349920c - <alloc[2e1b2a31b91974c5]::vec::Vec<u8> as core[a373ad73a504971]::io::write::Write>::write_fmt
[INFO] [stdout]                                at /rustc/e3feeb59cd1bdd011a2bfcc0747b55125d9b8527/library/core/src/io/write.rs:335:13
[INFO] [stdout]    8:     0x5d5c4346e1c6 - <std[617be2ca0a6fd877]::sys::backtrace::BacktraceLock>::print
[INFO] [stdout]                                at /rustc/e3feeb59cd1bdd011a2bfcc0747b55125d9b8527/library/std/src/sys/backtrace.rs:47:9
[INFO] [stdout]    9:     0x5d5c4346e1c6 - std[617be2ca0a6fd877]::panicking::default_hook::{closure#0}
[INFO] [stdout]                                at /rustc/e3feeb59cd1bdd011a2bfcc0747b55125d9b8527/library/std/src/panicking.rs:289:27
[INFO] [stdout]   10:     0x5d5c4348b659 - std[617be2ca0a6fd877]::panicking::default_hook
[INFO] [stdout]                                at /rustc/e3feeb59cd1bdd011a2bfcc0747b55125d9b8527/library/std/src/panicking.rs:313:9
[INFO] [stdout]   11:     0x5d5c433e2020 - <alloc[2e1b2a31b91974c5]::boxed::Box<dyn for<'a, 'b> core[a373ad73a504971]::ops::function::Fn<(&'a std[617be2ca0a6fd877]::panic::PanicHookInfo<'b>,), Output = ()> + core[a373ad73a504971]::marker::Sync + core[a373ad73a504971]::marker::Send> as core[a373ad73a504971]::ops::function::Fn<(&std[617be2ca0a6fd877]::panic::PanicHookInfo,)>>::call
[INFO] [stdout]                                at /rustc/e3feeb59cd1bdd011a2bfcc0747b55125d9b8527/library/alloc/src/boxed.rs:2328:9
[INFO] [stdout]   12:     0x5d5c433e2020 - test[aada8e7e76ba119b]::test_main_inner::{closure#0}
[INFO] [stdout]                                at /rustc/e3feeb59cd1bdd011a2bfcc0747b55125d9b8527/library/test/src/lib.rs:137:21
[INFO] [stdout]   13:     0x5d5c4348b812 - <alloc[2e1b2a31b91974c5]::boxed::Box<dyn for<'a, 'b> core[a373ad73a504971]::ops::function::Fn<(&'a std[617be2ca0a6fd877]::panic::PanicHookInfo<'b>,), Output = ()> + core[a373ad73a504971]::marker::Sync + core[a373ad73a504971]::marker::Send> as core[a373ad73a504971]::ops::function::Fn<(&std[617be2ca0a6fd877]::panic::PanicHookInfo,)>>::call
[INFO] [stdout]                                at /rustc/e3feeb59cd1bdd011a2bfcc0747b55125d9b8527/library/alloc/src/boxed.rs:2328:9
[INFO] [stdout]   14:     0x5d5c4348b812 - std[617be2ca0a6fd877]::panicking::panic_with_hook
[INFO] [stdout]                                at /rustc/e3feeb59cd1bdd011a2bfcc0747b55125d9b8527/library/std/src/panicking.rs:819:13
[INFO] [stdout]   15:     0x5d5c4346e272 - std[617be2ca0a6fd877]::panicking::panic_handler::{closure#0}
[INFO] [stdout]                                at /rustc/e3feeb59cd1bdd011a2bfcc0747b55125d9b8527/library/std/src/panicking.rs:685:13
[INFO] [stdout]   16:     0x5d5c43466e69 - std[617be2ca0a6fd877]::sys::backtrace::__rust_end_short_backtrace::<std[617be2ca0a6fd877]::panicking::panic_handler::{closure#0}, !>
[INFO] [stdout]                                at /rustc/e3feeb59cd1bdd011a2bfcc0747b55125d9b8527/library/std/src/sys/backtrace.rs:182:18
[INFO] [stdout]   17:     0x5d5c4346ee7d - __rustc[ea4f61d10b84890b]::rust_begin_unwind
[INFO] [stdout]                                at /rustc/e3feeb59cd1bdd011a2bfcc0747b55125d9b8527/library/std/src/panicking.rs:676:5
[INFO] [stdout]   18:     0x5d5c434aa50c - core[a373ad73a504971]::panicking::panic_fmt
[INFO] [stdout]                                at /rustc/e3feeb59cd1bdd011a2bfcc0747b55125d9b8527/library/core/src/panicking.rs:80:14
[INFO] [stdout]   19:     0x5d5c43438e08 - core[a373ad73a504971]::panicking::panic_display::<assert_cmd[23d53a7105f4ac08]::assert::AssertError>
[INFO] [stdout]                                at /rustc/e3feeb59cd1bdd011a2bfcc0747b55125d9b8527/library/core/src/panicking.rs:259:5
[INFO] [stdout]   20:     0x5d5c43435cc7 - <assert_cmd[23d53a7105f4ac08]::assert::AssertError>::panic::<assert_cmd[23d53a7105f4ac08]::assert::Assert>
[INFO] [stdout]                                at /opt/rustwide/cargo-home/registry/src/index.crates.io-1949cf8c6b5b557f/assert_cmd-2.1.2/src/assert.rs:1036:9
[INFO] [stdout]   21:     0x5d5c4342e687 - <<assert_cmd[23d53a7105f4ac08]::assert::AssertError>::panic<assert_cmd[23d53a7105f4ac08]::assert::Assert> as core[a373ad73a504971]::ops::function::FnOnce<(assert_cmd[23d53a7105f4ac08]::assert::AssertError,)>>::call_once
[INFO] [stdout]                                at /rustc/e3feeb59cd1bdd011a2bfcc0747b55125d9b8527/library/core/src/ops/function.rs:250:5
[INFO] [stdout]   22:     0x5d5c43429a5a - <core[a373ad73a504971]::result::Result<assert_cmd[23d53a7105f4ac08]::assert::Assert, assert_cmd[23d53a7105f4ac08]::assert::AssertError>>::unwrap_or_else::<<assert_cmd[23d53a7105f4ac08]::assert::AssertError>::panic<assert_cmd[23d53a7105f4ac08]::assert::Assert>>
[INFO] [stdout]                                at /rustc/e3feeb59cd1bdd011a2bfcc0747b55125d9b8527/library/core/src/result.rs:1619:23
[INFO] [stdout]   23:     0x5d5c434363b0 - <assert_cmd[23d53a7105f4ac08]::assert::Assert>::success
[INFO] [stdout]                                at /opt/rustwide/cargo-home/registry/src/index.crates.io-1949cf8c6b5b557f/assert_cmd-2.1.2/src/assert.rs:161:28
[INFO] [stdout]   24:     0x5d5c433d3b0f - clear[98bde68c6b25d155]::test_clear::test_clear
[INFO] [stdout]                                at /opt/rustwide/workdir/tests/clear.rs:27:10
[INFO] [stdout]   25:     0x5d5c433d1235 - clear[98bde68c6b25d155]::test_clear
[INFO] [stdout]                                at /opt/rustwide/workdir/tests/clear.rs:19:1
[INFO] [stdout]   26:     0x5d5c433d0b47 - clear[98bde68c6b25d155]::test_clear::{closure#0}
[INFO] [stdout]                                at /opt/rustwide/workdir/tests/clear.rs:19:10
[INFO] [stdout]   27:     0x5d5c433d53b6 - <clear[98bde68c6b25d155]::test_clear::{closure#0} as core[a373ad73a504971]::ops::function::FnOnce<()>>::call_once
[INFO] [stdout]                                at /rustc/e3feeb59cd1bdd011a2bfcc0747b55125d9b8527/library/core/src/ops/function.rs:250:5
[INFO] [stdout]   28:     0x5d5c433d546b - <fn() -> core[a373ad73a504971]::result::Result<(), alloc[2e1b2a31b91974c5]::string::String> as core[a373ad73a504971]::ops::function::FnOnce<()>>::call_once
[INFO] [stdout]                                at /rustc/e3feeb59cd1bdd011a2bfcc0747b55125d9b8527/library/core/src/ops/function.rs:250:5
[INFO] [stdout]   29:     0x5d5c433d546b - test[aada8e7e76ba119b]::__rust_begin_short_backtrace::<core[a373ad73a504971]::result::Result<(), alloc[2e1b2a31b91974c5]::string::String>, fn() -> core[a373ad73a504971]::result::Result<(), alloc[2e1b2a31b91974c5]::string::String>>
[INFO] [stdout]                                at /rustc/e3feeb59cd1bdd011a2bfcc0747b55125d9b8527/library/test/src/lib.rs:701:18
[INFO] [stdout]   30:     0x5d5c433e2645 - test[aada8e7e76ba119b]::run_test_in_process::{closure#0}
[INFO] [stdout]                                at /rustc/e3feeb59cd1bdd011a2bfcc0747b55125d9b8527/library/test/src/lib.rs:724:74
[INFO] [stdout]   31:     0x5d5c433e2645 - <core[a373ad73a504971]::panic::unwind_safe::AssertUnwindSafe<test[aada8e7e76ba119b]::run_test_in_process::{closure#0}> as core[a373ad73a504971]::ops::function::FnOnce<()>>::call_once
[INFO] [stdout]                                at /rustc/e3feeb59cd1bdd011a2bfcc0747b55125d9b8527/library/core/src/panic/unwind_safe.rs:275:9
[INFO] [stdout]   32:     0x5d5c433e2645 - std[617be2ca0a6fd877]::panicking::catch_unwind::do_call::<core[a373ad73a504971]::panic::unwind_safe::AssertUnwindSafe<test[aada8e7e76ba119b]::run_test_in_process::{closure#0}>, core[a373ad73a504971]::result::Result<(), alloc[2e1b2a31b91974c5]::string::String>>
[INFO] [stdout]                                at /rustc/e3feeb59cd1bdd011a2bfcc0747b55125d9b8527/library/std/src/panicking.rs:573:43
[INFO] [stdout]   33:     0x5d5c433e2645 - std[617be2ca0a6fd877]::panicking::catch_unwind::<core[a373ad73a504971]::result::Result<(), alloc[2e1b2a31b91974c5]::string::String>, core[a373ad73a504971]::panic::unwind_safe::AssertUnwindSafe<test[aada8e7e76ba119b]::run_test_in_process::{closure#0}>>
[INFO] [stdout]                                at /rustc/e3feeb59cd1bdd011a2bfcc0747b55125d9b8527/library/std/src/panicking.rs:541:19
[INFO] [stdout]   34:     0x5d5c433e2645 - std[617be2ca0a6fd877]::panic::catch_unwind::<core[a373ad73a504971]::panic::unwind_safe::AssertUnwindSafe<test[aada8e7e76ba119b]::run_test_in_process::{closure#0}>, core[a373ad73a504971]::result::Result<(), alloc[2e1b2a31b91974c5]::string::String>>
[INFO] [stdout]                                at /rustc/e3feeb59cd1bdd011a2bfcc0747b55125d9b8527/library/std/src/panic.rs:359:14
[INFO] [stdout]   35:     0x5d5c433e2645 - test[aada8e7e76ba119b]::run_test_in_process
[INFO] [stdout]                                at /rustc/e3feeb59cd1bdd011a2bfcc0747b55125d9b8527/library/test/src/lib.rs:724:27
[INFO] [stdout]   36:     0x5d5c433e2645 - test[aada8e7e76ba119b]::run_test::{closure#0}
[INFO] [stdout]                                at /rustc/e3feeb59cd1bdd011a2bfcc0747b55125d9b8527/library/test/src/lib.rs:645:43
[INFO] [stdout]   37:     0x5d5c433dbf34 - test[aada8e7e76ba119b]::run_test::{closure#1}
[INFO] [stdout]                                at /rustc/e3feeb59cd1bdd011a2bfcc0747b55125d9b8527/library/test/src/lib.rs:675:41
[INFO] [stdout]   38:     0x5d5c433dbf34 - std[617be2ca0a6fd877]::sys::backtrace::__rust_begin_short_backtrace::<test[aada8e7e76ba119b]::run_test::{closure#1}, ()>
[INFO] [stdout]                                at /rustc/e3feeb59cd1bdd011a2bfcc0747b55125d9b8527/library/std/src/sys/backtrace.rs:166:18
[INFO] [stdout]   39:     0x5d5c433e56d2 - std[617be2ca0a6fd877]::thread::lifecycle::spawn_unchecked::<test[aada8e7e76ba119b]::run_test::{closure#1}, ()>::{closure#1}::{closure#0}
[INFO] [stdout]                                at /rustc/e3feeb59cd1bdd011a2bfcc0747b55125d9b8527/library/std/src/thread/lifecycle.rs:70:13
[INFO] [stdout]   40:     0x5d5c433e56d2 - <core[a373ad73a504971]::panic::unwind_safe::AssertUnwindSafe<std[617be2ca0a6fd877]::thread::lifecycle::spawn_unchecked<test[aada8e7e76ba119b]::run_test::{closure#1}, ()>::{closure#1}::{closure#0}> as core[a373ad73a504971]::ops::function::FnOnce<()>>::call_once
[INFO] [stdout]                                at /rustc/e3feeb59cd1bdd011a2bfcc0747b55125d9b8527/library/core/src/panic/unwind_safe.rs:275:9
[INFO] [stdout]   41:     0x5d5c433e56d2 - std[617be2ca0a6fd877]::panicking::catch_unwind::do_call::<core[a373ad73a504971]::panic::unwind_safe::AssertUnwindSafe<std[617be2ca0a6fd877]::thread::lifecycle::spawn_unchecked<test[aada8e7e76ba119b]::run_test::{closure#1}, ()>::{closure#1}::{closure#0}>, ()>
[INFO] [stdout]                                at /rustc/e3feeb59cd1bdd011a2bfcc0747b55125d9b8527/library/std/src/panicking.rs:573:43
[INFO] [stdout]   42:     0x5d5c433e56d2 - std[617be2ca0a6fd877]::panicking::catch_unwind::<(), core[a373ad73a504971]::panic::unwind_safe::AssertUnwindSafe<std[617be2ca0a6fd877]::thread::lifecycle::spawn_unchecked<test[aada8e7e76ba119b]::run_test::{closure#1}, ()>::{closure#1}::{closure#0}>>
[INFO] [stdout]                                at /rustc/e3feeb59cd1bdd011a2bfcc0747b55125d9b8527/library/std/src/panicking.rs:541:19
[INFO] [stdout]   43:     0x5d5c433e56d2 - std[617be2ca0a6fd877]::panic::catch_unwind::<core[a373ad73a504971]::panic::unwind_safe::AssertUnwindSafe<std[617be2ca0a6fd877]::thread::lifecycle::spawn_unchecked<test[aada8e7e76ba119b]::run_test::{closure#1}, ()>::{closure#1}::{closure#0}>, ()>
[INFO] [stdout]                                at /rustc/e3feeb59cd1bdd011a2bfcc0747b55125d9b8527/library/std/src/panic.rs:359:14
[INFO] [stdout]   44:     0x5d5c433e56d2 - std[617be2ca0a6fd877]::thread::lifecycle::spawn_unchecked::<test[aada8e7e76ba119b]::run_test::{closure#1}, ()>::{closure#1}
[INFO] [stdout]                                at /rustc/e3feeb59cd1bdd011a2bfcc0747b55125d9b8527/library/std/src/thread/lifecycle.rs:68:26
[INFO] [stdout]   45:     0x5d5c433e56d2 - <std[617be2ca0a6fd877]::thread::lifecycle::spawn_unchecked<test[aada8e7e76ba119b]::run_test::{closure#1}, ()>::{closure#1} as core[a373ad73a504971]::ops::function::FnOnce<()>>::call_once::{shim:vtable#0}
[INFO] [stdout]                                at /rustc/e3feeb59cd1bdd011a2bfcc0747b55125d9b8527/library/core/src/ops/function.rs:250:5
[INFO] [stdout]   46:     0x5d5c4349317f - <alloc[2e1b2a31b91974c5]::boxed::Box<dyn core[a373ad73a504971]::ops::function::FnOnce<(), Output = ()> + core[a373ad73a504971]::marker::Send> as core[a373ad73a504971]::ops::function::FnOnce<()>>::call_once
[INFO] [stdout]                                at /rustc/e3feeb59cd1bdd011a2bfcc0747b55125d9b8527/library/alloc/src/boxed.rs:2314:9
[INFO] [stdout]   47:     0x5d5c4349317f - <std[617be2ca0a6fd877]::sys::thread::unix::Thread>::new::thread_start
[INFO] [stdout]                                at /rustc/e3feeb59cd1bdd011a2bfcc0747b55125d9b8527/library/std/src/sys/thread/unix.rs:127:17
[INFO] [stdout]   48:     0x7a1ecac80dfa - <unknown>
[INFO] [stdout]   49:     0x7a1ecad143d4 - clone
[INFO] [stdout]   50:                0x0 - <unknown>
[INFO] [stdout] 
[INFO] [stdout] 
[INFO] [stdout] failures:
[INFO] [stdout]     test_clear
[INFO] [stdout] 
[INFO] [stdout] test result: FAILED. 0 passed; 1 failed; 0 ignored; 0 measured; 0 filtered out; finished in 0.18s
[INFO] [stdout] 
[INFO] running `Command { std: "docker" "inspect" "d5daa61a83635c4552d9ae354617910359834c81a6fa74684479eebc621172c7", kill_on_drop: false }`
[INFO] running `Command { std: "docker" "rm" "-f" "d5daa61a83635c4552d9ae354617910359834c81a6fa74684479eebc621172c7", kill_on_drop: false }`
[INFO] [stdout] d5daa61a83635c4552d9ae354617910359834c81a6fa74684479eebc621172c7
