[INFO] fetching crate timer-deque-rs 0.8.0...
[INFO] testing timer-deque-rs-0.8.0 against 1.100.0-beta.1 for beta-1.100-2
[INFO] extracting crate timer-deque-rs 0.8.0 into /workspace/builds/worker-4-tc2/source
[INFO] started tweaking crates.io crate timer-deque-rs 0.8.0
[INFO] removed 0 missing examples
[INFO] finished tweaking crates.io crate timer-deque-rs 0.8.0
[INFO] tweaked toml for crates.io crate timer-deque-rs 0.8.0 written to /workspace/builds/worker-4-tc2/source/Cargo.toml
[INFO] validating manifest of crates.io crate timer-deque-rs 0.8.0 on toolchain 1.100.0-beta.1
[INFO] running `Command { std: CARGO_HOME="/workspace/cargo-home" RUSTUP_HOME="/workspace/rustup-home" "/workspace/cargo-home/bin/cargo" "+1.100.0-beta.1" "metadata" "--manifest-path" "Cargo.toml" "--no-deps", kill_on_drop: false }`
[INFO] crate crates.io crate timer-deque-rs 0.8.0 already has a lockfile, it will not be regenerated
[INFO] running `Command { std: CARGO_HOME="/workspace/cargo-home" RUSTUP_HOME="/workspace/rustup-home" "/workspace/cargo-home/bin/cargo" "+1.100.0-beta.1" "fetch" "--manifest-path" "Cargo.toml", kill_on_drop: false }`
[INFO] running `Command { std: "docker" "create" "-v" "/var/lib/crater-agent-workspace/builds/worker-4-tc2/source:/opt/rustwide/workdir:ro,Z" "-v" "/var/lib/crater-agent-workspace/builds/worker-4-tc2/target:/opt/rustwide/target:rw,Z" "-v" "/var/lib/crater-agent-workspace/cargo-home:/opt/rustwide/cargo-home:ro,Z" "-v" "/var/lib/crater-agent-workspace/rustup-home:/opt/rustwide/rustup-home:ro,Z" "-m" "1610612736" "--network" "none" "ghcr.io/rust-lang/crates-build-env/linux@sha256:3111399a4047eeb3a02b7a90e478d715f38a8c6669b5c4b49d30a17385265909" "sleep" "infinity", kill_on_drop: false }`
[INFO] [stdout] 3a42a634ed56a8bccfba69cf89f2f1000676fa8070d264583f6a38792dcd5ef5
[INFO] running `Command { std: "docker" "start" "3a42a634ed56a8bccfba69cf89f2f1000676fa8070d264583f6a38792dcd5ef5", kill_on_drop: false }`
[INFO] running `Command { std: "docker" "inspect" "3a42a634ed56a8bccfba69cf89f2f1000676fa8070d264583f6a38792dcd5ef5", kill_on_drop: false }`
[INFO] running `Command { std: "docker" "exec" "-e" "SOURCE_DIR=/opt/rustwide/workdir" "-e" "CARGO_HOME=/opt/rustwide/cargo-home" "-e" "RUSTUP_HOME=/opt/rustwide/rustup-home" "-e" "CARGO_TARGET_DIR=/opt/rustwide/target" "-w" "/opt/rustwide/workdir" "--user" "0:0" "3a42a634ed56a8bccfba69cf89f2f1000676fa8070d264583f6a38792dcd5ef5" "/opt/rustwide/cargo-home/bin/cargo" "+1.100.0-beta.1" "metadata" "--no-deps" "--format-version=1", kill_on_drop: false }`
[INFO] running `Command { std: "docker" "inspect" "3a42a634ed56a8bccfba69cf89f2f1000676fa8070d264583f6a38792dcd5ef5", kill_on_drop: false }`
[INFO] running `Command { std: "docker" "exec" "-e" "SOURCE_DIR=/opt/rustwide/workdir" "-e" "CARGO_HOME=/opt/rustwide/cargo-home" "-e" "RUSTUP_HOME=/opt/rustwide/rustup-home" "-e" "CARGO_TARGET_DIR=/opt/rustwide/target" "-e" "CARGO_INCREMENTAL=0" "-e" "RUST_BACKTRACE=full" "-e" "RUSTFLAGS=--cap-lints=warn" "-e" "RUSTDOCFLAGS=--cap-lints=warn" "-w" "/opt/rustwide/workdir" "--user" "0:0" "3a42a634ed56a8bccfba69cf89f2f1000676fa8070d264583f6a38792dcd5ef5" "/opt/rustwide/cargo-home/bin/cargo" "+1.100.0-beta.1" "build" "--frozen" "--message-format=json", kill_on_drop: false }`
[INFO] [stderr]    Compiling libc v0.2.178
[INFO] [stderr]    Compiling zerocopy v0.8.31
[INFO] [stderr]    Compiling iana-time-zone v0.1.64
[INFO] [stderr]    Compiling bitflags v2.9.4
[INFO] [stderr]    Compiling nix v0.30.1
[INFO] [stderr]    Compiling chrono v0.4.42
[INFO] [stderr]    Compiling getrandom v0.3.4
[INFO] [stderr]    Compiling rand_core v0.9.3
[INFO] [stderr]    Compiling ppv-lite86 v0.2.21
[INFO] [stderr]    Compiling rand_chacha v0.9.0
[INFO] [stderr]    Compiling rand v0.9.2
[INFO] [stderr]    Compiling timer-deque-rs v0.8.0 (/opt/rustwide/workdir)
[INFO] [stdout] warning: unused import: `self`
[INFO] [stdout]   --> src/timer_portable/timer.rs:20:59
[INFO] [stdout]    |
[INFO] [stdout] 20 | use std::{borrow::{Borrow, Cow}, cmp::Ordering, fmt, io::{self}, ops::{self, Deref}, sync::Arc, task::Poll, time::Duration};
[INFO] [stdout]    |                                                           ^^^^
[INFO] [stdout]    |
[INFO] [stdout]    = note: `#[warn(unused_imports)]` (part of `#[warn(unused)]`) on by default
[INFO] [stdout] 
[INFO] [stdout] 
[INFO] [stdout] warning: method `is_valid_inner` is never used
[INFO] [stdout]    --> src/timer_portable/timer.rs:867:8
[INFO] [stdout]     |
[INFO] [stdout] 862 | impl TimerExpMode<AbsoluteTime>
[INFO] [stdout]     | ------------------------------- method in this implementation
[INFO] [stdout] ...
[INFO] [stdout] 867 |     fn is_valid_inner(&self) -> bool
[INFO] [stdout]     |        ^^^^^^^^^^^^^^
[INFO] [stdout]     |
[INFO] [stdout]     = note: `#[warn(dead_code)]` (part of `#[warn(unused)]`) on by default
[INFO] [stdout] 
[INFO] [stdout] 
[INFO] [stdout] warning: method `get_task_guard` is never used
[INFO] [stdout]    --> src/periodic_task/sync_tasks.rs:277:8
[INFO] [stdout]     |
[INFO] [stdout] 220 | impl PeriodicTaskTicket
[INFO] [stdout]     | ----------------------- method in this implementation
[INFO] [stdout] ...
[INFO] [stdout] 277 |     fn get_task_guard(&self) -> TimerResult<Arc<PeriodicTaskGuardInner>>
[INFO] [stdout]     |        ^^^^^^^^^^^^^^
[INFO] [stdout] 
[INFO] [stdout] 
[INFO] [stdout] warning: method `is_valid` is never used
[INFO] [stdout]    --> src/deque_timeout/timer_tickets.rs:362:8
[INFO] [stdout]     |
[INFO] [stdout] 359 | impl<MODE: OrderedTimerDequeMode> TimerDequeTicketIssuer<MODE>
[INFO] [stdout]     | -------------------------------------------------------------- method in this implementation
[INFO] [stdout] ...
[INFO] [stdout] 362 |     fn is_valid(&self) -> bool
[INFO] [stdout]     |        ^^^^^^^^
[INFO] [stdout] 
[INFO] [stdout] 
[INFO] [stderr]     Finished `dev` profile [unoptimized + debuginfo] target(s) in 7.45s
[INFO] [stderr] warning: the following packages contain code that will be rejected by a future version of Rust: nix v0.30.1
[INFO] [stderr] note: to see what the problems were, use the option `--future-incompat-report`, or run `cargo report future-incompatibilities --id 7`
[INFO] running `Command { std: "docker" "inspect" "3a42a634ed56a8bccfba69cf89f2f1000676fa8070d264583f6a38792dcd5ef5", kill_on_drop: false }`
[INFO] running `Command { std: "docker" "exec" "-e" "SOURCE_DIR=/opt/rustwide/workdir" "-e" "CARGO_HOME=/opt/rustwide/cargo-home" "-e" "RUSTUP_HOME=/opt/rustwide/rustup-home" "-e" "CARGO_TARGET_DIR=/opt/rustwide/target" "-e" "CARGO_INCREMENTAL=0" "-e" "RUST_BACKTRACE=full" "-e" "RUSTFLAGS=--cap-lints=warn" "-e" "RUSTDOCFLAGS=--cap-lints=warn" "-w" "/opt/rustwide/workdir" "--user" "0:0" "3a42a634ed56a8bccfba69cf89f2f1000676fa8070d264583f6a38792dcd5ef5" "/opt/rustwide/cargo-home/bin/cargo" "+1.100.0-beta.1" "test" "--frozen" "--no-run" "--message-format=json", kill_on_drop: false }`
[INFO] [stderr]    Compiling signal-hook-registry v1.4.7
[INFO] [stderr]    Compiling mio v1.1.1
[INFO] [stderr]    Compiling socket2 v0.6.1
[INFO] [stderr]    Compiling bytes v1.11.0
[INFO] [stderr]    Compiling parking_lot_core v0.9.12
[INFO] [stderr]    Compiling syn v2.0.111
[INFO] [stdout] warning: unused import: `self`
[INFO] [stdout]   --> src/timer_portable/timer.rs:20:59
[INFO] [stdout]    |
[INFO] [stdout] 20 | use std::{borrow::{Borrow, Cow}, cmp::Ordering, fmt, io::{self}, ops::{self, Deref}, sync::Arc, task::Poll, time::Duration};
[INFO] [stdout]    |                                                           ^^^^
[INFO] [stdout]    |
[INFO] [stdout]    = note: `#[warn(unused_imports)]` (part of `#[warn(unused)]`) on by default
[INFO] [stdout] 
[INFO] [stdout] 
[INFO] [stdout] warning: method `is_valid_inner` is never used
[INFO] [stdout]    --> src/timer_portable/timer.rs:867:8
[INFO] [stdout]     |
[INFO] [stdout] 862 | impl TimerExpMode<AbsoluteTime>
[INFO] [stdout]     | ------------------------------- method in this implementation
[INFO] [stdout] ...
[INFO] [stdout] 867 |     fn is_valid_inner(&self) -> bool
[INFO] [stdout]     |        ^^^^^^^^^^^^^^
[INFO] [stdout]     |
[INFO] [stdout]     = note: `#[warn(dead_code)]` (part of `#[warn(unused)]`) on by default
[INFO] [stdout] 
[INFO] [stdout] 
[INFO] [stdout] warning: method `get_task_guard` is never used
[INFO] [stdout]    --> src/periodic_task/sync_tasks.rs:277:8
[INFO] [stdout]     |
[INFO] [stdout] 220 | impl PeriodicTaskTicket
[INFO] [stdout]     | ----------------------- method in this implementation
[INFO] [stdout] ...
[INFO] [stdout] 277 |     fn get_task_guard(&self) -> TimerResult<Arc<PeriodicTaskGuardInner>>
[INFO] [stdout]     |        ^^^^^^^^^^^^^^
[INFO] [stdout] 
[INFO] [stdout] 
[INFO] [stdout] warning: method `is_valid` is never used
[INFO] [stdout]    --> src/deque_timeout/timer_tickets.rs:362:8
[INFO] [stdout]     |
[INFO] [stdout] 359 | impl<MODE: OrderedTimerDequeMode> TimerDequeTicketIssuer<MODE>
[INFO] [stdout]     | -------------------------------------------------------------- method in this implementation
[INFO] [stdout] ...
[INFO] [stdout] 362 |     fn is_valid(&self) -> bool
[INFO] [stdout]     |        ^^^^^^^^
[INFO] [stdout] 
[INFO] [stdout] 
[INFO] [stderr]    Compiling parking_lot v0.12.5
[INFO] [stderr]    Compiling tokio-macros v2.6.0
[INFO] [stderr]    Compiling async-stream-impl v0.3.6
[INFO] [stderr]    Compiling async-stream v0.3.6
[INFO] [stderr]    Compiling tokio v1.48.0
[INFO] [stderr]    Compiling tokio-stream v0.1.17
[INFO] [stderr]    Compiling tokio-test v0.4.4
[INFO] [stderr]    Compiling timer-deque-rs v0.8.0 (/opt/rustwide/workdir)
[INFO] [stdout] warning: unused variable: `rcv_a`
[INFO] [stdout]    --> examples/periodic_task_sync/periodic_task_sync.rs:122:16
[INFO] [stdout]     |
[INFO] [stdout] 122 |             Ok(rcv_a) => 
[INFO] [stdout]     |                ^^^^^ help: if this is intentional, prefix it with an underscore: `_rcv_a`
[INFO] [stdout]     |
[INFO] [stdout]     = note: `#[warn(unused_variables)]` (part of `#[warn(unused)]`) on by default
[INFO] [stdout] 
[INFO] [stdout] 
[INFO] [stdout] warning: unused variable: `rcv_a`
[INFO] [stdout]    --> examples/periodic_task_sync/periodic_task_sync.rs:142:16
[INFO] [stdout]     |
[INFO] [stdout] 142 |             Ok(rcv_a) => 
[INFO] [stdout]     |                ^^^^^ help: if this is intentional, prefix it with an underscore: `_rcv_a`
[INFO] [stdout] 
[INFO] [stdout] 
[INFO] [stdout] warning: unused variable: `rcv_a`
[INFO] [stdout]    --> examples/periodic_task_sync/periodic_task_sync.rs:158:16
[INFO] [stdout]     |
[INFO] [stdout] 158 |             Ok(rcv_a) => 
[INFO] [stdout]     |                ^^^^^ help: if this is intentional, prefix it with an underscore: `_rcv_a`
[INFO] [stdout] 
[INFO] [stdout] 
[INFO] [stdout] warning: unused import: `self`
[INFO] [stdout]   --> src/timer_portable/timer.rs:20:59
[INFO] [stdout]    |
[INFO] [stdout] 20 | use std::{borrow::{Borrow, Cow}, cmp::Ordering, fmt, io::{self}, ops::{self, Deref}, sync::Arc, task::Poll, time::Duration};
[INFO] [stdout]    |                                                           ^^^^
[INFO] [stdout]    |
[INFO] [stdout]    = note: `#[warn(unused_imports)]` (part of `#[warn(unused)]`) on by default
[INFO] [stdout] 
[INFO] [stdout] 
[INFO] [stdout] warning: unused import: `PolledTimerFd`
[INFO] [stdout]  --> src/deque_timeout/tests.rs:3:159
[INFO] [stdout]   |
[INFO] [stdout] 3 | ...ueOnce, OrderTimerDeque}, timer_portable::{PollEventType, PolledTimerFd}};
[INFO] [stdout]   |                                                              ^^^^^^^^^^^^^
[INFO] [stdout] 
[INFO] [stdout] 
[INFO] [stdout] warning: unused variable: `s`
[INFO] [stdout]     --> src/timer_portable/timer.rs:1646:13
[INFO] [stdout]      |
[INFO] [stdout] 1646 |         let s = Instant::now();
[INFO] [stdout]      |             ^ help: if this is intentional, prefix it with an underscore: `_s`
[INFO] [stdout]      |
[INFO] [stdout]      = note: `#[warn(unused_variables)]` (part of `#[warn(unused)]`) on by default
[INFO] [stdout] 
[INFO] [stdout] 
[INFO] [stdout] warning: unused variable: `res`
[INFO] [stdout]     --> src/timer_portable/timer.rs:1734:13
[INFO] [stdout]      |
[INFO] [stdout] 1734 |         let res = timer.read().unwrap();
[INFO] [stdout]      |             ^^^ help: if this is intentional, prefix it with an underscore: `_res`
[INFO] [stdout] 
[INFO] [stdout] 
[INFO] [stdout] warning: unused variable: `res`
[INFO] [stdout]     --> src/timer_portable/timer.rs:1748:13
[INFO] [stdout]      |
[INFO] [stdout] 1748 |         let res = timer.read().unwrap();
[INFO] [stdout]      |             ^^^ help: if this is intentional, prefix it with an underscore: `_res`
[INFO] [stdout] 
[INFO] [stdout] 
[INFO] [stdout] warning: unused variable: `s`
[INFO] [stdout]     --> src/timer_portable/timer.rs:1858:13
[INFO] [stdout]      |
[INFO] [stdout] 1858 |         let s = Instant::now();
[INFO] [stdout]      |             ^ help: if this is intentional, prefix it with an underscore: `_s`
[INFO] [stdout] 
[INFO] [stdout] 
[INFO] [stdout] warning: variable does not need to be mutable
[INFO] [stdout]   --> src/deque_timeout/tests.rs:39:9
[INFO] [stdout]    |
[INFO] [stdout] 39 |     let mut timer2 = 
[INFO] [stdout]    |         ----^^^^^^
[INFO] [stdout]    |         |
[INFO] [stdout]    |         help: remove this `mut`
[INFO] [stdout]    |
[INFO] [stdout]    = note: `#[warn(unused_mut)]` (part of `#[warn(unused)]`) on by default
[INFO] [stdout] 
[INFO] [stdout] 
[INFO] [stdout] warning: unused variable: `ticket`
[INFO] [stdout]   --> src/deque_timeout/tests.rs:49:9
[INFO] [stdout]    |
[INFO] [stdout] 49 |     let ticket = time_list_1.get_inner_mut().add(tss_set).unwrap();
[INFO] [stdout]    |         ^^^^^^ help: if this is intentional, prefix it with an underscore: `_ticket`
[INFO] [stdout] 
[INFO] [stdout] 
[INFO] [stdout] warning: unused variable: `res`
[INFO] [stdout]   --> src/deque_timeout/tests.rs:60:13
[INFO] [stdout]    |
[INFO] [stdout] 60 |         let res = time_list_1.get_inner_mut().handle_timer_event(item).unwrap();
[INFO] [stdout]    |             ^^^ help: if this is intentional, prefix it with an underscore: `_res`
[INFO] [stdout] 
[INFO] [stdout] 
[INFO] [stdout] warning: unused variable: `res`
[INFO] [stdout]   --> src/deque_timeout/tests.rs:83:13
[INFO] [stdout]    |
[INFO] [stdout] 83 |         let res = time_list_1.get_inner_mut().handle_timer_event(item).unwrap();
[INFO] [stdout]    |             ^^^ help: if this is intentional, prefix it with an underscore: `_res`
[INFO] [stdout] 
[INFO] [stdout] 
[INFO] [stdout] warning: unused variable: `res`
[INFO] [stdout]   --> src/deque_timeout/tests.rs:99:13
[INFO] [stdout]    |
[INFO] [stdout] 99 |         let res = time_list_2.get_inner_mut().handle_timer_event(item).unwrap();
[INFO] [stdout]    |             ^^^ help: if this is intentional, prefix it with an underscore: `_res`
[INFO] [stdout] 
[INFO] [stdout] 
[INFO] [stdout] warning: variable does not need to be mutable
[INFO] [stdout]    --> src/deque_timeout/tests.rs:228:9
[INFO] [stdout]     |
[INFO] [stdout] 228 |     let mut timer2 = 
[INFO] [stdout]     |         ----^^^^^^
[INFO] [stdout]     |         |
[INFO] [stdout]     |         help: remove this `mut`
[INFO] [stdout] 
[INFO] [stdout] 
[INFO] [stdout] warning: unused variable: `poll_thread`
[INFO] [stdout]    --> src/deque_timeout/tests.rs:238:9
[INFO] [stdout]     |
[INFO] [stdout] 238 |     let poll_thread = 
[INFO] [stdout]     |         ^^^^^^^^^^^ help: if this is intentional, prefix it with an underscore: `_poll_thread`
[INFO] [stdout] 
[INFO] [stdout] 
[INFO] [stdout] warning: method `is_valid_inner` is never used
[INFO] [stdout]    --> src/timer_portable/timer.rs:867:8
[INFO] [stdout]     |
[INFO] [stdout] 862 | impl TimerExpMode<AbsoluteTime>
[INFO] [stdout]     | ------------------------------- method in this implementation
[INFO] [stdout] ...
[INFO] [stdout] 867 |     fn is_valid_inner(&self) -> bool
[INFO] [stdout]     |        ^^^^^^^^^^^^^^
[INFO] [stdout]     |
[INFO] [stdout]     = note: `#[warn(dead_code)]` (part of `#[warn(unused)]`) on by default
[INFO] [stdout] 
[INFO] [stdout] 
[INFO] [stdout] warning: method `get_task_guard` is never used
[INFO] [stdout]    --> src/periodic_task/sync_tasks.rs:277:8
[INFO] [stdout]     |
[INFO] [stdout] 220 | impl PeriodicTaskTicket
[INFO] [stdout]     | ----------------------- method in this implementation
[INFO] [stdout] ...
[INFO] [stdout] 277 |     fn get_task_guard(&self) -> TimerResult<Arc<PeriodicTaskGuardInner>>
[INFO] [stdout]     |        ^^^^^^^^^^^^^^
[INFO] [stdout] 
[INFO] [stdout] 
[INFO] [stdout] warning: method `is_valid` is never used
[INFO] [stdout]    --> src/deque_timeout/timer_tickets.rs:362:8
[INFO] [stdout]     |
[INFO] [stdout] 359 | impl<MODE: OrderedTimerDequeMode> TimerDequeTicketIssuer<MODE>
[INFO] [stdout]     | -------------------------------------------------------------- method in this implementation
[INFO] [stdout] ...
[INFO] [stdout] 362 |     fn is_valid(&self) -> bool
[INFO] [stdout]     |        ^^^^^^^^
[INFO] [stdout] 
[INFO] [stdout] 
[INFO] [stderr]     Finished `test` profile [unoptimized + debuginfo] target(s) in 15.90s
[INFO] [stderr] warning: the following packages contain code that will be rejected by a future version of Rust: nix v0.30.1
[INFO] [stderr] note: to see what the problems were, use the option `--future-incompat-report`, or run `cargo report future-incompatibilities --id 7`
[INFO] running `Command { std: "docker" "inspect" "3a42a634ed56a8bccfba69cf89f2f1000676fa8070d264583f6a38792dcd5ef5", kill_on_drop: false }`
[INFO] running `Command { std: "docker" "exec" "-e" "SOURCE_DIR=/opt/rustwide/workdir" "-e" "CARGO_HOME=/opt/rustwide/cargo-home" "-e" "RUSTUP_HOME=/opt/rustwide/rustup-home" "-e" "CARGO_TARGET_DIR=/opt/rustwide/target" "-e" "CARGO_INCREMENTAL=0" "-e" "RUST_BACKTRACE=full" "-e" "RUSTFLAGS=--cap-lints=warn" "-e" "RUSTDOCFLAGS=--cap-lints=warn" "-w" "/opt/rustwide/workdir" "--user" "0:0" "3a42a634ed56a8bccfba69cf89f2f1000676fa8070d264583f6a38792dcd5ef5" "/opt/rustwide/cargo-home/bin/cargo" "+1.100.0-beta.1" "test" "--frozen", kill_on_drop: false }`
[INFO] [stderr] warning: unused import: `self`
[INFO] [stderr]   --> src/timer_portable/timer.rs:20:59
[INFO] [stderr]    |
[INFO] [stderr] 20 | use std::{borrow::{Borrow, Cow}, cmp::Ordering, fmt, io::{self}, ops::{self, Deref}, sync::Arc, task::Poll, time::Duration};
[INFO] [stderr]    |                                                           ^^^^
[INFO] [stderr]    |
[INFO] [stderr]    = note: `#[warn(unused_imports)]` (part of `#[warn(unused)]`) on by default
[INFO] [stderr] 
[INFO] [stderr] warning: method `is_valid_inner` is never used
[INFO] [stderr]    --> src/timer_portable/timer.rs:867:8
[INFO] [stderr]     |
[INFO] [stderr] 862 | impl TimerExpMode<AbsoluteTime>
[INFO] [stderr]     | ------------------------------- method in this implementation
[INFO] [stderr] ...
[INFO] [stderr] 867 |     fn is_valid_inner(&self) -> bool
[INFO] [stderr]     |        ^^^^^^^^^^^^^^
[INFO] [stderr]     |
[INFO] [stderr]     = note: `#[warn(dead_code)]` (part of `#[warn(unused)]`) on by default
[INFO] [stderr] 
[INFO] [stderr] warning: method `get_task_guard` is never used
[INFO] [stderr]    --> src/periodic_task/sync_tasks.rs:277:8
[INFO] [stderr]     |
[INFO] [stderr] 220 | impl PeriodicTaskTicket
[INFO] [stderr]     | ----------------------- method in this implementation
[INFO] [stderr] ...
[INFO] [stderr] 277 |     fn get_task_guard(&self) -> TimerResult<Arc<PeriodicTaskGuardInner>>
[INFO] [stderr]     |        ^^^^^^^^^^^^^^
[INFO] [stderr] 
[INFO] [stderr] warning: method `is_valid` is never used
[INFO] [stderr]    --> src/deque_timeout/timer_tickets.rs:362:8
[INFO] [stderr]     |
[INFO] [stderr] 359 | impl<MODE: OrderedTimerDequeMode> TimerDequeTicketIssuer<MODE>
[INFO] [stderr]     | -------------------------------------------------------------- method in this implementation
[INFO] [stderr] ...
[INFO] [stderr] 362 |     fn is_valid(&self) -> bool
[INFO] [stderr]     |        ^^^^^^^^
[INFO] [stderr] 
[INFO] [stderr] warning: `timer-deque-rs` (lib) generated 4 warnings (run `cargo fix --lib -p timer-deque-rs` to apply 1 suggestion)
[INFO] [stderr] warning: unused variable: `rcv_a`
[INFO] [stderr]    --> examples/periodic_task_sync/periodic_task_sync.rs:122:16
[INFO] [stderr]     |
[INFO] [stderr] 122 |             Ok(rcv_a) => 
[INFO] [stderr]     |                ^^^^^ help: if this is intentional, prefix it with an underscore: `_rcv_a`
[INFO] [stderr]     |
[INFO] [stderr]     = note: `#[warn(unused_variables)]` (part of `#[warn(unused)]`) on by default
[INFO] [stderr] 
[INFO] [stderr] warning: unused variable: `rcv_a`
[INFO] [stderr]    --> examples/periodic_task_sync/periodic_task_sync.rs:142:16
[INFO] [stderr]     |
[INFO] [stderr] 142 |             Ok(rcv_a) => 
[INFO] [stderr]     |                ^^^^^ help: if this is intentional, prefix it with an underscore: `_rcv_a`
[INFO] [stderr] 
[INFO] [stderr] warning: unused variable: `rcv_a`
[INFO] [stderr]    --> examples/periodic_task_sync/periodic_task_sync.rs:158:16
[INFO] [stderr]     |
[INFO] [stderr] 158 |             Ok(rcv_a) => 
[INFO] [stderr]     |                ^^^^^ help: if this is intentional, prefix it with an underscore: `_rcv_a`
[INFO] [stderr] 
[INFO] [stderr] warning: unused import: `PolledTimerFd`
[INFO] [stderr]  --> src/deque_timeout/tests.rs:3:159
[INFO] [stderr]   |
[INFO] [stderr] 3 | ...ueOnce, OrderTimerDeque}, timer_portable::{PollEventType, PolledTimerFd}};
[INFO] [stderr]   |                                                              ^^^^^^^^^^^^^
[INFO] [stderr] 
[INFO] [stderr] warning: unused variable: `s`
[INFO] [stderr]     --> src/timer_portable/timer.rs:1646:13
[INFO] [stderr]      |
[INFO] [stderr] 1646 |         let s = Instant::now();
[INFO] [stderr]      |             ^ help: if this is intentional, prefix it with an underscore: `_s`
[INFO] [stderr]      |
[INFO] [stderr]      = note: `#[warn(unused_variables)]` (part of `#[warn(unused)]`) on by default
[INFO] [stderr] 
[INFO] [stderr] warning: unused variable: `res`
[INFO] [stderr]     --> src/timer_portable/timer.rs:1734:13
[INFO] [stderr]      |
[INFO] [stderr] 1734 |         let res = timer.read().unwrap();
[INFO] [stderr]      |             ^^^ help: if this is intentional, prefix it with an underscore: `_res`
[INFO] [stderr] 
[INFO] [stderr] warning: unused variable: `res`
[INFO] [stderr]     --> src/timer_portable/timer.rs:1748:13
[INFO] [stderr]      |
[INFO] [stderr] 1748 |         let res = timer.read().unwrap();
[INFO] [stderr]      |             ^^^ help: if this is intentional, prefix it with an underscore: `_res`
[INFO] [stderr] 
[INFO] [stderr] warning: unused variable: `s`
[INFO] [stderr]     --> src/timer_portable/timer.rs:1858:13
[INFO] [stderr]      |
[INFO] [stderr] 1858 |         let s = Instant::now();
[INFO] [stderr]      |             ^ help: if this is intentional, prefix it with an underscore: `_s`
[INFO] [stderr] 
[INFO] [stderr] warning: variable does not need to be mutable
[INFO] [stderr]   --> src/deque_timeout/tests.rs:39:9
[INFO] [stderr]    |
[INFO] [stderr] 39 |     let mut timer2 = 
[INFO] [stderr]    |         ----^^^^^^
[INFO] [stderr]    |         |
[INFO] [stderr]    |         help: remove this `mut`
[INFO] [stderr]    |
[INFO] [stderr]    = note: `#[warn(unused_mut)]` (part of `#[warn(unused)]`) on by default
[INFO] [stderr] 
[INFO] [stderr] warning: unused variable: `ticket`
[INFO] [stderr]   --> src/deque_timeout/tests.rs:49:9
[INFO] [stderr]    |
[INFO] [stderr] 49 |     let ticket = time_list_1.get_inner_mut().add(tss_set).unwrap();
[INFO] [stderr]    |         ^^^^^^ help: if this is intentional, prefix it with an underscore: `_ticket`
[INFO] [stderr] 
[INFO] [stderr] warning: unused variable: `res`
[INFO] [stderr]   --> src/deque_timeout/tests.rs:60:13
[INFO] [stderr]    |
[INFO] [stderr] 60 |         let res = time_list_1.get_inner_mut().handle_timer_event(item).unwrap();
[INFO] [stderr]    |             ^^^ help: if this is intentional, prefix it with an underscore: `_res`
[INFO] [stderr] 
[INFO] [stderr] warning: unused variable: `res`
[INFO] [stderr]   --> src/deque_timeout/tests.rs:83:13
[INFO] [stderr]    |
[INFO] [stderr] 83 |         let res = time_list_1.get_inner_mut().handle_timer_event(item).unwrap();
[INFO] [stderr]    |             ^^^ help: if this is intentional, prefix it with an underscore: `_res`
[INFO] [stderr] 
[INFO] [stderr] warning: unused variable: `res`
[INFO] [stderr]   --> src/deque_timeout/tests.rs:99:13
[INFO] [stderr]    |
[INFO] [stderr] 99 |         let res = time_list_2.get_inner_mut().handle_timer_event(item).unwrap();
[INFO] [stderr]    |             ^^^ help: if this is intentional, prefix it with an underscore: `_res`
[INFO] [stderr] 
[INFO] [stderr] warning: variable does not need to be mutable
[INFO] [stderr]    --> src/deque_timeout/tests.rs:228:9
[INFO] [stderr]     |
[INFO] [stderr] 228 |     let mut timer2 = 
[INFO] [stderr]     |         ----^^^^^^
[INFO] [stderr]     |         |
[INFO] [stderr]     |         help: remove this `mut`
[INFO] [stderr] 
[INFO] [stderr] warning: unused variable: `poll_thread`
[INFO] [stderr]    --> src/deque_timeout/tests.rs:238:9
[INFO] [stderr]     |
[INFO] [stderr] 238 |     let poll_thread = 
[INFO] [stderr]     |         ^^^^^^^^^^^ help: if this is intentional, prefix it with an underscore: `_poll_thread`
[INFO] [stderr] 
[INFO] [stderr] warning: `timer-deque-rs` (example "periodic_task_sync") generated 3 warnings (run `cargo fix --example "periodic_task_sync" -p timer-deque-rs` to apply 3 suggestions)
[INFO] [stderr] warning: `timer-deque-rs` (lib test) generated 16 warnings (4 duplicates) (run `cargo fix --lib -p timer-deque-rs --tests` to apply 12 suggestions)
[INFO] [stderr]     Finished `test` profile [unoptimized + debuginfo] target(s) in 0.11s
[INFO] [stderr] warning: the following packages contain code that will be rejected by a future version of Rust: nix v0.30.1
[INFO] [stderr] note: to see what the problems were, use the option `--future-incompat-report`, or run `cargo report future-incompatibilities --id 7`
[INFO] [stderr]      Running unittests src/lib.rs (/opt/rustwide/target/debug/build/timer-deque-rs/879cfb36c6e9d256/out/timer_deque_rs-879cfb36c6e9d256)
[INFO] [stdout] 
[INFO] [stdout] running 26 tests
[INFO] [stdout] test timer_portable::poll::tests::test_poller_1 ... ok
[INFO] [stdout] test timer_portable::timer::test_timer_fd::test4_cancel ... ok
[INFO] [stdout] test periodic_task::sync_tasks::tests::test1_relative_simple ... FAILED
[INFO] [stdout] test timer_portable::timer::tests::test_0 ... ok
[INFO] [stdout] test timer_portable::timer::tests::test_1 ... ok
[INFO] [stdout] test timer_portable::timer::tests::test_2 ... ok
[INFO] [stdout] test timer_portable::timer::tests::test_2_fail - should panic ... ok
[INFO] [stdout] test timer_portable::timer::tests::test_abstime_add ... ok
[INFO] [stdout] test timer_portable::timer::tests::test_abstime_cmp ... ok
[INFO] [stdout] test timer_portable::timer::tests::test_abstime_new ... ok
[INFO] [stdout] test timer_portable::timer::tests::test_timer_from_test ... ok
[INFO] [stdout] test timer_portable::timer::test_timer_fd::test2_fut ... ok
[INFO] [stdout] test timer_portable::timer::test_timer_fd::test3_tokio ... ok
[INFO] [stdout] test timer_portable::timer::test_timer_fd::test0 ... ok
[INFO] [stdout] test timer_portable::timer::test_timer_fd::test1 ... ok
[INFO] [stdout] test periodic_task::sync_tasks::tests::test1_absolute_simple ... ok
[INFO] [stdout] test periodic_task::sync_tasks::tests::ttt ... ok
[INFO] [stdout] test periodic_task::sync_tasks::tests::test1_relative_resched_to_abs ... FAILED
[INFO] [stdout] test timer_portable::poll::tests::test_poller_2 ... ok
[INFO] [stdout] test timer_portable::timer::test_timer_fd::test5_preiodic_with_delay ... ok
[INFO] [stdout] test timer_portable::timer::test_timer_fd::test1_1 ... ok
[INFO] [stdout] test deque_timeout::tests::test_poll ... ok
[INFO] [stdout] test periodic_task::sync_tasks::tests::test1_relative_simple_resched ... ok
[INFO] [stdout] test periodic_task::sync_tasks::tests::test2_multithread_1 ... ok
[INFO] [stdout] test periodic_task::sync_tasks::tests::test1_relative_simple_cancel ... ok
[INFO] [stdout] test deque_timeout::tests::test_ticket_multithread ... ok
[INFO] [stdout] 
[INFO] [stdout] failures:
[INFO] [stdout] 
[INFO] [stdout] ---- periodic_task::sync_tasks::tests::test1_relative_simple stdout ----
[INFO] [stdout] taskstruct1 val: 2
[INFO] [stdout] 0: 2 1.004156966s 1004156
[INFO] [stdout] taskstruct1 val: 2
[INFO] [stdout] 1: 2 995.238767ms 995238
[INFO] [stdout] 
[INFO] [stdout] thread 'periodic_task::sync_tasks::tests::test1_relative_simple' (659) panicked at src/periodic_task/sync_tasks.rs:1878:13:
[INFO] [stdout] assertion failed: 999000 < e.as_micros() && e.as_micros() < 10001200
[INFO] [stdout] stack backtrace:
[INFO] [stdout]    0:     0x5e33e4362f21 - std[617be2ca0a6fd877]::backtrace_rs::backtrace::libunwind::trace
[INFO] [stdout]                                at /rustc/e3feeb59cd1bdd011a2bfcc0747b55125d9b8527/library/std/src/../../backtrace/src/backtrace/libunwind.rs:117:9
[INFO] [stdout]    1:     0x5e33e4362f21 - std[617be2ca0a6fd877]::backtrace_rs::backtrace::trace_unsynchronized::<std[617be2ca0a6fd877]::sys::backtrace::_print_fmt::{closure#1}>
[INFO] [stdout]                                at /rustc/e3feeb59cd1bdd011a2bfcc0747b55125d9b8527/library/std/src/../../backtrace/src/backtrace/mod.rs:66:14
[INFO] [stdout]    2:     0x5e33e4362f21 - std[617be2ca0a6fd877]::sys::backtrace::_print_fmt
[INFO] [stdout]                                at /rustc/e3feeb59cd1bdd011a2bfcc0747b55125d9b8527/library/std/src/sys/backtrace.rs:74:9
[INFO] [stdout]    3:     0x5e33e4362f21 - <<std[617be2ca0a6fd877]::sys::backtrace::BacktraceLock>::print::DisplayBacktrace as core[a373ad73a504971]::fmt::Display>::fmt
[INFO] [stdout]                                at /rustc/e3feeb59cd1bdd011a2bfcc0747b55125d9b8527/library/std/src/sys/backtrace.rs:44:26
[INFO] [stdout]    4:     0x5e33e437817a - <core[a373ad73a504971]::fmt::rt::Argument>::fmt
[INFO] [stdout]                                at /rustc/e3feeb59cd1bdd011a2bfcc0747b55125d9b8527/library/core/src/fmt/rt.rs:152:76
[INFO] [stdout]    5:     0x5e33e437817a - core[a373ad73a504971]::fmt::write
[INFO] [stdout]    6:     0x5e33e436737c - core[a373ad73a504971]::io::write::default_write_fmt::<alloc[2e1b2a31b91974c5]::vec::Vec<u8>>
[INFO] [stdout]                                at /rustc/e3feeb59cd1bdd011a2bfcc0747b55125d9b8527/library/core/src/io/write.rs:402:11
[INFO] [stdout]    7:     0x5e33e436737c - <alloc[2e1b2a31b91974c5]::vec::Vec<u8> as core[a373ad73a504971]::io::write::Write>::write_fmt
[INFO] [stdout]                                at /rustc/e3feeb59cd1bdd011a2bfcc0747b55125d9b8527/library/core/src/io/write.rs:335:13
[INFO] [stdout]    8:     0x5e33e433e0c6 - <std[617be2ca0a6fd877]::sys::backtrace::BacktraceLock>::print
[INFO] [stdout]                                at /rustc/e3feeb59cd1bdd011a2bfcc0747b55125d9b8527/library/std/src/sys/backtrace.rs:47:9
[INFO] [stdout]    9:     0x5e33e433e0c6 - std[617be2ca0a6fd877]::panicking::default_hook::{closure#0}
[INFO] [stdout]                                at /rustc/e3feeb59cd1bdd011a2bfcc0747b55125d9b8527/library/std/src/panicking.rs:289:27
[INFO] [stdout]   10:     0x5e33e435a7f9 - std[617be2ca0a6fd877]::panicking::default_hook
[INFO] [stdout]                                at /rustc/e3feeb59cd1bdd011a2bfcc0747b55125d9b8527/library/std/src/panicking.rs:313:9
[INFO] [stdout]   11:     0x5e33e42a3a90 - <alloc[2e1b2a31b91974c5]::boxed::Box<dyn for<'a, 'b> core[a373ad73a504971]::ops::function::Fn<(&'a std[617be2ca0a6fd877]::panic::PanicHookInfo<'b>,), Output = ()> + core[a373ad73a504971]::marker::Sync + core[a373ad73a504971]::marker::Send> as core[a373ad73a504971]::ops::function::Fn<(&std[617be2ca0a6fd877]::panic::PanicHookInfo,)>>::call
[INFO] [stdout]                                at /rustc/e3feeb59cd1bdd011a2bfcc0747b55125d9b8527/library/alloc/src/boxed.rs:2328:9
[INFO] [stdout]   12:     0x5e33e42a3a90 - test[aada8e7e76ba119b]::test_main_inner::{closure#0}
[INFO] [stdout]                                at /rustc/e3feeb59cd1bdd011a2bfcc0747b55125d9b8527/library/test/src/lib.rs:137:21
[INFO] [stdout]   13:     0x5e33e435ab22 - <alloc[2e1b2a31b91974c5]::boxed::Box<dyn for<'a, 'b> core[a373ad73a504971]::ops::function::Fn<(&'a std[617be2ca0a6fd877]::panic::PanicHookInfo<'b>,), Output = ()> + core[a373ad73a504971]::marker::Sync + core[a373ad73a504971]::marker::Send> as core[a373ad73a504971]::ops::function::Fn<(&std[617be2ca0a6fd877]::panic::PanicHookInfo,)>>::call
[INFO] [stdout]                                at /rustc/e3feeb59cd1bdd011a2bfcc0747b55125d9b8527/library/alloc/src/boxed.rs:2328:9
[INFO] [stdout]   14:     0x5e33e435ab22 - std[617be2ca0a6fd877]::panicking::panic_with_hook
[INFO] [stdout]                                at /rustc/e3feeb59cd1bdd011a2bfcc0747b55125d9b8527/library/std/src/panicking.rs:819:13
[INFO] [stdout]   15:     0x5e33e433e1a4 - std[617be2ca0a6fd877]::panicking::panic_handler::{closure#0}
[INFO] [stdout]                                at /rustc/e3feeb59cd1bdd011a2bfcc0747b55125d9b8527/library/std/src/panicking.rs:678:13
[INFO] [stdout]   16:     0x5e33e4336cf9 - std[617be2ca0a6fd877]::sys::backtrace::__rust_end_short_backtrace::<std[617be2ca0a6fd877]::panicking::panic_handler::{closure#0}, !>
[INFO] [stdout]                                at /rustc/e3feeb59cd1bdd011a2bfcc0747b55125d9b8527/library/std/src/sys/backtrace.rs:182:18
[INFO] [stdout]   17:     0x5e33e433ed7d - __rustc[ea4f61d10b84890b]::rust_begin_unwind
[INFO] [stdout]                                at /rustc/e3feeb59cd1bdd011a2bfcc0747b55125d9b8527/library/std/src/panicking.rs:676:5
[INFO] [stdout]   18:     0x5e33e437899c - core[a373ad73a504971]::panicking::panic_fmt
[INFO] [stdout]                                at /rustc/e3feeb59cd1bdd011a2bfcc0747b55125d9b8527/library/core/src/panicking.rs:80:14
[INFO] [stdout]   19:     0x5e33e4378962 - core[a373ad73a504971]::panicking::panic
[INFO] [stdout]                                at /rustc/e3feeb59cd1bdd011a2bfcc0747b55125d9b8527/library/core/src/panicking.rs:150:5
[INFO] [stdout]   20:     0x5e33e41d95b9 - timer_deque_rs[206ae8657ee7c70b]::periodic_task::sync_tasks::tests::test1_relative_simple
[INFO] [stdout]                                at /opt/rustwide/workdir/src/periodic_task/sync_tasks.rs:1878:13
[INFO] [stdout]   21:     0x5e33e41d0037 - timer_deque_rs[206ae8657ee7c70b]::periodic_task::sync_tasks::tests::test1_relative_simple::{closure#0}
[INFO] [stdout]                                at /opt/rustwide/workdir/src/periodic_task/sync_tasks.rs:1857:31
[INFO] [stdout]   22:     0x5e33e4191996 - <timer_deque_rs[206ae8657ee7c70b]::periodic_task::sync_tasks::tests::test1_relative_simple::{closure#0} as core[a373ad73a504971]::ops::function::FnOnce<()>>::call_once
[INFO] [stdout]                                at /rustc/e3feeb59cd1bdd011a2bfcc0747b55125d9b8527/library/core/src/ops/function.rs:250:5
[INFO] [stdout]   23:     0x5e33e4296edb - <fn() -> core[a373ad73a504971]::result::Result<(), alloc[2e1b2a31b91974c5]::string::String> as core[a373ad73a504971]::ops::function::FnOnce<()>>::call_once
[INFO] [stdout]                                at /rustc/e3feeb59cd1bdd011a2bfcc0747b55125d9b8527/library/core/src/ops/function.rs:250:5
[INFO] [stdout]   24:     0x5e33e4296edb - test[aada8e7e76ba119b]::__rust_begin_short_backtrace::<core[a373ad73a504971]::result::Result<(), alloc[2e1b2a31b91974c5]::string::String>, fn() -> core[a373ad73a504971]::result::Result<(), alloc[2e1b2a31b91974c5]::string::String>>
[INFO] [stdout]                                at /rustc/e3feeb59cd1bdd011a2bfcc0747b55125d9b8527/library/test/src/lib.rs:701:18
[INFO] [stdout]   25:     0x5e33e42a40b5 - test[aada8e7e76ba119b]::run_test_in_process::{closure#0}
[INFO] [stdout]                                at /rustc/e3feeb59cd1bdd011a2bfcc0747b55125d9b8527/library/test/src/lib.rs:724:74
[INFO] [stdout]   26:     0x5e33e42a40b5 - <core[a373ad73a504971]::panic::unwind_safe::AssertUnwindSafe<test[aada8e7e76ba119b]::run_test_in_process::{closure#0}> as core[a373ad73a504971]::ops::function::FnOnce<()>>::call_once
[INFO] [stdout]                                at /rustc/e3feeb59cd1bdd011a2bfcc0747b55125d9b8527/library/core/src/panic/unwind_safe.rs:275:9
[INFO] [stdout]   27:     0x5e33e42a40b5 - std[617be2ca0a6fd877]::panicking::catch_unwind::do_call::<core[a373ad73a504971]::panic::unwind_safe::AssertUnwindSafe<test[aada8e7e76ba119b]::run_test_in_process::{closure#0}>, core[a373ad73a504971]::result::Result<(), alloc[2e1b2a31b91974c5]::string::String>>
[INFO] [stdout]                                at /rustc/e3feeb59cd1bdd011a2bfcc0747b55125d9b8527/library/std/src/panicking.rs:573:43
[INFO] [stdout]   28:     0x5e33e42a40b5 - std[617be2ca0a6fd877]::panicking::catch_unwind::<core[a373ad73a504971]::result::Result<(), alloc[2e1b2a31b91974c5]::string::String>, core[a373ad73a504971]::panic::unwind_safe::AssertUnwindSafe<test[aada8e7e76ba119b]::run_test_in_process::{closure#0}>>
[INFO] [stdout]                                at /rustc/e3feeb59cd1bdd011a2bfcc0747b55125d9b8527/library/std/src/panicking.rs:541:19
[INFO] [stdout]   29:     0x5e33e42a40b5 - std[617be2ca0a6fd877]::panic::catch_unwind::<core[a373ad73a504971]::panic::unwind_safe::AssertUnwindSafe<test[aada8e7e76ba119b]::run_test_in_process::{closure#0}>, core[a373ad73a504971]::result::Result<(), alloc[2e1b2a31b91974c5]::string::String>>
[INFO] [stdout]                                at /rustc/e3feeb59cd1bdd011a2bfcc0747b55125d9b8527/library/std/src/panic.rs:359:14
[INFO] [stdout]   30:     0x5e33e42a40b5 - test[aada8e7e76ba119b]::run_test_in_process
[INFO] [stdout]                                at /rustc/e3feeb59cd1bdd011a2bfcc0747b55125d9b8527/library/test/src/lib.rs:724:27
[INFO] [stdout]   31:     0x5e33e42a40b5 - test[aada8e7e76ba119b]::run_test::{closure#0}
[INFO] [stdout]                                at /rustc/e3feeb59cd1bdd011a2bfcc0747b55125d9b8527/library/test/src/lib.rs:645:43
[INFO] [stdout]   32:     0x5e33e429d9a4 - test[aada8e7e76ba119b]::run_test::{closure#1}
[INFO] [stdout]                                at /rustc/e3feeb59cd1bdd011a2bfcc0747b55125d9b8527/library/test/src/lib.rs:675:41
[INFO] [stdout]   33:     0x5e33e429d9a4 - std[617be2ca0a6fd877]::sys::backtrace::__rust_begin_short_backtrace::<test[aada8e7e76ba119b]::run_test::{closure#1}, ()>
[INFO] [stdout]                                at /rustc/e3feeb59cd1bdd011a2bfcc0747b55125d9b8527/library/std/src/sys/backtrace.rs:166:18
[INFO] [stdout]   34:     0x5e33e42a7142 - std[617be2ca0a6fd877]::thread::lifecycle::spawn_unchecked::<test[aada8e7e76ba119b]::run_test::{closure#1}, ()>::{closure#1}::{closure#0}
[INFO] [stdout]                                at /rustc/e3feeb59cd1bdd011a2bfcc0747b55125d9b8527/library/std/src/thread/lifecycle.rs:70:13
[INFO] [stdout]   35:     0x5e33e42a7142 - <core[a373ad73a504971]::panic::unwind_safe::AssertUnwindSafe<std[617be2ca0a6fd877]::thread::lifecycle::spawn_unchecked<test[aada8e7e76ba119b]::run_test::{closure#1}, ()>::{closure#1}::{closure#0}> as core[a373ad73a504971]::ops::function::FnOnce<()>>::call_once
[INFO] [stdout]                                at /rustc/e3feeb59cd1bdd011a2bfcc0747b55125d9b8527/library/core/src/panic/unwind_safe.rs:275:9
[INFO] [stdout]   36:     0x5e33e42a7142 - std[617be2ca0a6fd877]::panicking::catch_unwind::do_call::<core[a373ad73a504971]::panic::unwind_safe::AssertUnwindSafe<std[617be2ca0a6fd877]::thread::lifecycle::spawn_unchecked<test[aada8e7e76ba119b]::run_test::{closure#1}, ()>::{closure#1}::{closure#0}>, ()>
[INFO] [stdout]                                at /rustc/e3feeb59cd1bdd011a2bfcc0747b55125d9b8527/library/std/src/panicking.rs:573:43
[INFO] [stdout]   37:     0x5e33e42a7142 - std[617be2ca0a6fd877]::panicking::catch_unwind::<(), core[a373ad73a504971]::panic::unwind_safe::AssertUnwindSafe<std[617be2ca0a6fd877]::thread::lifecycle::spawn_unchecked<test[aada8e7e76ba119b]::run_test::{closure#1}, ()>::{closure#1}::{closure#0}>>
[INFO] [stdout]                                at /rustc/e3feeb59cd1bdd011a2bfcc0747b55125d9b8527/library/std/src/panicking.rs:541:19
[INFO] [stdout]   38:     0x5e33e42a7142 - std[617be2ca0a6fd877]::panic::catch_unwind::<core[a373ad73a504971]::panic::unwind_safe::AssertUnwindSafe<std[617be2ca0a6fd877]::thread::lifecycle::spawn_unchecked<test[aada8e7e76ba119b]::run_test::{closure#1}, ()>::{closure#1}::{closure#0}>, ()>
[INFO] [stdout]                                at /rustc/e3feeb59cd1bdd011a2bfcc0747b55125d9b8527/library/std/src/panic.rs:359:14
[INFO] [stdout]   39:     0x5e33e42a7142 - std[617be2ca0a6fd877]::thread::lifecycle::spawn_unchecked::<test[aada8e7e76ba119b]::run_test::{closure#1}, ()>::{closure#1}
[INFO] [stdout]                                at /rustc/e3feeb59cd1bdd011a2bfcc0747b55125d9b8527/library/std/src/thread/lifecycle.rs:68:26
[INFO] [stdout]   40:     0x5e33e42a7142 - <std[617be2ca0a6fd877]::thread::lifecycle::spawn_unchecked<test[aada8e7e76ba119b]::run_test::{closure#1}, ()>::{closure#1} as core[a373ad73a504971]::ops::function::FnOnce<()>>::call_once::{shim:vtable#0}
[INFO] [stdout]                                at /rustc/e3feeb59cd1bdd011a2bfcc0747b55125d9b8527/library/core/src/ops/function.rs:250:5
[INFO] [stdout]   41:     0x5e33e43620cf - <alloc[2e1b2a31b91974c5]::boxed::Box<dyn core[a373ad73a504971]::ops::function::FnOnce<(), Output = ()> + core[a373ad73a504971]::marker::Send> as core[a373ad73a504971]::ops::function::FnOnce<()>>::call_once
[INFO] [stdout]                                at /rustc/e3feeb59cd1bdd011a2bfcc0747b55125d9b8527/library/alloc/src/boxed.rs:2314:9
[INFO] [stdout]   42:     0x5e33e43620cf - <std[617be2ca0a6fd877]::sys::thread::unix::Thread>::new::thread_start
[INFO] [stdout]                                at /rustc/e3feeb59cd1bdd011a2bfcc0747b55125d9b8527/library/std/src/sys/thread/unix.rs:127:17
[INFO] [stdout]   43:     0x753871f19dfa - <unknown>
[INFO] [stdout]   44:     0x753871fad3d4 - clone
[INFO] [stdout]   45:                0x0 - <unknown>
[INFO] [stdout] 
[INFO] [stdout] ---- periodic_task::sync_tasks::tests::test1_relative_resched_to_abs stdout ----
[INFO] [stdout] taskstruct2 val: 2
[INFO] [stdout] 1.002983346s 1002983
[INFO] [stdout] taskstruct2 val: 2
[INFO] [stdout] 1.998991003s 1998991
[INFO] [stdout] 
[INFO] [stdout] thread 'periodic_task::sync_tasks::tests::test1_relative_resched_to_abs' (658) panicked at src/periodic_task/sync_tasks.rs:1924:17:
[INFO] [stdout] assertion failed: 1999642 < e.as_micros() && e.as_micros() < 2008342
[INFO] [stdout] stack backtrace:
[INFO] [stdout]    0:     0x5e33e4362f21 - std[617be2ca0a6fd877]::backtrace_rs::backtrace::libunwind::trace
[INFO] [stdout]                                at /rustc/e3feeb59cd1bdd011a2bfcc0747b55125d9b8527/library/std/src/../../backtrace/src/backtrace/libunwind.rs:117:9
[INFO] [stdout]    1:     0x5e33e4362f21 - std[617be2ca0a6fd877]::backtrace_rs::backtrace::trace_unsynchronized::<std[617be2ca0a6fd877]::sys::backtrace::_print_fmt::{closure#1}>
[INFO] [stdout]                                at /rustc/e3feeb59cd1bdd011a2bfcc0747b55125d9b8527/library/std/src/../../backtrace/src/backtrace/mod.rs:66:14
[INFO] [stdout]    2:     0x5e33e4362f21 - std[617be2ca0a6fd877]::sys::backtrace::_print_fmt
[INFO] [stdout]                                at /rustc/e3feeb59cd1bdd011a2bfcc0747b55125d9b8527/library/std/src/sys/backtrace.rs:74:9
[INFO] [stdout]    3:     0x5e33e4362f21 - <<std[617be2ca0a6fd877]::sys::backtrace::BacktraceLock>::print::DisplayBacktrace as core[a373ad73a504971]::fmt::Display>::fmt
[INFO] [stdout]                                at /rustc/e3feeb59cd1bdd011a2bfcc0747b55125d9b8527/library/std/src/sys/backtrace.rs:44:26
[INFO] [stdout]    4:     0x5e33e437817a - <core[a373ad73a504971]::fmt::rt::Argument>::fmt
[INFO] [stdout]                                at /rustc/e3feeb59cd1bdd011a2bfcc0747b55125d9b8527/library/core/src/fmt/rt.rs:152:76
[INFO] [stdout]    5:     0x5e33e437817a - core[a373ad73a504971]::fmt::write
[INFO] [stdout]    6:     0x5e33e436737c - core[a373ad73a504971]::io::write::default_write_fmt::<alloc[2e1b2a31b91974c5]::vec::Vec<u8>>
[INFO] [stdout]                                at /rustc/e3feeb59cd1bdd011a2bfcc0747b55125d9b8527/library/core/src/io/write.rs:402:11
[INFO] [stdout]    7:     0x5e33e436737c - <alloc[2e1b2a31b91974c5]::vec::Vec<u8> as core[a373ad73a504971]::io::write::Write>::write_fmt
[INFO] [stdout]                                at /rustc/e3feeb59cd1bdd011a2bfcc0747b55125d9b8527/library/core/src/io/write.rs:335:13
[INFO] [stdout]    8:     0x5e33e433e0c6 - <std[617be2ca0a6fd877]::sys::backtrace::BacktraceLock>::print
[INFO] [stdout]                                at /rustc/e3feeb59cd1bdd011a2bfcc0747b55125d9b8527/library/std/src/sys/backtrace.rs:47:9
[INFO] [stdout]    9:     0x5e33e433e0c6 - std[617be2ca0a6fd877]::panicking::default_hook::{closure#0}
[INFO] [stdout]                                at /rustc/e3feeb59cd1bdd011a2bfcc0747b55125d9b8527/library/std/src/panicking.rs:289:27
[INFO] [stdout]   10:     0x5e33e435a7f9 - std[617be2ca0a6fd877]::panicking::default_hook
[INFO] [stdout]                                at /rustc/e3feeb59cd1bdd011a2bfcc0747b55125d9b8527/library/std/src/panicking.rs:313:9
[INFO] [stdout]   11:     0x5e33e42a3a90 - <alloc[2e1b2a31b91974c5]::boxed::Box<dyn for<'a, 'b> core[a373ad73a504971]::ops::function::Fn<(&'a std[617be2ca0a6fd877]::panic::PanicHookInfo<'b>,), Output = ()> + core[a373ad73a504971]::marker::Sync + core[a373ad73a504971]::marker::Send> as core[a373ad73a504971]::ops::function::Fn<(&std[617be2ca0a6fd877]::panic::PanicHookInfo,)>>::call
[INFO] [stdout]                                at /rustc/e3feeb59cd1bdd011a2bfcc0747b55125d9b8527/library/alloc/src/boxed.rs:2328:9
[INFO] [stdout]   12:     0x5e33e42a3a90 - test[aada8e7e76ba119b]::test_main_inner::{closure#0}
[INFO] [stdout]                                at /rustc/e3feeb59cd1bdd011a2bfcc0747b55125d9b8527/library/test/src/lib.rs:137:21
[INFO] [stdout]   13:     0x5e33e435ab22 - <alloc[2e1b2a31b91974c5]::boxed::Box<dyn for<'a, 'b> core[a373ad73a504971]::ops::function::Fn<(&'a std[617be2ca0a6fd877]::panic::PanicHookInfo<'b>,), Output = ()> + core[a373ad73a504971]::marker::Sync + core[a373ad73a504971]::marker::Send> as core[a373ad73a504971]::ops::function::Fn<(&std[617be2ca0a6fd877]::panic::PanicHookInfo,)>>::call
[INFO] [stdout]                                at /rustc/e3feeb59cd1bdd011a2bfcc0747b55125d9b8527/library/alloc/src/boxed.rs:2328:9
[INFO] [stdout]   14:     0x5e33e435ab22 - std[617be2ca0a6fd877]::panicking::panic_with_hook
[INFO] [stdout]                                at /rustc/e3feeb59cd1bdd011a2bfcc0747b55125d9b8527/library/std/src/panicking.rs:819:13
[INFO] [stdout]   15:     0x5e33e433e1a4 - std[617be2ca0a6fd877]::panicking::panic_handler::{closure#0}
[INFO] [stdout]                                at /rustc/e3feeb59cd1bdd011a2bfcc0747b55125d9b8527/library/std/src/panicking.rs:678:13
[INFO] [stdout]   16:     0x5e33e4336cf9 - std[617be2ca0a6fd877]::sys::backtrace::__rust_end_short_backtrace::<std[617be2ca0a6fd877]::panicking::panic_handler::{closure#0}, !>
[INFO] [stdout]                                at /rustc/e3feeb59cd1bdd011a2bfcc0747b55125d9b8527/library/std/src/sys/backtrace.rs:182:18
[INFO] [stdout]   17:     0x5e33e433ed7d - __rustc[ea4f61d10b84890b]::rust_begin_unwind
[INFO] [stdout]                                at /rustc/e3feeb59cd1bdd011a2bfcc0747b55125d9b8527/library/std/src/panicking.rs:676:5
[INFO] [stdout]   18:     0x5e33e437899c - core[a373ad73a504971]::panicking::panic_fmt
[INFO] [stdout]                                at /rustc/e3feeb59cd1bdd011a2bfcc0747b55125d9b8527/library/core/src/panicking.rs:80:14
[INFO] [stdout]   19:     0x5e33e4378962 - core[a373ad73a504971]::panicking::panic
[INFO] [stdout]                                at /rustc/e3feeb59cd1bdd011a2bfcc0747b55125d9b8527/library/core/src/panicking.rs:150:5
[INFO] [stdout]   20:     0x5e33e41db60a - timer_deque_rs[206ae8657ee7c70b]::periodic_task::sync_tasks::tests::test1_relative_resched_to_abs
[INFO] [stdout]                                at /opt/rustwide/workdir/src/periodic_task/sync_tasks.rs:1924:17
[INFO] [stdout]   21:     0x5e33e41d0097 - timer_deque_rs[206ae8657ee7c70b]::periodic_task::sync_tasks::tests::test1_relative_resched_to_abs::{closure#0}
[INFO] [stdout]                                at /opt/rustwide/workdir/src/periodic_task/sync_tasks.rs:1890:39
[INFO] [stdout]   22:     0x5e33e41919d6 - <timer_deque_rs[206ae8657ee7c70b]::periodic_task::sync_tasks::tests::test1_relative_resched_to_abs::{closure#0} as core[a373ad73a504971]::ops::function::FnOnce<()>>::call_once
[INFO] [stdout]                                at /rustc/e3feeb59cd1bdd011a2bfcc0747b55125d9b8527/library/core/src/ops/function.rs:250:5
[INFO] [stdout]   23:     0x5e33e4296edb - <fn() -> core[a373ad73a504971]::result::Result<(), alloc[2e1b2a31b91974c5]::string::String> as core[a373ad73a504971]::ops::function::FnOnce<()>>::call_once
[INFO] [stdout]                                at /rustc/e3feeb59cd1bdd011a2bfcc0747b55125d9b8527/library/core/src/ops/function.rs:250:5
[INFO] [stdout]   24:     0x5e33e4296edb - test[aada8e7e76ba119b]::__rust_begin_short_backtrace::<core[a373ad73a504971]::result::Result<(), alloc[2e1b2a31b91974c5]::string::String>, fn() -> core[a373ad73a504971]::result::Result<(), alloc[2e1b2a31b91974c5]::string::String>>
[INFO] [stdout]                                at /rustc/e3feeb59cd1bdd011a2bfcc0747b55125d9b8527/library/test/src/lib.rs:701:18
[INFO] [stdout]   25:     0x5e33e42a40b5 - test[aada8e7e76ba119b]::run_test_in_process::{closure#0}
[INFO] [stdout]                                at /rustc/e3feeb59cd1bdd011a2bfcc0747b55125d9b8527/library/test/src/lib.rs:724:74
[INFO] [stdout]   26:     0x5e33e42a40b5 - <core[a373ad73a504971]::panic::unwind_safe::AssertUnwindSafe<test[aada8e7e76ba119b]::run_test_in_process::{closure#0}> as core[a373ad73a504971]::ops::function::FnOnce<()>>::call_once
[INFO] [stdout]                                at /rustc/e3feeb59cd1bdd011a2bfcc0747b55125d9b8527/library/core/src/panic/unwind_safe.rs:275:9
[INFO] [stdout]   27:     0x5e33e42a40b5 - std[617be2ca0a6fd877]::panicking::catch_unwind::do_call::<core[a373ad73a504971]::panic::unwind_safe::AssertUnwindSafe<test[aada8e7e76ba119b]::run_test_in_process::{closure#0}>, core[a373ad73a504971]::result::Result<(), alloc[2e1b2a31b91974c5]::string::String>>
[INFO] [stdout]                                at /rustc/e3feeb59cd1bdd011a2bfcc0747b55125d9b8527/library/std/src/panicking.rs:573:43
[INFO] [stdout]   28:     0x5e33e42a40b5 - std[617be2ca0a6fd877]::panicking::catch_unwind::<core[a373ad73a504971]::result::Result<(), alloc[2e1b2a31b91974c5]::string::String>, core[a373ad73a504971]::panic::unwind_safe::AssertUnwindSafe<test[aada8e7e76ba119b]::run_test_in_process::{closure#0}>>
[INFO] [stdout]                                at /rustc/e3feeb59cd1bdd011a2bfcc0747b55125d9b8527/library/std/src/panicking.rs:541:19
[INFO] [stdout]   29:     0x5e33e42a40b5 - std[617be2ca0a6fd877]::panic::catch_unwind::<core[a373ad73a504971]::panic::unwind_safe::AssertUnwindSafe<test[aada8e7e76ba119b]::run_test_in_process::{closure#0}>, core[a373ad73a504971]::result::Result<(), alloc[2e1b2a31b91974c5]::string::String>>
[INFO] [stdout]                                at /rustc/e3feeb59cd1bdd011a2bfcc0747b55125d9b8527/library/std/src/panic.rs:359:14
[INFO] [stdout]   30:     0x5e33e42a40b5 - test[aada8e7e76ba119b]::run_test_in_process
[INFO] [stdout]                                at /rustc/e3feeb59cd1bdd011a2bfcc0747b55125d9b8527/library/test/src/lib.rs:724:27
[INFO] [stdout]   31:     0x5e33e42a40b5 - test[aada8e7e76ba119b]::run_test::{closure#0}
[INFO] [stdout]                                at /rustc/e3feeb59cd1bdd011a2bfcc0747b55125d9b8527/library/test/src/lib.rs:645:43
[INFO] [stdout]   32:     0x5e33e429d9a4 - test[aada8e7e76ba119b]::run_test::{closure#1}
[INFO] [stdout]                                at /rustc/e3feeb59cd1bdd011a2bfcc0747b55125d9b8527/library/test/src/lib.rs:675:41
[INFO] [stdout]   33:     0x5e33e429d9a4 - std[617be2ca0a6fd877]::sys::backtrace::__rust_begin_short_backtrace::<test[aada8e7e76ba119b]::run_test::{closure#1}, ()>
[INFO] [stdout]                                at /rustc/e3feeb59cd1bdd011a2bfcc0747b55125d9b8527/library/std/src/sys/backtrace.rs:166:18
[INFO] [stdout]   34:     0x5e33e42a7142 - std[617be2ca0a6fd877]::thread::lifecycle::spawn_unchecked::<test[aada8e7e76ba119b]::run_test::{closure#1}, ()>::{closure#1}::{closure#0}
[INFO] [stdout]                                at /rustc/e3feeb59cd1bdd011a2bfcc0747b55125d9b8527/library/std/src/thread/lifecycle.rs:70:13
[INFO] [stdout]   35:     0x5e33e42a7142 - <core[a373ad73a504971]::panic::unwind_safe::AssertUnwindSafe<std[617be2ca0a6fd877]::thread::lifecycle::spawn_unchecked<test[aada8e7e76ba119b]::run_test::{closure#1}, ()>::{closure#1}::{closure#0}> as core[a373ad73a504971]::ops::function::FnOnce<()>>::call_once
[INFO] [stdout]                                at /rustc/e3feeb59cd1bdd011a2bfcc0747b55125d9b8527/library/core/src/panic/unwind_safe.rs:275:9
[INFO] [stdout]   36:     0x5e33e42a7142 - std[617be2ca0a6fd877]::panicking::catch_unwind::do_call::<core[a373ad73a504971]::panic::unwind_safe::AssertUnwindSafe<std[617be2ca0a6fd877]::thread::lifecycle::spawn_unchecked<test[aada8e7e76ba119b]::run_test::{closure#1}, ()>::{closure#1}::{closure#0}>, ()>
[INFO] [stdout]                                at /rustc/e3feeb59cd1bdd011a2bfcc0747b55125d9b8527/library/std/src/panicking.rs:573:43
[INFO] [stdout]   37:     0x5e33e42a7142 - std[617be2ca0a6fd877]::panicking::catch_unwind::<(), core[a373ad73a504971]::panic::unwind_safe::AssertUnwindSafe<std[617be2ca0a6fd877]::thread::lifecycle::spawn_unchecked<test[aada8e7e76ba119b]::run_test::{closure#1}, ()>::{closure#1}::{closure#0}>>
[INFO] [stdout]                                at /rustc/e3feeb59cd1bdd011a2bfcc0747b55125d9b8527/library/std/src/panicking.rs:541:19
[INFO] [stdout]   38:     0x5e33e42a7142 - std[617be2ca0a6fd877]::panic::catch_unwind::<core[a373ad73a504971]::panic::unwind_safe::AssertUnwindSafe<std[617be2ca0a6fd877]::thread::lifecycle::spawn_unchecked<test[aada8e7e76ba119b]::run_test::{closure#1}, ()>::{closure#1}::{closure#0}>, ()>
[INFO] [stdout]                                at /rustc/e3feeb59cd1bdd011a2bfcc0747b55125d9b8527/library/std/src/panic.rs:359:14
[INFO] [stdout]   39:     0x5e33e42a7142 - std[617be2ca0a6fd877]::thread::lifecycle::spawn_unchecked::<test[aada8e7e76ba119b]::run_test::{closure#1}, ()>::{closure#1}
[INFO] [stdout]                                at /rustc/e3feeb59cd1bdd011a2bfcc0747b55125d9b8527/library/std/src/thread/lifecycle.rs:68:26
[INFO] [stdout]   40:     0x5e33e42a7142 - <std[617be2ca0a6fd877]::thread::lifecycle::spawn_unchecked<test[aada8e7e76ba119b]::run_test::{closure#1}, ()>::{closure#1} as core[a373ad73a504971]::ops::function::FnOnce<()>>::call_once::{shim:vtable#0}
[INFO] [stdout]                                at /rustc/e3feeb59cd1bdd011a2bfcc0747b55125d9b8527/library/core/src/ops/function.rs:250:5
[INFO] [stdout]   41:     0x5e33e43620cf - <alloc[2e1b2a31b91974c5]::boxed::Box<dyn core[a373ad73a504971]::ops::function::FnOnce<(), Output = ()> + core[a373ad73a504971]::marker::Send> as core[a373ad73a504971]::ops::function::FnOnce<()>>::call_once
[INFO] [stdout]                                at /rustc/e3feeb59cd1bdd011a2bfcc0747b55125d9b8527/library/alloc/src/boxed.rs:2314:9
[INFO] [stdout]   42:     0x5e33e43620cf - <std[617be2ca0a6fd877]::sys::thread::unix::Thread>::new::thread_start
[INFO] [stdout]                                at /rustc/e3feeb59cd1bdd011a2bfcc0747b55125d9b8527/library/std/src/sys/thread/unix.rs:127:17
[INFO] [stdout]   43:     0x753871f19dfa - <unknown>
[INFO] [stdout]   44:     0x753871fad3d4 - clone
[INFO] [stdout]   45:                0x0 - <unknown>
[INFO] [stdout] 
[INFO] [stdout] 
[INFO] [stdout] failures:
[INFO] [stdout]     periodic_task::sync_tasks::tests::test1_relative_resched_to_abs
[INFO] [stdout]     periodic_task::sync_tasks::tests::test1_relative_simple
[INFO] [stdout] 
[INFO] [stdout] test result: FAILED. 24 passed; 2 failed; 0 ignored; 0 measured; 0 filtered out; finished in 14.02s
[INFO] [stdout] 
[INFO] [stderr] error: test failed, to rerun pass `--lib`
[INFO] running `Command { std: "docker" "inspect" "3a42a634ed56a8bccfba69cf89f2f1000676fa8070d264583f6a38792dcd5ef5", kill_on_drop: false }`
[INFO] running `Command { std: "docker" "rm" "-f" "3a42a634ed56a8bccfba69cf89f2f1000676fa8070d264583f6a38792dcd5ef5", kill_on_drop: false }`
[INFO] [stdout] 3a42a634ed56a8bccfba69cf89f2f1000676fa8070d264583f6a38792dcd5ef5
