[INFO] fetching crate tidepool-mcp 0.1.0...
[INFO] testing tidepool-mcp-0.1.0 against 1.99.0-beta.8 for beta-1.100-2
[INFO] extracting crate tidepool-mcp 0.1.0 into /workspace/builds/worker-5-tc1/source
[INFO] started tweaking crates.io crate tidepool-mcp 0.1.0
[INFO] removed 0 missing tests
[INFO] finished tweaking crates.io crate tidepool-mcp 0.1.0
[INFO] tweaked toml for crates.io crate tidepool-mcp 0.1.0 written to /workspace/builds/worker-5-tc1/source/Cargo.toml
[INFO] validating manifest of crates.io crate tidepool-mcp 0.1.0 on toolchain 1.99.0-beta.8
[INFO] running `Command { std: CARGO_HOME="/workspace/cargo-home" RUSTUP_HOME="/workspace/rustup-home" "/workspace/cargo-home/bin/cargo" "+1.99.0-beta.8" "metadata" "--manifest-path" "Cargo.toml" "--no-deps", kill_on_drop: false }`
[INFO] crate crates.io crate tidepool-mcp 0.1.0 already has a lockfile, it will not be regenerated
[INFO] running `Command { std: CARGO_HOME="/workspace/cargo-home" RUSTUP_HOME="/workspace/rustup-home" "/workspace/cargo-home/bin/cargo" "+1.99.0-beta.8" "fetch" "--manifest-path" "Cargo.toml", kill_on_drop: false }`
[INFO] [stderr]     Updating crates.io index
[INFO] [stderr]  Downloading crates ...
[INFO] [stderr]   Downloaded tidepool-runtime v0.1.0
[INFO] [stderr]   Downloaded tidepool-repr v0.1.0
[INFO] [stderr]   Downloaded tidepool-eval v0.1.0
[INFO] [stderr]   Downloaded tidepool-effect v0.1.0
[INFO] [stderr]   Downloaded tidepool-bridge v0.1.0
[INFO] [stderr]   Downloaded cranelift-native v0.129.1
[INFO] [stderr]   Downloaded cranelift-jit v0.129.1
[INFO] [stderr]   Downloaded cranelift-bitset v0.129.1
[INFO] [stderr]   Downloaded cranelift-assembler-x64 v0.129.1
[INFO] [stderr]   Downloaded wasmtime-internal-jit-icache-coherence v42.0.1
[INFO] [stderr]   Downloaded rmcp-macros v0.16.0
[INFO] [stderr]   Downloaded pastey v0.2.1
[INFO] [stderr]   Downloaded frunk_proc_macros v0.1.4
[INFO] [stderr]   Downloaded frunk_proc_macro_helpers v0.1.4
[INFO] [stderr]   Downloaded frunk_derives v0.4.4
[INFO] [stderr]   Downloaded cranelift-entity v0.129.1
[INFO] [stderr]   Downloaded cranelift-codegen-shared v0.129.1
[INFO] [stderr]   Downloaded cranelift-control v0.129.1
[INFO] [stderr]   Downloaded cranelift-srcgen v0.129.1
[INFO] [stderr]   Downloaded cranelift-bforest v0.129.1
[INFO] [stderr]   Downloaded cranelift-module v0.129.1
[INFO] [stderr]   Downloaded region v3.0.2
[INFO] [stderr]   Downloaded sse-stream v0.2.1
[INFO] [stderr]   Downloaded frunk v0.4.4
[INFO] [stderr]   Downloaded tidepool-heap v0.1.0
[INFO] [stderr]   Downloaded cranelift-frontend v0.129.1
[INFO] [stderr]   Downloaded frunk_core v0.4.4
[INFO] [stderr]   Downloaded wasmtime-internal-core v42.0.1
[INFO] [stderr]   Downloaded cranelift-assembler-x64-meta v0.129.1
[INFO] [stderr]   Downloaded cranelift-isle v0.129.1
[INFO] [stderr]   Downloaded cranelift-codegen-meta v0.129.1
[INFO] [stderr]   Downloaded tidepool-codegen v0.1.0
[INFO] [stderr]   Downloaded regalloc2 v0.13.5
[INFO] [stderr]   Downloaded rmcp v0.16.0
[INFO] [stderr]   Downloaded cranelift-codegen v0.129.1
[INFO] [stderr]   Downloaded recursion v0.5.4
[INFO] running `Command { std: "docker" "create" "-v" "/var/lib/crater-agent-workspace/builds/worker-5-tc1/source:/opt/rustwide/workdir:ro,Z" "-v" "/var/lib/crater-agent-workspace/builds/worker-5-tc1/target:/opt/rustwide/target:rw,Z" "-v" "/var/lib/crater-agent-workspace/cargo-home:/opt/rustwide/cargo-home:ro,Z" "-v" "/var/lib/crater-agent-workspace/rustup-home:/opt/rustwide/rustup-home:ro,Z" "-m" "1610612736" "--network" "none" "ghcr.io/rust-lang/crates-build-env/linux@sha256:3111399a4047eeb3a02b7a90e478d715f38a8c6669b5c4b49d30a17385265909" "sleep" "infinity", kill_on_drop: false }`
[INFO] [stdout] 7cb4bcfc2c04e1f14669ec714dc91ecb61d9efcfe3f958c146763f6ce859a9f1
[INFO] running `Command { std: "docker" "start" "7cb4bcfc2c04e1f14669ec714dc91ecb61d9efcfe3f958c146763f6ce859a9f1", kill_on_drop: false }`
[INFO] running `Command { std: "docker" "inspect" "7cb4bcfc2c04e1f14669ec714dc91ecb61d9efcfe3f958c146763f6ce859a9f1", kill_on_drop: false }`
[INFO] running `Command { std: "docker" "exec" "-e" "SOURCE_DIR=/opt/rustwide/workdir" "-e" "CARGO_HOME=/opt/rustwide/cargo-home" "-e" "RUSTUP_HOME=/opt/rustwide/rustup-home" "-e" "CARGO_TARGET_DIR=/opt/rustwide/target" "-w" "/opt/rustwide/workdir" "--user" "0:0" "7cb4bcfc2c04e1f14669ec714dc91ecb61d9efcfe3f958c146763f6ce859a9f1" "/opt/rustwide/cargo-home/bin/cargo" "+1.99.0-beta.8" "metadata" "--no-deps" "--format-version=1", kill_on_drop: false }`
[INFO] running `Command { std: "docker" "inspect" "7cb4bcfc2c04e1f14669ec714dc91ecb61d9efcfe3f958c146763f6ce859a9f1", kill_on_drop: false }`
[INFO] running `Command { std: "docker" "exec" "-e" "SOURCE_DIR=/opt/rustwide/workdir" "-e" "CARGO_HOME=/opt/rustwide/cargo-home" "-e" "RUSTUP_HOME=/opt/rustwide/rustup-home" "-e" "CARGO_TARGET_DIR=/opt/rustwide/target" "-e" "CARGO_INCREMENTAL=0" "-e" "RUST_BACKTRACE=full" "-e" "RUSTFLAGS=--cap-lints=warn" "-e" "RUSTDOCFLAGS=--cap-lints=warn" "-w" "/opt/rustwide/workdir" "--user" "0:0" "7cb4bcfc2c04e1f14669ec714dc91ecb61d9efcfe3f958c146763f6ce859a9f1" "/opt/rustwide/cargo-home/bin/cargo" "+1.99.0-beta.8" "build" "--frozen" "--message-format=json", kill_on_drop: false }`
[INFO] [stderr]    Compiling quote v1.0.44
[INFO] [stderr]    Compiling libc v0.2.182
[INFO] [stderr]    Compiling cranelift-srcgen v0.129.1
[INFO] [stderr]    Compiling wasmtime-internal-core v42.0.1
[INFO] [stderr]    Compiling zerocopy v0.8.39
[INFO] [stderr]    Compiling cranelift-isle v0.129.1
[INFO] [stderr]    Compiling smallvec v1.15.1
[INFO] [stderr]    Compiling cranelift-codegen-shared v0.129.1
[INFO] [stderr]    Compiling bumpalo v3.19.1
[INFO] [stderr]    Compiling target-lexicon v0.13.5
[INFO] [stderr]    Compiling serde_json v1.0.149
[INFO] [stderr]    Compiling indexmap v2.13.0
[INFO] [stderr]    Compiling hashbrown v0.15.5
[INFO] [stderr]    Compiling bitmaps v2.1.0
[INFO] [stderr]    Compiling im v15.1.0
[INFO] [stderr]    Compiling fnv v1.0.7
[INFO] [stderr]    Compiling rustc-hash v2.1.1
[INFO] [stderr]    Compiling arbitrary v1.4.2
[INFO] [stderr]    Compiling rand_xoshiro v0.6.0
[INFO] [stderr]    Compiling rand_core v0.10.0
[INFO] [stderr]    Compiling syn v2.0.116
[INFO] [stderr]    Compiling cranelift-assembler-x64-meta v0.129.1
[INFO] [stderr]    Compiling getrandom v0.4.1
[INFO] [stderr]    Compiling futures-io v0.3.32
[INFO] [stderr]    Compiling frunk_core v0.4.4
[INFO] [stderr]    Compiling cranelift-bitset v0.129.1
[INFO] [stderr]    Compiling sized-chunks v0.6.5
[INFO] [stderr]    Compiling anyhow v1.0.101
[INFO] [stderr]    Compiling num-traits v0.2.19
[INFO] [stderr]    Compiling serde_core v1.0.228
[INFO] [stderr]    Compiling http-body-util v0.1.3
[INFO] [stderr]    Compiling cranelift-entity v0.129.1
[INFO] [stderr]    Compiling gimli v0.33.0
[INFO] [stderr]    Compiling cranelift-control v0.129.1
[INFO] [stderr]    Compiling regalloc2 v0.13.5
[INFO] [stderr]    Compiling cranelift-bforest v0.129.1
[INFO] [stderr]    Compiling rustix v1.1.3
[INFO] [stderr]    Compiling ref-cast v1.0.25
[INFO] [stderr]    Compiling tidepool-codegen v0.1.0
[INFO] [stderr]    Compiling blake3 v1.8.3
[INFO] [stderr]    Compiling linux-raw-sys v0.11.0
[INFO] [stderr]    Compiling cranelift-codegen-meta v0.129.1
[INFO] [stderr]    Compiling memchr v2.8.0
[INFO] [stderr]    Compiling chacha20 v0.10.0
[INFO] [stderr]    Compiling errno v0.3.14
[INFO] [stderr]    Compiling mio v1.1.1
[INFO] [stderr]    Compiling socket2 v0.6.2
[INFO] [stderr]    Compiling signal-hook-registry v1.4.8
[INFO] [stderr]    Compiling wasmtime-internal-jit-icache-coherence v42.0.1
[INFO] [stderr]    Compiling region v3.0.2
[INFO] [stderr]    Compiling rmcp v0.16.0
[INFO] [stderr]    Compiling recursion v0.5.4
[INFO] [stderr]    Compiling fastrand v2.3.0
[INFO] [stderr]    Compiling dyn-clone v1.0.20
[INFO] [stderr]    Compiling rand v0.10.0
[INFO] [stderr]    Compiling uuid v1.21.0
[INFO] [stderr]    Compiling serde_path_to_error v0.1.20
[INFO] [stderr]    Compiling pastey v0.2.1
[INFO] [stderr]    Compiling cranelift-assembler-x64 v0.129.1
[INFO] [stderr]    Compiling cranelift-codegen v0.129.1
[INFO] [stderr]    Compiling frunk_proc_macro_helpers v0.1.4
[INFO] [stderr]    Compiling darling_core v0.23.0
[INFO] [stderr]    Compiling serde_derive_internals v0.29.1
[INFO] [stderr]    Compiling tempfile v3.25.0
[INFO] [stderr]    Compiling serde_derive v1.0.228
[INFO] [stderr]    Compiling zerocopy-derive v0.8.39
[INFO] [stderr]    Compiling tokio-macros v2.6.0
[INFO] [stderr]    Compiling futures-macro v0.3.32
[INFO] [stderr]    Compiling tracing-attributes v0.1.31
[INFO] [stderr]    Compiling thiserror-impl v1.0.69
[INFO] [stderr]    Compiling frunk_derives v0.4.4
[INFO] [stderr]    Compiling frunk_proc_macros v0.1.4
[INFO] [stderr]    Compiling ref-cast-impl v1.0.25
[INFO] [stderr]    Compiling thiserror-impl v2.0.18
[INFO] [stderr]    Compiling schemars_derive v1.2.1
[INFO] [stderr]    Compiling async-trait v0.1.89
[INFO] [stderr]    Compiling frunk v0.4.4
[INFO] [stderr]    Compiling tokio v1.49.0
[INFO] [stderr]    Compiling futures-util v0.3.32
[INFO] [stderr]    Compiling tracing v0.1.44
[INFO] [stderr]    Compiling thiserror v1.0.69
[INFO] [stderr]    Compiling thiserror v2.0.18
[INFO] [stderr]    Compiling axum-core v0.5.6
[INFO] [stderr]    Compiling darling_macro v0.23.0
[INFO] [stderr]    Compiling darling v0.23.0
[INFO] [stderr]    Compiling rmcp-macros v0.16.0
[INFO] [stderr]    Compiling serde v1.0.228
[INFO] [stderr]    Compiling chrono v0.4.43
[INFO] [stderr]    Compiling serde_urlencoded v0.7.1
[INFO] [stderr]    Compiling futures-executor v0.3.32
[INFO] [stderr]    Compiling sse-stream v0.2.1
[INFO] [stderr]    Compiling futures v0.3.32
[INFO] [stderr]    Compiling hyper v1.8.1
[INFO] [stderr]    Compiling tokio-stream v0.1.18
[INFO] [stderr]    Compiling tower v0.5.3
[INFO] [stderr]    Compiling tokio-util v0.7.18
[INFO] [stderr]    Compiling half v2.7.1
[INFO] [stderr]    Compiling schemars v1.2.1
[INFO] [stderr]    Compiling ciborium-ll v0.2.2
[INFO] [stderr]    Compiling ciborium v0.2.2
[INFO] [stderr]    Compiling hyper-util v0.1.20
[INFO] [stderr]    Compiling tidepool-repr v0.1.0
[INFO] [stderr]    Compiling axum v0.8.8
[INFO] [stderr]    Compiling tidepool-eval v0.1.0
[INFO] [stderr]    Compiling tidepool-bridge v0.1.0
[INFO] [stderr]    Compiling tidepool-heap v0.1.0
[INFO] [stderr]    Compiling tidepool-effect v0.1.0
[INFO] [stderr]    Compiling cranelift-native v0.129.1
[INFO] [stderr]    Compiling cranelift-module v0.129.1
[INFO] [stderr]    Compiling cranelift-frontend v0.129.1
[INFO] [stderr]    Compiling cranelift-jit v0.129.1
[INFO] [stderr]    Compiling tidepool-runtime v0.1.0
[INFO] [stderr]    Compiling tidepool-mcp v0.1.0 (/opt/rustwide/workdir)
[INFO] [stderr]     Finished `dev` profile [unoptimized + debuginfo] target(s) in 1m 08s
[INFO] running `Command { std: "docker" "inspect" "7cb4bcfc2c04e1f14669ec714dc91ecb61d9efcfe3f958c146763f6ce859a9f1", kill_on_drop: false }`
[INFO] running `Command { std: "docker" "exec" "-e" "SOURCE_DIR=/opt/rustwide/workdir" "-e" "CARGO_HOME=/opt/rustwide/cargo-home" "-e" "RUSTUP_HOME=/opt/rustwide/rustup-home" "-e" "CARGO_TARGET_DIR=/opt/rustwide/target" "-e" "CARGO_INCREMENTAL=0" "-e" "RUST_BACKTRACE=full" "-e" "RUSTFLAGS=--cap-lints=warn" "-e" "RUSTDOCFLAGS=--cap-lints=warn" "-w" "/opt/rustwide/workdir" "--user" "0:0" "7cb4bcfc2c04e1f14669ec714dc91ecb61d9efcfe3f958c146763f6ce859a9f1" "/opt/rustwide/cargo-home/bin/cargo" "+1.99.0-beta.8" "test" "--frozen" "--no-run" "--message-format=json", kill_on_drop: false }`
[INFO] [stderr]    Compiling tidepool-mcp v0.1.0 (/opt/rustwide/workdir)
[INFO] [stderr]     Finished `test` profile [unoptimized + debuginfo] target(s) in 4.52s
[INFO] running `Command { std: "docker" "inspect" "7cb4bcfc2c04e1f14669ec714dc91ecb61d9efcfe3f958c146763f6ce859a9f1", kill_on_drop: false }`
[INFO] running `Command { std: "docker" "exec" "-e" "SOURCE_DIR=/opt/rustwide/workdir" "-e" "CARGO_HOME=/opt/rustwide/cargo-home" "-e" "RUSTUP_HOME=/opt/rustwide/rustup-home" "-e" "CARGO_TARGET_DIR=/opt/rustwide/target" "-e" "CARGO_INCREMENTAL=0" "-e" "RUST_BACKTRACE=full" "-e" "RUSTFLAGS=--cap-lints=warn" "-e" "RUSTDOCFLAGS=--cap-lints=warn" "-w" "/opt/rustwide/workdir" "--user" "0:0" "7cb4bcfc2c04e1f14669ec714dc91ecb61d9efcfe3f958c146763f6ce859a9f1" "/opt/rustwide/cargo-home/bin/cargo" "+1.99.0-beta.8" "test" "--frozen", kill_on_drop: false }`
[INFO] [stderr]     Finished `test` profile [unoptimized + debuginfo] target(s) in 0.35s
[INFO] [stderr]      Running unittests src/lib.rs (/opt/rustwide/target/debug/deps/tidepool_mcp-92dd18bbd61b578a)
[INFO] [stdout] 
[INFO] [stdout] running 42 tests
[INFO] [stdout] test tests::test_captured_output_drain ... ok
[INFO] [stdout] test tests::test_eval_request_input ... ok
[INFO] [stdout] test tests::test_ask_in_preamble ... ok
[INFO] [stdout] test tests::test_effect_decls_basic_validation ... ok
[INFO] [stdout] test tests::test_eval_request_helpers ... ok
[INFO] [stdout] test tests::test_eval_request_string_code ... ok
[INFO] [stdout] test tests::test_build_effect_stack_type ... ok
[INFO] [stdout] test tests::test_eval_request_string_imports ... ok
[INFO] [stdout] test tests::test_eval_timeout_value ... ok
[INFO] [stdout] test tests::test_eval_tool_description_includes_effects ... ok
[INFO] [stdout] test tests::test_format_error_no_marker_shows_full ... ok
[INFO] [stdout] test tests::test_format_error_with_source ... ok
[INFO] [stdout] test tests::test_exec_decl_has_run_json ... ok
[INFO] [stdout] test tests::test_format_error_empty_source ... ok
[INFO] [stdout] test tests::test_format_error_with_source_multiline ... ok
[INFO] [stdout] test tests::test_format_panic_payload ... ok
[INFO] [stdout] test tests::test_handle_session_result_completed ... ok
[INFO] [stdout] test tests::test_handle_session_result_error ... ok
[INFO] [stdout] test tests::test_preamble_hides_run_from_freer ... ok
[INFO] [stdout] test tests::test_handle_session_result_timeout ... ok
[INFO] [stdout] test tests::test_json_to_haskell ... ok
[INFO] [stdout] test tests::test_parse_constructor_nested_types ... ok
[INFO] [stdout] test tests::test_parse_constructor_no_args ... ok
[INFO] [stdout] test tests::test_parse_constructor_two_args ... ok
[INFO] [stdout] test tests::test_preamble_includes_helpers ... ok
[INFO] [stdout] test tests::test_preamble_text_error_shadow ... ok
[INFO] [stdout] test tests::test_preamble_sg_rule_operators ... ok
[INFO] [stdout] test tests::test_rejected_imports ... ok
[INFO] [stdout] test tests::test_handle_session_result_suspended ... ok
[INFO] [stdout] test tests::test_preamble_no_orchestration_without_library ... ok
[INFO] [stdout] test tests::test_resume_request_parse ... ok
[INFO] [stdout] test tests::test_rejected_import_edge_cases ... ok
[INFO] [stdout] test tests::test_standard_decls_includes_ask ... ok
[INFO] [stdout] test tests::test_ask_in_effect_stack_type ... ok
[INFO] [stdout] test tests::test_preamble_orchestration_helpers ... ok
[INFO] [stdout] test tests::test_template_haskell_truncation ... ok
[INFO] [stdout] test tests::test_handle_session_result_crash ... ok
[INFO] [stdout] test tests::test_ask_decl ... ok
[INFO] [stdout] test tests::test_build_preamble ... ok
[INFO] [stdout] test tests::test_preamble_required_imports ... ok
[INFO] [stdout] test tests::test_template_haskell ... ok
[INFO] [stdout] test tests::test_template_haskell_input ... ok
[INFO] [stdout] 
[INFO] [stdout] test result: ok. 42 passed; 0 failed; 0 ignored; 0 measured; 0 filtered out; finished in 0.04s
[INFO] [stdout] 
[INFO] [stderr]      Running tests/spliton_repro.rs (/opt/rustwide/target/debug/deps/spliton_repro-603a16bc0472beeb)
[INFO] [stdout] 
[INFO] [stdout] running 2 tests
[INFO] [stdout] test repro_spliton_full_mcp ... ok
[INFO] [stdout] test repro_spliton_no_user_library ... FAILED
[INFO] [stdout] 
[INFO] [stdout] failures:
[INFO] [stdout] 
[INFO] [stdout] ---- repro_spliton_no_user_library stdout ----
[INFO] [stdout] ERROR: I/O error: tidepool-extract not found on PATH. Ensure the Tidepool harness is installed.
[INFO] [stdout] 
[INFO] [stdout] thread 'repro_spliton_no_user_library' (2273) panicked at tests/spliton_repro.rs:66:5:
[INFO] [stdout] T.splitOn without Library should work: Some(Compile(Io(Custom { kind: NotFound, error: "tidepool-extract not found on PATH. Ensure the Tidepool harness is installed." })))
[INFO] [stdout] stack backtrace:
[INFO] [stdout]    0:     0x61b7ff46ea61 - std[70759c8f55707aa4]::backtrace_rs::backtrace::libunwind::trace
[INFO] [stdout]                                at /rustc/dfb0accb7f508ae8be965d8629557221c889dd98/library/std/src/../../backtrace/src/backtrace/libunwind.rs:117:9
[INFO] [stdout]    1:     0x61b7ff46ea61 - std[70759c8f55707aa4]::backtrace_rs::backtrace::trace_unsynchronized::<std[70759c8f55707aa4]::sys::backtrace::_print_fmt::{closure#1}>
[INFO] [stdout]                                at /rustc/dfb0accb7f508ae8be965d8629557221c889dd98/library/std/src/../../backtrace/src/backtrace/mod.rs:66:14
[INFO] [stdout]    2:     0x61b7ff46ea61 - std[70759c8f55707aa4]::sys::backtrace::_print_fmt
[INFO] [stdout]                                at /rustc/dfb0accb7f508ae8be965d8629557221c889dd98/library/std/src/sys/backtrace.rs:74:9
[INFO] [stdout]    3:     0x61b7ff46ea61 - <<std[70759c8f55707aa4]::sys::backtrace::BacktraceLock>::print::DisplayBacktrace as core[df12db4294e9bfd3]::fmt::Display>::fmt
[INFO] [stdout]                                at /rustc/dfb0accb7f508ae8be965d8629557221c889dd98/library/std/src/sys/backtrace.rs:44:26
[INFO] [stdout]    4:     0x61b7ff485fca - <core[df12db4294e9bfd3]::fmt::rt::Argument>::fmt
[INFO] [stdout]                                at /rustc/dfb0accb7f508ae8be965d8629557221c889dd98/library/core/src/fmt/rt.rs:152:76
[INFO] [stdout]    5:     0x61b7ff485fca - core[df12db4294e9bfd3]::fmt::write
[INFO] [stdout]    6:     0x61b7ff47377c - core[df12db4294e9bfd3]::io::write::default_write_fmt::<alloc[2182bb758b4b3781]::vec::Vec<u8>>
[INFO] [stdout]                                at /rustc/dfb0accb7f508ae8be965d8629557221c889dd98/library/core/src/io/write.rs:402:11
[INFO] [stdout]    7:     0x61b7ff47377c - <alloc[2182bb758b4b3781]::vec::Vec<u8> as core[df12db4294e9bfd3]::io::write::Write>::write_fmt
[INFO] [stdout]                                at /rustc/dfb0accb7f508ae8be965d8629557221c889dd98/library/core/src/io/write.rs:335:13
[INFO] [stdout]    8:     0x61b7ff448396 - <std[70759c8f55707aa4]::sys::backtrace::BacktraceLock>::print
[INFO] [stdout]                                at /rustc/dfb0accb7f508ae8be965d8629557221c889dd98/library/std/src/sys/backtrace.rs:47:9
[INFO] [stdout]    9:     0x61b7ff448396 - std[70759c8f55707aa4]::panicking::default_hook::{closure#0}
[INFO] [stdout]                                at /rustc/dfb0accb7f508ae8be965d8629557221c889dd98/library/std/src/panicking.rs:292:27
[INFO] [stdout]   10:     0x61b7ff466069 - std[70759c8f55707aa4]::panicking::default_hook
[INFO] [stdout]                                at /rustc/dfb0accb7f508ae8be965d8629557221c889dd98/library/std/src/panicking.rs:316:9
[INFO] [stdout]   11:     0x61b7ff3ff9a0 - <alloc[2182bb758b4b3781]::boxed::Box<dyn for<'a, 'b> core[df12db4294e9bfd3]::ops::function::Fn<(&'a std[70759c8f55707aa4]::panic::PanicHookInfo<'b>,), Output = ()> + core[df12db4294e9bfd3]::marker::Send + core[df12db4294e9bfd3]::marker::Sync> as core[df12db4294e9bfd3]::ops::function::Fn<(&std[70759c8f55707aa4]::panic::PanicHookInfo,)>>::call
[INFO] [stdout]                                at /rustc/dfb0accb7f508ae8be965d8629557221c889dd98/library/alloc/src/boxed.rs:2334:9
[INFO] [stdout]   12:     0x61b7ff3ff9a0 - test[9d35eded1c95d3be]::test_main_inner::<test[9d35eded1c95d3be]::test_main_static::{closure#0}>::{closure#0}
[INFO] [stdout]                                at /rustc/dfb0accb7f508ae8be965d8629557221c889dd98/library/test/src/lib.rs:155:21
[INFO] [stdout]   13:     0x61b7ff466222 - <alloc[2182bb758b4b3781]::boxed::Box<dyn for<'a, 'b> core[df12db4294e9bfd3]::ops::function::Fn<(&'a std[70759c8f55707aa4]::panic::PanicHookInfo<'b>,), Output = ()> + core[df12db4294e9bfd3]::marker::Send + core[df12db4294e9bfd3]::marker::Sync> as core[df12db4294e9bfd3]::ops::function::Fn<(&std[70759c8f55707aa4]::panic::PanicHookInfo,)>>::call
[INFO] [stdout]                                at /rustc/dfb0accb7f508ae8be965d8629557221c889dd98/library/alloc/src/boxed.rs:2334:9
[INFO] [stdout]   14:     0x61b7ff466222 - std[70759c8f55707aa4]::panicking::panic_with_hook
[INFO] [stdout]                                at /rustc/dfb0accb7f508ae8be965d8629557221c889dd98/library/std/src/panicking.rs:823:13
[INFO] [stdout]   15:     0x61b7ff448442 - std[70759c8f55707aa4]::panicking::panic_handler::{closure#0}
[INFO] [stdout]                                at /rustc/dfb0accb7f508ae8be965d8629557221c889dd98/library/std/src/panicking.rs:688:13
[INFO] [stdout]   16:     0x61b7ff440879 - std[70759c8f55707aa4]::sys::backtrace::__rust_end_short_backtrace::<std[70759c8f55707aa4]::panicking::panic_handler::{closure#0}, !>
[INFO] [stdout]                                at /rustc/dfb0accb7f508ae8be965d8629557221c889dd98/library/std/src/sys/backtrace.rs:182:18
[INFO] [stdout]   17:     0x61b7ff44923d - __rustc[8fa7c3cbc660c2b3]::rust_begin_unwind
[INFO] [stdout]                                at /rustc/dfb0accb7f508ae8be965d8629557221c889dd98/library/std/src/panicking.rs:679:5
[INFO] [stdout]   18:     0x61b7ff4867ec - core[df12db4294e9bfd3]::panicking::panic_fmt
[INFO] [stdout]                                at /rustc/dfb0accb7f508ae8be965d8629557221c889dd98/library/core/src/panicking.rs:80:14
[INFO] [stdout]   19:     0x61b7feb14fc7 - spliton_repro[2a2d007681303254]::repro_spliton_no_user_library
[INFO] [stdout]                                at /opt/rustwide/workdir/tests/spliton_repro.rs:66:5
[INFO] [stdout]   20:     0x61b7feb140c7 - spliton_repro[2a2d007681303254]::repro_spliton_no_user_library::{closure#0}
[INFO] [stdout]                                at /opt/rustwide/workdir/tests/spliton_repro.rs:52:35
[INFO] [stdout]   21:     0x61b7feb15c46 - <spliton_repro[2a2d007681303254]::repro_spliton_no_user_library::{closure#0} as core[df12db4294e9bfd3]::ops::function::FnOnce<()>>::call_once
[INFO] [stdout]                                at /rustc/dfb0accb7f508ae8be965d8629557221c889dd98/library/core/src/ops/function.rs:250:5
[INFO] [stdout]   22:     0x61b7ff3f2c8b - <fn() -> core[df12db4294e9bfd3]::result::Result<(), alloc[2182bb758b4b3781]::string::String> as core[df12db4294e9bfd3]::ops::function::FnOnce<()>>::call_once
[INFO] [stdout]                                at /rustc/dfb0accb7f508ae8be965d8629557221c889dd98/library/core/src/ops/function.rs:250:5
[INFO] [stdout]   23:     0x61b7ff3f2c8b - test[9d35eded1c95d3be]::__rust_begin_short_backtrace::<core[df12db4294e9bfd3]::result::Result<(), alloc[2182bb758b4b3781]::string::String>, fn() -> core[df12db4294e9bfd3]::result::Result<(), alloc[2182bb758b4b3781]::string::String>>
[INFO] [stdout]                                at /rustc/dfb0accb7f508ae8be965d8629557221c889dd98/library/test/src/lib.rs:733:18
[INFO] [stdout]   24:     0x61b7ff4002f5 - test[9d35eded1c95d3be]::run_test_in_process::{closure#0}
[INFO] [stdout]                                at /rustc/dfb0accb7f508ae8be965d8629557221c889dd98/library/test/src/lib.rs:756:74
[INFO] [stdout]   25:     0x61b7ff4002f5 - <core[df12db4294e9bfd3]::panic::unwind_safe::AssertUnwindSafe<test[9d35eded1c95d3be]::run_test_in_process::{closure#0}> as core[df12db4294e9bfd3]::ops::function::FnOnce<()>>::call_once
[INFO] [stdout]                                at /rustc/dfb0accb7f508ae8be965d8629557221c889dd98/library/core/src/panic/unwind_safe.rs:275:9
[INFO] [stdout]   26:     0x61b7ff4002f5 - std[70759c8f55707aa4]::panicking::catch_unwind::do_call::<core[df12db4294e9bfd3]::panic::unwind_safe::AssertUnwindSafe<test[9d35eded1c95d3be]::run_test_in_process::{closure#0}>, core[df12db4294e9bfd3]::result::Result<(), alloc[2182bb758b4b3781]::string::String>>
[INFO] [stdout]                                at /rustc/dfb0accb7f508ae8be965d8629557221c889dd98/library/std/src/panicking.rs:576:43
[INFO] [stdout]   27:     0x61b7ff4002f5 - std[70759c8f55707aa4]::panicking::catch_unwind::<core[df12db4294e9bfd3]::result::Result<(), alloc[2182bb758b4b3781]::string::String>, core[df12db4294e9bfd3]::panic::unwind_safe::AssertUnwindSafe<test[9d35eded1c95d3be]::run_test_in_process::{closure#0}>>
[INFO] [stdout]                                at /rustc/dfb0accb7f508ae8be965d8629557221c889dd98/library/std/src/panicking.rs:544:19
[INFO] [stdout]   28:     0x61b7ff4002f5 - std[70759c8f55707aa4]::panic::catch_unwind::<core[df12db4294e9bfd3]::panic::unwind_safe::AssertUnwindSafe<test[9d35eded1c95d3be]::run_test_in_process::{closure#0}>, core[df12db4294e9bfd3]::result::Result<(), alloc[2182bb758b4b3781]::string::String>>
[INFO] [stdout]                                at /rustc/dfb0accb7f508ae8be965d8629557221c889dd98/library/std/src/panic.rs:359:14
[INFO] [stdout]   29:     0x61b7ff4002f5 - test[9d35eded1c95d3be]::run_test_in_process
[INFO] [stdout]                                at /rustc/dfb0accb7f508ae8be965d8629557221c889dd98/library/test/src/lib.rs:756:27
[INFO] [stdout]   30:     0x61b7ff4002f5 - test[9d35eded1c95d3be]::run_test::{closure#0}
[INFO] [stdout]                                at /rustc/dfb0accb7f508ae8be965d8629557221c889dd98/library/test/src/lib.rs:677:43
[INFO] [stdout]   31:     0x61b7ff3f9bb4 - test[9d35eded1c95d3be]::run_test::{closure#1}
[INFO] [stdout]                                at /rustc/dfb0accb7f508ae8be965d8629557221c889dd98/library/test/src/lib.rs:707:41
[INFO] [stdout]   32:     0x61b7ff3f9bb4 - std[70759c8f55707aa4]::sys::backtrace::__rust_begin_short_backtrace::<test[9d35eded1c95d3be]::run_test::{closure#1}, ()>
[INFO] [stdout]                                at /rustc/dfb0accb7f508ae8be965d8629557221c889dd98/library/std/src/sys/backtrace.rs:166:18
[INFO] [stdout]   33:     0x61b7ff403452 - std[70759c8f55707aa4]::thread::lifecycle::spawn_unchecked::<test[9d35eded1c95d3be]::run_test::{closure#1}, ()>::{closure#1}::{closure#0}
[INFO] [stdout]                                at /rustc/dfb0accb7f508ae8be965d8629557221c889dd98/library/std/src/thread/lifecycle.rs:70:13
[INFO] [stdout]   34:     0x61b7ff403452 - <core[df12db4294e9bfd3]::panic::unwind_safe::AssertUnwindSafe<std[70759c8f55707aa4]::thread::lifecycle::spawn_unchecked<test[9d35eded1c95d3be]::run_test::{closure#1}, ()>::{closure#1}::{closure#0}> as core[df12db4294e9bfd3]::ops::function::FnOnce<()>>::call_once
[INFO] [stdout]                                at /rustc/dfb0accb7f508ae8be965d8629557221c889dd98/library/core/src/panic/unwind_safe.rs:275:9
[INFO] [stdout]   35:     0x61b7ff403452 - std[70759c8f55707aa4]::panicking::catch_unwind::do_call::<core[df12db4294e9bfd3]::panic::unwind_safe::AssertUnwindSafe<std[70759c8f55707aa4]::thread::lifecycle::spawn_unchecked<test[9d35eded1c95d3be]::run_test::{closure#1}, ()>::{closure#1}::{closure#0}>, ()>
[INFO] [stdout]                                at /rustc/dfb0accb7f508ae8be965d8629557221c889dd98/library/std/src/panicking.rs:576:43
[INFO] [stdout]   36:     0x61b7ff403452 - std[70759c8f55707aa4]::panicking::catch_unwind::<(), core[df12db4294e9bfd3]::panic::unwind_safe::AssertUnwindSafe<std[70759c8f55707aa4]::thread::lifecycle::spawn_unchecked<test[9d35eded1c95d3be]::run_test::{closure#1}, ()>::{closure#1}::{closure#0}>>
[INFO] [stdout]                                at /rustc/dfb0accb7f508ae8be965d8629557221c889dd98/library/std/src/panicking.rs:544:19
[INFO] [stdout]   37:     0x61b7ff403452 - std[70759c8f55707aa4]::panic::catch_unwind::<core[df12db4294e9bfd3]::panic::unwind_safe::AssertUnwindSafe<std[70759c8f55707aa4]::thread::lifecycle::spawn_unchecked<test[9d35eded1c95d3be]::run_test::{closure#1}, ()>::{closure#1}::{closure#0}>, ()>
[INFO] [stdout]                                at /rustc/dfb0accb7f508ae8be965d8629557221c889dd98/library/std/src/panic.rs:359:14
[INFO] [stdout]   38:     0x61b7ff403452 - std[70759c8f55707aa4]::thread::lifecycle::spawn_unchecked::<test[9d35eded1c95d3be]::run_test::{closure#1}, ()>::{closure#1}
[INFO] [stdout]                                at /rustc/dfb0accb7f508ae8be965d8629557221c889dd98/library/std/src/thread/lifecycle.rs:68:26
[INFO] [stdout]   39:     0x61b7ff403452 - <std[70759c8f55707aa4]::thread::lifecycle::spawn_unchecked<test[9d35eded1c95d3be]::run_test::{closure#1}, ()>::{closure#1} as core[df12db4294e9bfd3]::ops::function::FnOnce<()>>::call_once::{shim:vtable#0}
[INFO] [stdout]                                at /rustc/dfb0accb7f508ae8be965d8629557221c889dd98/library/core/src/ops/function.rs:250:5
[INFO] [stdout]   40:     0x61b7ff46de29 - <alloc[2182bb758b4b3781]::boxed::Box<dyn core[df12db4294e9bfd3]::ops::function::FnOnce<(), Output = ()> + core[df12db4294e9bfd3]::marker::Send> as core[df12db4294e9bfd3]::ops::function::FnOnce<()>>::call_once
[INFO] [stdout]                                at /rustc/dfb0accb7f508ae8be965d8629557221c889dd98/library/alloc/src/boxed.rs:2320:9
[INFO] [stdout]   41:     0x61b7ff46de29 - <std[70759c8f55707aa4]::sys::thread::unix::Thread>::new::thread_start
[INFO] [stdout]                                at /rustc/dfb0accb7f508ae8be965d8629557221c889dd98/library/std/src/sys/thread/unix.rs:123:17
[INFO] [stdout]   42:     0x787640881dfa - <unknown>
[INFO] [stdout]   43:     0x7876409153d4 - clone
[INFO] [stdout]   44:                0x0 - <unknown>
[INFO] [stdout] 
[INFO] [stdout] 
[INFO] [stdout] failures:
[INFO] [stdout]     repro_spliton_no_user_library
[INFO] [stdout] 
[INFO] [stdout] test result: FAILED. 1 passed; 1 failed; 0 ignored; 0 measured; 0 filtered out; finished in 0.17s
[INFO] [stdout] 
[INFO] [stderr] error: test failed, to rerun pass `--test spliton_repro`
[INFO] running `Command { std: "docker" "inspect" "7cb4bcfc2c04e1f14669ec714dc91ecb61d9efcfe3f958c146763f6ce859a9f1", kill_on_drop: false }`
[INFO] running `Command { std: "docker" "rm" "-f" "7cb4bcfc2c04e1f14669ec714dc91ecb61d9efcfe3f958c146763f6ce859a9f1", kill_on_drop: false }`
[INFO] [stdout] 7cb4bcfc2c04e1f14669ec714dc91ecb61d9efcfe3f958c146763f6ce859a9f1
