[INFO] fetching crate ticky 1.0.2...
[INFO] testing ticky-1.0.2 against 1.99.0-beta.8 for beta-1.100-2
[INFO] extracting crate ticky 1.0.2 into /workspace/builds/worker-6-tc1/source
[INFO] removed /workspace/builds/worker-6-tc1/source/.cargo/config
[INFO] started tweaking crates.io crate ticky 1.0.2
[INFO] finished tweaking crates.io crate ticky 1.0.2
[INFO] tweaked toml for crates.io crate ticky 1.0.2 written to /workspace/builds/worker-6-tc1/source/Cargo.toml
[INFO] validating manifest of crates.io crate ticky 1.0.2 on toolchain 1.99.0-beta.8
[INFO] running `Command { std: CARGO_HOME="/workspace/cargo-home" RUSTUP_HOME="/workspace/rustup-home" "/workspace/cargo-home/bin/cargo" "+1.99.0-beta.8" "metadata" "--manifest-path" "Cargo.toml" "--no-deps", kill_on_drop: false }`
[INFO] running `Command { std: CARGO_HOME="/workspace/cargo-home" RUSTUP_HOME="/workspace/rustup-home" "/workspace/cargo-home/bin/cargo" "+1.99.0-beta.8" "generate-lockfile" "--manifest-path" "Cargo.toml", kill_on_drop: false }`
[INFO] [stderr]     Updating crates.io index
[INFO] [stderr]      Locking 36 packages to highest compatible versions
[INFO] [stderr]       Adding derive_more v0.99.20 (available: v2.1.1)
[INFO] [stderr]       Adding hifitime v3.9.0 (available: v4.3.1)
[INFO] running `Command { std: CARGO_HOME="/workspace/cargo-home" RUSTUP_HOME="/workspace/rustup-home" "/workspace/cargo-home/bin/cargo" "+1.99.0-beta.8" "fetch" "--manifest-path" "Cargo.toml", kill_on_drop: false }`
[INFO] [stderr]  Downloading crates ...
[INFO] [stderr]   Downloaded hifitime v3.9.0
[INFO] running `Command { std: "docker" "create" "-v" "/var/lib/crater-agent-workspace/builds/worker-6-tc1/source:/opt/rustwide/workdir:ro,Z" "-v" "/var/lib/crater-agent-workspace/builds/worker-6-tc1/target:/opt/rustwide/target:rw,Z" "-v" "/var/lib/crater-agent-workspace/cargo-home:/opt/rustwide/cargo-home:ro,Z" "-v" "/var/lib/crater-agent-workspace/rustup-home:/opt/rustwide/rustup-home:ro,Z" "-m" "1610612736" "--network" "none" "ghcr.io/rust-lang/crates-build-env/linux@sha256:3111399a4047eeb3a02b7a90e478d715f38a8c6669b5c4b49d30a17385265909" "sleep" "infinity", kill_on_drop: false }`
[INFO] [stdout] 90be236e83194c555e1ee93d60de9db917a06b1265792e048994033af1fa5990
[INFO] running `Command { std: "docker" "start" "90be236e83194c555e1ee93d60de9db917a06b1265792e048994033af1fa5990", kill_on_drop: false }`
[INFO] running `Command { std: "docker" "inspect" "90be236e83194c555e1ee93d60de9db917a06b1265792e048994033af1fa5990", kill_on_drop: false }`
[INFO] running `Command { std: "docker" "exec" "-e" "SOURCE_DIR=/opt/rustwide/workdir" "-e" "CARGO_HOME=/opt/rustwide/cargo-home" "-e" "RUSTUP_HOME=/opt/rustwide/rustup-home" "-e" "CARGO_TARGET_DIR=/opt/rustwide/target" "-w" "/opt/rustwide/workdir" "--user" "0:0" "90be236e83194c555e1ee93d60de9db917a06b1265792e048994033af1fa5990" "/opt/rustwide/cargo-home/bin/cargo" "+1.99.0-beta.8" "metadata" "--no-deps" "--format-version=1", kill_on_drop: false }`
[INFO] running `Command { std: "docker" "inspect" "90be236e83194c555e1ee93d60de9db917a06b1265792e048994033af1fa5990", kill_on_drop: false }`
[INFO] running `Command { std: "docker" "exec" "-e" "SOURCE_DIR=/opt/rustwide/workdir" "-e" "CARGO_HOME=/opt/rustwide/cargo-home" "-e" "RUSTUP_HOME=/opt/rustwide/rustup-home" "-e" "CARGO_TARGET_DIR=/opt/rustwide/target" "-e" "CARGO_INCREMENTAL=0" "-e" "RUST_BACKTRACE=full" "-e" "RUSTFLAGS=--cap-lints=warn" "-e" "RUSTDOCFLAGS=--cap-lints=warn" "-w" "/opt/rustwide/workdir" "--user" "0:0" "90be236e83194c555e1ee93d60de9db917a06b1265792e048994033af1fa5990" "/opt/rustwide/cargo-home/bin/cargo" "+1.99.0-beta.8" "build" "--frozen" "--message-format=json", kill_on_drop: false }`
[INFO] [stderr]    Compiling ticky v1.0.2 (/opt/rustwide/workdir)
[INFO] [stderr]     Finished `dev` profile [unoptimized + debuginfo] target(s) in 0.52s
[INFO] running `Command { std: "docker" "inspect" "90be236e83194c555e1ee93d60de9db917a06b1265792e048994033af1fa5990", kill_on_drop: false }`
[INFO] running `Command { std: "docker" "exec" "-e" "SOURCE_DIR=/opt/rustwide/workdir" "-e" "CARGO_HOME=/opt/rustwide/cargo-home" "-e" "RUSTUP_HOME=/opt/rustwide/rustup-home" "-e" "CARGO_TARGET_DIR=/opt/rustwide/target" "-e" "CARGO_INCREMENTAL=0" "-e" "RUST_BACKTRACE=full" "-e" "RUSTFLAGS=--cap-lints=warn" "-e" "RUSTDOCFLAGS=--cap-lints=warn" "-w" "/opt/rustwide/workdir" "--user" "0:0" "90be236e83194c555e1ee93d60de9db917a06b1265792e048994033af1fa5990" "/opt/rustwide/cargo-home/bin/cargo" "+1.99.0-beta.8" "test" "--frozen" "--no-run" "--message-format=json", kill_on_drop: false }`
[INFO] [stderr]    Compiling ticky v1.0.2 (/opt/rustwide/workdir)
[INFO] [stderr]     Finished `test` profile [unoptimized + debuginfo] target(s) in 0.22s
[INFO] running `Command { std: "docker" "inspect" "90be236e83194c555e1ee93d60de9db917a06b1265792e048994033af1fa5990", kill_on_drop: false }`
[INFO] running `Command { std: "docker" "exec" "-e" "SOURCE_DIR=/opt/rustwide/workdir" "-e" "CARGO_HOME=/opt/rustwide/cargo-home" "-e" "RUSTUP_HOME=/opt/rustwide/rustup-home" "-e" "CARGO_TARGET_DIR=/opt/rustwide/target" "-e" "CARGO_INCREMENTAL=0" "-e" "RUST_BACKTRACE=full" "-e" "RUSTFLAGS=--cap-lints=warn" "-e" "RUSTDOCFLAGS=--cap-lints=warn" "-w" "/opt/rustwide/workdir" "--user" "0:0" "90be236e83194c555e1ee93d60de9db917a06b1265792e048994033af1fa5990" "/opt/rustwide/cargo-home/bin/cargo" "+1.99.0-beta.8" "test" "--frozen", kill_on_drop: false }`
[INFO] [stderr]     Finished `test` profile [unoptimized + debuginfo] target(s) in 0.04s
[INFO] [stderr]      Running unittests src/lib.rs (/opt/rustwide/target/debug/deps/ticky-11bf965ce6a2c388)
[INFO] [stdout] 
[INFO] [stdout] running 0 tests
[INFO] [stdout] 
[INFO] [stdout] test result: ok. 0 passed; 0 failed; 0 ignored; 0 measured; 0 filtered out; finished in 0.00s
[INFO] [stdout] 
[INFO] [stderr]    Doc-tests ticky
[INFO] [stdout] 
[INFO] [stdout] running 15 tests
[INFO] [stdout] test src/lib.rs - Stopwatch (line 318) ... ok
[INFO] [stdout] test src/lib.rs - (line 19) ... ok
[INFO] [stdout] test src/lib.rs - Stopwatch::is_running (line 594) ... ok
[INFO] [stdout] test src/lib.rs - Stopwatch::elapsed (line 407) ... ok
[INFO] [stdout] test src/lib.rs - Stopwatch::elapsed_ms_whole (line 426) ... ok
[INFO] [stdout] test src/lib.rs - Stopwatch::elapsed_ns_whole (line 458) ... ok
[INFO] [stdout] test src/lib.rs - Stopwatch::elapsed_us_whole (line 442) ... ok
[INFO] [stdout] test src/lib.rs - Stopwatch::elapsed_s_whole (line 490) ... ok
[INFO] [stdout] test src/lib.rs - Stopwatch::new (line 520) ... ok
[INFO] [stdout] test src/lib.rs - Stopwatch::elapsed_s (line 474) ... FAILED
[INFO] [stdout] test src/lib.rs - Stopwatch::start_new (line 536) ... ok
[INFO] [stdout] test src/lib.rs - Stopwatch::reset (line 553) ... ok
[INFO] [stdout] test src/lib.rs - Stopwatch::start (line 365) ... ok
[INFO] [stdout] test src/lib.rs - Stopwatch::stop (line 386) ... ok
[INFO] [stdout] test src/lib.rs - Stopwatch::restart (line 574) ... ok
[INFO] [stderr] error: doctest failed, to rerun pass `--doc`
[INFO] [stdout] 
[INFO] [stdout] failures:
[INFO] [stdout] 
[INFO] [stdout] ---- src/lib.rs - Stopwatch::elapsed_s (line 474) stdout ----
[INFO] [stdout] Test executable failed (exit status: 101).
[INFO] [stdout] 
[INFO] [stdout] stderr:
[INFO] [stdout] 
[INFO] [stdout] thread 'main' (268) panicked at src/lib.rs:11:1:
[INFO] [stdout] assertion failed: (sw.elapsed_s() - 1.5).abs() < 0.01
[INFO] [stdout] stack backtrace:
[INFO] [stdout]    0:     0x63f368607711 - std[70759c8f55707aa4]::backtrace_rs::backtrace::libunwind::trace
[INFO] [stdout]                                at /rustc/dfb0accb7f508ae8be965d8629557221c889dd98/library/std/src/../../backtrace/src/backtrace/libunwind.rs:117:9
[INFO] [stdout]    1:     0x63f368607711 - std[70759c8f55707aa4]::backtrace_rs::backtrace::trace_unsynchronized::<std[70759c8f55707aa4]::sys::backtrace::_print_fmt::{closure#1}>
[INFO] [stdout]                                at /rustc/dfb0accb7f508ae8be965d8629557221c889dd98/library/std/src/../../backtrace/src/backtrace/mod.rs:66:14
[INFO] [stdout]    2:     0x63f368607711 - std[70759c8f55707aa4]::sys::backtrace::_print_fmt
[INFO] [stdout]                                at /rustc/dfb0accb7f508ae8be965d8629557221c889dd98/library/std/src/sys/backtrace.rs:74:9
[INFO] [stdout]    3:     0x63f368607711 - <<std[70759c8f55707aa4]::sys::backtrace::BacktraceLock>::print::DisplayBacktrace as core[df12db4294e9bfd3]::fmt::Display>::fmt
[INFO] [stdout]                                at /rustc/dfb0accb7f508ae8be965d8629557221c889dd98/library/std/src/sys/backtrace.rs:44:26
[INFO] [stdout]    4:     0x63f368617baa - <core[df12db4294e9bfd3]::fmt::rt::Argument>::fmt
[INFO] [stdout]                                at /rustc/dfb0accb7f508ae8be965d8629557221c889dd98/library/core/src/fmt/rt.rs:152:76
[INFO] [stdout]    5:     0x63f368617baa - core[df12db4294e9bfd3]::fmt::write
[INFO] [stdout]    6:     0x63f36860aafc - core[df12db4294e9bfd3]::io::write::default_write_fmt::<std[70759c8f55707aa4]::sys::stdio::unix::Stderr>
[INFO] [stdout]                                at /rustc/dfb0accb7f508ae8be965d8629557221c889dd98/library/core/src/io/write.rs:402:11
[INFO] [stdout]    7:     0x63f36860aafc - <std[70759c8f55707aa4]::sys::stdio::unix::Stderr as core[df12db4294e9bfd3]::io::write::Write>::write_fmt
[INFO] [stdout]                                at /rustc/dfb0accb7f508ae8be965d8629557221c889dd98/library/core/src/io/write.rs:335:13
[INFO] [stdout]    8:     0x63f3685f18b6 - <std[70759c8f55707aa4]::sys::backtrace::BacktraceLock>::print
[INFO] [stdout]                                at /rustc/dfb0accb7f508ae8be965d8629557221c889dd98/library/std/src/sys/backtrace.rs:47:9
[INFO] [stdout]    9:     0x63f3685f18b6 - std[70759c8f55707aa4]::panicking::default_hook::{closure#0}
[INFO] [stdout]                                at /rustc/dfb0accb7f508ae8be965d8629557221c889dd98/library/std/src/panicking.rs:292:27
[INFO] [stdout]   10:     0x63f368604161 - std[70759c8f55707aa4]::panicking::default_hook
[INFO] [stdout]                                at /rustc/dfb0accb7f508ae8be965d8629557221c889dd98/library/std/src/panicking.rs:319:9
[INFO] [stdout]   11:     0x63f36860431b - std[70759c8f55707aa4]::panicking::panic_with_hook
[INFO] [stdout]                                at /rustc/dfb0accb7f508ae8be965d8629557221c889dd98/library/std/src/panicking.rs:815:13
[INFO] [stdout]   12:     0x63f3685f1994 - std[70759c8f55707aa4]::panicking::panic_handler::{closure#0}
[INFO] [stdout]                                at /rustc/dfb0accb7f508ae8be965d8629557221c889dd98/library/std/src/panicking.rs:681:13
[INFO] [stdout]   13:     0x63f3685eab89 - std[70759c8f55707aa4]::sys::backtrace::__rust_end_short_backtrace::<std[70759c8f55707aa4]::panicking::panic_handler::{closure#0}, !>
[INFO] [stdout]                                at /rustc/dfb0accb7f508ae8be965d8629557221c889dd98/library/std/src/sys/backtrace.rs:182:18
[INFO] [stdout]   14:     0x63f3685f20dd - __rustc[8fa7c3cbc660c2b3]::rust_begin_unwind
[INFO] [stdout]                                at /rustc/dfb0accb7f508ae8be965d8629557221c889dd98/library/std/src/panicking.rs:679:5
[INFO] [stdout]   15:     0x63f3686182dc - core[df12db4294e9bfd3]::panicking::panic_fmt
[INFO] [stdout]                                at /rustc/dfb0accb7f508ae8be965d8629557221c889dd98/library/core/src/panicking.rs:80:14
[INFO] [stdout]   16:     0x63f3686182a2 - core[df12db4294e9bfd3]::panicking::panic
[INFO] [stdout]                                at /rustc/dfb0accb7f508ae8be965d8629557221c889dd98/library/core/src/panicking.rs:150:5
[INFO] [stdout]   17:     0x63f3685e0558 - rust_out[fc2a76a7d39855e1]::main::_doctest_main_src_lib_rs_474_0
[INFO] [stdout]   18:     0x63f3685e0496 - rust_out[fc2a76a7d39855e1]::main
[INFO] [stdout]   19:     0x63f3685e056b - <fn() as core[df12db4294e9bfd3]::ops::function::FnOnce<()>>::call_once
[INFO] [stdout]   20:     0x63f3685e045e - std[70759c8f55707aa4]::sys::backtrace::__rust_begin_short_backtrace::<fn(), ()>
[INFO] [stdout]   21:     0x63f3685e0469 - std[70759c8f55707aa4]::rt::lang_start::<()>::{closure#0}
[INFO] [stdout]   22:     0x63f3686038c9 - <&dyn core[df12db4294e9bfd3]::ops::function::Fn<(), Output = i32> + core[df12db4294e9bfd3]::panic::unwind_safe::RefUnwindSafe + core[df12db4294e9bfd3]::marker::Sync as core[df12db4294e9bfd3]::ops::function::FnOnce<()>>::call_once
[INFO] [stdout]                                at /rustc/dfb0accb7f508ae8be965d8629557221c889dd98/library/core/src/ops/function.rs:287:21
[INFO] [stdout]   23:     0x63f3686038c9 - std[70759c8f55707aa4]::panicking::catch_unwind::do_call::<&dyn core[df12db4294e9bfd3]::ops::function::Fn<(), Output = i32> + core[df12db4294e9bfd3]::panic::unwind_safe::RefUnwindSafe + core[df12db4294e9bfd3]::marker::Sync, i32>
[INFO] [stdout]                                at /rustc/dfb0accb7f508ae8be965d8629557221c889dd98/library/std/src/panicking.rs:576:43
[INFO] [stdout]   24:     0x63f3686038c9 - std[70759c8f55707aa4]::panicking::catch_unwind::<i32, &dyn core[df12db4294e9bfd3]::ops::function::Fn<(), Output = i32> + core[df12db4294e9bfd3]::panic::unwind_safe::RefUnwindSafe + core[df12db4294e9bfd3]::marker::Sync>
[INFO] [stdout]                                at /rustc/dfb0accb7f508ae8be965d8629557221c889dd98/library/std/src/panicking.rs:544:19
[INFO] [stdout]   25:     0x63f3686038c9 - std[70759c8f55707aa4]::panic::catch_unwind::<&dyn core[df12db4294e9bfd3]::ops::function::Fn<(), Output = i32> + core[df12db4294e9bfd3]::panic::unwind_safe::RefUnwindSafe + core[df12db4294e9bfd3]::marker::Sync, i32>
[INFO] [stdout]                                at /rustc/dfb0accb7f508ae8be965d8629557221c889dd98/library/std/src/panic.rs:359:14
[INFO] [stdout]   26:     0x63f3686038c9 - std[70759c8f55707aa4]::rt::lang_start_internal::{closure#0}
[INFO] [stdout]                                at /rustc/dfb0accb7f508ae8be965d8629557221c889dd98/library/std/src/rt.rs:175:24
[INFO] [stdout]   27:     0x63f3686038c9 - std[70759c8f55707aa4]::panicking::catch_unwind::do_call::<std[70759c8f55707aa4]::rt::lang_start_internal::{closure#0}, isize>
[INFO] [stdout]                                at /rustc/dfb0accb7f508ae8be965d8629557221c889dd98/library/std/src/panicking.rs:576:43
[INFO] [stdout]   28:     0x63f3686038c9 - std[70759c8f55707aa4]::panicking::catch_unwind::<isize, std[70759c8f55707aa4]::rt::lang_start_internal::{closure#0}>
[INFO] [stdout]                                at /rustc/dfb0accb7f508ae8be965d8629557221c889dd98/library/std/src/panicking.rs:544:19
[INFO] [stdout]   29:     0x63f3686038c9 - std[70759c8f55707aa4]::panic::catch_unwind::<std[70759c8f55707aa4]::rt::lang_start_internal::{closure#0}, isize>
[INFO] [stdout]                                at /rustc/dfb0accb7f508ae8be965d8629557221c889dd98/library/std/src/panic.rs:359:14
[INFO] [stdout]   30:     0x63f3686038c9 - std[70759c8f55707aa4]::rt::lang_start_internal
[INFO] [stdout]                                at /rustc/dfb0accb7f508ae8be965d8629557221c889dd98/library/std/src/rt.rs:171:5
[INFO] [stdout]   31:     0x63f3685e0451 - std[70759c8f55707aa4]::rt::lang_start::<()>
[INFO] [stdout]   32:     0x63f3685e05a5 - main
[INFO] [stdout]   33:     0x75c9d6a12601 - <unknown>
[INFO] [stdout]   34:     0x75c9d6a12718 - __libc_start_main
[INFO] [stdout]   35:     0x63f3685e0365 - _start
[INFO] [stdout]   36:                0x0 - <unknown>
[INFO] [stdout] 
[INFO] [stdout] 
[INFO] [stdout] 
[INFO] [stdout] failures:
[INFO] [stdout]     src/lib.rs - Stopwatch::elapsed_s (line 474)
[INFO] [stdout] 
[INFO] [stdout] test result: FAILED. 14 passed; 1 failed; 0 ignored; 0 measured; 0 filtered out; finished in 4.07s
[INFO] [stdout] 
[INFO] running `Command { std: "docker" "inspect" "90be236e83194c555e1ee93d60de9db917a06b1265792e048994033af1fa5990", kill_on_drop: false }`
[INFO] running `Command { std: "docker" "rm" "-f" "90be236e83194c555e1ee93d60de9db917a06b1265792e048994033af1fa5990", kill_on_drop: false }`
[INFO] [stdout] 90be236e83194c555e1ee93d60de9db917a06b1265792e048994033af1fa5990
