[INFO] fetching crate thunder-rpc 0.2.2...
[INFO] testing thunder-rpc-0.2.2 against 1.100.0-beta.1 for beta-1.100-2
[INFO] extracting crate thunder-rpc 0.2.2 into /workspace/builds/worker-7-tc2/source
[INFO] started tweaking crates.io crate thunder-rpc 0.2.2
[INFO] removed 0 missing examples
[INFO] removed 0 missing tests
[INFO] finished tweaking crates.io crate thunder-rpc 0.2.2
[INFO] tweaked toml for crates.io crate thunder-rpc 0.2.2 written to /workspace/builds/worker-7-tc2/source/Cargo.toml
[INFO] validating manifest of crates.io crate thunder-rpc 0.2.2 on toolchain 1.100.0-beta.1
[INFO] running `Command { std: CARGO_HOME="/workspace/cargo-home" RUSTUP_HOME="/workspace/rustup-home" "/workspace/cargo-home/bin/cargo" "+1.100.0-beta.1" "metadata" "--manifest-path" "Cargo.toml" "--no-deps", kill_on_drop: false }`
[INFO] crate crates.io crate thunder-rpc 0.2.2 already has a lockfile, it will not be regenerated
[INFO] running `Command { std: CARGO_HOME="/workspace/cargo-home" RUSTUP_HOME="/workspace/rustup-home" "/workspace/cargo-home/bin/cargo" "+1.100.0-beta.1" "fetch" "--manifest-path" "Cargo.toml", kill_on_drop: false }`
[INFO] [stderr]     Blocking waiting for file lock on package cache
[INFO] running `Command { std: "docker" "create" "-v" "/var/lib/crater-agent-workspace/builds/worker-7-tc2/source:/opt/rustwide/workdir:ro,Z" "-v" "/var/lib/crater-agent-workspace/builds/worker-7-tc2/target:/opt/rustwide/target:rw,Z" "-v" "/var/lib/crater-agent-workspace/cargo-home:/opt/rustwide/cargo-home:ro,Z" "-v" "/var/lib/crater-agent-workspace/rustup-home:/opt/rustwide/rustup-home:ro,Z" "-m" "1610612736" "--network" "none" "ghcr.io/rust-lang/crates-build-env/linux@sha256:3111399a4047eeb3a02b7a90e478d715f38a8c6669b5c4b49d30a17385265909" "sleep" "infinity", kill_on_drop: false }`
[INFO] [stdout] bf3fdc80727ea1cddf8578dfcd6e1cb219cbbb6c810babdd817b5e87eefdcb54
[INFO] running `Command { std: "docker" "start" "bf3fdc80727ea1cddf8578dfcd6e1cb219cbbb6c810babdd817b5e87eefdcb54", kill_on_drop: false }`
[INFO] running `Command { std: "docker" "inspect" "bf3fdc80727ea1cddf8578dfcd6e1cb219cbbb6c810babdd817b5e87eefdcb54", kill_on_drop: false }`
[INFO] running `Command { std: "docker" "exec" "-e" "SOURCE_DIR=/opt/rustwide/workdir" "-e" "CARGO_HOME=/opt/rustwide/cargo-home" "-e" "RUSTUP_HOME=/opt/rustwide/rustup-home" "-e" "CARGO_TARGET_DIR=/opt/rustwide/target" "-w" "/opt/rustwide/workdir" "--user" "0:0" "bf3fdc80727ea1cddf8578dfcd6e1cb219cbbb6c810babdd817b5e87eefdcb54" "/opt/rustwide/cargo-home/bin/cargo" "+1.100.0-beta.1" "metadata" "--no-deps" "--format-version=1", kill_on_drop: false }`
[INFO] running `Command { std: "docker" "inspect" "bf3fdc80727ea1cddf8578dfcd6e1cb219cbbb6c810babdd817b5e87eefdcb54", kill_on_drop: false }`
[INFO] running `Command { std: "docker" "exec" "-e" "SOURCE_DIR=/opt/rustwide/workdir" "-e" "CARGO_HOME=/opt/rustwide/cargo-home" "-e" "RUSTUP_HOME=/opt/rustwide/rustup-home" "-e" "CARGO_TARGET_DIR=/opt/rustwide/target" "-e" "CARGO_INCREMENTAL=0" "-e" "RUST_BACKTRACE=full" "-e" "RUSTFLAGS=--cap-lints=warn" "-e" "RUSTDOCFLAGS=--cap-lints=warn" "-w" "/opt/rustwide/workdir" "--user" "0:0" "bf3fdc80727ea1cddf8578dfcd6e1cb219cbbb6c810babdd817b5e87eefdcb54" "/opt/rustwide/cargo-home/bin/cargo" "+1.100.0-beta.1" "build" "--frozen" "--message-format=json", kill_on_drop: false }`
[INFO] [stderr]    Compiling num-traits v0.2.19
[INFO] [stderr]    Compiling syn v2.0.119
[INFO] [stderr]    Compiling mio v1.2.2
[INFO] [stderr]    Compiling socket2 v0.6.5
[INFO] [stderr]    Compiling serde_bytes v0.11.19
[INFO] [stderr]    Compiling rmp v0.8.15
[INFO] [stderr]    Compiling serde_derive v1.0.228
[INFO] [stderr]    Compiling thiserror-impl v2.0.18
[INFO] [stderr]    Compiling tokio-macros v2.7.0
[INFO] [stderr]    Compiling tokio v1.52.4
[INFO] [stderr]    Compiling thiserror v2.0.18
[INFO] [stderr]    Compiling serde v1.0.228
[INFO] [stderr]    Compiling rmp-serde v1.3.1
[INFO] [stderr]    Compiling thunder-rpc v0.2.2 (/opt/rustwide/workdir)
[INFO] [stderr]     Finished `dev` profile [unoptimized + debuginfo] target(s) in 20.38s
[INFO] running `Command { std: "docker" "inspect" "bf3fdc80727ea1cddf8578dfcd6e1cb219cbbb6c810babdd817b5e87eefdcb54", kill_on_drop: false }`
[INFO] running `Command { std: "docker" "exec" "-e" "SOURCE_DIR=/opt/rustwide/workdir" "-e" "CARGO_HOME=/opt/rustwide/cargo-home" "-e" "RUSTUP_HOME=/opt/rustwide/rustup-home" "-e" "CARGO_TARGET_DIR=/opt/rustwide/target" "-e" "CARGO_INCREMENTAL=0" "-e" "RUST_BACKTRACE=full" "-e" "RUSTFLAGS=--cap-lints=warn" "-e" "RUSTDOCFLAGS=--cap-lints=warn" "-w" "/opt/rustwide/workdir" "--user" "0:0" "bf3fdc80727ea1cddf8578dfcd6e1cb219cbbb6c810babdd817b5e87eefdcb54" "/opt/rustwide/cargo-home/bin/cargo" "+1.100.0-beta.1" "test" "--frozen" "--no-run" "--message-format=json", kill_on_drop: false }`
[INFO] [stderr]    Compiling syn v2.0.119
[INFO] [stderr]    Compiling smallvec v1.15.2
[INFO] [stderr]    Compiling cc v1.2.67
[INFO] [stderr]    Compiling zeroize v1.9.0
[INFO] [stderr]    Compiling getrandom v0.2.17
[INFO] [stderr]    Compiling http-body v1.1.0
[INFO] [stderr]    Compiling serde_json v1.0.150
[INFO] [stderr]    Compiling rustls v0.23.42
[INFO] [stderr]    Compiling serde_core v1.0.228
[INFO] [stderr]    Compiling parking_lot_core v0.9.12
[INFO] [stderr]    Compiling ref-cast v1.0.25
[INFO] [stderr]    Compiling memchr v2.8.3
[INFO] [stderr]    Compiling parking_lot v0.12.5
[INFO] [stderr]    Compiling rustls-pki-types v1.15.0
[INFO] [stderr]    Compiling anyhow v1.0.103
[INFO] [stderr]    Compiling time v0.3.53
[INFO] [stderr]    Compiling webpki-roots v1.0.8
[INFO] [stderr]    Compiling http-body-util v0.1.4
[INFO] [stderr]    Compiling pem v3.0.6
[INFO] [stderr]    Compiling serde_bytes v0.11.19
[INFO] [stderr]    Compiling yasna v0.5.2
[INFO] [stderr]    Compiling ring v0.17.14
[INFO] [stderr]    Compiling synstructure v0.13.2
[INFO] [stderr]    Compiling darling_core v0.21.3
[INFO] [stderr]    Compiling serde_derive_internals v0.29.1
[INFO] [stderr]    Compiling zerofrom-derive v0.1.7
[INFO] [stderr]    Compiling yoke-derive v0.8.2
[INFO] [stderr]    Compiling zerovec-derive v0.11.3
[INFO] [stderr]    Compiling displaydoc v0.2.6
[INFO] [stderr]    Compiling tokio-macros v2.7.0
[INFO] [stderr]    Compiling serde_derive v1.0.228
[INFO] [stderr]    Compiling futures-macro v0.3.32
[INFO] [stderr]    Compiling tokio v1.52.4
[INFO] [stderr]    Compiling tracing-attributes v0.1.31
[INFO] [stderr]    Compiling rustls-webpki v0.103.13
[INFO] [stderr]    Compiling zerofrom v0.1.8
[INFO] [stderr]    Compiling yoke v0.8.3
[INFO] [stderr]    Compiling futures-util v0.3.32
[INFO] [stderr]    Compiling zerovec v0.11.6
[INFO] [stderr]    Compiling zerotrie v0.2.4
[INFO] [stderr]    Compiling tinystr v0.8.3
[INFO] [stderr]    Compiling icu_locale_core v2.2.0
[INFO] [stderr]    Compiling potential_utf v0.1.5
[INFO] [stderr]    Compiling tracing v0.1.44
[INFO] [stderr]    Compiling icu_collections v2.2.0
[INFO] [stderr]    Compiling darling_macro v0.21.3
[INFO] [stderr]    Compiling thiserror-impl v2.0.18
[INFO] [stderr]    Compiling ref-cast-impl v1.0.25
[INFO] [stderr]    Compiling darling v0.21.3
[INFO] [stderr]    Compiling schemars_derive v1.2.1
[INFO] [stderr]    Compiling rmcp-macros v0.8.5
[INFO] [stderr]    Compiling serde v1.0.228
[INFO] [stderr]    Compiling icu_provider v2.2.0
[INFO] [stderr]    Compiling thiserror-impl v1.0.69
[INFO] [stderr]    Compiling icu_normalizer v2.2.0
[INFO] [stderr]    Compiling icu_properties v2.2.0
[INFO] [stderr]    Compiling chrono v0.4.45
[INFO] [stderr]    Compiling thiserror v2.0.18
[INFO] [stderr]    Compiling serde_urlencoded v0.7.1
[INFO] [stderr]    Compiling rmp-serde v1.3.1
[INFO] [stderr]    Compiling futures-executor v0.3.32
[INFO] [stderr]    Compiling thiserror v1.0.69
[INFO] [stderr]    Compiling serde_yaml v0.9.34+deprecated
[INFO] [stderr]    Compiling futures v0.3.32
[INFO] [stderr]    Compiling rcgen v0.13.2
[INFO] [stderr]    Compiling idna_adapter v1.2.2
[INFO] [stderr]    Compiling idna v1.1.0
[INFO] [stderr]    Compiling schemars v1.2.1
[INFO] [stderr]    Compiling url v2.5.8
[INFO] [stderr]    Compiling hyper v1.10.1
[INFO] [stderr]    Compiling tower v0.5.3
[INFO] [stderr]    Compiling tokio-rustls v0.26.4
[INFO] [stderr]    Compiling tokio-util v0.7.18
[INFO] [stderr]    Compiling tokio-stream v0.1.18
[INFO] [stderr]    Compiling thunder-rpc v0.2.2 (/opt/rustwide/workdir)
[INFO] [stderr]    Compiling tower-http v0.6.11
[INFO] [stderr]    Compiling hyper-util v0.1.20
[INFO] [stderr]    Compiling rmcp v0.8.5
[INFO] [stderr]    Compiling hyper-rustls v0.27.9
[INFO] [stderr]    Compiling reqwest v0.12.28
[INFO] [stderr]    Compiling nexus-protocol v2.5.0
[INFO] [stderr]     Finished `test` profile [unoptimized + debuginfo] target(s) in 2m 05s
[INFO] running `Command { std: "docker" "inspect" "bf3fdc80727ea1cddf8578dfcd6e1cb219cbbb6c810babdd817b5e87eefdcb54", kill_on_drop: false }`
[INFO] running `Command { std: "docker" "exec" "-e" "SOURCE_DIR=/opt/rustwide/workdir" "-e" "CARGO_HOME=/opt/rustwide/cargo-home" "-e" "RUSTUP_HOME=/opt/rustwide/rustup-home" "-e" "CARGO_TARGET_DIR=/opt/rustwide/target" "-e" "CARGO_INCREMENTAL=0" "-e" "RUST_BACKTRACE=full" "-e" "RUSTFLAGS=--cap-lints=warn" "-e" "RUSTDOCFLAGS=--cap-lints=warn" "-w" "/opt/rustwide/workdir" "--user" "0:0" "bf3fdc80727ea1cddf8578dfcd6e1cb219cbbb6c810babdd817b5e87eefdcb54" "/opt/rustwide/cargo-home/bin/cargo" "+1.100.0-beta.1" "test" "--frozen", kill_on_drop: false }`
[INFO] [stderr]     Finished `test` profile [unoptimized + debuginfo] target(s) in 0.27s
[INFO] [stderr]      Running unittests src/lib.rs (/opt/rustwide/target/debug/build/thunder-rpc/dc6bbeae005b661d/out/thunder-dc6bbeae005b661d)
[INFO] [stdout] 
[INFO] [stdout] running 81 tests
[INFO] [stdout] test client::endpoint::tests::a_scheme_other_than_the_configured_one_is_rejected ... ok
[INFO] [stdout] test client::endpoint::tests::explicit_port_wins_over_default ... ok
[INFO] [stdout] test client::endpoint::tests::http_and_https_are_rejected_with_pointer_to_http_client ... ok
[INFO] [stdout] test client::endpoint::tests::any_application_can_pick_any_scheme_without_a_thunder_release ... ok
[INFO] [stdout] test client::endpoint::tests::empty_host_is_rejected ... ok
[INFO] [stdout] test client::endpoint::tests::invalid_ports_are_rejected ... ok
[INFO] [stdout] test client::endpoint::tests::bare_host_port_is_accepted_rpc_implied ... ok
[INFO] [stdout] test client::endpoint::tests::ipv6_literals_parse_with_and_without_brackets ... ok
[INFO] [stdout] test client::endpoint::tests::the_configured_scheme_resolves_the_configured_default_port ... ok
[INFO] [stdout] test client::error::tests::bracket_code_still_maps_auth_prefixes_to_auth_class ... ok
[INFO] [stdout] test client::error::tests::none_convention_never_parses ... ok
[INFO] [stdout] test client::error::tests::malformed_bracket_prefixes_are_left_alone ... ok
[INFO] [stdout] test client::endpoint::tests::bare_host_without_port_is_rejected ... ok
[INFO] [stdout] test client::endpoint::tests::bare_host_port_works_even_with_no_scheme_configured ... ok
[INFO] [stdout] test client::endpoint::tests::trailing_slash_is_tolerated_but_paths_are_not ... ok
[INFO] [stdout] test client::error::tests::resp3_auth_prefixes_map_to_auth_class ... ok
[INFO] [stdout] test client::error::tests::both_convention_composes_bracket_and_prefixes ... ok
[INFO] [stdout] test client::error::tests::bracket_code_extracts_structured_code_and_keeps_raw_message ... ok
[INFO] [stdout] test client::error::tests::resp3_prefix_must_be_word_aligned ... ok
[INFO] [stdout] test client::pool::tests::new_does_not_dial_and_clamps_capacity ... ok
[INFO] [stdout] test client::error::tests::resp3_err_prefix_is_generic_server_error_without_code ... ok
[INFO] [stdout] test server::tests::a_non_admin_identity_is_refused ... ok
[INFO] [stdout] test server::tests::error_helpers_format_the_family_conventions ... ok
[INFO] [stdout] test server::tests::auth_command_profile_serves_uncredentialed_sessions_when_open ... ok
[INFO] [stdout] test server::tests::auth_command_shape_gates_until_auth_when_the_deployment_requires_it ... ok
[INFO] [stdout] test server::tests::a_shared_handle_can_both_observe_and_stop ... ok
[INFO] [stdout] test server::tests::auth_command_profile_gates_until_auth_succeeds ... ok
[INFO] [stdout] test server::tests::hello_mandatory_bad_credentials_error_allows_retry ... ok
[INFO] [stdout] test server::tests::hello_mandatory_handshake_grants_access_and_reports_capabilities ... ok
[INFO] [stdout] test server::tests::handshake_none_dispatches_the_first_frame ... ok
[INFO] [stdout] test server::tests::identity_is_captured_at_auth_not_re_read_per_command ... ok
[INFO] [stdout] test server::tests::malformed_body_closes_only_that_connection ... ok
[INFO] [stdout] test server::tests::hello_mandatory_rejects_non_hello_first_frame_and_closes ... ok
[INFO] [stdout] test server::tests::hello_reply_matches_the_metadata_shape ... ok
[INFO] [stdout] test server::tests::non_hello_first_frames_are_counted_for_handshake_adoption ... ok
[INFO] [stdout] test server::tests::no_observer_means_no_observer_work ... ok
[INFO] [stdout] test server::tests::open_deployment_still_rejects_bad_credentials ... ok
[INFO] [stdout] test server::tests::oversized_frame_closes_the_connection_without_killing_the_listener ... ok
[INFO] [stdout] test server::tests::ping_round_trips_pre_auth ... ok
[INFO] [stdout] test server::tests::push_frames_flow_when_push_is_enabled ... ok
[INFO] [stdout] test server::tests::push_id_client_frame_is_refused_and_connection_stays_usable ... ok
[INFO] [stdout] test server::tests::push_reserved_profile_exposes_no_push_sender ... ok
[INFO] [stdout] test server::tests::max_connections_defaults_to_unbounded ... ok
[INFO] [stdout] test server::tests::max_connections_refuses_past_the_ceiling_and_counts_it ... ok
[INFO] [stdout] test server::tests::the_identity_defaults_to_unit_for_products_that_do_not_need_one ... ok
[INFO] [stdout] test server::tests::stopping_twice_is_safe ... ok
[INFO] [stdout] test server::tests::the_product_identity_survives_to_authorization_without_a_second_lookup ... ok
[INFO] [stdout] test server::tests::metrics_snapshot_counts_after_successful_writes ... ok
[INFO] [stdout] test wire::frame::tests::async_read_rejects_oversized_prefix_without_reading_body ... ok
[INFO] [stdout] test server::tests::unknown_command_error_leaves_connection_usable ... ok
[INFO] [stdout] test wire::frame::tests::async_write_then_read_reports_frame_size ... ok
[INFO] [stdout] test wire::frame::tests::bytes_decode_legacy_int_array_form ... ok
[INFO] [stdout] test wire::frame::tests::bytes_emit_as_bin_canonical ... ok
[INFO] [stdout] test wire::frame::tests::custom_limit_is_honored ... ok
[INFO] [stdout] test wire::frame::tests::garbage_body_is_a_typed_error_not_a_panic ... ok
[INFO] [stdout] test wire::frame::tests::map_shaped_request_decodes ... ok
[INFO] [stdout] test wire::frame::tests::error_response_round_trips_with_prefix_conventions ... ok
[INFO] [stdout] test wire::frame::tests::null_is_bare_string_and_int_is_single_key_map ... ok
[INFO] [stdout] test wire::frame::tests::nan_bit_pattern_survives ... ok
[INFO] [stdout] test wire::frame::tests::partial_header_and_partial_body_return_none ... ok
[INFO] [stdout] test wire::frame::tests::oversized_prefix_rejected_before_body_arrives ... ok
[INFO] [stdout] test wire::frame::tests::pong_response_matches_nested_ok_golden_vector ... ok
[INFO] [stdout] test wire::frame::tests::ping_request_matches_family_golden_vector ... ok
[INFO] [stdout] test wire::frame::tests::push_id_is_reserved_u32_max ... ok
[INFO] [stdout] test wire::frame::tests::raw_decode_borrows_the_body_and_reports_bytes_consumed ... ok
[INFO] [stdout] test wire::frame::tests::raw_decode_enforces_the_cap_before_slicing ... ok
[INFO] [stdout] test wire::frame::tests::raw_decode_needs_more_bytes_for_a_partial_frame ... ok
[INFO] [stdout] test wire::frame::tests::raw_decode_returns_a_keep_alive_as_an_empty_body ... ok
[INFO] [stdout] test wire::frame::tests::round_trip_all_variants ... ok
[INFO] [stdout] test wire::frame::tests::raw_decode_walks_a_buffer_of_several_frames ... ok
[INFO] [stdout] test wire::frame::tests::zero_length_body_is_a_keep_alive_not_a_parse_failure ... ok
[INFO] [stdout] test wire::frame::tests::two_frames_in_one_buffer_consume_exactly_one_each ... ok
[INFO] [stdout] test server::tests::idle_timeout_closes_a_silent_connection ... ok
[INFO] [stdout] test wire::value::bytes_sharing_tests::bytes_are_shared_not_copied ... ok
[INFO] [stdout] test wire::value::bytes_sharing_tests::sharing_does_not_change_the_wire ... ok
[INFO] [stdout] test wire::value::bytes_sharing_tests::a_stored_buffer_reaches_a_value_without_copying ... ok
[INFO] [stdout] test server::tests::observer_and_builtin_metrics_agree ... ok
[INFO] [stdout] test server::tests::stop_drains_in_flight_requests_before_closing ... ok
[INFO] [stdout] test server::tests::max_connections_frees_a_slot_when_a_connection_closes ... ok
[INFO] [stdout] test server::tests::the_metrics_observer_sees_each_command_with_its_label ... ok
[INFO] [stdout] test server::tests::five_way_multiplexing_completes_out_of_order ... ok
[INFO] [stdout] 
[INFO] [stdout] test result: ok. 81 passed; 0 failed; 0 ignored; 0 measured; 0 filtered out; finished in 0.42s
[INFO] [stdout] 
[INFO] [stderr]      Running tests/behavior.rs (/opt/rustwide/target/debug/build/thunder-rpc/cc58ae0f9ddc32cb/out/behavior-cc58ae0f9ddc32cb)
[INFO] [stdout] 
[INFO] [stdout] running 25 tests
[INFO] [stdout] test auth_command_shape_sends_auth_and_never_hello ... ok
[INFO] [stdout] test auth_command_handshake_sends_user_pass ... ok
[INFO] [stdout] test bracket_error_mapping_over_the_wire ... ok
[INFO] [stdout] test auth_command_without_credentials_sends_nothing ... ok
[INFO] [stdout] test handshake_rejection_is_a_typed_auth_error ... ok
[INFO] [stdout] test hello_mandatory_sends_hello_map_first_and_exposes_capabilities ... ok
[INFO] [stdout] test auth_command_handshake_sends_hello_then_auth_api_key ... ok
[INFO] [stdout] test http_url_is_rejected_at_connect ... ok
[INFO] [stdout] test five_pipelined_calls_complete_in_permuted_order ... ok
[INFO] [stdout] test malformed_frame_poisons_with_decode_error ... ok
[INFO] [stdout] test auth_command_shape_without_credentials_sends_nothing ... ok
[INFO] [stdout] test pipelined_calls_complete_out_of_order ... ok
[INFO] [stdout] test in_flight_bound_backpressures_instead_of_refusing ... ok
[INFO] [stdout] test none_handshake_sends_nothing_before_user_calls ... ok
[INFO] [stdout] test oversized_inbound_frame_fails_typed_and_poisons ... ok
[INFO] [stdout] test push_frame_under_reserved_profile_poisons_connection ... ok
[INFO] [stdout] test push_frames_route_to_handler_under_enabled ... ok
[INFO] [stdout] test stray_response_id_is_dropped_never_fatal ... ok
[INFO] [stdout] test connect_timeout_fires_as_typed_timeout ... FAILED
[INFO] [stdout] test close_is_idempotent_and_fails_in_flight_calls ... ok
[INFO] [stdout] test per_call_timeout_fires_and_late_response_is_dropped ... ok
[INFO] [stdout] test resp3_error_mapping_over_the_wire ... ok
[INFO] [stdout] test reconnect_after_server_drop_succeeds ... ok
[INFO] [stdout] test successful_reconnect_replays_the_handshake_before_pending_traffic ... ok
[INFO] [stdout] test reconnect_gives_up_after_two_attempts_with_typed_connection_error ... ok
[INFO] [stdout] 
[INFO] [stdout] failures:
[INFO] [stdout] 
[INFO] [stdout] ---- connect_timeout_fires_as_typed_timeout stdout ----
[INFO] [stdout] 
[INFO] [stdout] thread 'connect_timeout_fires_as_typed_timeout' (2040) panicked at tests/behavior.rs:457:5:
[INFO] [stdout] expected the timeout class from an unroutable dial, got Connection { message: "connect to 192.0.2.1:9 failed: Network is unreachable (os error 101)" }
[INFO] [stdout] stack backtrace:
[INFO] [stdout]    0:     0x5f7dbfd5c351 - std[617be2ca0a6fd877]::backtrace_rs::backtrace::libunwind::trace
[INFO] [stdout]                                at /rustc/e3feeb59cd1bdd011a2bfcc0747b55125d9b8527/library/std/src/../../backtrace/src/backtrace/libunwind.rs:117:9
[INFO] [stdout]    1:     0x5f7dbfd5c351 - std[617be2ca0a6fd877]::backtrace_rs::backtrace::trace_unsynchronized::<std[617be2ca0a6fd877]::sys::backtrace::_print_fmt::{closure#1}>
[INFO] [stdout]                                at /rustc/e3feeb59cd1bdd011a2bfcc0747b55125d9b8527/library/std/src/../../backtrace/src/backtrace/mod.rs:66:14
[INFO] [stdout]    2:     0x5f7dbfd5c351 - std[617be2ca0a6fd877]::sys::backtrace::_print_fmt
[INFO] [stdout]                                at /rustc/e3feeb59cd1bdd011a2bfcc0747b55125d9b8527/library/std/src/sys/backtrace.rs:74:9
[INFO] [stdout]    3:     0x5f7dbfd5c351 - <<std[617be2ca0a6fd877]::sys::backtrace::BacktraceLock>::print::DisplayBacktrace as core[a373ad73a504971]::fmt::Display>::fmt
[INFO] [stdout]                                at /rustc/e3feeb59cd1bdd011a2bfcc0747b55125d9b8527/library/std/src/sys/backtrace.rs:44:26
[INFO] [stdout]    4:     0x5f7dbfd71afa - <core[a373ad73a504971]::fmt::rt::Argument>::fmt
[INFO] [stdout]                                at /rustc/e3feeb59cd1bdd011a2bfcc0747b55125d9b8527/library/core/src/fmt/rt.rs:152:76
[INFO] [stdout]    5:     0x5f7dbfd71afa - core[a373ad73a504971]::fmt::write
[INFO] [stdout]    6:     0x5f7dbfd60cdc - core[a373ad73a504971]::io::write::default_write_fmt::<alloc[2e1b2a31b91974c5]::vec::Vec<u8>>
[INFO] [stdout]                                at /rustc/e3feeb59cd1bdd011a2bfcc0747b55125d9b8527/library/core/src/io/write.rs:402:11
[INFO] [stdout]    7:     0x5f7dbfd60cdc - <alloc[2e1b2a31b91974c5]::vec::Vec<u8> as core[a373ad73a504971]::io::write::Write>::write_fmt
[INFO] [stdout]                                at /rustc/e3feeb59cd1bdd011a2bfcc0747b55125d9b8527/library/core/src/io/write.rs:335:13
[INFO] [stdout]    8:     0x5f7dbfd37a66 - <std[617be2ca0a6fd877]::sys::backtrace::BacktraceLock>::print
[INFO] [stdout]                                at /rustc/e3feeb59cd1bdd011a2bfcc0747b55125d9b8527/library/std/src/sys/backtrace.rs:47:9
[INFO] [stdout]    9:     0x5f7dbfd37a66 - std[617be2ca0a6fd877]::panicking::default_hook::{closure#0}
[INFO] [stdout]                                at /rustc/e3feeb59cd1bdd011a2bfcc0747b55125d9b8527/library/std/src/panicking.rs:289:27
[INFO] [stdout]   10:     0x5f7dbfd544b9 - std[617be2ca0a6fd877]::panicking::default_hook
[INFO] [stdout]                                at /rustc/e3feeb59cd1bdd011a2bfcc0747b55125d9b8527/library/std/src/panicking.rs:313:9
[INFO] [stdout]   11:     0x5f7dbfc35830 - <alloc[2e1b2a31b91974c5]::boxed::Box<dyn for<'a, 'b> core[a373ad73a504971]::ops::function::Fn<(&'a std[617be2ca0a6fd877]::panic::PanicHookInfo<'b>,), Output = ()> + core[a373ad73a504971]::marker::Sync + core[a373ad73a504971]::marker::Send> as core[a373ad73a504971]::ops::function::Fn<(&std[617be2ca0a6fd877]::panic::PanicHookInfo,)>>::call
[INFO] [stdout]                                at /rustc/e3feeb59cd1bdd011a2bfcc0747b55125d9b8527/library/alloc/src/boxed.rs:2328:9
[INFO] [stdout]   12:     0x5f7dbfc35830 - test[aada8e7e76ba119b]::test_main_inner::{closure#0}
[INFO] [stdout]                                at /rustc/e3feeb59cd1bdd011a2bfcc0747b55125d9b8527/library/test/src/lib.rs:137:21
[INFO] [stdout]   13:     0x5f7dbfd547e2 - <alloc[2e1b2a31b91974c5]::boxed::Box<dyn for<'a, 'b> core[a373ad73a504971]::ops::function::Fn<(&'a std[617be2ca0a6fd877]::panic::PanicHookInfo<'b>,), Output = ()> + core[a373ad73a504971]::marker::Sync + core[a373ad73a504971]::marker::Send> as core[a373ad73a504971]::ops::function::Fn<(&std[617be2ca0a6fd877]::panic::PanicHookInfo,)>>::call
[INFO] [stdout]                                at /rustc/e3feeb59cd1bdd011a2bfcc0747b55125d9b8527/library/alloc/src/boxed.rs:2328:9
[INFO] [stdout]   14:     0x5f7dbfd547e2 - std[617be2ca0a6fd877]::panicking::panic_with_hook
[INFO] [stdout]                                at /rustc/e3feeb59cd1bdd011a2bfcc0747b55125d9b8527/library/std/src/panicking.rs:819:13
[INFO] [stdout]   15:     0x5f7dbfd37b12 - std[617be2ca0a6fd877]::panicking::panic_handler::{closure#0}
[INFO] [stdout]                                at /rustc/e3feeb59cd1bdd011a2bfcc0747b55125d9b8527/library/std/src/panicking.rs:685:13
[INFO] [stdout]   16:     0x5f7dbfd30779 - std[617be2ca0a6fd877]::sys::backtrace::__rust_end_short_backtrace::<std[617be2ca0a6fd877]::panicking::panic_handler::{closure#0}, !>
[INFO] [stdout]                                at /rustc/e3feeb59cd1bdd011a2bfcc0747b55125d9b8527/library/std/src/sys/backtrace.rs:182:18
[INFO] [stdout]   17:     0x5f7dbfd3890d - __rustc[ea4f61d10b84890b]::rust_begin_unwind
[INFO] [stdout]                                at /rustc/e3feeb59cd1bdd011a2bfcc0747b55125d9b8527/library/std/src/panicking.rs:676:5
[INFO] [stdout]   18:     0x5f7dbfd7231c - core[a373ad73a504971]::panicking::panic_fmt
[INFO] [stdout]                                at /rustc/e3feeb59cd1bdd011a2bfcc0747b55125d9b8527/library/core/src/panicking.rs:80:14
[INFO] [stdout]   19:     0x5f7dbfb27811 - behavior[8f0b69d75eeafbb2]::connect_timeout_fires_as_typed_timeout::{closure#0}
[INFO] [stdout]                                at /opt/rustwide/workdir/tests/behavior.rs:457:5
[INFO] [stdout]   20:     0x5f7dbfb8c832 - <core[a373ad73a504971]::pin::Pin<&mut dyn core[a373ad73a504971]::future::future::Future<Output = ()>> as core[a373ad73a504971]::future::future::Future>::poll
[INFO] [stdout]                                at /rustc/e3feeb59cd1bdd011a2bfcc0747b55125d9b8527/library/core/src/future/future.rs:133:9
[INFO] [stdout]   21:     0x5f7dbfb8c8ad - <core[a373ad73a504971]::pin::Pin<&mut core[a373ad73a504971]::pin::Pin<&mut dyn core[a373ad73a504971]::future::future::Future<Output = ()>>> as core[a373ad73a504971]::future::future::Future>::poll
[INFO] [stdout]                                at /rustc/e3feeb59cd1bdd011a2bfcc0747b55125d9b8527/library/core/src/future/future.rs:133:9
[INFO] [stdout]   22:     0x5f7dbfbf26ed - <tokio[c6a88927860dd4f3]::runtime::scheduler::current_thread::CoreGuard>::block_on::<core[a373ad73a504971]::pin::Pin<&mut core[a373ad73a504971]::pin::Pin<&mut dyn core[a373ad73a504971]::future::future::Future<Output = ()>>>>::{closure#0}::{closure#0}::{closure#0}
[INFO] [stdout]                                at /opt/rustwide/cargo-home/registry/src/index.crates.io-1949cf8c6b5b557f/tokio-1.52.4/src/runtime/scheduler/current_thread/mod.rs:785:70
[INFO] [stdout]   23:     0x5f7dbfbf2615 - tokio[c6a88927860dd4f3]::task::coop::with_budget::<core[a373ad73a504971]::task::poll::Poll<()>, <tokio[c6a88927860dd4f3]::runtime::scheduler::current_thread::CoreGuard>::block_on<core[a373ad73a504971]::pin::Pin<&mut core[a373ad73a504971]::pin::Pin<&mut dyn core[a373ad73a504971]::future::future::Future<Output = ()>>>>::{closure#0}::{closure#0}::{closure#0}>
[INFO] [stdout]                                at /opt/rustwide/cargo-home/registry/src/index.crates.io-1949cf8c6b5b557f/tokio-1.52.4/src/task/coop/mod.rs:167:5
[INFO] [stdout]   24:     0x5f7dbfbf2615 - tokio[c6a88927860dd4f3]::task::coop::budget::<core[a373ad73a504971]::task::poll::Poll<()>, <tokio[c6a88927860dd4f3]::runtime::scheduler::current_thread::CoreGuard>::block_on<core[a373ad73a504971]::pin::Pin<&mut core[a373ad73a504971]::pin::Pin<&mut dyn core[a373ad73a504971]::future::future::Future<Output = ()>>>>::{closure#0}::{closure#0}::{closure#0}>
[INFO] [stdout]                                at /opt/rustwide/cargo-home/registry/src/index.crates.io-1949cf8c6b5b557f/tokio-1.52.4/src/task/coop/mod.rs:133:5
[INFO] [stdout]   25:     0x5f7dbfbf2615 - <tokio[c6a88927860dd4f3]::runtime::scheduler::current_thread::CoreGuard>::block_on::<core[a373ad73a504971]::pin::Pin<&mut core[a373ad73a504971]::pin::Pin<&mut dyn core[a373ad73a504971]::future::future::Future<Output = ()>>>>::{closure#0}::{closure#0}
[INFO] [stdout]                                at /opt/rustwide/cargo-home/registry/src/index.crates.io-1949cf8c6b5b557f/tokio-1.52.4/src/runtime/scheduler/current_thread/mod.rs:785:25
[INFO] [stdout]   26:     0x5f7dbfbe4232 - <tokio[c6a88927860dd4f3]::runtime::scheduler::current_thread::Context>::enter::<core[a373ad73a504971]::task::poll::Poll<()>, <tokio[c6a88927860dd4f3]::runtime::scheduler::current_thread::CoreGuard>::block_on<core[a373ad73a504971]::pin::Pin<&mut core[a373ad73a504971]::pin::Pin<&mut dyn core[a373ad73a504971]::future::future::Future<Output = ()>>>>::{closure#0}::{closure#0}>
[INFO] [stdout]                                at /opt/rustwide/cargo-home/registry/src/index.crates.io-1949cf8c6b5b557f/tokio-1.52.4/src/runtime/scheduler/current_thread/mod.rs:458:19
[INFO] [stdout]   27:     0x5f7dbfbf174d - <tokio[c6a88927860dd4f3]::runtime::scheduler::current_thread::CoreGuard>::block_on::<core[a373ad73a504971]::pin::Pin<&mut core[a373ad73a504971]::pin::Pin<&mut dyn core[a373ad73a504971]::future::future::Future<Output = ()>>>>::{closure#0}
[INFO] [stdout]                                at /opt/rustwide/cargo-home/registry/src/index.crates.io-1949cf8c6b5b557f/tokio-1.52.4/src/runtime/scheduler/current_thread/mod.rs:784:44
[INFO] [stdout]   28:     0x5f7dbfbf09f4 - <tokio[c6a88927860dd4f3]::runtime::scheduler::current_thread::CoreGuard>::enter::<<tokio[c6a88927860dd4f3]::runtime::scheduler::current_thread::CoreGuard>::block_on<core[a373ad73a504971]::pin::Pin<&mut core[a373ad73a504971]::pin::Pin<&mut dyn core[a373ad73a504971]::future::future::Future<Output = ()>>>>::{closure#0}, core[a373ad73a504971]::option::Option<()>>::{closure#0}
[INFO] [stdout]                                at /opt/rustwide/cargo-home/registry/src/index.crates.io-1949cf8c6b5b557f/tokio-1.52.4/src/runtime/scheduler/current_thread/mod.rs:872:68
[INFO] [stdout]   29:     0x5f7dbfb65b9b - <tokio[c6a88927860dd4f3]::runtime::context::scoped::Scoped<tokio[c6a88927860dd4f3]::runtime::scheduler::Context>>::set::<<tokio[c6a88927860dd4f3]::runtime::scheduler::current_thread::CoreGuard>::enter<<tokio[c6a88927860dd4f3]::runtime::scheduler::current_thread::CoreGuard>::block_on<core[a373ad73a504971]::pin::Pin<&mut core[a373ad73a504971]::pin::Pin<&mut dyn core[a373ad73a504971]::future::future::Future<Output = ()>>>>::{closure#0}, core[a373ad73a504971]::option::Option<()>>::{closure#0}, (alloc[2e1b2a31b91974c5]::boxed::Box<tokio[c6a88927860dd4f3]::runtime::scheduler::current_thread::Core>, core[a373ad73a504971]::option::Option<()>)>
[INFO] [stdout]                                at /opt/rustwide/cargo-home/registry/src/index.crates.io-1949cf8c6b5b557f/tokio-1.52.4/src/runtime/context/scoped.rs:40:9
[INFO] [stdout]   30:     0x5f7dbfbb9469 - tokio[c6a88927860dd4f3]::runtime::context::set_scheduler::<(alloc[2e1b2a31b91974c5]::boxed::Box<tokio[c6a88927860dd4f3]::runtime::scheduler::current_thread::Core>, core[a373ad73a504971]::option::Option<()>), <tokio[c6a88927860dd4f3]::runtime::scheduler::current_thread::CoreGuard>::enter<<tokio[c6a88927860dd4f3]::runtime::scheduler::current_thread::CoreGuard>::block_on<core[a373ad73a504971]::pin::Pin<&mut core[a373ad73a504971]::pin::Pin<&mut dyn core[a373ad73a504971]::future::future::Future<Output = ()>>>>::{closure#0}, core[a373ad73a504971]::option::Option<()>>::{closure#0}>::{closure#0}
[INFO] [stdout]                                at /opt/rustwide/cargo-home/registry/src/index.crates.io-1949cf8c6b5b557f/tokio-1.52.4/src/runtime/context.rs:181:38
[INFO] [stdout]   31:     0x5f7dbfbb294f - <std[617be2ca0a6fd877]::thread::local::LocalKey<tokio[c6a88927860dd4f3]::runtime::context::Context>>::try_with::<tokio[c6a88927860dd4f3]::runtime::context::set_scheduler<(alloc[2e1b2a31b91974c5]::boxed::Box<tokio[c6a88927860dd4f3]::runtime::scheduler::current_thread::Core>, core[a373ad73a504971]::option::Option<()>), <tokio[c6a88927860dd4f3]::runtime::scheduler::current_thread::CoreGuard>::enter<<tokio[c6a88927860dd4f3]::runtime::scheduler::current_thread::CoreGuard>::block_on<core[a373ad73a504971]::pin::Pin<&mut core[a373ad73a504971]::pin::Pin<&mut dyn core[a373ad73a504971]::future::future::Future<Output = ()>>>>::{closure#0}, core[a373ad73a504971]::option::Option<()>>::{closure#0}>::{closure#0}, (alloc[2e1b2a31b91974c5]::boxed::Box<tokio[c6a88927860dd4f3]::runtime::scheduler::current_thread::Core>, core[a373ad73a504971]::option::Option<()>)>
[INFO] [stdout]                                at /rustc/e3feeb59cd1bdd011a2bfcc0747b55125d9b8527/library/std/src/thread/local.rs:463:12
[INFO] [stdout]   32:     0x5f7dbfbb24fe - <std[617be2ca0a6fd877]::thread::local::LocalKey<tokio[c6a88927860dd4f3]::runtime::context::Context>>::with::<tokio[c6a88927860dd4f3]::runtime::context::set_scheduler<(alloc[2e1b2a31b91974c5]::boxed::Box<tokio[c6a88927860dd4f3]::runtime::scheduler::current_thread::Core>, core[a373ad73a504971]::option::Option<()>), <tokio[c6a88927860dd4f3]::runtime::scheduler::current_thread::CoreGuard>::enter<<tokio[c6a88927860dd4f3]::runtime::scheduler::current_thread::CoreGuard>::block_on<core[a373ad73a504971]::pin::Pin<&mut core[a373ad73a504971]::pin::Pin<&mut dyn core[a373ad73a504971]::future::future::Future<Output = ()>>>>::{closure#0}, core[a373ad73a504971]::option::Option<()>>::{closure#0}>::{closure#0}, (alloc[2e1b2a31b91974c5]::boxed::Box<tokio[c6a88927860dd4f3]::runtime::scheduler::current_thread::Core>, core[a373ad73a504971]::option::Option<()>)>
[INFO] [stdout]                                at /rustc/e3feeb59cd1bdd011a2bfcc0747b55125d9b8527/library/std/src/thread/local.rs:427:20
[INFO] [stdout]   33:     0x5f7dbfbb7d6d - tokio[c6a88927860dd4f3]::runtime::context::set_scheduler::<(alloc[2e1b2a31b91974c5]::boxed::Box<tokio[c6a88927860dd4f3]::runtime::scheduler::current_thread::Core>, core[a373ad73a504971]::option::Option<()>), <tokio[c6a88927860dd4f3]::runtime::scheduler::current_thread::CoreGuard>::enter<<tokio[c6a88927860dd4f3]::runtime::scheduler::current_thread::CoreGuard>::block_on<core[a373ad73a504971]::pin::Pin<&mut core[a373ad73a504971]::pin::Pin<&mut dyn core[a373ad73a504971]::future::future::Future<Output = ()>>>>::{closure#0}, core[a373ad73a504971]::option::Option<()>>::{closure#0}>
[INFO] [stdout]                                at /opt/rustwide/cargo-home/registry/src/index.crates.io-1949cf8c6b5b557f/tokio-1.52.4/src/runtime/context.rs:181:17
[INFO] [stdout]   34:     0x5f7dbfbef5c0 - <tokio[c6a88927860dd4f3]::runtime::scheduler::current_thread::CoreGuard>::enter::<<tokio[c6a88927860dd4f3]::runtime::scheduler::current_thread::CoreGuard>::block_on<core[a373ad73a504971]::pin::Pin<&mut core[a373ad73a504971]::pin::Pin<&mut dyn core[a373ad73a504971]::future::future::Future<Output = ()>>>>::{closure#0}, core[a373ad73a504971]::option::Option<()>>
[INFO] [stdout]                                at /opt/rustwide/cargo-home/registry/src/index.crates.io-1949cf8c6b5b557f/tokio-1.52.4/src/runtime/scheduler/current_thread/mod.rs:872:27
[INFO] [stdout]   35:     0x5f7dbfbef8b6 - <tokio[c6a88927860dd4f3]::runtime::scheduler::current_thread::CoreGuard>::block_on::<core[a373ad73a504971]::pin::Pin<&mut core[a373ad73a504971]::pin::Pin<&mut dyn core[a373ad73a504971]::future::future::Future<Output = ()>>>>
[INFO] [stdout]                                at /opt/rustwide/cargo-home/registry/src/index.crates.io-1949cf8c6b5b557f/tokio-1.52.4/src/runtime/scheduler/current_thread/mod.rs:772:24
[INFO] [stdout]   36:     0x5f7dbfbf02d0 - <tokio[c6a88927860dd4f3]::runtime::scheduler::current_thread::CurrentThread>::block_on::<core[a373ad73a504971]::pin::Pin<&mut dyn core[a373ad73a504971]::future::future::Future<Output = ()>>>::{closure#0}
[INFO] [stdout]                                at /opt/rustwide/cargo-home/registry/src/index.crates.io-1949cf8c6b5b557f/tokio-1.52.4/src/runtime/scheduler/current_thread/mod.rs:205:33
[INFO] [stdout]   37:     0x5f7dbfb69298 - tokio[c6a88927860dd4f3]::runtime::context::runtime::enter_runtime::<<tokio[c6a88927860dd4f3]::runtime::scheduler::current_thread::CurrentThread>::block_on<core[a373ad73a504971]::pin::Pin<&mut dyn core[a373ad73a504971]::future::future::Future<Output = ()>>>::{closure#0}, ()>
[INFO] [stdout]                                at /opt/rustwide/cargo-home/registry/src/index.crates.io-1949cf8c6b5b557f/tokio-1.52.4/src/runtime/context/runtime.rs:65:16
[INFO] [stdout]   38:     0x5f7dbfbe3df4 - <tokio[c6a88927860dd4f3]::runtime::scheduler::current_thread::CurrentThread>::block_on::<core[a373ad73a504971]::pin::Pin<&mut dyn core[a373ad73a504971]::future::future::Future<Output = ()>>>
[INFO] [stdout]                                at /opt/rustwide/cargo-home/registry/src/index.crates.io-1949cf8c6b5b557f/tokio-1.52.4/src/runtime/scheduler/current_thread/mod.rs:193:9
[INFO] [stdout]   39:     0x5f7dbfbba55f - <tokio[c6a88927860dd4f3]::runtime::runtime::Runtime>::block_on_inner::<core[a373ad73a504971]::pin::Pin<&mut dyn core[a373ad73a504971]::future::future::Future<Output = ()>>>
[INFO] [stdout]                                at /opt/rustwide/cargo-home/registry/src/index.crates.io-1949cf8c6b5b557f/tokio-1.52.4/src/runtime/runtime.rs:371:52
[INFO] [stdout]   40:     0x5f7dbfbba6ab - <tokio[c6a88927860dd4f3]::runtime::runtime::Runtime>::block_on::<core[a373ad73a504971]::pin::Pin<&mut dyn core[a373ad73a504971]::future::future::Future<Output = ()>>>
[INFO] [stdout]                                at /opt/rustwide/cargo-home/registry/src/index.crates.io-1949cf8c6b5b557f/tokio-1.52.4/src/runtime/runtime.rs:345:18
[INFO] [stdout]   41:     0x5f7dbfb3ad81 - behavior[8f0b69d75eeafbb2]::connect_timeout_fires_as_typed_timeout
[INFO] [stdout]                                at /opt/rustwide/workdir/tests/behavior.rs:472:6
[INFO] [stdout]   42:     0x5f7dbfb209c7 - behavior[8f0b69d75eeafbb2]::connect_timeout_fires_as_typed_timeout::{closure#0}
[INFO] [stdout]                                at /opt/rustwide/workdir/tests/behavior.rs:449:50
[INFO] [stdout]   43:     0x5f7dbfb531e6 - <behavior[8f0b69d75eeafbb2]::connect_timeout_fires_as_typed_timeout::{closure#0} as core[a373ad73a504971]::ops::function::FnOnce<()>>::call_once
[INFO] [stdout]                                at /rustc/e3feeb59cd1bdd011a2bfcc0747b55125d9b8527/library/core/src/ops/function.rs:250:5
[INFO] [stdout]   44:     0x5f7dbfc28c7b - <fn() -> core[a373ad73a504971]::result::Result<(), alloc[2e1b2a31b91974c5]::string::String> as core[a373ad73a504971]::ops::function::FnOnce<()>>::call_once
[INFO] [stdout]                                at /rustc/e3feeb59cd1bdd011a2bfcc0747b55125d9b8527/library/core/src/ops/function.rs:250:5
[INFO] [stdout]   45:     0x5f7dbfc28c7b - test[aada8e7e76ba119b]::__rust_begin_short_backtrace::<core[a373ad73a504971]::result::Result<(), alloc[2e1b2a31b91974c5]::string::String>, fn() -> core[a373ad73a504971]::result::Result<(), alloc[2e1b2a31b91974c5]::string::String>>
[INFO] [stdout]                                at /rustc/e3feeb59cd1bdd011a2bfcc0747b55125d9b8527/library/test/src/lib.rs:701:18
[INFO] [stdout]   46:     0x5f7dbfc35e55 - test[aada8e7e76ba119b]::run_test_in_process::{closure#0}
[INFO] [stdout]                                at /rustc/e3feeb59cd1bdd011a2bfcc0747b55125d9b8527/library/test/src/lib.rs:724:74
[INFO] [stdout]   47:     0x5f7dbfc35e55 - <core[a373ad73a504971]::panic::unwind_safe::AssertUnwindSafe<test[aada8e7e76ba119b]::run_test_in_process::{closure#0}> as core[a373ad73a504971]::ops::function::FnOnce<()>>::call_once
[INFO] [stdout]                                at /rustc/e3feeb59cd1bdd011a2bfcc0747b55125d9b8527/library/core/src/panic/unwind_safe.rs:275:9
[INFO] [stdout]   48:     0x5f7dbfc35e55 - std[617be2ca0a6fd877]::panicking::catch_unwind::do_call::<core[a373ad73a504971]::panic::unwind_safe::AssertUnwindSafe<test[aada8e7e76ba119b]::run_test_in_process::{closure#0}>, core[a373ad73a504971]::result::Result<(), alloc[2e1b2a31b91974c5]::string::String>>
[INFO] [stdout]                                at /rustc/e3feeb59cd1bdd011a2bfcc0747b55125d9b8527/library/std/src/panicking.rs:573:43
[INFO] [stdout]   49:     0x5f7dbfc35e55 - std[617be2ca0a6fd877]::panicking::catch_unwind::<core[a373ad73a504971]::result::Result<(), alloc[2e1b2a31b91974c5]::string::String>, core[a373ad73a504971]::panic::unwind_safe::AssertUnwindSafe<test[aada8e7e76ba119b]::run_test_in_process::{closure#0}>>
[INFO] [stdout]                                at /rustc/e3feeb59cd1bdd011a2bfcc0747b55125d9b8527/library/std/src/panicking.rs:541:19
[INFO] [stdout]   50:     0x5f7dbfc35e55 - std[617be2ca0a6fd877]::panic::catch_unwind::<core[a373ad73a504971]::panic::unwind_safe::AssertUnwindSafe<test[aada8e7e76ba119b]::run_test_in_process::{closure#0}>, core[a373ad73a504971]::result::Result<(), alloc[2e1b2a31b91974c5]::string::String>>
[INFO] [stdout]                                at /rustc/e3feeb59cd1bdd011a2bfcc0747b55125d9b8527/library/std/src/panic.rs:359:14
[INFO] [stdout]   51:     0x5f7dbfc35e55 - test[aada8e7e76ba119b]::run_test_in_process
[INFO] [stdout]                                at /rustc/e3feeb59cd1bdd011a2bfcc0747b55125d9b8527/library/test/src/lib.rs:724:27
[INFO] [stdout]   52:     0x5f7dbfc35e55 - test[aada8e7e76ba119b]::run_test::{closure#0}
[INFO] [stdout]                                at /rustc/e3feeb59cd1bdd011a2bfcc0747b55125d9b8527/library/test/src/lib.rs:645:43
[INFO] [stdout]   53:     0x5f7dbfc2f744 - test[aada8e7e76ba119b]::run_test::{closure#1}
[INFO] [stdout]                                at /rustc/e3feeb59cd1bdd011a2bfcc0747b55125d9b8527/library/test/src/lib.rs:675:41
[INFO] [stdout]   54:     0x5f7dbfc2f744 - std[617be2ca0a6fd877]::sys::backtrace::__rust_begin_short_backtrace::<test[aada8e7e76ba119b]::run_test::{closure#1}, ()>
[INFO] [stdout]                                at /rustc/e3feeb59cd1bdd011a2bfcc0747b55125d9b8527/library/std/src/sys/backtrace.rs:166:18
[INFO] [stdout]   55:     0x5f7dbfc38ee2 - std[617be2ca0a6fd877]::thread::lifecycle::spawn_unchecked::<test[aada8e7e76ba119b]::run_test::{closure#1}, ()>::{closure#1}::{closure#0}
[INFO] [stdout]                                at /rustc/e3feeb59cd1bdd011a2bfcc0747b55125d9b8527/library/std/src/thread/lifecycle.rs:70:13
[INFO] [stdout]   56:     0x5f7dbfc38ee2 - <core[a373ad73a504971]::panic::unwind_safe::AssertUnwindSafe<std[617be2ca0a6fd877]::thread::lifecycle::spawn_unchecked<test[aada8e7e76ba119b]::run_test::{closure#1}, ()>::{closure#1}::{closure#0}> as core[a373ad73a504971]::ops::function::FnOnce<()>>::call_once
[INFO] [stdout]                                at /rustc/e3feeb59cd1bdd011a2bfcc0747b55125d9b8527/library/core/src/panic/unwind_safe.rs:275:9
[INFO] [stdout]   57:     0x5f7dbfc38ee2 - std[617be2ca0a6fd877]::panicking::catch_unwind::do_call::<core[a373ad73a504971]::panic::unwind_safe::AssertUnwindSafe<std[617be2ca0a6fd877]::thread::lifecycle::spawn_unchecked<test[aada8e7e76ba119b]::run_test::{closure#1}, ()>::{closure#1}::{closure#0}>, ()>
[INFO] [stdout]                                at /rustc/e3feeb59cd1bdd011a2bfcc0747b55125d9b8527/library/std/src/panicking.rs:573:43
[INFO] [stdout]   58:     0x5f7dbfc38ee2 - std[617be2ca0a6fd877]::panicking::catch_unwind::<(), core[a373ad73a504971]::panic::unwind_safe::AssertUnwindSafe<std[617be2ca0a6fd877]::thread::lifecycle::spawn_unchecked<test[aada8e7e76ba119b]::run_test::{closure#1}, ()>::{closure#1}::{closure#0}>>
[INFO] [stdout]                                at /rustc/e3feeb59cd1bdd011a2bfcc0747b55125d9b8527/library/std/src/panicking.rs:541:19
[INFO] [stdout]   59:     0x5f7dbfc38ee2 - std[617be2ca0a6fd877]::panic::catch_unwind::<core[a373ad73a504971]::panic::unwind_safe::AssertUnwindSafe<std[617be2ca0a6fd877]::thread::lifecycle::spawn_unchecked<test[aada8e7e76ba119b]::run_test::{closure#1}, ()>::{closure#1}::{closure#0}>, ()>
[INFO] [stdout]                                at /rustc/e3feeb59cd1bdd011a2bfcc0747b55125d9b8527/library/std/src/panic.rs:359:14
[INFO] [stdout]   60:     0x5f7dbfc38ee2 - std[617be2ca0a6fd877]::thread::lifecycle::spawn_unchecked::<test[aada8e7e76ba119b]::run_test::{closure#1}, ()>::{closure#1}
[INFO] [stdout]                                at /rustc/e3feeb59cd1bdd011a2bfcc0747b55125d9b8527/library/std/src/thread/lifecycle.rs:68:26
[INFO] [stdout]   61:     0x5f7dbfc38ee2 - <std[617be2ca0a6fd877]::thread::lifecycle::spawn_unchecked<test[aada8e7e76ba119b]::run_test::{closure#1}, ()>::{closure#1} as core[a373ad73a504971]::ops::function::FnOnce<()>>::call_once::{shim:vtable#0}
[INFO] [stdout]                                at /rustc/e3feeb59cd1bdd011a2bfcc0747b55125d9b8527/library/core/src/ops/function.rs:250:5
[INFO] [stdout]   62:     0x5f7dbfd5b82f - <alloc[2e1b2a31b91974c5]::boxed::Box<dyn core[a373ad73a504971]::ops::function::FnOnce<(), Output = ()> + core[a373ad73a504971]::marker::Send> as core[a373ad73a504971]::ops::function::FnOnce<()>>::call_once
[INFO] [stdout]                                at /rustc/e3feeb59cd1bdd011a2bfcc0747b55125d9b8527/library/alloc/src/boxed.rs:2314:9
[INFO] [stdout]   63:     0x5f7dbfd5b82f - <std[617be2ca0a6fd877]::sys::thread::unix::Thread>::new::thread_start
[INFO] [stdout]                                at /rustc/e3feeb59cd1bdd011a2bfcc0747b55125d9b8527/library/std/src/sys/thread/unix.rs:127:17
[INFO] [stdout]   64:     0x70a41ba2fdfa - <unknown>
[INFO] [stdout]   65:     0x70a41bac33d4 - clone
[INFO] [stdout]   66:                0x0 - <unknown>
[INFO] [stdout] 
[INFO] [stdout] 
[INFO] [stdout] failures:
[INFO] [stdout]     connect_timeout_fires_as_typed_timeout
[INFO] [stdout] 
[INFO] [stdout] test result: FAILED. 24 passed; 1 failed; 0 ignored; 0 measured; 0 filtered out; finished in 0.29s
[INFO] [stdout] 
[INFO] [stderr] error: test failed, to rerun pass `--test behavior`
[INFO] running `Command { std: "docker" "inspect" "bf3fdc80727ea1cddf8578dfcd6e1cb219cbbb6c810babdd817b5e87eefdcb54", kill_on_drop: false }`
[INFO] running `Command { std: "docker" "rm" "-f" "bf3fdc80727ea1cddf8578dfcd6e1cb219cbbb6c810babdd817b5e87eefdcb54", kill_on_drop: false }`
[INFO] [stdout] bf3fdc80727ea1cddf8578dfcd6e1cb219cbbb6c810babdd817b5e87eefdcb54
