[INFO] fetching crate thumper 0.2.2...
[INFO] testing thumper-0.2.2 against 1.99.0-beta.8 for beta-1.100-2
[INFO] extracting crate thumper 0.2.2 into /workspace/builds/worker-4-tc1/source
[INFO] started tweaking crates.io crate thumper 0.2.2
[INFO] finished tweaking crates.io crate thumper 0.2.2
[INFO] tweaked toml for crates.io crate thumper 0.2.2 written to /workspace/builds/worker-4-tc1/source/Cargo.toml
[INFO] validating manifest of crates.io crate thumper 0.2.2 on toolchain 1.99.0-beta.8
[INFO] running `Command { std: CARGO_HOME="/workspace/cargo-home" RUSTUP_HOME="/workspace/rustup-home" "/workspace/cargo-home/bin/cargo" "+1.99.0-beta.8" "metadata" "--manifest-path" "Cargo.toml" "--no-deps", kill_on_drop: false }`
[INFO] crate crates.io crate thumper 0.2.2 already has a lockfile, it will not be regenerated
[INFO] running `Command { std: CARGO_HOME="/workspace/cargo-home" RUSTUP_HOME="/workspace/rustup-home" "/workspace/cargo-home/bin/cargo" "+1.99.0-beta.8" "fetch" "--manifest-path" "Cargo.toml", kill_on_drop: false }`
[INFO] [stderr]  Downloading crates ...
[INFO] [stderr]   Downloaded wasm-bindgen-shared v0.2.105
[INFO] [stderr]   Downloaded rustls-pki-types v1.13.0
[INFO] [stderr]   Downloaded wasm-bindgen v0.2.105
[INFO] [stderr]   Downloaded wasm-bindgen-macro v0.2.105
[INFO] [stderr]   Downloaded wasm-bindgen-futures v0.4.55
[INFO] [stderr]   Downloaded clap_complete v4.5.60
[INFO] [stderr]   Downloaded tracing v0.1.41
[INFO] [stderr]   Downloaded tracing-core v0.1.34
[INFO] [stderr]   Downloaded wasm-bindgen-macro-support v0.2.105
[INFO] [stderr]   Downloaded js-sys v0.3.82
[INFO] [stderr]   Downloaded log v0.4.28
[INFO] [stderr]   Downloaded uuid v1.18.1
[INFO] [stderr]   Downloaded clap v4.5.51
[INFO] [stderr]   Downloaded mio v1.1.0
[INFO] [stderr]   Downloaded zerocopy-derive v0.8.27
[INFO] [stderr]   Downloaded cc v1.2.46
[INFO] [stderr]   Downloaded hyper-util v0.1.18
[INFO] [stderr]   Downloaded http v1.3.1
[INFO] [stderr]   Downloaded tower-http v0.6.6
[INFO] [stderr]   Downloaded clap_builder v4.5.51
[INFO] [stderr]   Downloaded syn v2.0.110
[INFO] [stderr]   Downloaded zerocopy v0.8.27
[INFO] [stderr]   Downloaded web-sys v0.3.82
[INFO] [stderr]   Downloaded libc v0.2.177
[INFO] running `Command { std: "docker" "create" "-v" "/var/lib/crater-agent-workspace/builds/worker-4-tc1/source:/opt/rustwide/workdir:ro,Z" "-v" "/var/lib/crater-agent-workspace/builds/worker-4-tc1/target:/opt/rustwide/target:rw,Z" "-v" "/var/lib/crater-agent-workspace/cargo-home:/opt/rustwide/cargo-home:ro,Z" "-v" "/var/lib/crater-agent-workspace/rustup-home:/opt/rustwide/rustup-home:ro,Z" "-m" "1610612736" "--network" "none" "ghcr.io/rust-lang/crates-build-env/linux@sha256:3111399a4047eeb3a02b7a90e478d715f38a8c6669b5c4b49d30a17385265909" "sleep" "infinity", kill_on_drop: false }`
[INFO] [stdout] b978747bf7e68b5a698434d38a1b5c96c430e333e908cc0fc3b10ea900e3b0b1
[INFO] running `Command { std: "docker" "start" "b978747bf7e68b5a698434d38a1b5c96c430e333e908cc0fc3b10ea900e3b0b1", kill_on_drop: false }`
[INFO] running `Command { std: "docker" "inspect" "b978747bf7e68b5a698434d38a1b5c96c430e333e908cc0fc3b10ea900e3b0b1", kill_on_drop: false }`
[INFO] running `Command { std: "docker" "exec" "-e" "SOURCE_DIR=/opt/rustwide/workdir" "-e" "CARGO_HOME=/opt/rustwide/cargo-home" "-e" "RUSTUP_HOME=/opt/rustwide/rustup-home" "-e" "CARGO_TARGET_DIR=/opt/rustwide/target" "-w" "/opt/rustwide/workdir" "--user" "0:0" "b978747bf7e68b5a698434d38a1b5c96c430e333e908cc0fc3b10ea900e3b0b1" "/opt/rustwide/cargo-home/bin/cargo" "+1.99.0-beta.8" "metadata" "--no-deps" "--format-version=1", kill_on_drop: false }`
[INFO] running `Command { std: "docker" "inspect" "b978747bf7e68b5a698434d38a1b5c96c430e333e908cc0fc3b10ea900e3b0b1", kill_on_drop: false }`
[INFO] running `Command { std: "docker" "exec" "-e" "SOURCE_DIR=/opt/rustwide/workdir" "-e" "CARGO_HOME=/opt/rustwide/cargo-home" "-e" "RUSTUP_HOME=/opt/rustwide/rustup-home" "-e" "CARGO_TARGET_DIR=/opt/rustwide/target" "-e" "CARGO_INCREMENTAL=0" "-e" "RUST_BACKTRACE=full" "-e" "RUSTFLAGS=--cap-lints=warn" "-e" "RUSTDOCFLAGS=--cap-lints=warn" "-w" "/opt/rustwide/workdir" "--user" "0:0" "b978747bf7e68b5a698434d38a1b5c96c430e333e908cc0fc3b10ea900e3b0b1" "/opt/rustwide/cargo-home/bin/cargo" "+1.99.0-beta.8" "build" "--frozen" "--message-format=json", kill_on_drop: false }`
[INFO] [stderr]    Compiling proc-macro2 v1.0.103
[INFO] [stderr]    Compiling quote v1.0.42
[INFO] [stderr]    Compiling libc v0.2.177
[INFO] [stderr]    Compiling bytes v1.11.1
[INFO] [stderr]    Compiling find-msvc-tools v0.1.5
[INFO] [stderr]    Compiling futures-sink v0.3.31
[INFO] [stderr]    Compiling crossbeam-utils v0.8.21
[INFO] [stderr]    Compiling icu_properties_data v2.1.1
[INFO] [stderr]    Compiling rustls-pki-types v1.13.0
[INFO] [stderr]    Compiling futures-io v0.3.31
[INFO] [stderr]    Compiling futures-task v0.3.31
[INFO] [stderr]    Compiling rustls v0.23.35
[INFO] [stderr]    Compiling tracing-core v0.1.34
[INFO] [stderr]    Compiling subtle v2.6.1
[INFO] [stderr]    Compiling num-traits v0.2.19
[INFO] [stderr]    Compiling sync_wrapper v1.0.2
[INFO] [stderr]    Compiling futures-util v0.3.31
[INFO] [stderr]    Compiling futures-channel v0.3.31
[INFO] [stderr]    Compiling serde_json v1.0.145
[INFO] [stderr]    Compiling clap_builder v4.5.51
[INFO] [stderr]    Compiling bitflags v2.10.0
[INFO] [stderr]    Compiling anyhow v1.0.100
[INFO] [stderr]    Compiling uuid v1.18.1
[INFO] [stderr]    Compiling iri-string v0.7.9
[INFO] [stderr]    Compiling cc v1.2.46
[INFO] [stderr]    Compiling webpki-roots v1.0.4
[INFO] [stderr]    Compiling digest v0.10.7
[INFO] [stderr]    Compiling tracing v0.1.41
[INFO] [stderr]    Compiling log v0.4.28
[INFO] [stderr]    Compiling sha2 v0.10.9
[INFO] [stderr]    Compiling crossbeam-epoch v0.9.18
[INFO] [stderr]    Compiling http v1.3.1
[INFO] [stderr]    Compiling crossbeam-queue v0.3.12
[INFO] [stderr]    Compiling crossbeam-channel v0.5.15
[INFO] [stderr]    Compiling cfb v0.7.3
[INFO] [stderr]    Compiling fxhash v0.2.1
[INFO] [stderr]    Compiling syn v2.0.110
[INFO] [stderr]    Compiling crossbeam-deque v0.8.6
[INFO] [stderr]    Compiling chrono v0.4.42
[INFO] [stderr]    Compiling crossbeam v0.8.4
[INFO] [stderr]    Compiling infer v0.19.0
[INFO] [stderr]    Compiling socket2 v0.6.1
[INFO] [stderr]    Compiling mio v1.1.0
[INFO] [stderr]    Compiling getrandom v0.2.16
[INFO] [stderr]    Compiling num_cpus v1.17.0
[INFO] [stderr]    Compiling tokio v1.48.0
[INFO] [stderr]    Compiling ring v0.17.14
[INFO] [stderr]    Compiling http-body v1.0.1
[INFO] [stderr]    Compiling http-body-util v0.1.3
[INFO] [stderr]    Compiling synstructure v0.13.2
[INFO] [stderr]    Compiling hyper v1.8.1
[INFO] [stderr]    Compiling tower v0.5.2
[INFO] [stderr]    Compiling zerofrom-derive v0.1.6
[INFO] [stderr]    Compiling yoke-derive v0.8.1
[INFO] [stderr]    Compiling zerovec-derive v0.11.2
[INFO] [stderr]    Compiling displaydoc v0.2.5
[INFO] [stderr]    Compiling serde_derive v1.0.228
[INFO] [stderr]    Compiling clap_derive v4.5.49
[INFO] [stderr]    Compiling tower-http v0.6.6
[INFO] [stderr]    Compiling zerofrom v0.1.6
[INFO] [stderr]    Compiling rustls-webpki v0.103.8
[INFO] [stderr]    Compiling yoke v0.8.1
[INFO] [stderr]    Compiling zerotrie v0.2.3
[INFO] [stderr]    Compiling hyper-util v0.1.18
[INFO] [stderr]    Compiling zerovec v0.11.5
[INFO] [stderr]    Compiling clap v4.5.51
[INFO] [stderr]    Compiling clap_complete v4.5.60
[INFO] [stderr]    Compiling tinystr v0.8.2
[INFO] [stderr]    Compiling potential_utf v0.1.4
[INFO] [stderr]    Compiling icu_collections v2.1.1
[INFO] [stderr]    Compiling icu_locale_core v2.1.1
[INFO] [stderr]    Compiling serde v1.0.228
[INFO] [stderr]    Compiling icu_provider v2.1.1
[INFO] [stderr]    Compiling icu_normalizer v2.1.1
[INFO] [stderr]    Compiling icu_properties v2.1.1
[INFO] [stderr]    Compiling serde_urlencoded v0.7.1
[INFO] [stderr]    Compiling idna_adapter v1.2.1
[INFO] [stderr]    Compiling idna v1.1.0
[INFO] [stderr]    Compiling url v2.5.7
[INFO] [stderr]    Compiling tokio-rustls v0.26.4
[INFO] [stderr]    Compiling hyper-rustls v0.27.7
[INFO] [stderr]    Compiling reqwest v0.12.24
[INFO] [stderr]    Compiling thumper v0.2.2 (/opt/rustwide/workdir)
[INFO] [stderr]     Finished `dev` profile [unoptimized + debuginfo] target(s) in 35.48s
[INFO] running `Command { std: "docker" "inspect" "b978747bf7e68b5a698434d38a1b5c96c430e333e908cc0fc3b10ea900e3b0b1", kill_on_drop: false }`
[INFO] running `Command { std: "docker" "exec" "-e" "SOURCE_DIR=/opt/rustwide/workdir" "-e" "CARGO_HOME=/opt/rustwide/cargo-home" "-e" "RUSTUP_HOME=/opt/rustwide/rustup-home" "-e" "CARGO_TARGET_DIR=/opt/rustwide/target" "-e" "CARGO_INCREMENTAL=0" "-e" "RUST_BACKTRACE=full" "-e" "RUSTFLAGS=--cap-lints=warn" "-e" "RUSTDOCFLAGS=--cap-lints=warn" "-w" "/opt/rustwide/workdir" "--user" "0:0" "b978747bf7e68b5a698434d38a1b5c96c430e333e908cc0fc3b10ea900e3b0b1" "/opt/rustwide/cargo-home/bin/cargo" "+1.99.0-beta.8" "test" "--frozen" "--no-run" "--message-format=json", kill_on_drop: false }`
[INFO] [stderr]    Compiling thumper v0.2.2 (/opt/rustwide/workdir)
[INFO] [stderr]     Finished `test` profile [unoptimized + debuginfo] target(s) in 1.68s
[INFO] running `Command { std: "docker" "inspect" "b978747bf7e68b5a698434d38a1b5c96c430e333e908cc0fc3b10ea900e3b0b1", kill_on_drop: false }`
[INFO] running `Command { std: "docker" "exec" "-e" "SOURCE_DIR=/opt/rustwide/workdir" "-e" "CARGO_HOME=/opt/rustwide/cargo-home" "-e" "RUSTUP_HOME=/opt/rustwide/rustup-home" "-e" "CARGO_TARGET_DIR=/opt/rustwide/target" "-e" "CARGO_INCREMENTAL=0" "-e" "RUST_BACKTRACE=full" "-e" "RUSTFLAGS=--cap-lints=warn" "-e" "RUSTDOCFLAGS=--cap-lints=warn" "-w" "/opt/rustwide/workdir" "--user" "0:0" "b978747bf7e68b5a698434d38a1b5c96c430e333e908cc0fc3b10ea900e3b0b1" "/opt/rustwide/cargo-home/bin/cargo" "+1.99.0-beta.8" "test" "--frozen", kill_on_drop: false }`
[INFO] [stderr]     Finished `test` profile [unoptimized + debuginfo] target(s) in 0.14s
[INFO] [stderr]      Running unittests src/main.rs (/opt/rustwide/target/debug/deps/thumper-1872cd2c4f0e2c4f)
[INFO] [stdout] 
[INFO] [stdout] running 13 tests
[INFO] [stdout] test planning::tests::syncs_missing_files ... ok
[INFO] [stdout] test planning::tests::compares_files_in_both ... ok
[INFO] [stdout] test planning::tests::skips_deleting_ignored_prefixes ... ok
[INFO] [stdout] test planning::tests::replaces_when_checksum_mismatch ... ok
[INFO] [stdout] test planning::tests::replaces_when_remote_checksum_is_none ... ok
[INFO] [stdout] test planning::tests::test_must_remove ... ok
[INFO] [stdout] test local_path::tests::files_by_remote_name_smoketest ... ok
[INFO] [stdout] test planning::tests::deletes_everything_with_empty_local ... ok
[INFO] [stdout] test api::tests::test_parse ... ok
[INFO] [stdout] test planning::tests::ignores_when_checksum_match ... ok
[INFO] [stdout] test planning::tests::sorts_html_files_last ... ok
[INFO] [stdout] test cli::tests::render_sync_help ... FAILED
[INFO] [stdout] test cli::tests::render_help ... FAILED
[INFO] [stdout] 
[INFO] [stdout] failures:
[INFO] [stdout] 
[INFO] [stdout] ---- cli::tests::render_sync_help stdout ----
[INFO] [stdout] 
[INFO] [stdout] thread 'cli::tests::render_sync_help' (1538) panicked at src/cli.rs:119:54:
[INFO] [stdout] called `Result::unwrap()` on an `Err` value: Os { code: 30, kind: ReadOnlyFilesystem, message: "Read-only file system" }
[INFO] [stdout] stack backtrace:
[INFO] [stdout]    0:     0x6106907d40e1 - std[70759c8f55707aa4]::backtrace_rs::backtrace::libunwind::trace
[INFO] [stdout]                                at /rustc/dfb0accb7f508ae8be965d8629557221c889dd98/library/std/src/../../backtrace/src/backtrace/libunwind.rs:117:9
[INFO] [stdout]    1:     0x6106907d40e1 - std[70759c8f55707aa4]::backtrace_rs::backtrace::trace_unsynchronized::<std[70759c8f55707aa4]::sys::backtrace::_print_fmt::{closure#1}>
[INFO] [stdout]                                at /rustc/dfb0accb7f508ae8be965d8629557221c889dd98/library/std/src/../../backtrace/src/backtrace/mod.rs:66:14
[INFO] [stdout]    2:     0x6106907d40e1 - std[70759c8f55707aa4]::sys::backtrace::_print_fmt
[INFO] [stdout]                                at /rustc/dfb0accb7f508ae8be965d8629557221c889dd98/library/std/src/sys/backtrace.rs:74:9
[INFO] [stdout]    3:     0x6106907d40e1 - <<std[70759c8f55707aa4]::sys::backtrace::BacktraceLock>::print::DisplayBacktrace as core[df12db4294e9bfd3]::fmt::Display>::fmt
[INFO] [stdout]                                at /rustc/dfb0accb7f508ae8be965d8629557221c889dd98/library/std/src/sys/backtrace.rs:44:26
[INFO] [stdout]    4:     0x6106907ea3ca - <core[df12db4294e9bfd3]::fmt::rt::Argument>::fmt
[INFO] [stdout]                                at /rustc/dfb0accb7f508ae8be965d8629557221c889dd98/library/core/src/fmt/rt.rs:152:76
[INFO] [stdout]    5:     0x6106907ea3ca - core[df12db4294e9bfd3]::fmt::write
[INFO] [stdout]    6:     0x6106907d8d6c - core[df12db4294e9bfd3]::io::write::default_write_fmt::<alloc[2182bb758b4b3781]::vec::Vec<u8>>
[INFO] [stdout]                                at /rustc/dfb0accb7f508ae8be965d8629557221c889dd98/library/core/src/io/write.rs:402:11
[INFO] [stdout]    7:     0x6106907d8d6c - <alloc[2182bb758b4b3781]::vec::Vec<u8> as core[df12db4294e9bfd3]::io::write::Write>::write_fmt
[INFO] [stdout]                                at /rustc/dfb0accb7f508ae8be965d8629557221c889dd98/library/core/src/io/write.rs:335:13
[INFO] [stdout]    8:     0x6106907af336 - <std[70759c8f55707aa4]::sys::backtrace::BacktraceLock>::print
[INFO] [stdout]                                at /rustc/dfb0accb7f508ae8be965d8629557221c889dd98/library/std/src/sys/backtrace.rs:47:9
[INFO] [stdout]    9:     0x6106907af336 - std[70759c8f55707aa4]::panicking::default_hook::{closure#0}
[INFO] [stdout]                                at /rustc/dfb0accb7f508ae8be965d8629557221c889dd98/library/std/src/panicking.rs:292:27
[INFO] [stdout]   10:     0x6106907cbf89 - std[70759c8f55707aa4]::panicking::default_hook
[INFO] [stdout]                                at /rustc/dfb0accb7f508ae8be965d8629557221c889dd98/library/std/src/panicking.rs:316:9
[INFO] [stdout]   11:     0x61069069ef30 - <alloc[2182bb758b4b3781]::boxed::Box<dyn for<'a, 'b> core[df12db4294e9bfd3]::ops::function::Fn<(&'a std[70759c8f55707aa4]::panic::PanicHookInfo<'b>,), Output = ()> + core[df12db4294e9bfd3]::marker::Send + core[df12db4294e9bfd3]::marker::Sync> as core[df12db4294e9bfd3]::ops::function::Fn<(&std[70759c8f55707aa4]::panic::PanicHookInfo,)>>::call
[INFO] [stdout]                                at /rustc/dfb0accb7f508ae8be965d8629557221c889dd98/library/alloc/src/boxed.rs:2334:9
[INFO] [stdout]   12:     0x61069069ef30 - test[9d35eded1c95d3be]::test_main_inner::<test[9d35eded1c95d3be]::test_main_static::{closure#0}>::{closure#0}
[INFO] [stdout]                                at /rustc/dfb0accb7f508ae8be965d8629557221c889dd98/library/test/src/lib.rs:155:21
[INFO] [stdout]   13:     0x6106907cc142 - <alloc[2182bb758b4b3781]::boxed::Box<dyn for<'a, 'b> core[df12db4294e9bfd3]::ops::function::Fn<(&'a std[70759c8f55707aa4]::panic::PanicHookInfo<'b>,), Output = ()> + core[df12db4294e9bfd3]::marker::Send + core[df12db4294e9bfd3]::marker::Sync> as core[df12db4294e9bfd3]::ops::function::Fn<(&std[70759c8f55707aa4]::panic::PanicHookInfo,)>>::call
[INFO] [stdout]                                at /rustc/dfb0accb7f508ae8be965d8629557221c889dd98/library/alloc/src/boxed.rs:2334:9
[INFO] [stdout]   14:     0x6106907cc142 - std[70759c8f55707aa4]::panicking::panic_with_hook
[INFO] [stdout]                                at /rustc/dfb0accb7f508ae8be965d8629557221c889dd98/library/std/src/panicking.rs:823:13
[INFO] [stdout]   15:     0x6106907af3e2 - std[70759c8f55707aa4]::panicking::panic_handler::{closure#0}
[INFO] [stdout]                                at /rustc/dfb0accb7f508ae8be965d8629557221c889dd98/library/std/src/panicking.rs:688:13
[INFO] [stdout]   16:     0x6106907a79a9 - std[70759c8f55707aa4]::sys::backtrace::__rust_end_short_backtrace::<std[70759c8f55707aa4]::panicking::panic_handler::{closure#0}, !>
[INFO] [stdout]                                at /rustc/dfb0accb7f508ae8be965d8629557221c889dd98/library/std/src/sys/backtrace.rs:182:18
[INFO] [stdout]   17:     0x6106907b00ed - __rustc[8fa7c3cbc660c2b3]::rust_begin_unwind
[INFO] [stdout]                                at /rustc/dfb0accb7f508ae8be965d8629557221c889dd98/library/std/src/panicking.rs:679:5
[INFO] [stdout]   18:     0x6106907eabbc - core[df12db4294e9bfd3]::panicking::panic_fmt
[INFO] [stdout]                                at /rustc/dfb0accb7f508ae8be965d8629557221c889dd98/library/core/src/panicking.rs:80:14
[INFO] [stdout]   19:     0x6106907ea912 - core[df12db4294e9bfd3]::result::unwrap_failed
[INFO] [stdout]                                at /rustc/dfb0accb7f508ae8be965d8629557221c889dd98/library/core/src/result.rs:1871:5
[INFO] [stdout]   20:     0x610690635a5e - <core[df12db4294e9bfd3]::result::Result<(), core[df12db4294e9bfd3]::io::error::Error>>::unwrap
[INFO] [stdout]                                at /rustc/dfb0accb7f508ae8be965d8629557221c889dd98/library/core/src/result.rs:1232:23
[INFO] [stdout]   21:     0x610690635a5e - thumper[9a754549090fa21c]::cli::tests::render_sync_help
[INFO] [stdout]                                at /opt/rustwide/workdir/src/cli.rs:119:54
[INFO] [stdout]   22:     0x610690634197 - thumper[9a754549090fa21c]::cli::tests::render_sync_help::{closure#0}
[INFO] [stdout]                                at /opt/rustwide/workdir/src/cli.rs:111:26
[INFO] [stdout]   23:     0x61069064b0c6 - <thumper[9a754549090fa21c]::cli::tests::render_sync_help::{closure#0} as core[df12db4294e9bfd3]::ops::function::FnOnce<()>>::call_once
[INFO] [stdout]                                at /rustc/dfb0accb7f508ae8be965d8629557221c889dd98/library/core/src/ops/function.rs:250:5
[INFO] [stdout]   24:     0x61069069221b - <fn() -> core[df12db4294e9bfd3]::result::Result<(), alloc[2182bb758b4b3781]::string::String> as core[df12db4294e9bfd3]::ops::function::FnOnce<()>>::call_once
[INFO] [stdout]                                at /rustc/dfb0accb7f508ae8be965d8629557221c889dd98/library/core/src/ops/function.rs:250:5
[INFO] [stdout]   25:     0x61069069221b - test[9d35eded1c95d3be]::__rust_begin_short_backtrace::<core[df12db4294e9bfd3]::result::Result<(), alloc[2182bb758b4b3781]::string::String>, fn() -> core[df12db4294e9bfd3]::result::Result<(), alloc[2182bb758b4b3781]::string::String>>
[INFO] [stdout]                                at /rustc/dfb0accb7f508ae8be965d8629557221c889dd98/library/test/src/lib.rs:733:18
[INFO] [stdout]   26:     0x61069069f885 - test[9d35eded1c95d3be]::run_test_in_process::{closure#0}
[INFO] [stdout]                                at /rustc/dfb0accb7f508ae8be965d8629557221c889dd98/library/test/src/lib.rs:756:74
[INFO] [stdout]   27:     0x61069069f885 - <core[df12db4294e9bfd3]::panic::unwind_safe::AssertUnwindSafe<test[9d35eded1c95d3be]::run_test_in_process::{closure#0}> as core[df12db4294e9bfd3]::ops::function::FnOnce<()>>::call_once
[INFO] [stdout]                                at /rustc/dfb0accb7f508ae8be965d8629557221c889dd98/library/core/src/panic/unwind_safe.rs:275:9
[INFO] [stdout]   28:     0x61069069f885 - std[70759c8f55707aa4]::panicking::catch_unwind::do_call::<core[df12db4294e9bfd3]::panic::unwind_safe::AssertUnwindSafe<test[9d35eded1c95d3be]::run_test_in_process::{closure#0}>, core[df12db4294e9bfd3]::result::Result<(), alloc[2182bb758b4b3781]::string::String>>
[INFO] [stdout]                                at /rustc/dfb0accb7f508ae8be965d8629557221c889dd98/library/std/src/panicking.rs:576:43
[INFO] [stdout]   29:     0x61069069f885 - std[70759c8f55707aa4]::panicking::catch_unwind::<core[df12db4294e9bfd3]::result::Result<(), alloc[2182bb758b4b3781]::string::String>, core[df12db4294e9bfd3]::panic::unwind_safe::AssertUnwindSafe<test[9d35eded1c95d3be]::run_test_in_process::{closure#0}>>
[INFO] [stdout]                                at /rustc/dfb0accb7f508ae8be965d8629557221c889dd98/library/std/src/panicking.rs:544:19
[INFO] [stdout]   30:     0x61069069f885 - std[70759c8f55707aa4]::panic::catch_unwind::<core[df12db4294e9bfd3]::panic::unwind_safe::AssertUnwindSafe<test[9d35eded1c95d3be]::run_test_in_process::{closure#0}>, core[df12db4294e9bfd3]::result::Result<(), alloc[2182bb758b4b3781]::string::String>>
[INFO] [stdout]                                at /rustc/dfb0accb7f508ae8be965d8629557221c889dd98/library/std/src/panic.rs:359:14
[INFO] [stdout]   31:     0x61069069f885 - test[9d35eded1c95d3be]::run_test_in_process
[INFO] [stdout]                                at /rustc/dfb0accb7f508ae8be965d8629557221c889dd98/library/test/src/lib.rs:756:27
[INFO] [stdout]   32:     0x61069069f885 - test[9d35eded1c95d3be]::run_test::{closure#0}
[INFO] [stdout]                                at /rustc/dfb0accb7f508ae8be965d8629557221c889dd98/library/test/src/lib.rs:677:43
[INFO] [stdout]   33:     0x610690699144 - test[9d35eded1c95d3be]::run_test::{closure#1}
[INFO] [stdout]                                at /rustc/dfb0accb7f508ae8be965d8629557221c889dd98/library/test/src/lib.rs:707:41
[INFO] [stdout]   34:     0x610690699144 - std[70759c8f55707aa4]::sys::backtrace::__rust_begin_short_backtrace::<test[9d35eded1c95d3be]::run_test::{closure#1}, ()>
[INFO] [stdout]                                at /rustc/dfb0accb7f508ae8be965d8629557221c889dd98/library/std/src/sys/backtrace.rs:166:18
[INFO] [stdout]   35:     0x6106906a29e2 - std[70759c8f55707aa4]::thread::lifecycle::spawn_unchecked::<test[9d35eded1c95d3be]::run_test::{closure#1}, ()>::{closure#1}::{closure#0}
[INFO] [stdout]                                at /rustc/dfb0accb7f508ae8be965d8629557221c889dd98/library/std/src/thread/lifecycle.rs:70:13
[INFO] [stdout]   36:     0x6106906a29e2 - <core[df12db4294e9bfd3]::panic::unwind_safe::AssertUnwindSafe<std[70759c8f55707aa4]::thread::lifecycle::spawn_unchecked<test[9d35eded1c95d3be]::run_test::{closure#1}, ()>::{closure#1}::{closure#0}> as core[df12db4294e9bfd3]::ops::function::FnOnce<()>>::call_once
[INFO] [stdout]                                at /rustc/dfb0accb7f508ae8be965d8629557221c889dd98/library/core/src/panic/unwind_safe.rs:275:9
[INFO] [stdout]   37:     0x6106906a29e2 - std[70759c8f55707aa4]::panicking::catch_unwind::do_call::<core[df12db4294e9bfd3]::panic::unwind_safe::AssertUnwindSafe<std[70759c8f55707aa4]::thread::lifecycle::spawn_unchecked<test[9d35eded1c95d3be]::run_test::{closure#1}, ()>::{closure#1}::{closure#0}>, ()>
[INFO] [stdout]                                at /rustc/dfb0accb7f508ae8be965d8629557221c889dd98/library/std/src/panicking.rs:576:43
[INFO] [stdout]   38:     0x6106906a29e2 - std[70759c8f55707aa4]::panicking::catch_unwind::<(), core[df12db4294e9bfd3]::panic::unwind_safe::AssertUnwindSafe<std[70759c8f55707aa4]::thread::lifecycle::spawn_unchecked<test[9d35eded1c95d3be]::run_test::{closure#1}, ()>::{closure#1}::{closure#0}>>
[INFO] [stdout]                                at /rustc/dfb0accb7f508ae8be965d8629557221c889dd98/library/std/src/panicking.rs:544:19
[INFO] [stdout]   39:     0x6106906a29e2 - std[70759c8f55707aa4]::panic::catch_unwind::<core[df12db4294e9bfd3]::panic::unwind_safe::AssertUnwindSafe<std[70759c8f55707aa4]::thread::lifecycle::spawn_unchecked<test[9d35eded1c95d3be]::run_test::{closure#1}, ()>::{closure#1}::{closure#0}>, ()>
[INFO] [stdout]                                at /rustc/dfb0accb7f508ae8be965d8629557221c889dd98/library/std/src/panic.rs:359:14
[INFO] [stdout]   40:     0x6106906a29e2 - std[70759c8f55707aa4]::thread::lifecycle::spawn_unchecked::<test[9d35eded1c95d3be]::run_test::{closure#1}, ()>::{closure#1}
[INFO] [stdout]                                at /rustc/dfb0accb7f508ae8be965d8629557221c889dd98/library/std/src/thread/lifecycle.rs:68:26
[INFO] [stdout]   41:     0x6106906a29e2 - <std[70759c8f55707aa4]::thread::lifecycle::spawn_unchecked<test[9d35eded1c95d3be]::run_test::{closure#1}, ()>::{closure#1} as core[df12db4294e9bfd3]::ops::function::FnOnce<()>>::call_once::{shim:vtable#0}
[INFO] [stdout]                                at /rustc/dfb0accb7f508ae8be965d8629557221c889dd98/library/core/src/ops/function.rs:250:5
[INFO] [stdout]   42:     0x6106907d34a9 - <alloc[2182bb758b4b3781]::boxed::Box<dyn core[df12db4294e9bfd3]::ops::function::FnOnce<(), Output = ()> + core[df12db4294e9bfd3]::marker::Send> as core[df12db4294e9bfd3]::ops::function::FnOnce<()>>::call_once
[INFO] [stdout]                                at /rustc/dfb0accb7f508ae8be965d8629557221c889dd98/library/alloc/src/boxed.rs:2320:9
[INFO] [stdout]   43:     0x6106907d34a9 - <std[70759c8f55707aa4]::sys::thread::unix::Thread>::new::thread_start
[INFO] [stdout]                                at /rustc/dfb0accb7f508ae8be965d8629557221c889dd98/library/std/src/sys/thread/unix.rs:123:17
[INFO] [stdout]   44:     0x730dcd1e4dfa - <unknown>
[INFO] [stdout]   45:     0x730dcd2783d4 - clone
[INFO] [stdout]   46:                0x0 - <unknown>
[INFO] [stdout] 
[INFO] [stdout] ---- cli::tests::render_help stdout ----
[INFO] [stdout] 
[INFO] [stdout] thread 'cli::tests::render_help' (1537) panicked at src/cli.rs:107:42:
[INFO] [stdout] called `Result::unwrap()` on an `Err` value: Os { code: 30, kind: ReadOnlyFilesystem, message: "Read-only file system" }
[INFO] [stdout] stack backtrace:
[INFO] [stdout]    0:     0x6106907d40e1 - std[70759c8f55707aa4]::backtrace_rs::backtrace::libunwind::trace
[INFO] [stdout]                                at /rustc/dfb0accb7f508ae8be965d8629557221c889dd98/library/std/src/../../backtrace/src/backtrace/libunwind.rs:117:9
[INFO] [stdout]    1:     0x6106907d40e1 - std[70759c8f55707aa4]::backtrace_rs::backtrace::trace_unsynchronized::<std[70759c8f55707aa4]::sys::backtrace::_print_fmt::{closure#1}>
[INFO] [stdout]                                at /rustc/dfb0accb7f508ae8be965d8629557221c889dd98/library/std/src/../../backtrace/src/backtrace/mod.rs:66:14
[INFO] [stdout]    2:     0x6106907d40e1 - std[70759c8f55707aa4]::sys::backtrace::_print_fmt
[INFO] [stdout]                                at /rustc/dfb0accb7f508ae8be965d8629557221c889dd98/library/std/src/sys/backtrace.rs:74:9
[INFO] [stdout]    3:     0x6106907d40e1 - <<std[70759c8f55707aa4]::sys::backtrace::BacktraceLock>::print::DisplayBacktrace as core[df12db4294e9bfd3]::fmt::Display>::fmt
[INFO] [stdout]                                at /rustc/dfb0accb7f508ae8be965d8629557221c889dd98/library/std/src/sys/backtrace.rs:44:26
[INFO] [stdout]    4:     0x6106907ea3ca - <core[df12db4294e9bfd3]::fmt::rt::Argument>::fmt
[INFO] [stdout]                                at /rustc/dfb0accb7f508ae8be965d8629557221c889dd98/library/core/src/fmt/rt.rs:152:76
[INFO] [stdout]    5:     0x6106907ea3ca - core[df12db4294e9bfd3]::fmt::write
[INFO] [stdout]    6:     0x6106907d8d6c - core[df12db4294e9bfd3]::io::write::default_write_fmt::<alloc[2182bb758b4b3781]::vec::Vec<u8>>
[INFO] [stdout]                                at /rustc/dfb0accb7f508ae8be965d8629557221c889dd98/library/core/src/io/write.rs:402:11
[INFO] [stdout]    7:     0x6106907d8d6c - <alloc[2182bb758b4b3781]::vec::Vec<u8> as core[df12db4294e9bfd3]::io::write::Write>::write_fmt
[INFO] [stdout]                                at /rustc/dfb0accb7f508ae8be965d8629557221c889dd98/library/core/src/io/write.rs:335:13
[INFO] [stdout]    8:     0x6106907af336 - <std[70759c8f55707aa4]::sys::backtrace::BacktraceLock>::print
[INFO] [stdout]                                at /rustc/dfb0accb7f508ae8be965d8629557221c889dd98/library/std/src/sys/backtrace.rs:47:9
[INFO] [stdout]    9:     0x6106907af336 - std[70759c8f55707aa4]::panicking::default_hook::{closure#0}
[INFO] [stdout]                                at /rustc/dfb0accb7f508ae8be965d8629557221c889dd98/library/std/src/panicking.rs:292:27
[INFO] [stdout]   10:     0x6106907cbf89 - std[70759c8f55707aa4]::panicking::default_hook
[INFO] [stdout]                                at /rustc/dfb0accb7f508ae8be965d8629557221c889dd98/library/std/src/panicking.rs:316:9
[INFO] [stdout]   11:     0x61069069ef30 - <alloc[2182bb758b4b3781]::boxed::Box<dyn for<'a, 'b> core[df12db4294e9bfd3]::ops::function::Fn<(&'a std[70759c8f55707aa4]::panic::PanicHookInfo<'b>,), Output = ()> + core[df12db4294e9bfd3]::marker::Send + core[df12db4294e9bfd3]::marker::Sync> as core[df12db4294e9bfd3]::ops::function::Fn<(&std[70759c8f55707aa4]::panic::PanicHookInfo,)>>::call
[INFO] [stdout]                                at /rustc/dfb0accb7f508ae8be965d8629557221c889dd98/library/alloc/src/boxed.rs:2334:9
[INFO] [stdout]   12:     0x61069069ef30 - test[9d35eded1c95d3be]::test_main_inner::<test[9d35eded1c95d3be]::test_main_static::{closure#0}>::{closure#0}
[INFO] [stdout]                                at /rustc/dfb0accb7f508ae8be965d8629557221c889dd98/library/test/src/lib.rs:155:21
[INFO] [stdout]   13:     0x6106907cc142 - <alloc[2182bb758b4b3781]::boxed::Box<dyn for<'a, 'b> core[df12db4294e9bfd3]::ops::function::Fn<(&'a std[70759c8f55707aa4]::panic::PanicHookInfo<'b>,), Output = ()> + core[df12db4294e9bfd3]::marker::Send + core[df12db4294e9bfd3]::marker::Sync> as core[df12db4294e9bfd3]::ops::function::Fn<(&std[70759c8f55707aa4]::panic::PanicHookInfo,)>>::call
[INFO] [stdout]                                at /rustc/dfb0accb7f508ae8be965d8629557221c889dd98/library/alloc/src/boxed.rs:2334:9
[INFO] [stdout]   14:     0x6106907cc142 - std[70759c8f55707aa4]::panicking::panic_with_hook
[INFO] [stdout]                                at /rustc/dfb0accb7f508ae8be965d8629557221c889dd98/library/std/src/panicking.rs:823:13
[INFO] [stdout]   15:     0x6106907af3e2 - std[70759c8f55707aa4]::panicking::panic_handler::{closure#0}
[INFO] [stdout]                                at /rustc/dfb0accb7f508ae8be965d8629557221c889dd98/library/std/src/panicking.rs:688:13
[INFO] [stdout]   16:     0x6106907a79a9 - std[70759c8f55707aa4]::sys::backtrace::__rust_end_short_backtrace::<std[70759c8f55707aa4]::panicking::panic_handler::{closure#0}, !>
[INFO] [stdout]                                at /rustc/dfb0accb7f508ae8be965d8629557221c889dd98/library/std/src/sys/backtrace.rs:182:18
[INFO] [stdout]   17:     0x6106907b00ed - __rustc[8fa7c3cbc660c2b3]::rust_begin_unwind
[INFO] [stdout]                                at /rustc/dfb0accb7f508ae8be965d8629557221c889dd98/library/std/src/panicking.rs:679:5
[INFO] [stdout]   18:     0x6106907eabbc - core[df12db4294e9bfd3]::panicking::panic_fmt
[INFO] [stdout]                                at /rustc/dfb0accb7f508ae8be965d8629557221c889dd98/library/core/src/panicking.rs:80:14
[INFO] [stdout]   19:     0x6106907ea912 - core[df12db4294e9bfd3]::result::unwrap_failed
[INFO] [stdout]                                at /rustc/dfb0accb7f508ae8be965d8629557221c889dd98/library/core/src/result.rs:1871:5
[INFO] [stdout]   20:     0x61069063562e - <core[df12db4294e9bfd3]::result::Result<(), core[df12db4294e9bfd3]::io::error::Error>>::unwrap
[INFO] [stdout]                                at /rustc/dfb0accb7f508ae8be965d8629557221c889dd98/library/core/src/result.rs:1232:23
[INFO] [stdout]   21:     0x61069063562e - thumper[9a754549090fa21c]::cli::tests::render_help
[INFO] [stdout]                                at /opt/rustwide/workdir/src/cli.rs:107:42
[INFO] [stdout]   22:     0x610690634167 - thumper[9a754549090fa21c]::cli::tests::render_help::{closure#0}
[INFO] [stdout]                                at /opt/rustwide/workdir/src/cli.rs:104:21
[INFO] [stdout]   23:     0x61069064b0a6 - <thumper[9a754549090fa21c]::cli::tests::render_help::{closure#0} as core[df12db4294e9bfd3]::ops::function::FnOnce<()>>::call_once
[INFO] [stdout]                                at /rustc/dfb0accb7f508ae8be965d8629557221c889dd98/library/core/src/ops/function.rs:250:5
[INFO] [stdout]   24:     0x61069069221b - <fn() -> core[df12db4294e9bfd3]::result::Result<(), alloc[2182bb758b4b3781]::string::String> as core[df12db4294e9bfd3]::ops::function::FnOnce<()>>::call_once
[INFO] [stdout]                                at /rustc/dfb0accb7f508ae8be965d8629557221c889dd98/library/core/src/ops/function.rs:250:5
[INFO] [stdout]   25:     0x61069069221b - test[9d35eded1c95d3be]::__rust_begin_short_backtrace::<core[df12db4294e9bfd3]::result::Result<(), alloc[2182bb758b4b3781]::string::String>, fn() -> core[df12db4294e9bfd3]::result::Result<(), alloc[2182bb758b4b3781]::string::String>>
[INFO] [stdout]                                at /rustc/dfb0accb7f508ae8be965d8629557221c889dd98/library/test/src/lib.rs:733:18
[INFO] [stdout]   26:     0x61069069f885 - test[9d35eded1c95d3be]::run_test_in_process::{closure#0}
[INFO] [stdout]                                at /rustc/dfb0accb7f508ae8be965d8629557221c889dd98/library/test/src/lib.rs:756:74
[INFO] [stdout]   27:     0x61069069f885 - <core[df12db4294e9bfd3]::panic::unwind_safe::AssertUnwindSafe<test[9d35eded1c95d3be]::run_test_in_process::{closure#0}> as core[df12db4294e9bfd3]::ops::function::FnOnce<()>>::call_once
[INFO] [stdout]                                at /rustc/dfb0accb7f508ae8be965d8629557221c889dd98/library/core/src/panic/unwind_safe.rs:275:9
[INFO] [stdout]   28:     0x61069069f885 - std[70759c8f55707aa4]::panicking::catch_unwind::do_call::<core[df12db4294e9bfd3]::panic::unwind_safe::AssertUnwindSafe<test[9d35eded1c95d3be]::run_test_in_process::{closure#0}>, core[df12db4294e9bfd3]::result::Result<(), alloc[2182bb758b4b3781]::string::String>>
[INFO] [stdout]                                at /rustc/dfb0accb7f508ae8be965d8629557221c889dd98/library/std/src/panicking.rs:576:43
[INFO] [stdout]   29:     0x61069069f885 - std[70759c8f55707aa4]::panicking::catch_unwind::<core[df12db4294e9bfd3]::result::Result<(), alloc[2182bb758b4b3781]::string::String>, core[df12db4294e9bfd3]::panic::unwind_safe::AssertUnwindSafe<test[9d35eded1c95d3be]::run_test_in_process::{closure#0}>>
[INFO] [stdout]                                at /rustc/dfb0accb7f508ae8be965d8629557221c889dd98/library/std/src/panicking.rs:544:19
[INFO] [stdout]   30:     0x61069069f885 - std[70759c8f55707aa4]::panic::catch_unwind::<core[df12db4294e9bfd3]::panic::unwind_safe::AssertUnwindSafe<test[9d35eded1c95d3be]::run_test_in_process::{closure#0}>, core[df12db4294e9bfd3]::result::Result<(), alloc[2182bb758b4b3781]::string::String>>
[INFO] [stdout]                                at /rustc/dfb0accb7f508ae8be965d8629557221c889dd98/library/std/src/panic.rs:359:14
[INFO] [stdout]   31:     0x61069069f885 - test[9d35eded1c95d3be]::run_test_in_process
[INFO] [stdout]                                at /rustc/dfb0accb7f508ae8be965d8629557221c889dd98/library/test/src/lib.rs:756:27
[INFO] [stdout]   32:     0x61069069f885 - test[9d35eded1c95d3be]::run_test::{closure#0}
[INFO] [stdout]                                at /rustc/dfb0accb7f508ae8be965d8629557221c889dd98/library/test/src/lib.rs:677:43
[INFO] [stdout]   33:     0x610690699144 - test[9d35eded1c95d3be]::run_test::{closure#1}
[INFO] [stdout]                                at /rustc/dfb0accb7f508ae8be965d8629557221c889dd98/library/test/src/lib.rs:707:41
[INFO] [stdout]   34:     0x610690699144 - std[70759c8f55707aa4]::sys::backtrace::__rust_begin_short_backtrace::<test[9d35eded1c95d3be]::run_test::{closure#1}, ()>
[INFO] [stdout]                                at /rustc/dfb0accb7f508ae8be965d8629557221c889dd98/library/std/src/sys/backtrace.rs:166:18
[INFO] [stdout]   35:     0x6106906a29e2 - std[70759c8f55707aa4]::thread::lifecycle::spawn_unchecked::<test[9d35eded1c95d3be]::run_test::{closure#1}, ()>::{closure#1}::{closure#0}
[INFO] [stdout]                                at /rustc/dfb0accb7f508ae8be965d8629557221c889dd98/library/std/src/thread/lifecycle.rs:70:13
[INFO] [stdout]   36:     0x6106906a29e2 - <core[df12db4294e9bfd3]::panic::unwind_safe::AssertUnwindSafe<std[70759c8f55707aa4]::thread::lifecycle::spawn_unchecked<test[9d35eded1c95d3be]::run_test::{closure#1}, ()>::{closure#1}::{closure#0}> as core[df12db4294e9bfd3]::ops::function::FnOnce<()>>::call_once
[INFO] [stdout]                                at /rustc/dfb0accb7f508ae8be965d8629557221c889dd98/library/core/src/panic/unwind_safe.rs:275:9
[INFO] [stdout]   37:     0x6106906a29e2 - std[70759c8f55707aa4]::panicking::catch_unwind::do_call::<core[df12db4294e9bfd3]::panic::unwind_safe::AssertUnwindSafe<std[70759c8f55707aa4]::thread::lifecycle::spawn_unchecked<test[9d35eded1c95d3be]::run_test::{closure#1}, ()>::{closure#1}::{closure#0}>, ()>
[INFO] [stdout]                                at /rustc/dfb0accb7f508ae8be965d8629557221c889dd98/library/std/src/panicking.rs:576:43
[INFO] [stdout]   38:     0x6106906a29e2 - std[70759c8f55707aa4]::panicking::catch_unwind::<(), core[df12db4294e9bfd3]::panic::unwind_safe::AssertUnwindSafe<std[70759c8f55707aa4]::thread::lifecycle::spawn_unchecked<test[9d35eded1c95d3be]::run_test::{closure#1}, ()>::{closure#1}::{closure#0}>>
[INFO] [stdout]                                at /rustc/dfb0accb7f508ae8be965d8629557221c889dd98/library/std/src/panicking.rs:544:19
[INFO] [stdout]   39:     0x6106906a29e2 - std[70759c8f55707aa4]::panic::catch_unwind::<core[df12db4294e9bfd3]::panic::unwind_safe::AssertUnwindSafe<std[70759c8f55707aa4]::thread::lifecycle::spawn_unchecked<test[9d35eded1c95d3be]::run_test::{closure#1}, ()>::{closure#1}::{closure#0}>, ()>
[INFO] [stdout]                                at /rustc/dfb0accb7f508ae8be965d8629557221c889dd98/library/std/src/panic.rs:359:14
[INFO] [stdout]   40:     0x6106906a29e2 - std[70759c8f55707aa4]::thread::lifecycle::spawn_unchecked::<test[9d35eded1c95d3be]::run_test::{closure#1}, ()>::{closure#1}
[INFO] [stdout]                                at /rustc/dfb0accb7f508ae8be965d8629557221c889dd98/library/std/src/thread/lifecycle.rs:68:26
[INFO] [stdout]   41:     0x6106906a29e2 - <std[70759c8f55707aa4]::thread::lifecycle::spawn_unchecked<test[9d35eded1c95d3be]::run_test::{closure#1}, ()>::{closure#1} as core[df12db4294e9bfd3]::ops::function::FnOnce<()>>::call_once::{shim:vtable#0}
[INFO] [stdout]                                at /rustc/dfb0accb7f508ae8be965d8629557221c889dd98/library/core/src/ops/function.rs:250:5
[INFO] [stdout]   42:     0x6106907d34a9 - <alloc[2182bb758b4b3781]::boxed::Box<dyn core[df12db4294e9bfd3]::ops::function::FnOnce<(), Output = ()> + core[df12db4294e9bfd3]::marker::Send> as core[df12db4294e9bfd3]::ops::function::FnOnce<()>>::call_once
[INFO] [stdout]                                at /rustc/dfb0accb7f508ae8be965d8629557221c889dd98/library/alloc/src/boxed.rs:2320:9
[INFO] [stdout]   43:     0x6106907d34a9 - <std[70759c8f55707aa4]::sys::thread::unix::Thread>::new::thread_start
[INFO] [stdout]                                at /rustc/dfb0accb7f508ae8be965d8629557221c889dd98/library/std/src/sys/thread/unix.rs:123:17
[INFO] [stdout]   44:     0x730dcd1e4dfa - <unknown>
[INFO] [stdout]   45:     0x730dcd2783d4 - clone
[INFO] [stdout]   46:                0x0 - <unknown>
[INFO] [stdout] 
[INFO] [stdout] 
[INFO] [stdout] failures:
[INFO] [stdout]     cli::tests::render_help
[INFO] [stdout]     cli::tests::render_sync_help
[INFO] [stdout] 
[INFO] [stdout] test result: FAILED. 11 passed; 2 failed; 0 ignored; 0 measured; 0 filtered out; finished in 0.13s
[INFO] [stdout] 
[INFO] [stderr] error: test failed, to rerun pass `--bin thumper`
[INFO] running `Command { std: "docker" "inspect" "b978747bf7e68b5a698434d38a1b5c96c430e333e908cc0fc3b10ea900e3b0b1", kill_on_drop: false }`
[INFO] running `Command { std: "docker" "rm" "-f" "b978747bf7e68b5a698434d38a1b5c96c430e333e908cc0fc3b10ea900e3b0b1", kill_on_drop: false }`
[INFO] [stdout] b978747bf7e68b5a698434d38a1b5c96c430e333e908cc0fc3b10ea900e3b0b1
