[INFO] fetching crate thescavenger 0.2.0...
[INFO] testing thescavenger-0.2.0 against 1.100.0-beta.1 for beta-1.100-2
[INFO] extracting crate thescavenger 0.2.0 into /workspace/builds/worker-1-tc2/source
[INFO] removed /workspace/builds/worker-1-tc2/source/rust-toolchain.toml
[INFO] started tweaking crates.io crate thescavenger 0.2.0
[INFO] removed 0 missing tests
[INFO] finished tweaking crates.io crate thescavenger 0.2.0
[INFO] tweaked toml for crates.io crate thescavenger 0.2.0 written to /workspace/builds/worker-1-tc2/source/Cargo.toml
[INFO] validating manifest of crates.io crate thescavenger 0.2.0 on toolchain 1.100.0-beta.1
[INFO] running `Command { std: CARGO_HOME="/workspace/cargo-home" RUSTUP_HOME="/workspace/rustup-home" "/workspace/cargo-home/bin/cargo" "+1.100.0-beta.1" "metadata" "--manifest-path" "Cargo.toml" "--no-deps", kill_on_drop: false }`
[INFO] crate crates.io crate thescavenger 0.2.0 already has a lockfile, it will not be regenerated
[INFO] running `Command { std: CARGO_HOME="/workspace/cargo-home" RUSTUP_HOME="/workspace/rustup-home" "/workspace/cargo-home/bin/cargo" "+1.100.0-beta.1" "fetch" "--manifest-path" "Cargo.toml", kill_on_drop: false }`
[INFO] running `Command { std: "docker" "create" "-v" "/var/lib/crater-agent-workspace/builds/worker-1-tc2/source:/opt/rustwide/workdir:ro,Z" "-v" "/var/lib/crater-agent-workspace/builds/worker-1-tc2/target:/opt/rustwide/target:rw,Z" "-v" "/var/lib/crater-agent-workspace/cargo-home:/opt/rustwide/cargo-home:ro,Z" "-v" "/var/lib/crater-agent-workspace/rustup-home:/opt/rustwide/rustup-home:ro,Z" "-m" "1610612736" "--network" "none" "ghcr.io/rust-lang/crates-build-env/linux@sha256:3111399a4047eeb3a02b7a90e478d715f38a8c6669b5c4b49d30a17385265909" "sleep" "infinity", kill_on_drop: false }`
[INFO] [stdout] 50d4efff1b868f61a845bd536f418c47f4bc72f29911e1e00854f22264d75259
[INFO] running `Command { std: "docker" "start" "50d4efff1b868f61a845bd536f418c47f4bc72f29911e1e00854f22264d75259", kill_on_drop: false }`
[INFO] running `Command { std: "docker" "inspect" "50d4efff1b868f61a845bd536f418c47f4bc72f29911e1e00854f22264d75259", kill_on_drop: false }`
[INFO] running `Command { std: "docker" "exec" "-e" "SOURCE_DIR=/opt/rustwide/workdir" "-e" "CARGO_HOME=/opt/rustwide/cargo-home" "-e" "RUSTUP_HOME=/opt/rustwide/rustup-home" "-e" "CARGO_TARGET_DIR=/opt/rustwide/target" "-w" "/opt/rustwide/workdir" "--user" "0:0" "50d4efff1b868f61a845bd536f418c47f4bc72f29911e1e00854f22264d75259" "/opt/rustwide/cargo-home/bin/cargo" "+1.100.0-beta.1" "metadata" "--no-deps" "--format-version=1", kill_on_drop: false }`
[INFO] running `Command { std: "docker" "inspect" "50d4efff1b868f61a845bd536f418c47f4bc72f29911e1e00854f22264d75259", kill_on_drop: false }`
[INFO] running `Command { std: "docker" "exec" "-e" "SOURCE_DIR=/opt/rustwide/workdir" "-e" "CARGO_HOME=/opt/rustwide/cargo-home" "-e" "RUSTUP_HOME=/opt/rustwide/rustup-home" "-e" "CARGO_TARGET_DIR=/opt/rustwide/target" "-e" "CARGO_INCREMENTAL=0" "-e" "RUST_BACKTRACE=full" "-e" "RUSTFLAGS=--cap-lints=warn" "-e" "RUSTDOCFLAGS=--cap-lints=warn" "-w" "/opt/rustwide/workdir" "--user" "0:0" "50d4efff1b868f61a845bd536f418c47f4bc72f29911e1e00854f22264d75259" "/opt/rustwide/cargo-home/bin/cargo" "+1.100.0-beta.1" "build" "--frozen" "--message-format=json", kill_on_drop: false }`
[INFO] [stderr]    Compiling tree-sitter-language v0.1.7
[INFO] [stderr]    Compiling cc v1.2.56
[INFO] [stderr]    Compiling serde_core v1.0.228
[INFO] [stderr]    Compiling quote v1.0.44
[INFO] [stderr]    Compiling errno v0.3.14
[INFO] [stderr]    Compiling mio v1.1.1
[INFO] [stderr]    Compiling aho-corasick v1.1.4
[INFO] [stderr]    Compiling serde v1.0.228
[INFO] [stderr]    Compiling signal-hook-registry v1.4.8
[INFO] [stderr]    Compiling syn v2.0.117
[INFO] [stderr]    Compiling serde_json v1.0.149
[INFO] [stderr]    Compiling bitflags v2.11.0
[INFO] [stderr]    Compiling zerocopy v0.8.40
[INFO] [stderr]    Compiling unicode-segmentation v1.12.0
[INFO] [stderr]    Compiling memchr v2.8.0
[INFO] [stderr]    Compiling fnv v1.0.7
[INFO] [stderr]    Compiling signal-hook v0.3.18
[INFO] [stderr]    Compiling futures-channel v0.3.32
[INFO] [stderr]    Compiling regex-automata v0.4.14
[INFO] [stderr]    Compiling socket2 v0.6.2
[INFO] [stderr]    Compiling libsqlite3-sys v0.30.1
[INFO] [stderr]    Compiling futures-task v0.3.32
[INFO] [stderr]    Compiling futures-io v0.3.32
[INFO] [stderr]    Compiling ref-cast v1.0.25
[INFO] [stderr]    Compiling anstyle-parse v0.2.7
[INFO] [stderr]    Compiling signal-hook-mio v0.2.5
[INFO] [stderr]    Compiling convert_case v0.10.0
[INFO] [stderr]    Compiling inotify-sys v0.1.5
[INFO] [stderr]    Compiling instant v0.1.13
[INFO] [stderr]    Compiling rustix v1.1.4
[INFO] [stderr]    Compiling colorchoice v1.0.4
[INFO] [stderr]    Compiling instability v0.3.10
[INFO] [stderr]    Compiling getrandom v0.4.1
[INFO] [stderr]    Compiling anstyle v1.0.13
[INFO] [stderr]    Compiling rustix v0.38.44
[INFO] [stderr]    Compiling anstream v0.6.21
[INFO] [stderr]    Compiling inotify v0.10.2
[INFO] [stderr]    Compiling notify-types v1.0.1
[INFO] [stderr]    Compiling itertools v0.13.0
[INFO] [stderr]    Compiling tree-sitter-php v0.24.2
[INFO] [stderr]    Compiling tree-sitter-python v0.23.6
[INFO] [stderr]    Compiling darling_core v0.20.11
[INFO] [stderr]    Compiling darling_core v0.23.0
[INFO] [stderr]    Compiling serde_derive_internals v0.29.1
[INFO] [stderr]    Compiling ahash v0.8.12
[INFO] [stderr]    Compiling hashbrown v0.14.5
[INFO] [stderr]    Compiling matchers v0.2.0
[INFO] [stderr]    Compiling tree-sitter v0.26.6
[INFO] [stderr]    Compiling tree-sitter-ruby v0.23.1
[INFO] [stderr]    Compiling tree-sitter-rust v0.24.0
[INFO] [stderr]    Compiling tree-sitter-swift v0.7.1
[INFO] [stderr]    Compiling serde_derive v1.0.228
[INFO] [stderr]    Compiling tracing-attributes v0.1.31
[INFO] [stderr]    Compiling tokio-macros v2.6.0
[INFO] [stderr]    Compiling futures-macro v0.3.32
[INFO] [stderr]    Compiling tokio v1.49.0
[INFO] [stderr]    Compiling darling_macro v0.20.11
[INFO] [stderr]    Compiling ref-cast-impl v1.0.25
[INFO] [stderr]    Compiling futures-util v0.3.32
[INFO] [stderr]    Compiling tracing v0.1.44
[INFO] [stderr]    Compiling thiserror-impl v2.0.18
[INFO] [stderr]    Compiling darling v0.20.11
[INFO] [stderr]    Compiling hashlink v0.9.1
[INFO] [stderr]    Compiling darling_macro v0.23.0
[INFO] [stderr]    Compiling derive_more-impl v2.1.1
[INFO] [stderr]    Compiling darling v0.23.0
[INFO] [stderr]    Compiling schemars_derive v1.2.1
[INFO] [stderr]    Compiling strum_macros v0.26.4
[INFO] [stderr]    Compiling tree-sitter-typescript v0.23.2
[INFO] [stderr]    Compiling thiserror v2.0.18
[INFO] [stderr]    Compiling tree-sitter-bash v0.25.1
[INFO] [stderr]    Compiling tree-sitter-c v0.24.1
[INFO] [stderr]    Compiling tree-sitter-c-sharp v0.23.1
[INFO] [stderr]    Compiling tree-sitter-cpp v0.23.4
[INFO] [stderr]    Compiling tree-sitter-go v0.25.0
[INFO] [stderr]    Compiling tree-sitter-java v0.23.5
[INFO] [stderr]    Compiling tree-sitter-javascript v0.23.1
[INFO] [stderr]    Compiling castaway v0.2.4
[INFO] [stderr]    Compiling crossbeam-channel v0.5.15
[INFO] [stderr]    Compiling filetime v0.2.27
[INFO] [stderr]    Compiling rmcp v0.17.0
[INFO] [stderr]    Compiling clap_lex v1.0.0
[INFO] [stderr]    Compiling owo-colors v4.3.0
[INFO] [stderr]    Compiling num-conv v0.1.0
[INFO] [stderr]    Compiling time-core v0.1.7
[INFO] [stderr]    Compiling winnow v0.7.14
[INFO] [stderr]    Compiling compact_str v0.8.1
[INFO] [stderr]    Compiling time v0.3.45
[INFO] [stderr]    Compiling tracing-serde v0.2.0
[INFO] [stderr]    Compiling chrono v0.4.44
[INFO] [stderr]    Compiling futures-executor v0.3.32
[INFO] [stderr]    Compiling futures v0.3.32
[INFO] [stderr]    Compiling strum v0.26.3
[INFO] [stderr]    Compiling tracing-subscriber v0.3.22
[INFO] [stderr]    Compiling clap_builder v4.5.60
[INFO] [stderr]    Compiling schemars v1.2.1
[INFO] [stderr]    Compiling toml_parser v1.0.9+spec-1.1.0
[INFO] [stderr]    Compiling unicode-truncate v1.1.0
[INFO] [stderr]    Compiling globset v0.4.18
[INFO] [stderr]    Compiling tokio-util v0.7.18
[INFO] [stderr]    Compiling notify v7.0.0
[INFO] [stderr]    Compiling digest v0.10.7
[INFO] [stderr]    Compiling rusqlite v0.32.1
[INFO] [stderr]    Compiling derive_more v2.1.1
[INFO] [stderr]    Compiling rmcp-macros v0.17.0
[INFO] [stderr]    Compiling async-trait v0.1.89
[INFO] [stderr]    Compiling clap_derive v4.5.55
[INFO] [stderr]    Compiling regex v1.12.3
[INFO] [stderr]    Compiling crossterm v0.28.1
[INFO] [stderr]    Compiling serde_spanned v1.0.4
[INFO] [stderr]    Compiling toml_datetime v1.0.0+spec-1.1.0
[INFO] [stderr]    Compiling pastey v0.2.1
[INFO] [stderr]    Compiling toml_writer v1.0.6+spec-1.1.0
[INFO] [stderr]    Compiling fixedbitset v0.4.2
[INFO] [stderr]    Compiling file-id v0.2.3
[INFO] [stderr]    Compiling notify-debouncer-full v0.4.0
[INFO] [stderr]    Compiling petgraph v0.6.5
[INFO] [stderr]    Compiling toml v1.0.3+spec-1.1.0
[INFO] [stderr]    Compiling ratatui v0.29.0
[INFO] [stderr]    Compiling sha2 v0.10.9
[INFO] [stderr]    Compiling uuid v1.21.0
[INFO] [stderr]    Compiling clap v4.5.60
[INFO] [stderr]    Compiling crossterm v0.29.0
[INFO] [stderr]    Compiling tokio-rusqlite v0.6.0
[INFO] [stderr]    Compiling ignore v0.4.25
[INFO] [stderr]    Compiling tracing-appender v0.2.4
[INFO] [stderr]    Compiling fs2 v0.4.3
[INFO] [stderr]    Compiling md5 v0.8.0
[INFO] [stderr]    Compiling thescavenger v0.2.0 (/opt/rustwide/workdir)
[INFO] [stderr] warning: unused dependency `tokio-rusqlite`
[INFO] [stderr]   --> Cargo.toml:96:15
[INFO] [stderr]    |
[INFO] [stderr] 96 | [dependencies.tokio-rusqlite]
[INFO] [stderr]    |               ^^^^^^^^^^^^^^^
[INFO] [stderr]    |
[INFO] [stderr]    = note: `cargo::unused_dependencies` is set to `warn` by default
[INFO] [stderr] help: consider removing the dependency on `tokio-rusqlite`
[INFO] [stderr] warning: `thescavenger` (manifest) generated 1 warning
[INFO] [stderr]     Finished `dev` profile [unoptimized + debuginfo] target(s) in 2m 51s
[INFO] running `Command { std: "docker" "inspect" "50d4efff1b868f61a845bd536f418c47f4bc72f29911e1e00854f22264d75259", kill_on_drop: false }`
[INFO] running `Command { std: "docker" "exec" "-e" "SOURCE_DIR=/opt/rustwide/workdir" "-e" "CARGO_HOME=/opt/rustwide/cargo-home" "-e" "RUSTUP_HOME=/opt/rustwide/rustup-home" "-e" "CARGO_TARGET_DIR=/opt/rustwide/target" "-e" "CARGO_INCREMENTAL=0" "-e" "RUST_BACKTRACE=full" "-e" "RUSTFLAGS=--cap-lints=warn" "-e" "RUSTDOCFLAGS=--cap-lints=warn" "-w" "/opt/rustwide/workdir" "--user" "0:0" "50d4efff1b868f61a845bd536f418c47f4bc72f29911e1e00854f22264d75259" "/opt/rustwide/cargo-home/bin/cargo" "+1.100.0-beta.1" "test" "--frozen" "--no-run" "--message-format=json", kill_on_drop: false }`
[INFO] [stderr]    Compiling rustix v1.1.4
[INFO] [stderr]    Compiling crossterm v0.29.0
[INFO] [stderr]    Compiling tempfile v3.26.0
[INFO] [stderr]    Compiling thescavenger v0.2.0 (/opt/rustwide/workdir)
[INFO] [stdout] warning: unused imports: `NodeKind` and `NodeWeight`
[INFO] [stdout]    --> src/capsule/gather.rs:436:31
[INFO] [stdout]     |
[INFO] [stdout] 436 |     use crate::graph::types::{NodeKind, NodeWeight};
[INFO] [stdout]     |                               ^^^^^^^^  ^^^^^^^^^^
[INFO] [stdout]     |
[INFO] [stdout]     = note: `#[warn(unused_imports)]` (part of `#[warn(unused)]`) on by default
[INFO] [stdout] 
[INFO] [stdout] 
[INFO] [stdout] warning: unused import: `std::path::PathBuf`
[INFO] [stdout]    --> src/capsule/gather.rs:437:9
[INFO] [stdout]     |
[INFO] [stdout] 437 |     use std::path::PathBuf;
[INFO] [stdout]     |         ^^^^^^^^^^^^^^^^^^
[INFO] [stdout] 
[INFO] [stdout] 
[INFO] [stdout] warning: unused imports: `NodeKind` and `NodeWeight`
[INFO] [stdout]    --> src/capsule/mod.rs:201:31
[INFO] [stdout]     |
[INFO] [stdout] 201 |     use crate::graph::types::{NodeKind, NodeWeight};
[INFO] [stdout]     |                               ^^^^^^^^  ^^^^^^^^^^
[INFO] [stdout] 
[INFO] [stdout] 
[INFO] [stdout] warning: unused import: `std::path::PathBuf`
[INFO] [stdout]    --> src/capsule/mod.rs:203:9
[INFO] [stdout]     |
[INFO] [stdout] 203 |     use std::path::PathBuf;
[INFO] [stdout]     |         ^^^^^^^^^^^^^^^^^^
[INFO] [stdout] 
[INFO] [stdout] 
[INFO] [stdout] warning: unused import: `rusqlite::Connection`
[INFO] [stdout]  --> tests/integration/branch_test.rs:3:5
[INFO] [stdout]   |
[INFO] [stdout] 3 | use rusqlite::Connection;
[INFO] [stdout]   |     ^^^^^^^^^^^^^^^^^^^^
[INFO] [stdout]   |
[INFO] [stdout]   = note: `#[warn(unused_imports)]` (part of `#[warn(unused)]`) on by default
[INFO] [stdout] 
[INFO] [stdout] 
[INFO] [stdout] warning: unused import: `schema`
[INFO] [stdout]  --> tests/integration/branch_test.rs:4:36
[INFO] [stdout]   |
[INFO] [stdout] 4 | use scavenger::db::{self, queries, schema};
[INFO] [stdout]   |                                    ^^^^^^
[INFO] [stdout] 
[INFO] [stdout] 
[INFO] [stdout] warning: unused import: `scavenger::db::schema`
[INFO] [stdout]  --> tests/integration/concurrency_test.rs:4:5
[INFO] [stdout]   |
[INFO] [stdout] 4 | use scavenger::db::schema;
[INFO] [stdout]   |     ^^^^^^^^^^^^^^^^^^^^^
[INFO] [stdout] 
[INFO] [stdout] 
[INFO] [stdout] warning: unused import: `std::path::PathBuf`
[INFO] [stdout]  --> tests/integration/lifecycle_test.rs:4:5
[INFO] [stdout]   |
[INFO] [stdout] 4 | use std::path::PathBuf;
[INFO] [stdout]   |     ^^^^^^^^^^^^^^^^^^
[INFO] [stdout] 
[INFO] [stdout] 
[INFO] [stdout] warning: unused import: `queries`
[INFO] [stdout]  --> tests/integration/lifecycle_test.rs:8:27
[INFO] [stdout]   |
[INFO] [stdout] 8 | use scavenger::db::{self, queries, schema};
[INFO] [stdout]   |                           ^^^^^^^
[INFO] [stdout] 
[INFO] [stdout] 
[INFO] [stdout] warning: unused import: `self`
[INFO] [stdout]  --> tests/integration/lifecycle_test.rs:9:24
[INFO] [stdout]   |
[INFO] [stdout] 9 | use scavenger::graph::{self, GraphState, index};
[INFO] [stdout]   |                        ^^^^
[INFO] [stdout] 
[INFO] [stdout] 
[INFO] [stdout] warning: unused imports: `NodeKind` and `NodeWeight`
[INFO] [stdout]    --> src/capsule/gather.rs:436:31
[INFO] [stdout]     |
[INFO] [stdout] 436 |     use crate::graph::types::{NodeKind, NodeWeight};
[INFO] [stdout]     |                               ^^^^^^^^  ^^^^^^^^^^
[INFO] [stdout]     |
[INFO] [stdout]     = note: `#[warn(unused_imports)]` (part of `#[warn(unused)]`) on by default
[INFO] [stdout] 
[INFO] [stdout] 
[INFO] [stdout] warning: unused import: `std::path::PathBuf`
[INFO] [stdout]    --> src/capsule/gather.rs:437:9
[INFO] [stdout]     |
[INFO] [stdout] 437 |     use std::path::PathBuf;
[INFO] [stdout]     |         ^^^^^^^^^^^^^^^^^^
[INFO] [stdout] 
[INFO] [stdout] 
[INFO] [stdout] warning: unused imports: `NodeKind` and `NodeWeight`
[INFO] [stdout]    --> src/capsule/mod.rs:201:31
[INFO] [stdout]     |
[INFO] [stdout] 201 |     use crate::graph::types::{NodeKind, NodeWeight};
[INFO] [stdout]     |                               ^^^^^^^^  ^^^^^^^^^^
[INFO] [stdout] 
[INFO] [stdout] 
[INFO] [stdout] warning: unused import: `std::path::PathBuf`
[INFO] [stdout]    --> src/capsule/mod.rs:203:9
[INFO] [stdout]     |
[INFO] [stdout] 203 |     use std::path::PathBuf;
[INFO] [stdout]     |         ^^^^^^^^^^^^^^^^^^
[INFO] [stdout] 
[INFO] [stdout] 
[INFO] [stdout] warning: unused variable: `files`
[INFO] [stdout]    --> tests/graph_test.rs:119:9
[INFO] [stdout]     |
[INFO] [stdout] 119 |     let files = vec![PathBuf::from("src/lib.rs")];
[INFO] [stdout]     |         ^^^^^ help: if this is intentional, prefix it with an underscore: `_files`
[INFO] [stdout]     |
[INFO] [stdout]     = note: `#[warn(unused_variables)]` (part of `#[warn(unused)]`) on by default
[INFO] [stdout] 
[INFO] [stdout] 
[INFO] [stderr] warning: unused dependency `tokio-rusqlite`
[INFO] [stderr]   --> Cargo.toml:96:15
[INFO] [stderr]    |
[INFO] [stderr] 96 | [dependencies.tokio-rusqlite]
[INFO] [stderr]    |               ^^^^^^^^^^^^^^^
[INFO] [stderr]    |
[INFO] [stderr]    = note: `cargo::unused_dependencies` is set to `warn` by default
[INFO] [stderr] help: consider removing the dependency on `tokio-rusqlite`
[INFO] [stderr] warning: `thescavenger` (manifest) generated 1 warning
[INFO] [stderr]     Finished `test` profile [unoptimized + debuginfo] target(s) in 45.72s
[INFO] running `Command { std: "docker" "inspect" "50d4efff1b868f61a845bd536f418c47f4bc72f29911e1e00854f22264d75259", kill_on_drop: false }`
[INFO] running `Command { std: "docker" "exec" "-e" "SOURCE_DIR=/opt/rustwide/workdir" "-e" "CARGO_HOME=/opt/rustwide/cargo-home" "-e" "RUSTUP_HOME=/opt/rustwide/rustup-home" "-e" "CARGO_TARGET_DIR=/opt/rustwide/target" "-e" "CARGO_INCREMENTAL=0" "-e" "RUST_BACKTRACE=full" "-e" "RUSTFLAGS=--cap-lints=warn" "-e" "RUSTDOCFLAGS=--cap-lints=warn" "-w" "/opt/rustwide/workdir" "--user" "0:0" "50d4efff1b868f61a845bd536f418c47f4bc72f29911e1e00854f22264d75259" "/opt/rustwide/cargo-home/bin/cargo" "+1.100.0-beta.1" "test" "--frozen", kill_on_drop: false }`
[INFO] [stderr] warning: unused imports: `NodeKind` and `NodeWeight`
[INFO] [stderr]    --> src/capsule/gather.rs:436:31
[INFO] [stderr]     |
[INFO] [stderr] 436 |     use crate::graph::types::{NodeKind, NodeWeight};
[INFO] [stderr]     |                               ^^^^^^^^  ^^^^^^^^^^
[INFO] [stderr]     |
[INFO] [stderr]     = note: `#[warn(unused_imports)]` (part of `#[warn(unused)]`) on by default
[INFO] [stderr] 
[INFO] [stderr] warning: unused import: `std::path::PathBuf`
[INFO] [stderr]    --> src/capsule/gather.rs:437:9
[INFO] [stderr]     |
[INFO] [stderr] 437 |     use std::path::PathBuf;
[INFO] [stderr]     |         ^^^^^^^^^^^^^^^^^^
[INFO] [stderr] 
[INFO] [stderr] warning: unused imports: `NodeKind` and `NodeWeight`
[INFO] [stderr]    --> src/capsule/mod.rs:201:31
[INFO] [stderr]     |
[INFO] [stderr] 201 |     use crate::graph::types::{NodeKind, NodeWeight};
[INFO] [stderr]     |                               ^^^^^^^^  ^^^^^^^^^^
[INFO] [stderr] 
[INFO] [stderr] warning: unused import: `std::path::PathBuf`
[INFO] [stderr]    --> src/capsule/mod.rs:203:9
[INFO] [stderr]     |
[INFO] [stderr] 203 |     use std::path::PathBuf;
[INFO] [stderr]     |         ^^^^^^^^^^^^^^^^^^
[INFO] [stderr] 
[INFO] [stderr] warning: unused import: `rusqlite::Connection`
[INFO] [stderr]  --> tests/integration/branch_test.rs:3:5
[INFO] [stderr]   |
[INFO] [stderr] 3 | use rusqlite::Connection;
[INFO] [stderr]   |     ^^^^^^^^^^^^^^^^^^^^
[INFO] [stderr]   |
[INFO] [stderr]   = note: `#[warn(unused_imports)]` (part of `#[warn(unused)]`) on by default
[INFO] [stderr] 
[INFO] [stderr] warning: unused import: `schema`
[INFO] [stderr]  --> tests/integration/branch_test.rs:4:36
[INFO] [stderr]   |
[INFO] [stderr] 4 | use scavenger::db::{self, queries, schema};
[INFO] [stderr]   |                                    ^^^^^^
[INFO] [stderr] 
[INFO] [stderr] warning: unused import: `scavenger::db::schema`
[INFO] [stderr]  --> tests/integration/concurrency_test.rs:4:5
[INFO] [stderr]   |
[INFO] [stderr] 4 | use scavenger::db::schema;
[INFO] [stderr]   |     ^^^^^^^^^^^^^^^^^^^^^
[INFO] [stderr] 
[INFO] [stderr] warning: unused import: `std::path::PathBuf`
[INFO] [stderr]  --> tests/integration/lifecycle_test.rs:4:5
[INFO] [stderr]   |
[INFO] [stderr] 4 | use std::path::PathBuf;
[INFO] [stderr]   |     ^^^^^^^^^^^^^^^^^^
[INFO] [stderr] 
[INFO] [stderr] warning: unused import: `queries`
[INFO] [stderr]  --> tests/integration/lifecycle_test.rs:8:27
[INFO] [stderr]   |
[INFO] [stderr] 8 | use scavenger::db::{self, queries, schema};
[INFO] [stderr]   |                           ^^^^^^^
[INFO] [stderr] 
[INFO] [stderr] warning: unused import: `self`
[INFO] [stderr]  --> tests/integration/lifecycle_test.rs:9:24
[INFO] [stderr]   |
[INFO] [stderr] 9 | use scavenger::graph::{self, GraphState, index};
[INFO] [stderr]   |                        ^^^^
[INFO] [stderr] 
[INFO] [stderr] warning: `thescavenger` (bin "scavenger" test) generated 4 warnings (run `cargo fix --bin "scavenger" -p thescavenger --tests` to apply 4 suggestions)
[INFO] [stderr] warning: `thescavenger` (test "integration") generated 6 warnings (run `cargo fix --test "integration" -p thescavenger` to apply 6 suggestions)
[INFO] [stderr] warning: unused variable: `files`
[INFO] [stderr]    --> tests/graph_test.rs:119:9
[INFO] [stderr]     |
[INFO] [stderr] 119 |     let files = vec![PathBuf::from("src/lib.rs")];
[INFO] [stderr]     |         ^^^^^ help: if this is intentional, prefix it with an underscore: `_files`
[INFO] [stderr]     |
[INFO] [stderr]     = note: `#[warn(unused_variables)]` (part of `#[warn(unused)]`) on by default
[INFO] [stderr] 
[INFO] [stderr] warning: `thescavenger` (lib test) generated 4 warnings (4 duplicates)
[INFO] [stderr] warning: `thescavenger` (test "graph_test") generated 1 warning (run `cargo fix --test "graph_test" -p thescavenger` to apply 1 suggestion)
[INFO] [stderr] warning: unused dependency `tokio-rusqlite`
[INFO] [stderr]   --> Cargo.toml:96:15
[INFO] [stderr]    |
[INFO] [stderr] 96 | [dependencies.tokio-rusqlite]
[INFO] [stderr]    |               ^^^^^^^^^^^^^^^
[INFO] [stderr]    |
[INFO] [stderr]    = note: `cargo::unused_dependencies` is set to `warn` by default
[INFO] [stderr] help: consider removing the dependency on `tokio-rusqlite`
[INFO] [stderr] warning: `thescavenger` (manifest) generated 1 warning
[INFO] [stderr]     Finished `test` profile [unoptimized + debuginfo] target(s) in 0.55s
[INFO] [stderr]      Running unittests src/lib.rs (/opt/rustwide/target/debug/build/thescavenger/23c88750bc5b8767/out/scavenger-23c88750bc5b8767)
[INFO] [stdout] 
[INFO] [stdout] running 146 tests
[INFO] [stdout] test capsule::render::tests::test_pin_marks_target_signals_and_structural ... ok
[INFO] [stdout] test capsule::render::tests::test_group_assignment ... ok
[INFO] [stdout] test capsule::gather::tests::test_annotation_prefix_by_kind ... ok
[INFO] [stdout] test capsule::render::tests::test_render_body_not_included_below_threshold ... ok
[INFO] [stdout] test capsule::render::tests::test_render_body_inclusion_above_threshold ... ok
[INFO] [stdout] test capsule::render::tests::test_render_section_ordering ... ok
[INFO] [stdout] test capsule::score::tests::test_node_history_significance ... ok
[INFO] [stdout] test capsule::render::tests::test_trim_respects_budget ... ok
[INFO] [stdout] test capsule::score::tests::test_pitfall_scored_higher_than_fact ... ok
[INFO] [stdout] test capsule::score::tests::test_context_scored_lower_than_fact ... ok
[INFO] [stdout] test capsule::render::tests::test_render_omits_empty_sections ... ok
[INFO] [stdout] test capsule::score::tests::test_proximity_levels ... ok
[INFO] [stdout] test capsule::score::tests::test_scoring_weights_sum_to_one ... ok
[INFO] [stdout] test capsule::score::tests::test_quality_affects_score ... ok
[INFO] [stdout] test capsule::score::tests::test_stale_annotation_penalized ... ok
[INFO] [stdout] test capsule::score::tests::test_signal_pinned ... ok
[INFO] [stdout] test capsule::score::tests::test_target_gets_max_score ... ok
[INFO] [stdout] test daemon::metrics::tests::test_counter ... ok
[INFO] [stdout] test daemon::metrics::tests::test_histogram_empty ... ok
[INFO] [stdout] test daemon::metrics::tests::test_histogram_percentiles ... ok
[INFO] [stdout] test daemon::metrics::tests::test_snapshot_structure ... ok
[INFO] [stdout] test daemon::watcher::tests::test_route_code_files ... ok
[INFO] [stdout] test daemon::watcher::tests::test_route_doc_files ... ok
[INFO] [stdout] test daemon::watcher::tests::test_route_skip_files ... ok
[INFO] [stdout] test daemon::watcher::tests::test_is_gitignored_nested_gitignore ... ok
[INFO] [stdout] test daemon::watcher::tests::test_is_gitignored ... ok
[INFO] [stdout] test capsule::gather::tests::test_distill_under_threshold_no_distillation ... ok
[INFO] [stdout] test capsule::tests::test_assemble_with_target ... ok
[INFO] [stdout] test capsule::gather::tests::test_project_level_capped_at_3 ... ok
[INFO] [stdout] test capsule::gather::tests::test_distill_over_threshold ... ok
[INFO] [stdout] test db::schema::tests::test_downgrade_guard ... ok
[INFO] [stdout] test db::schema::tests::test_daemon_meta_schema_creates_all_tables ... ok
[INFO] [stdout] test capsule::tests::test_assemble_empty_query ... ok
[INFO] [stdout] test db::schema::tests::test_branch_schema_idempotent ... ok
[INFO] [stdout] test db::schema::tests::test_branch_schema_creates_all_tables ... ok
[INFO] [stdout] test db::schema::tests::test_branch_schema_fts5_tables ... ok
[INFO] [stdout] test db::schema::tests::test_branch_schema_version_set ... ok
[INFO] [stdout] test db::tests::test_sanitize_branch ... ok
[INFO] [stdout] test graph::doc_indexer::tests::test_chunk_markdown_basic ... ok
[INFO] [stdout] test graph::doc_indexer::tests::test_chunk_markdown_long_section_splits ... ok
[INFO] [stdout] test graph::doc_indexer::tests::test_chunk_markdown_no_headings ... ok
[INFO] [stdout] test graph::doc_indexer::tests::test_chunk_markdown_long_section_no_split ... ok
[INFO] [stdout] test db::schema::tests::test_v2_migration_adds_annotation_columns ... ok
[INFO] [stdout] test db::schema::tests::test_nodes_fts_trigger ... ok
[INFO] [stdout] test db::schema::tests::test_v2_migration_creates_annotation_edges_table ... ok
[INFO] [stdout] test db::schema::tests::test_v2_migration_from_existing_v1 ... ok
[INFO] [stdout] test graph::index::tests::test_detect_language ... ok
[INFO] [stdout] test graph::index::tests::test_fts_split ... ok
[INFO] [stdout] test graph::index::tests::test_parse_python_file ... ok
[INFO] [stdout] test graph::index::tests::test_parse_rust_file ... ok
[INFO] [stdout] test graph::index::tests::test_signature_hash_deterministic ... ok
[INFO] [stdout] test graph::index::tests::test_signature_hash_whitespace_normalized ... ok
[INFO] [stdout] test graph::similarity::tests::test_completely_different_low_score ... ok
[INFO] [stdout] test graph::similarity::tests::test_extract_param_names ... ok
[INFO] [stdout] test graph::similarity::tests::test_find_matches_greedy ... ok
[INFO] [stdout] test graph::similarity::tests::test_identical_nodes_high_score ... ok
[INFO] [stdout] test graph::similarity::tests::test_renamed_function_moderate_score ... ok
[INFO] [stdout] test graph::similarity::tests::test_return_type_similarity_match ... ok
[INFO] [stdout] test graph::estimator::tests::test_estimate_capsule_with_file ... ok
[INFO] [stdout] test graph::tests::test_add_and_get_node ... ok
[INFO] [stdout] test graph::tests::test_add_edge_and_callers_callees ... ok
[INFO] [stdout] test graph::tests::test_pagerank ... ok
[INFO] [stdout] test graph::doc_indexer::tests::test_index_doc_file ... ok
[INFO] [stdout] test graph::tests::test_rebuild_reverse_index ... ok
[INFO] [stdout] test graph::estimator::tests::test_estimate_unknown_tool_returns_zero ... ok
[INFO] [stdout] test graph::traversal::tests::test_bfs_respects_budget ... ok
[INFO] [stdout] test graph::tests::test_remove_node ... ok
[INFO] [stdout] test graph::traversal::tests::test_bfs_basic ... ok
[INFO] [stdout] test graph::traversal::tests::test_blocklist ... ok
[INFO] [stdout] test graph::traversal::tests::test_bidirectional ... ok
[INFO] [stdout] test graph::types::tests::test_confidence_roundtrip ... ok
[INFO] [stdout] test graph::traversal::tests::test_bfs_skips_high_degree ... ok
[INFO] [stdout] test graph::types::tests::test_node_id_compute_deterministic ... ok
[INFO] [stdout] test graph::types::tests::test_edge_kind_roundtrip ... ok
[INFO] [stdout] test graph::types::tests::test_node_id_differs_on_signature ... ok
[INFO] [stdout] test graph::types::tests::test_node_kind_roundtrip ... ok
[INFO] [stdout] test hooks::register::tests::test_creates_cursor_mcp_config ... ok
[INFO] [stdout] test hooks::register::tests::test_creates_cursor_hooks ... ok
[INFO] [stdout] test graph::estimator::tests::test_estimate_write_delete_returns_zero ... ok
[INFO] [stdout] test graph::index::tests::test_bulk_index ... ok
[INFO] [stdout] test hooks::register::tests::test_create_plugin_is_idempotent ... ok
[INFO] [stdout] test hooks::register::tests::test_creates_plugin_directory_structure ... ok
[INFO] [stdout] test hooks::register::tests::test_noop_on_invalid_json ... ok
[INFO] [stdout] test hooks::register::tests::test_noop_when_no_settings_file ... ok
[INFO] [stdout] test hooks::register::tests::test_cursor_mcp_config_preserves_existing_servers ... ok
[INFO] [stdout] test hooks::register::tests::test_cursor_hooks_preserves_existing_hooks ... ok
[INFO] [stdout] test hooks::register::tests::test_plugin_hooks_content ... ok
[INFO] [stdout] test hooks::register::tests::test_register_mcp_in_mcp_json_creates_file ... ok
[INFO] [stdout] test hooks::register::tests::test_preserves_mcp_and_user_settings_during_cleanup ... ok
[INFO] [stdout] test hooks::register::tests::test_register_mcp_in_mcp_json_is_idempotent ... ok
[INFO] [stdout] test hooks::register::tests::test_cursor_config_is_idempotent ... ok
[INFO] [stdout] test hooks::register::tests::test_remove_cursor_config ... ok
[INFO] [stdout] test hooks::register::tests::test_remove_cursor_config_preserves_other_entries ... ok
[INFO] [stdout] test graph::tests::test_load_from_db ... ok
[INFO] [stdout] test hooks::register::tests::test_plugin_manifest_content ... ok
[INFO] [stdout] test hooks::register::tests::test_register_mcp_in_mcp_json_preserves_existing ... ok
[INFO] [stdout] test hooks::register::tests::test_removes_empty_settings_file ... ok
[INFO] [stdout] test memory::annotations::tests::test_content_hash_deterministic ... ok
[INFO] [stdout] test hooks::register::tests::test_removes_new_format_hooks ... ok
[INFO] [stdout] test memory::annotations::tests::test_content_hash_normalization ... ok
[INFO] [stdout] test hooks::register::tests::test_remove_mcp_from_mcp_json_removes_scavenger ... ok
[INFO] [stdout] test hooks::register::tests::test_remove_mcp_from_mcp_json_noop_when_missing ... ok
[INFO] [stdout] test hooks::register::tests::test_remove_mcp_from_mcp_json_deletes_empty_file ... ok
[INFO] [stdout] test hooks::register::tests::test_removes_old_format_hooks ... ok
[INFO] [stdout] test memory::annotations::tests::test_delete_annotation ... ok
[INFO] [stdout] test memory::annotations::tests::test_kind_from_str_unknown_defaults ... ok
[INFO] [stdout] test memory::annotations::tests::test_create_and_read_annotation ... ok
[INFO] [stdout] test memory::annotations::tests::test_dedup_returns_existing_id ... ok
[INFO] [stdout] test memory::annotations::tests::test_kind_defaults_to_fact ... ok
[INFO] [stdout] test memory::annotations::tests::test_dedup_different_text_not_deduped ... ok
[INFO] [stdout] test memory::annotations::tests::test_dedup_bumps_quality ... ok
[INFO] [stdout] test memory::annotations::tests::test_quality_decay ... ok
[INFO] [stdout] test memory::antipattern::tests::test_is_test_path ... ok
[INFO] [stdout] test memory::annotations::tests::test_update_annotation ... ok
[INFO] [stdout] test memory::annotations::tests::test_kind_round_trip ... ok
[INFO] [stdout] test memory::annotations::tests::test_quality_clamped_at_1 ... ok
[INFO] [stdout] test memory::antipattern::tests::test_failed_search_dedup ... ok
[INFO] [stdout] test memory::antipattern::tests::test_detector_new ... ok
[INFO] [stdout] test memory::session::tests::test_session_summary ... ok
[INFO] [stdout] test memory::session::tests::test_record_and_query_events ... ok
[INFO] [stdout] test memory::signals::tests::test_active_signal_count ... ok
[INFO] [stdout] test memory::session::tests::test_session_files_and_symbols ... ok
[INFO] [stdout] test memory::signals::tests::test_insert_and_query_signal ... ok
[INFO] [stdout] test memory::signals::tests::test_query_by_session ... ok
[INFO] [stdout] test memory::versions::tests::test_ordinal_decay_keeps_last_5 ... ok
[INFO] [stdout] test query::intent::tests::test_debug_keywords ... ok
[INFO] [stdout] test query::intent::tests::test_empty_query_defaults_to_understand ... ok
[INFO] [stdout] test query::intent::tests::test_extend_keywords ... ok
[INFO] [stdout] test query::intent::tests::test_multi_intent ... ok
[INFO] [stdout] test query::intent::tests::test_no_keyword_defaults_to_understand ... ok
[INFO] [stdout] test query::intent::tests::test_refactor_keywords ... ok
[INFO] [stdout] test query::intent::tests::test_review_keywords ... ok
[INFO] [stdout] test query::intent::tests::test_understand_keywords ... ok
[INFO] [stdout] test query::search::tests::test_sanitize_fts_query ... ok
[INFO] [stdout] test memory::versions::tests::test_record_and_retrieve_version ... ok
[INFO] [stdout] test memory::tests::test_merge_annotations_dedup ... ok
[INFO] [stdout] test query::tests::test_bfs_collects_neighbors ... ok
[INFO] [stdout] test query::tests::test_bfs_respects_budget ... ok
[INFO] [stdout] test query::tests::test_resolve_target ... ok
[INFO] [stdout] test memory::tests::test_fork_annotations ... ok
[INFO] [stdout] test memory::tests::test_merge_annotations_different_text ... ok
[INFO] [stdout] test memory::tests::test_merge_skips_annotations_for_missing_nodes ... ok
[INFO] [stdout] test query::search::tests::test_search_empty_query ... ok
[INFO] [stdout] test query::search::tests::test_search_with_results ... ok
[INFO] [stdout] test db::tests::test_open_daemon_meta_db_creates_schema ... ok
[INFO] [stdout] test db::tests::test_open_branch_db_creates_schema ... ok
[INFO] [stdout] 
[INFO] [stdout] test result: ok. 146 passed; 0 failed; 0 ignored; 0 measured; 0 filtered out; finished in 1.68s
[INFO] [stdout] 
[INFO] [stderr]      Running unittests src/main.rs (/opt/rustwide/target/debug/build/thescavenger/36d23f931268072b/out/scavenger-36d23f931268072b)
[INFO] [stdout] 
[INFO] [stdout] running 146 tests
[INFO] [stdout] test capsule::gather::tests::test_annotation_prefix_by_kind ... ok
[INFO] [stdout] test capsule::render::tests::test_pin_marks_target_signals_and_structural ... ok
[INFO] [stdout] test capsule::render::tests::test_group_assignment ... ok
[INFO] [stdout] test capsule::render::tests::test_render_body_not_included_below_threshold ... ok
[INFO] [stdout] test capsule::render::tests::test_render_omits_empty_sections ... ok
[INFO] [stdout] test capsule::render::tests::test_render_body_inclusion_above_threshold ... ok
[INFO] [stdout] test capsule::render::tests::test_render_section_ordering ... ok
[INFO] [stdout] test capsule::render::tests::test_trim_respects_budget ... ok
[INFO] [stdout] test capsule::score::tests::test_pitfall_scored_higher_than_fact ... ok
[INFO] [stdout] test capsule::score::tests::test_context_scored_lower_than_fact ... ok
[INFO] [stdout] test capsule::score::tests::test_proximity_levels ... ok
[INFO] [stdout] test capsule::score::tests::test_scoring_weights_sum_to_one ... ok
[INFO] [stdout] test capsule::score::tests::test_signal_pinned ... ok
[INFO] [stdout] test capsule::score::tests::test_node_history_significance ... ok
[INFO] [stdout] test capsule::score::tests::test_quality_affects_score ... ok
[INFO] [stdout] test daemon::metrics::tests::test_counter ... ok
[INFO] [stdout] test capsule::score::tests::test_stale_annotation_penalized ... ok
[INFO] [stdout] test capsule::score::tests::test_target_gets_max_score ... ok
[INFO] [stdout] test daemon::metrics::tests::test_histogram_empty ... ok
[INFO] [stdout] test daemon::metrics::tests::test_snapshot_structure ... ok
[INFO] [stdout] test daemon::metrics::tests::test_histogram_percentiles ... ok
[INFO] [stdout] test daemon::watcher::tests::test_route_code_files ... ok
[INFO] [stdout] test daemon::watcher::tests::test_route_doc_files ... ok
[INFO] [stdout] test daemon::watcher::tests::test_route_skip_files ... ok
[INFO] [stdout] test daemon::watcher::tests::test_is_gitignored_nested_gitignore ... ok
[INFO] [stdout] test capsule::gather::tests::test_distill_under_threshold_no_distillation ... ok
[INFO] [stdout] test daemon::watcher::tests::test_is_gitignored ... ok
[INFO] [stdout] test capsule::gather::tests::test_project_level_capped_at_3 ... ok
[INFO] [stdout] test db::schema::tests::test_daemon_meta_schema_creates_all_tables ... ok
[INFO] [stdout] test db::schema::tests::test_downgrade_guard ... ok
[INFO] [stdout] test capsule::tests::test_assemble_with_target ... ok
[INFO] [stdout] test capsule::gather::tests::test_distill_over_threshold ... ok
[INFO] [stdout] test capsule::tests::test_assemble_empty_query ... ok
[INFO] [stdout] test db::schema::tests::test_branch_schema_creates_all_tables ... ok
[INFO] [stdout] test db::schema::tests::test_branch_schema_fts5_tables ... ok
[INFO] [stdout] test db::schema::tests::test_branch_schema_version_set ... ok
[INFO] [stdout] test db::tests::test_sanitize_branch ... ok
[INFO] [stdout] test graph::doc_indexer::tests::test_chunk_markdown_basic ... ok
[INFO] [stdout] test graph::doc_indexer::tests::test_chunk_markdown_long_section_no_split ... ok
[INFO] [stdout] test db::schema::tests::test_branch_schema_idempotent ... ok
[INFO] [stdout] test graph::doc_indexer::tests::test_chunk_markdown_long_section_splits ... ok
[INFO] [stdout] test graph::doc_indexer::tests::test_chunk_markdown_no_headings ... ok
[INFO] [stdout] test db::schema::tests::test_nodes_fts_trigger ... ok
[INFO] [stdout] test db::schema::tests::test_v2_migration_adds_annotation_columns ... ok
[INFO] [stdout] test db::tests::test_open_daemon_meta_db_creates_schema ... ok
[INFO] [stdout] test db::schema::tests::test_v2_migration_creates_annotation_edges_table ... ok
[INFO] [stdout] test db::schema::tests::test_v2_migration_from_existing_v1 ... ok
[INFO] [stdout] test graph::index::tests::test_detect_language ... ok
[INFO] [stdout] test graph::index::tests::test_fts_split ... ok
[INFO] [stdout] test graph::index::tests::test_parse_python_file ... ok
[INFO] [stdout] test graph::index::tests::test_signature_hash_deterministic ... ok
[INFO] [stdout] test graph::index::tests::test_signature_hash_whitespace_normalized ... ok
[INFO] [stdout] test graph::similarity::tests::test_completely_different_low_score ... ok
[INFO] [stdout] test graph::similarity::tests::test_extract_param_names ... ok
[INFO] [stdout] test graph::similarity::tests::test_find_matches_greedy ... ok
[INFO] [stdout] test graph::index::tests::test_parse_rust_file ... ok
[INFO] [stdout] test graph::similarity::tests::test_identical_nodes_high_score ... ok
[INFO] [stdout] test graph::similarity::tests::test_renamed_function_moderate_score ... ok
[INFO] [stdout] test graph::similarity::tests::test_return_type_similarity_match ... ok
[INFO] [stdout] test graph::tests::test_add_edge_and_callers_callees ... ok
[INFO] [stdout] test db::tests::test_open_branch_db_creates_schema ... ok
[INFO] [stdout] test graph::tests::test_pagerank ... ok
[INFO] [stdout] test graph::tests::test_rebuild_reverse_index ... ok
[INFO] [stdout] test graph::tests::test_add_and_get_node ... ok
[INFO] [stdout] test graph::doc_indexer::tests::test_index_doc_file ... ok
[INFO] [stdout] test graph::traversal::tests::test_bfs_respects_budget ... ok
[INFO] [stdout] test graph::traversal::tests::test_bfs_skips_high_degree ... ok
[INFO] [stdout] test graph::traversal::tests::test_bfs_basic ... ok
[INFO] [stdout] test graph::tests::test_remove_node ... ok
[INFO] [stdout] test graph::types::tests::test_confidence_roundtrip ... ok
[INFO] [stdout] test graph::types::tests::test_edge_kind_roundtrip ... ok
[INFO] [stdout] test graph::types::tests::test_node_id_compute_deterministic ... ok
[INFO] [stdout] test graph::types::tests::test_node_id_differs_on_signature ... ok
[INFO] [stdout] test graph::types::tests::test_node_kind_roundtrip ... ok
[INFO] [stdout] test graph::traversal::tests::test_blocklist ... ok
[INFO] [stdout] test graph::traversal::tests::test_bidirectional ... ok
[INFO] [stdout] test graph::estimator::tests::test_estimate_capsule_with_file ... ok
[INFO] [stdout] test hooks::register::tests::test_create_plugin_is_idempotent ... ok
[INFO] [stdout] test hooks::register::tests::test_creates_cursor_mcp_config ... ok
[INFO] [stdout] test hooks::register::tests::test_creates_plugin_directory_structure ... ok
[INFO] [stdout] test hooks::register::tests::test_creates_cursor_hooks ... ok
[INFO] [stdout] test graph::estimator::tests::test_estimate_unknown_tool_returns_zero ... ok
[INFO] [stdout] test hooks::register::tests::test_noop_on_invalid_json ... ok
[INFO] [stdout] test hooks::register::tests::test_cursor_config_is_idempotent ... ok
[INFO] [stdout] test hooks::register::tests::test_cursor_hooks_preserves_existing_hooks ... ok
[INFO] [stdout] test hooks::register::tests::test_cursor_mcp_config_preserves_existing_servers ... ok
[INFO] [stdout] test hooks::register::tests::test_noop_when_no_settings_file ... ok
[INFO] [stdout] test hooks::register::tests::test_plugin_hooks_content ... ok
[INFO] [stdout] test hooks::register::tests::test_plugin_manifest_content ... ok
[INFO] [stdout] test hooks::register::tests::test_register_mcp_in_mcp_json_creates_file ... ok
[INFO] [stdout] test hooks::register::tests::test_remove_cursor_config ... ok
[INFO] [stdout] test hooks::register::tests::test_register_mcp_in_mcp_json_is_idempotent ... ok
[INFO] [stdout] test hooks::register::tests::test_remove_mcp_from_mcp_json_deletes_empty_file ... ok
[INFO] [stdout] test hooks::register::tests::test_remove_mcp_from_mcp_json_noop_when_missing ... ok
[INFO] [stdout] test hooks::register::tests::test_register_mcp_in_mcp_json_preserves_existing ... ok
[INFO] [stdout] test hooks::register::tests::test_removes_empty_settings_file ... ok
[INFO] [stdout] test hooks::register::tests::test_removes_new_format_hooks ... ok
[INFO] [stdout] test hooks::register::tests::test_remove_mcp_from_mcp_json_removes_scavenger ... ok
[INFO] [stdout] test hooks::register::tests::test_remove_cursor_config_preserves_other_entries ... ok
[INFO] [stdout] test hooks::register::tests::test_preserves_mcp_and_user_settings_during_cleanup ... ok
[INFO] [stdout] test hooks::register::tests::test_removes_old_format_hooks ... ok
[INFO] [stdout] test memory::annotations::tests::test_content_hash_normalization ... ok
[INFO] [stdout] test memory::annotations::tests::test_content_hash_deterministic ... ok
[INFO] [stdout] test graph::estimator::tests::test_estimate_write_delete_returns_zero ... ok
[INFO] [stdout] test graph::tests::test_load_from_db ... ok
[INFO] [stdout] test memory::annotations::tests::test_kind_from_str_unknown_defaults ... ok
[INFO] [stdout] test graph::index::tests::test_bulk_index ... ok
[INFO] [stdout] test memory::annotations::tests::test_dedup_different_text_not_deduped ... ok
[INFO] [stdout] test memory::annotations::tests::test_create_and_read_annotation ... ok
[INFO] [stdout] test memory::annotations::tests::test_kind_defaults_to_fact ... ok
[INFO] [stdout] test memory::antipattern::tests::test_detector_new ... ok
[INFO] [stdout] test memory::annotations::tests::test_delete_annotation ... ok
[INFO] [stdout] test memory::antipattern::tests::test_is_test_path ... ok
[INFO] [stdout] test memory::annotations::tests::test_dedup_bumps_quality ... ok
[INFO] [stdout] test memory::annotations::tests::test_dedup_returns_existing_id ... ok
[INFO] [stdout] test memory::annotations::tests::test_quality_clamped_at_1 ... ok
[INFO] [stdout] test memory::annotations::tests::test_kind_round_trip ... ok
[INFO] [stdout] test memory::annotations::tests::test_quality_decay ... ok
[INFO] [stdout] test memory::annotations::tests::test_update_annotation ... ok
[INFO] [stdout] test memory::session::tests::test_record_and_query_events ... ok
[INFO] [stdout] test memory::session::tests::test_session_files_and_symbols ... ok
[INFO] [stdout] test memory::antipattern::tests::test_failed_search_dedup ... ok
[INFO] [stdout] test memory::session::tests::test_session_summary ... ok
[INFO] [stdout] test memory::signals::tests::test_insert_and_query_signal ... ok
[INFO] [stdout] test memory::signals::tests::test_query_by_session ... ok
[INFO] [stdout] test query::intent::tests::test_debug_keywords ... ok
[INFO] [stdout] test query::intent::tests::test_empty_query_defaults_to_understand ... ok
[INFO] [stdout] test query::intent::tests::test_extend_keywords ... ok
[INFO] [stdout] test query::intent::tests::test_multi_intent ... ok
[INFO] [stdout] test query::intent::tests::test_no_keyword_defaults_to_understand ... ok
[INFO] [stdout] test query::intent::tests::test_refactor_keywords ... ok
[INFO] [stdout] test memory::signals::tests::test_active_signal_count ... ok
[INFO] [stdout] test query::intent::tests::test_understand_keywords ... ok
[INFO] [stdout] test query::intent::tests::test_review_keywords ... ok
[INFO] [stdout] test query::search::tests::test_sanitize_fts_query ... ok
[INFO] [stdout] test memory::versions::tests::test_record_and_retrieve_version ... ok
[INFO] [stdout] test query::tests::test_bfs_collects_neighbors ... ok
[INFO] [stdout] test query::tests::test_bfs_respects_budget ... ok
[INFO] [stdout] test query::search::tests::test_search_empty_query ... ok
[INFO] [stdout] test query::tests::test_resolve_target ... ok
[INFO] [stdout] test memory::versions::tests::test_ordinal_decay_keeps_last_5 ... ok
[INFO] [stdout] test memory::tests::test_fork_annotations ... ok
[INFO] [stdout] test query::search::tests::test_search_with_results ... ok
[INFO] [stdout] test memory::tests::test_merge_skips_annotations_for_missing_nodes ... ok
[INFO] [stdout] test memory::tests::test_merge_annotations_dedup ... ok
[INFO] [stdout] test memory::tests::test_merge_annotations_different_text ... ok
[INFO] [stdout] 
[INFO] [stdout] test result: ok. 146 passed; 0 failed; 0 ignored; 0 measured; 0 filtered out; finished in 0.41s
[INFO] [stdout] 
[INFO] [stderr]      Running tests/capsule_test.rs (/opt/rustwide/target/debug/build/thescavenger/6c6fcf2170af92ca/out/capsule_test-6c6fcf2170af92ca)
[INFO] [stdout] 
[INFO] [stdout] running 3 tests
[INFO] [stdout] test test_capsule_respects_budget ... ok
[INFO] [stdout] test test_capsule_with_no_target ... ok
[INFO] [stdout] test test_capsule_produces_output ... ok
[INFO] [stdout] 
[INFO] [stdout] test result: ok. 3 passed; 0 failed; 0 ignored; 0 measured; 0 filtered out; finished in 0.04s
[INFO] [stdout] 
[INFO] [stderr]      Running tests/daemon_cli_test.rs (/opt/rustwide/target/debug/build/thescavenger/c0e40194e96df0bc/out/daemon_cli_test-c0e40194e96df0bc)
[INFO] [stdout] 
[INFO] [stdout] running 4 tests
[INFO] [stdout] test daemon_help_shows_subcommands ... ok
[INFO] [stdout] test bare_daemon_without_subcommand_shows_help ... ok
[INFO] [stdout] test daemon_status_when_not_initialized ... ok
[INFO] [stdout] test daemon_stop_when_nothing_running ... ok
[INFO] [stdout] 
[INFO] [stdout] test result: ok. 4 passed; 0 failed; 0 ignored; 0 measured; 0 filtered out; finished in 0.01s
[INFO] [stdout] 
[INFO] [stderr]      Running tests/db_test.rs (/opt/rustwide/target/debug/build/thescavenger/76e3c3845f3f8555/out/db_test-76e3c3845f3f8555)
[INFO] [stdout] 
[INFO] [stdout] running 16 tests
[INFO] [stdout] test test_daemon_meta_schema ... ok
[INFO] [stdout] test test_delete_nodes_by_file ... ok
[INFO] [stdout] test test_annotation_edge_weight_accumulates ... ok
[INFO] [stdout] test test_annotation_edge_bidirectional_lookup ... ok
[INFO] [stdout] test test_annotation_edge_upsert_and_read ... ok
[INFO] [stdout] test test_behavioral_signal_insert_and_prune ... ok
[INFO] [stdout] test test_annotation_edge_cascade_delete ... ok
[INFO] [stdout] test test_annotation_crud ... ok
[INFO] [stdout] test test_edge_crud ... ok
[INFO] [stdout] test test_retrieval_count_increment ... ok
[INFO] [stdout] test test_upsert_and_query_node ... ok
[INFO] [stdout] test test_file_last_indexed ... ok
[INFO] [stdout] test test_upsert_node_updates_on_conflict ... ok
[INFO] [stdout] test test_schema_idempotent ... ok
[INFO] [stdout] test test_schema_version_set ... ok
[INFO] [stdout] test test_low_quality_annotations_query ... ok
[INFO] [stdout] 
[INFO] [stdout] test result: ok. 16 passed; 0 failed; 0 ignored; 0 measured; 0 filtered out; finished in 0.13s
[INFO] [stdout] 
[INFO] [stderr]      Running tests/extraction_test.rs (/opt/rustwide/target/debug/build/thescavenger/bbe5bd1245a2448b/out/extraction_test-bbe5bd1245a2448b)
[INFO] [stdout] 
[INFO] [stdout] running 18 tests
[INFO] [stdout] test test_hcl_returns_none ... ok
[INFO] [stdout] test test_go_extraction ... ok
[INFO] [stdout] test test_empty_file_produces_no_symbols ... ok
[INFO] [stdout] test test_kotlin_returns_none ... ok
[INFO] [stdout] test test_java_extraction ... ok
[INFO] [stdout] test test_javascript_extraction ... ok
[INFO] [stdout] test test_c_extraction ... ok
[INFO] [stdout] test test_scala_returns_none ... ok
[INFO] [stdout] test test_rust_extraction ... ok
[INFO] [stdout] test test_symbols_have_correct_kind ... ok
[INFO] [stdout] test test_signature_hash_stable ... ok
[INFO] [stdout] test test_python_extraction ... ok
[INFO] [stdout] test test_cpp_extraction ... ok
[INFO] [stdout] test test_php_extraction ... ok
[INFO] [stdout] test test_csharp_extraction ... ok
[INFO] [stdout] test test_typescript_extraction ... ok
[INFO] [stdout] test test_ruby_extraction ... ok
[INFO] [stdout] test test_swift_extraction ... ok
[INFO] [stdout] 
[INFO] [stderr]      Running tests/fixtures_test.rs (/opt/rustwide/target/debug/build/thescavenger/13dfb50ab668e9cf/out/fixtures_test-13dfb50ab668e9cf)
[INFO] [stdout] test result: ok. 18 passed; 0 failed; 0 ignored; 0 measured; 0 filtered out; finished in 0.01s
[INFO] [stdout] 
[INFO] [stdout] 
[INFO] [stdout] running 5 tests
[INFO] [stdout] test test_typescript_fixture_symbols ... FAILED
[INFO] [stdout] test test_go_fixture_symbols ... FAILED
[INFO] [stdout] test test_rust_fixture_symbols ... FAILED
[INFO] [stdout] test test_java_fixture_symbols ... FAILED
[INFO] [stdout] test test_python_fixture_symbols ... FAILED
[INFO] [stdout] 
[INFO] [stdout] failures:
[INFO] [stdout] 
[INFO] [stdout] ---- test_typescript_fixture_symbols stdout ----
[INFO] [stdout] 
[INFO] [stdout] thread 'test_typescript_fixture_symbols' (3176) panicked at tests/fixtures_test.rs:42:83:
[INFO] [stdout] called `Result::unwrap()` on an `Err` value: Os { code: 2, kind: NotFound, message: "No such file or directory" }
[INFO] [stdout] stack backtrace:
[INFO] [stdout]    0:     0x61c64dcccee1 - std[617be2ca0a6fd877]::backtrace_rs::backtrace::libunwind::trace
[INFO] [stdout]                                at /rustc/e3feeb59cd1bdd011a2bfcc0747b55125d9b8527/library/std/src/../../backtrace/src/backtrace/libunwind.rs:117:9
[INFO] [stdout]    1:     0x61c64dcccee1 - std[617be2ca0a6fd877]::backtrace_rs::backtrace::trace_unsynchronized::<std[617be2ca0a6fd877]::sys::backtrace::_print_fmt::{closure#1}>
[INFO] [stdout]                                at /rustc/e3feeb59cd1bdd011a2bfcc0747b55125d9b8527/library/std/src/../../backtrace/src/backtrace/mod.rs:66:14
[INFO] [stdout]    2:     0x61c64dcccee1 - std[617be2ca0a6fd877]::sys::backtrace::_print_fmt
[INFO] [stdout]                                at /rustc/e3feeb59cd1bdd011a2bfcc0747b55125d9b8527/library/std/src/sys/backtrace.rs:74:9
[INFO] [stdout]    3:     0x61c64dcccee1 - <<std[617be2ca0a6fd877]::sys::backtrace::BacktraceLock>::print::DisplayBacktrace as core[a373ad73a504971]::fmt::Display>::fmt
[INFO] [stdout]                                at /rustc/e3feeb59cd1bdd011a2bfcc0747b55125d9b8527/library/std/src/sys/backtrace.rs:44:26
[INFO] [stdout]    4:     0x61c64dce0f9a - <core[a373ad73a504971]::fmt::rt::Argument>::fmt
[INFO] [stdout]                                at /rustc/e3feeb59cd1bdd011a2bfcc0747b55125d9b8527/library/core/src/fmt/rt.rs:152:76
[INFO] [stdout]    5:     0x61c64dce0f9a - core[a373ad73a504971]::fmt::write
[INFO] [stdout]    6:     0x61c64dcd10fc - core[a373ad73a504971]::io::write::default_write_fmt::<alloc[2e1b2a31b91974c5]::vec::Vec<u8>>
[INFO] [stdout]                                at /rustc/e3feeb59cd1bdd011a2bfcc0747b55125d9b8527/library/core/src/io/write.rs:402:11
[INFO] [stdout]    7:     0x61c64dcd10fc - <alloc[2e1b2a31b91974c5]::vec::Vec<u8> as core[a373ad73a504971]::io::write::Write>::write_fmt
[INFO] [stdout]                                at /rustc/e3feeb59cd1bdd011a2bfcc0747b55125d9b8527/library/core/src/io/write.rs:335:13
[INFO] [stdout]    8:     0x61c64dca8f36 - <std[617be2ca0a6fd877]::sys::backtrace::BacktraceLock>::print
[INFO] [stdout]                                at /rustc/e3feeb59cd1bdd011a2bfcc0747b55125d9b8527/library/std/src/sys/backtrace.rs:47:9
[INFO] [stdout]    9:     0x61c64dca8f36 - std[617be2ca0a6fd877]::panicking::default_hook::{closure#0}
[INFO] [stdout]                                at /rustc/e3feeb59cd1bdd011a2bfcc0747b55125d9b8527/library/std/src/panicking.rs:289:27
[INFO] [stdout]   10:     0x61c64dcc5219 - std[617be2ca0a6fd877]::panicking::default_hook
[INFO] [stdout]                                at /rustc/e3feeb59cd1bdd011a2bfcc0747b55125d9b8527/library/std/src/panicking.rs:313:9
[INFO] [stdout]   11:     0x61c64dc612c0 - <alloc[2e1b2a31b91974c5]::boxed::Box<dyn for<'a, 'b> core[a373ad73a504971]::ops::function::Fn<(&'a std[617be2ca0a6fd877]::panic::PanicHookInfo<'b>,), Output = ()> + core[a373ad73a504971]::marker::Sync + core[a373ad73a504971]::marker::Send> as core[a373ad73a504971]::ops::function::Fn<(&std[617be2ca0a6fd877]::panic::PanicHookInfo,)>>::call
[INFO] [stdout]                                at /rustc/e3feeb59cd1bdd011a2bfcc0747b55125d9b8527/library/alloc/src/boxed.rs:2328:9
[INFO] [stdout]   12:     0x61c64dc612c0 - test[aada8e7e76ba119b]::test_main_inner::{closure#0}
[INFO] [stdout]                                at /rustc/e3feeb59cd1bdd011a2bfcc0747b55125d9b8527/library/test/src/lib.rs:137:21
[INFO] [stdout]   13:     0x61c64dcc53d2 - <alloc[2e1b2a31b91974c5]::boxed::Box<dyn for<'a, 'b> core[a373ad73a504971]::ops::function::Fn<(&'a std[617be2ca0a6fd877]::panic::PanicHookInfo<'b>,), Output = ()> + core[a373ad73a504971]::marker::Sync + core[a373ad73a504971]::marker::Send> as core[a373ad73a504971]::ops::function::Fn<(&std[617be2ca0a6fd877]::panic::PanicHookInfo,)>>::call
[INFO] [stdout]                                at /rustc/e3feeb59cd1bdd011a2bfcc0747b55125d9b8527/library/alloc/src/boxed.rs:2328:9
[INFO] [stdout]   14:     0x61c64dcc53d2 - std[617be2ca0a6fd877]::panicking::panic_with_hook
[INFO] [stdout]                                at /rustc/e3feeb59cd1bdd011a2bfcc0747b55125d9b8527/library/std/src/panicking.rs:819:13
[INFO] [stdout]   15:     0x61c64dca8fe2 - std[617be2ca0a6fd877]::panicking::panic_handler::{closure#0}
[INFO] [stdout]                                at /rustc/e3feeb59cd1bdd011a2bfcc0747b55125d9b8527/library/std/src/panicking.rs:685:13
[INFO] [stdout]   16:     0x61c64dca1b69 - std[617be2ca0a6fd877]::sys::backtrace::__rust_end_short_backtrace::<std[617be2ca0a6fd877]::panicking::panic_handler::{closure#0}, !>
[INFO] [stdout]                                at /rustc/e3feeb59cd1bdd011a2bfcc0747b55125d9b8527/library/std/src/sys/backtrace.rs:182:18
[INFO] [stdout]   17:     0x61c64dca9bed - __rustc[ea4f61d10b84890b]::rust_begin_unwind
[INFO] [stdout]                                at /rustc/e3feeb59cd1bdd011a2bfcc0747b55125d9b8527/library/std/src/panicking.rs:676:5
[INFO] [stdout]   18:     0x61c64dce172c - core[a373ad73a504971]::panicking::panic_fmt
[INFO] [stdout]                                at /rustc/e3feeb59cd1bdd011a2bfcc0747b55125d9b8527/library/core/src/panicking.rs:80:14
[INFO] [stdout]   19:     0x61c64dce14a2 - core[a373ad73a504971]::result::unwrap_failed
[INFO] [stdout]                                at /rustc/e3feeb59cd1bdd011a2bfcc0747b55125d9b8527/library/core/src/result.rs:1870:5
[INFO] [stdout]   20:     0x61c64db09b8c - <core[a373ad73a504971]::result::Result<alloc[2e1b2a31b91974c5]::string::String, core[a373ad73a504971]::io::error::Error>>::unwrap
[INFO] [stdout]                                at /rustc/e3feeb59cd1bdd011a2bfcc0747b55125d9b8527/library/core/src/result.rs:1232:23
[INFO] [stdout]   21:     0x61c64db09b8c - fixtures_test[ad06e31ddc60688]::test_typescript_fixture_symbols
[INFO] [stdout]                                at /opt/rustwide/workdir/tests/fixtures_test.rs:42:83
[INFO] [stdout]   22:     0x61c64db08067 - fixtures_test[ad06e31ddc60688]::test_typescript_fixture_symbols::{closure#0}
[INFO] [stdout]                                at /opt/rustwide/workdir/tests/fixtures_test.rs:41:37
[INFO] [stdout]   23:     0x61c64db0ae96 - <fixtures_test[ad06e31ddc60688]::test_typescript_fixture_symbols::{closure#0} as core[a373ad73a504971]::ops::function::FnOnce<()>>::call_once
[INFO] [stdout]                                at /rustc/e3feeb59cd1bdd011a2bfcc0747b55125d9b8527/library/core/src/ops/function.rs:250:5
[INFO] [stdout]   24:     0x61c64dc5470b - <fn() -> core[a373ad73a504971]::result::Result<(), alloc[2e1b2a31b91974c5]::string::String> as core[a373ad73a504971]::ops::function::FnOnce<()>>::call_once
[INFO] [stdout]                                at /rustc/e3feeb59cd1bdd011a2bfcc0747b55125d9b8527/library/core/src/ops/function.rs:250:5
[INFO] [stdout]   25:     0x61c64dc5470b - test[aada8e7e76ba119b]::__rust_begin_short_backtrace::<core[a373ad73a504971]::result::Result<(), alloc[2e1b2a31b91974c5]::string::String>, fn() -> core[a373ad73a504971]::result::Result<(), alloc[2e1b2a31b91974c5]::string::String>>
[INFO] [stdout]                                at /rustc/e3feeb59cd1bdd011a2bfcc0747b55125d9b8527/library/test/src/lib.rs:701:18
[INFO] [stdout]   26:     0x61c64dc618e5 - test[aada8e7e76ba119b]::run_test_in_process::{closure#0}
[INFO] [stdout]                                at /rustc/e3feeb59cd1bdd011a2bfcc0747b55125d9b8527/library/test/src/lib.rs:724:74
[INFO] [stdout]   27:     0x61c64dc618e5 - <core[a373ad73a504971]::panic::unwind_safe::AssertUnwindSafe<test[aada8e7e76ba119b]::run_test_in_process::{closure#0}> as core[a373ad73a504971]::ops::function::FnOnce<()>>::call_once
[INFO] [stdout]                                at /rustc/e3feeb59cd1bdd011a2bfcc0747b55125d9b8527/library/core/src/panic/unwind_safe.rs:275:9
[INFO] [stdout]   28:     0x61c64dc618e5 - std[617be2ca0a6fd877]::panicking::catch_unwind::do_call::<core[a373ad73a504971]::panic::unwind_safe::AssertUnwindSafe<test[aada8e7e76ba119b]::run_test_in_process::{closure#0}>, core[a373ad73a504971]::result::Result<(), alloc[2e1b2a31b91974c5]::string::String>>
[INFO] [stdout]                                at /rustc/e3feeb59cd1bdd011a2bfcc0747b55125d9b8527/library/std/src/panicking.rs:573:43
[INFO] [stdout]   29:     0x61c64dc618e5 - std[617be2ca0a6fd877]::panicking::catch_unwind::<core[a373ad73a504971]::result::Result<(), alloc[2e1b2a31b91974c5]::string::String>, core[a373ad73a504971]::panic::unwind_safe::AssertUnwindSafe<test[aada8e7e76ba119b]::run_test_in_process::{closure#0}>>
[INFO] [stdout]                                at /rustc/e3feeb59cd1bdd011a2bfcc0747b55125d9b8527/library/std/src/panicking.rs:541:19
[INFO] [stdout]   30:     0x61c64dc618e5 - std[617be2ca0a6fd877]::panic::catch_unwind::<core[a373ad73a504971]::panic::unwind_safe::AssertUnwindSafe<test[aada8e7e76ba119b]::run_test_in_process::{closure#0}>, core[a373ad73a504971]::result::Result<(), alloc[2e1b2a31b91974c5]::string::String>>
[INFO] [stdout]                                at /rustc/e3feeb59cd1bdd011a2bfcc0747b55125d9b8527/library/std/src/panic.rs:359:14
[INFO] [stdout]   31:     0x61c64dc618e5 - test[aada8e7e76ba119b]::run_test_in_process
[INFO] [stdout]                                at /rustc/e3feeb59cd1bdd011a2bfcc0747b55125d9b8527/library/test/src/lib.rs:724:27
[INFO] [stdout]   32:     0x61c64dc618e5 - test[aada8e7e76ba119b]::run_test::{closure#0}
[INFO] [stdout]                                at /rustc/e3feeb59cd1bdd011a2bfcc0747b55125d9b8527/library/test/src/lib.rs:645:43
[INFO] [stdout]   33:     0x61c64dc5b1d4 - test[aada8e7e76ba119b]::run_test::{closure#1}
[INFO] [stdout]                                at /rustc/e3feeb59cd1bdd011a2bfcc0747b55125d9b8527/library/test/src/lib.rs:675:41
[INFO] [stdout]   34:     0x61c64dc5b1d4 - std[617be2ca0a6fd877]::sys::backtrace::__rust_begin_short_backtrace::<test[aada8e7e76ba119b]::run_test::{closure#1}, ()>
[INFO] [stdout]                                at /rustc/e3feeb59cd1bdd011a2bfcc0747b55125d9b8527/library/std/src/sys/backtrace.rs:166:18
[INFO] [stdout]   35:     0x61c64dc64972 - std[617be2ca0a6fd877]::thread::lifecycle::spawn_unchecked::<test[aada8e7e76ba119b]::run_test::{closure#1}, ()>::{closure#1}::{closure#0}
[INFO] [stdout]                                at /rustc/e3feeb59cd1bdd011a2bfcc0747b55125d9b8527/library/std/src/thread/lifecycle.rs:70:13
[INFO] [stdout]   36:     0x61c64dc64972 - <core[a373ad73a504971]::panic::unwind_safe::AssertUnwindSafe<std[617be2ca0a6fd877]::thread::lifecycle::spawn_unchecked<test[aada8e7e76ba119b]::run_test::{closure#1}, ()>::{closure#1}::{closure#0}> as core[a373ad73a504971]::ops::function::FnOnce<()>>::call_once
[INFO] [stdout]                                at /rustc/e3feeb59cd1bdd011a2bfcc0747b55125d9b8527/library/core/src/panic/unwind_safe.rs:275:9
[INFO] [stdout]   37:     0x61c64dc64972 - std[617be2ca0a6fd877]::panicking::catch_unwind::do_call::<core[a373ad73a504971]::panic::unwind_safe::AssertUnwindSafe<std[617be2ca0a6fd877]::thread::lifecycle::spawn_unchecked<test[aada8e7e76ba119b]::run_test::{closure#1}, ()>::{closure#1}::{closure#0}>, ()>
[INFO] [stdout]                                at /rustc/e3feeb59cd1bdd011a2bfcc0747b55125d9b8527/library/std/src/panicking.rs:573:43
[INFO] [stdout]   38:     0x61c64dc64972 - std[617be2ca0a6fd877]::panicking::catch_unwind::<(), core[a373ad73a504971]::panic::unwind_safe::AssertUnwindSafe<std[617be2ca0a6fd877]::thread::lifecycle::spawn_unchecked<test[aada8e7e76ba119b]::run_test::{closure#1}, ()>::{closure#1}::{closure#0}>>
[INFO] [stdout]                                at /rustc/e3feeb59cd1bdd011a2bfcc0747b55125d9b8527/library/std/src/panicking.rs:541:19
[INFO] [stdout]   39:     0x61c64dc64972 - std[617be2ca0a6fd877]::panic::catch_unwind::<core[a373ad73a504971]::panic::unwind_safe::AssertUnwindSafe<std[617be2ca0a6fd877]::thread::lifecycle::spawn_unchecked<test[aada8e7e76ba119b]::run_test::{closure#1}, ()>::{closure#1}::{closure#0}>, ()>
[INFO] [stdout]                                at /rustc/e3feeb59cd1bdd011a2bfcc0747b55125d9b8527/library/std/src/panic.rs:359:14
[INFO] [stdout]   40:     0x61c64dc64972 - std[617be2ca0a6fd877]::thread::lifecycle::spawn_unchecked::<test[aada8e7e76ba119b]::run_test::{closure#1}, ()>::{closure#1}
[INFO] [stdout]                                at /rustc/e3feeb59cd1bdd011a2bfcc0747b55125d9b8527/library/std/src/thread/lifecycle.rs:68:26
[INFO] [stdout]   41:     0x61c64dc64972 - <std[617be2ca0a6fd877]::thread::lifecycle::spawn_unchecked<test[aada8e7e76ba119b]::run_test::{closure#1}, ()>::{closure#1} as core[a373ad73a504971]::ops::function::FnOnce<()>>::call_once::{shim:vtable#0}
[INFO] [stdout]                                at /rustc/e3feeb59cd1bdd011a2bfcc0747b55125d9b8527/library/core/src/ops/function.rs:250:5
[INFO] [stdout]   42:     0x61c64dccc3df - <alloc[2e1b2a31b91974c5]::boxed::Box<dyn core[a373ad73a504971]::ops::function::FnOnce<(), Output = ()> + core[a373ad73a504971]::marker::Send> as core[a373ad73a504971]::ops::function::FnOnce<()>>::call_once
[INFO] [stdout]                                at /rustc/e3feeb59cd1bdd011a2bfcc0747b55125d9b8527/library/alloc/src/boxed.rs:2314:9
[INFO] [stdout]   43:     0x61c64dccc3df - <std[617be2ca0a6fd877]::sys::thread::unix::Thread>::new::thread_start
[INFO] [stdout]                                at /rustc/e3feeb59cd1bdd011a2bfcc0747b55125d9b8527/library/std/src/sys/thread/unix.rs:127:17
[INFO] [stdout]   44:     0x762a05da1dfa - <unknown>
[INFO] [stdout]   45:     0x762a05e353d4 - clone
[INFO] [stdout]   46:                0x0 - <unknown>
[INFO] [stdout] 
[INFO] [stdout] ---- test_go_fixture_symbols stdout ----
[INFO] [stdout] 
[INFO] [stdout] thread 'test_go_fixture_symbols' (3172) panicked at tests/fixtures_test.rs:58:87:
[INFO] [stdout] called `Result::unwrap()` on an `Err` value: Os { code: 2, kind: NotFound, message: "No such file or directory" }
[INFO] [stdout] stack backtrace:
[INFO] [stdout]    0:     0x61c64dcccee1 - std[617be2ca0a6fd877]::backtrace_rs::backtrace::libunwind::trace
[INFO] [stdout]                                at /rustc/e3feeb59cd1bdd011a2bfcc0747b55125d9b8527/library/std/src/../../backtrace/src/backtrace/libunwind.rs:117:9
[INFO] [stdout]    1:     0x61c64dcccee1 - std[617be2ca0a6fd877]::backtrace_rs::backtrace::trace_unsynchronized::<std[617be2ca0a6fd877]::sys::backtrace::_print_fmt::{closure#1}>
[INFO] [stdout]                                at /rustc/e3feeb59cd1bdd011a2bfcc0747b55125d9b8527/library/std/src/../../backtrace/src/backtrace/mod.rs:66:14
[INFO] [stdout]    2:     0x61c64dcccee1 - std[617be2ca0a6fd877]::sys::backtrace::_print_fmt
[INFO] [stdout]                                at /rustc/e3feeb59cd1bdd011a2bfcc0747b55125d9b8527/library/std/src/sys/backtrace.rs:74:9
[INFO] [stdout]    3:     0x61c64dcccee1 - <<std[617be2ca0a6fd877]::sys::backtrace::BacktraceLock>::print::DisplayBacktrace as core[a373ad73a504971]::fmt::Display>::fmt
[INFO] [stdout]                                at /rustc/e3feeb59cd1bdd011a2bfcc0747b55125d9b8527/library/std/src/sys/backtrace.rs:44:26
[INFO] [stdout]    4:     0x61c64dce0f9a - <core[a373ad73a504971]::fmt::rt::Argument>::fmt
[INFO] [stdout]                                at /rustc/e3feeb59cd1bdd011a2bfcc0747b55125d9b8527/library/core/src/fmt/rt.rs:152:76
[INFO] [stdout]    5:     0x61c64dce0f9a - core[a373ad73a504971]::fmt::write
[INFO] [stdout]    6:     0x61c64dcd10fc - core[a373ad73a504971]::io::write::default_write_fmt::<alloc[2e1b2a31b91974c5]::vec::Vec<u8>>
[INFO] [stdout]                                at /rustc/e3feeb59cd1bdd011a2bfcc0747b55125d9b8527/library/core/src/io/write.rs:402:11
[INFO] [stdout]    7:     0x61c64dcd10fc - <alloc[2e1b2a31b91974c5]::vec::Vec<u8> as core[a373ad73a504971]::io::write::Write>::write_fmt
[INFO] [stdout]                                at /rustc/e3feeb59cd1bdd011a2bfcc0747b55125d9b8527/library/core/src/io/write.rs:335:13
[INFO] [stdout]    8:     0x61c64dca8f36 - <std[617be2ca0a6fd877]::sys::backtrace::BacktraceLock>::print
[INFO] [stdout]                                at /rustc/e3feeb59cd1bdd011a2bfcc0747b55125d9b8527/library/std/src/sys/backtrace.rs:47:9
[INFO] [stdout]    9:     0x61c64dca8f36 - std[617be2ca0a6fd877]::panicking::default_hook::{closure#0}
[INFO] [stdout]                                at /rustc/e3feeb59cd1bdd011a2bfcc0747b55125d9b8527/library/std/src/panicking.rs:289:27
[INFO] [stdout]   10:     0x61c64dcc5219 - std[617be2ca0a6fd877]::panicking::default_hook
[INFO] [stdout]                                at /rustc/e3feeb59cd1bdd011a2bfcc0747b55125d9b8527/library/std/src/panicking.rs:313:9
[INFO] [stdout]   11:     0x61c64dc612c0 - <alloc[2e1b2a31b91974c5]::boxed::Box<dyn for<'a, 'b> core[a373ad73a504971]::ops::function::Fn<(&'a std[617be2ca0a6fd877]::panic::PanicHookInfo<'b>,), Output = ()> + core[a373ad73a504971]::marker::Sync + core[a373ad73a504971]::marker::Send> as core[a373ad73a504971]::ops::function::Fn<(&std[617be2ca0a6fd877]::panic::PanicHookInfo,)>>::call
[INFO] [stdout]                                at /rustc/e3feeb59cd1bdd011a2bfcc0747b55125d9b8527/library/alloc/src/boxed.rs:2328:9
[INFO] [stdout]   12:     0x61c64dc612c0 - test[aada8e7e76ba119b]::test_main_inner::{closure#0}
[INFO] [stdout]                                at /rustc/e3feeb59cd1bdd011a2bfcc0747b55125d9b8527/library/test/src/lib.rs:137:21
[INFO] [stdout]   13:     0x61c64dcc53d2 - <alloc[2e1b2a31b91974c5]::boxed::Box<dyn for<'a, 'b> core[a373ad73a504971]::ops::function::Fn<(&'a std[617be2ca0a6fd877]::panic::PanicHookInfo<'b>,), Output = ()> + core[a373ad73a504971]::marker::Sync + core[a373ad73a504971]::marker::Send> as core[a373ad73a504971]::ops::function::Fn<(&std[617be2ca0a6fd877]::panic::PanicHookInfo,)>>::call
[INFO] [stdout]                                at /rustc/e3feeb59cd1bdd011a2bfcc0747b55125d9b8527/library/alloc/src/boxed.rs:2328:9
[INFO] [stdout]   14:     0x61c64dcc53d2 - std[617be2ca0a6fd877]::panicking::panic_with_hook
[INFO] [stdout]                                at /rustc/e3feeb59cd1bdd011a2bfcc0747b55125d9b8527/library/std/src/panicking.rs:819:13
[INFO] [stdout]   15:     0x61c64dca8fe2 - std[617be2ca0a6fd877]::panicking::panic_handler::{closure#0}
[INFO] [stdout]                                at /rustc/e3feeb59cd1bdd011a2bfcc0747b55125d9b8527/library/std/src/panicking.rs:685:13
[INFO] [stdout]   16:     0x61c64dca1b69 - std[617be2ca0a6fd877]::sys::backtrace::__rust_end_short_backtrace::<std[617be2ca0a6fd877]::panicking::panic_handler::{closure#0}, !>
[INFO] [stdout]                                at /rustc/e3feeb59cd1bdd011a2bfcc0747b55125d9b8527/library/std/src/sys/backtrace.rs:182:18
[INFO] [stdout]   17:     0x61c64dca9bed - __rustc[ea4f61d10b84890b]::rust_begin_unwind
[INFO] [stdout]                                at /rustc/e3feeb59cd1bdd011a2bfcc0747b55125d9b8527/library/std/src/panicking.rs:676:5
[INFO] [stdout]   18:     0x61c64dce172c - core[a373ad73a504971]::panicking::panic_fmt
[INFO] [stdout]                                at /rustc/e3feeb59cd1bdd011a2bfcc0747b55125d9b8527/library/core/src/panicking.rs:80:14
[INFO] [stdout]   19:     0x61c64dce14a2 - core[a373ad73a504971]::result::unwrap_failed
[INFO] [stdout]                                at /rustc/e3feeb59cd1bdd011a2bfcc0747b55125d9b8527/library/core/src/result.rs:1870:5
[INFO] [stdout]   20:     0x61c64db0826c - <core[a373ad73a504971]::result::Result<alloc[2e1b2a31b91974c5]::string::String, core[a373ad73a504971]::io::error::Error>>::unwrap
[INFO] [stdout]                                at /rustc/e3feeb59cd1bdd011a2bfcc0747b55125d9b8527/library/core/src/result.rs:1232:23
[INFO] [stdout]   21:     0x61c64db0826c - fixtures_test[ad06e31ddc60688]::test_go_fixture_symbols
[INFO] [stdout]                                at /opt/rustwide/workdir/tests/fixtures_test.rs:58:87
[INFO] [stdout]   22:     0x61c64db07fa7 - fixtures_test[ad06e31ddc60688]::test_go_fixture_symbols::{closure#0}
[INFO] [stdout]                                at /opt/rustwide/workdir/tests/fixtures_test.rs:57:29
[INFO] [stdout]   23:     0x61c64db0ae16 - <fixtures_test[ad06e31ddc60688]::test_go_fixture_symbols::{closure#0} as core[a373ad73a504971]::ops::function::FnOnce<()>>::call_once
[INFO] [stdout]                                at /rustc/e3feeb59cd1bdd011a2bfcc0747b55125d9b8527/library/core/src/ops/function.rs:250:5
[INFO] [stdout]   24:     0x61c64dc5470b - <fn() -> core[a373ad73a504971]::result::Result<(), alloc[2e1b2a31b91974c5]::string::String> as core[a373ad73a504971]::ops::function::FnOnce<()>>::call_once
[INFO] [stdout]                                at /rustc/e3feeb59cd1bdd011a2bfcc0747b55125d9b8527/library/core/src/ops/function.rs:250:5
[INFO] [stdout]   25:     0x61c64dc5470b - test[aada8e7e76ba119b]::__rust_begin_short_backtrace::<core[a373ad73a504971]::result::Result<(), alloc[2e1b2a31b91974c5]::string::String>, fn() -> core[a373ad73a504971]::result::Result<(), alloc[2e1b2a31b91974c5]::string::String>>
[INFO] [stdout]                                at /rustc/e3feeb59cd1bdd011a2bfcc0747b55125d9b8527/library/test/src/lib.rs:701:18
[INFO] [stdout]   26:     0x61c64dc618e5 - test[aada8e7e76ba119b]::run_test_in_process::{closure#0}
[INFO] [stdout]                                at /rustc/e3feeb59cd1bdd011a2bfcc0747b55125d9b8527/library/test/src/lib.rs:724:74
[INFO] [stdout]   27:     0x61c64dc618e5 - <core[a373ad73a504971]::panic::unwind_safe::AssertUnwindSafe<test[aada8e7e76ba119b]::run_test_in_process::{closure#0}> as core[a373ad73a504971]::ops::function::FnOnce<()>>::call_once
[INFO] [stdout]                                at /rustc/e3feeb59cd1bdd011a2bfcc0747b55125d9b8527/library/core/src/panic/unwind_safe.rs:275:9
[INFO] [stdout]   28:     0x61c64dc618e5 - std[617be2ca0a6fd877]::panicking::catch_unwind::do_call::<core[a373ad73a504971]::panic::unwind_safe::AssertUnwindSafe<test[aada8e7e76ba119b]::run_test_in_process::{closure#0}>, core[a373ad73a504971]::result::Result<(), alloc[2e1b2a31b91974c5]::string::String>>
[INFO] [stdout]                                at /rustc/e3feeb59cd1bdd011a2bfcc0747b55125d9b8527/library/std/src/panicking.rs:573:43
[INFO] [stdout]   29:     0x61c64dc618e5 - std[617be2ca0a6fd877]::panicking::catch_unwind::<core[a373ad73a504971]::result::Result<(), alloc[2e1b2a31b91974c5]::string::String>, core[a373ad73a504971]::panic::unwind_safe::AssertUnwindSafe<test[aada8e7e76ba119b]::run_test_in_process::{closure#0}>>
[INFO] [stdout]                                at /rustc/e3feeb59cd1bdd011a2bfcc0747b55125d9b8527/library/std/src/panicking.rs:541:19
[INFO] [stdout]   30:     0x61c64dc618e5 - std[617be2ca0a6fd877]::panic::catch_unwind::<core[a373ad73a504971]::panic::unwind_safe::AssertUnwindSafe<test[aada8e7e76ba119b]::run_test_in_process::{closure#0}>, core[a373ad73a504971]::result::Result<(), alloc[2e1b2a31b91974c5]::string::String>>
[INFO] [stdout]                                at /rustc/e3feeb59cd1bdd011a2bfcc0747b55125d9b8527/library/std/src/panic.rs:359:14
[INFO] [stdout]   31:     0x61c64dc618e5 - test[aada8e7e76ba119b]::run_test_in_process
[INFO] [stdout]                                at /rustc/e3feeb59cd1bdd011a2bfcc0747b55125d9b8527/library/test/src/lib.rs:724:27
[INFO] [stdout]   32:     0x61c64dc618e5 - test[aada8e7e76ba119b]::run_test::{closure#0}
[INFO] [stdout]                                at /rustc/e3feeb59cd1bdd011a2bfcc0747b55125d9b8527/library/test/src/lib.rs:645:43
[INFO] [stdout]   33:     0x61c64dc5b1d4 - test[aada8e7e76ba119b]::run_test::{closure#1}
[INFO] [stdout]                                at /rustc/e3feeb59cd1bdd011a2bfcc0747b55125d9b8527/library/test/src/lib.rs:675:41
[INFO] [stdout]   34:     0x61c64dc5b1d4 - std[617be2ca0a6fd877]::sys::backtrace::__rust_begin_short_backtrace::<test[aada8e7e76ba119b]::run_test::{closure#1}, ()>
[INFO] [stdout]                                at /rustc/e3feeb59cd1bdd011a2bfcc0747b55125d9b8527/library/std/src/sys/backtrace.rs:166:18
[INFO] [stdout]   35:     0x61c64dc64972 - std[617be2ca0a6fd877]::thread::lifecycle::spawn_unchecked::<test[aada8e7e76ba119b]::run_test::{closure#1}, ()>::{closure#1}::{closure#0}
[INFO] [stdout]                                at /rustc/e3feeb59cd1bdd011a2bfcc0747b55125d9b8527/library/std/src/thread/lifecycle.rs:70:13
[INFO] [stdout]   36:     0x61c64dc64972 - <core[a373ad73a504971]::panic::unwind_safe::AssertUnwindSafe<std[617be2ca0a6fd877]::thread::lifecycle::spawn_unchecked<test[aada8e7e76ba119b]::run_test::{closure#1}, ()>::{closure#1}::{closure#0}> as core[a373ad73a504971]::ops::function::FnOnce<()>>::call_once
[INFO] [stdout]                                at /rustc/e3feeb59cd1bdd011a2bfcc0747b55125d9b8527/library/core/src/panic/unwind_safe.rs:275:9
[INFO] [stdout]   37:     0x61c64dc64972 - std[617be2ca0a6fd877]::panicking::catch_unwind::do_call::<core[a373ad73a504971]::panic::unwind_safe::AssertUnwindSafe<std[617be2ca0a6fd877]::thread::lifecycle::spawn_unchecked<test[aada8e7e76ba119b]::run_test::{closure#1}, ()>::{closure#1}::{closure#0}>, ()>
[INFO] [stdout]                                at /rustc/e3feeb59cd1bdd011a2bfcc0747b55125d9b8527/library/std/src/panicking.rs:573:43
[INFO] [stdout]   38:     0x61c64dc64972 - std[617be2ca0a6fd877]::panicking::catch_unwind::<(), core[a373ad73a504971]::panic::unwind_safe::AssertUnwindSafe<std[617be2ca0a6fd877]::thread::lifecycle::spawn_unchecked<test[aada8e7e76ba119b]::run_test::{closure#1}, ()>::{closure#1}::{closure#0}>>
[INFO] [stdout]                                at /rustc/e3feeb59cd1bdd011a2bfcc0747b55125d9b8527/library/std/src/panicking.rs:541:19
[INFO] [stdout]   39:     0x61c64dc64972 - std[617be2ca0a6fd877]::panic::catch_unwind::<core[a373ad73a504971]::panic::unwind_safe::AssertUnwindSafe<std[617be2ca0a6fd877]::thread::lifecycle::spawn_unchecked<test[aada8e7e76ba119b]::run_test::{closure#1}, ()>::{closure#1}::{closure#0}>, ()>
[INFO] [stdout]                                at /rustc/e3feeb59cd1bdd011a2bfcc0747b55125d9b8527/library/std/src/panic.rs:359:14
[INFO] [stdout]   40:     0x61c64dc64972 - std[617be2ca0a6fd877]::thread::lifecycle::spawn_unchecked::<test[aada8e7e76ba119b]::run_test::{closure#1}, ()>::{closure#1}
[INFO] [stdout]                                at /rustc/e3feeb59cd1bdd011a2bfcc0747b55125d9b8527/library/std/src/thread/lifecycle.rs:68:26
[INFO] [stdout]   41:     0x61c64dc64972 - <std[617be2ca0a6fd877]::thread::lifecycle::spawn_unchecked<test[aada8e7e76ba119b]::run_test::{closure#1}, ()>::{closure#1} as core[a373ad73a504971]::ops::function::FnOnce<()>>::call_once::{shim:vtable#0}
[INFO] [stdout]                                at /rustc/e3feeb59cd1bdd011a2bfcc0747b55125d9b8527/library/core/src/ops/function.rs:250:5
[INFO] [stdout]   42:     0x61c64dccc3df - <alloc[2e1b2a31b91974c5]::boxed::Box<dyn core[a373ad73a504971]::ops::function::FnOnce<(), Output = ()> + core[a373ad73a504971]::marker::Send> as core[a373ad73a504971]::ops::function::FnOnce<()>>::call_once
[INFO] [stdout]                                at /rustc/e3feeb59cd1bdd011a2bfcc0747b55125d9b8527/library/alloc/src/boxed.rs:2314:9
[INFO] [stdout]   43:     0x61c64dccc3df - <std[617be2ca0a6fd877]::sys::thread::unix::Thread>::new::thread_start
[INFO] [stdout]                                at /rustc/e3feeb59cd1bdd011a2bfcc0747b55125d9b8527/library/std/src/sys/thread/unix.rs:127:17
[INFO] [stdout]   44:     0x762a05da1dfa - <unknown>
[INFO] [stdout]   45:     0x762a05e353d4 - clone
[INFO] [stdout]   46:                0x0 - <unknown>
[INFO] [stdout] 
[INFO] [stdout] ---- test_rust_fixture_symbols stdout ----
[INFO] [stdout] 
[INFO] [stdout] thread 'test_rust_fixture_symbols' (3175) panicked at tests/fixtures_test.rs:7:84:
[INFO] [stdout] called `Result::unwrap()` on an `Err` value: Os { code: 2, kind: NotFound, message: "No such file or directory" }
[INFO] [stdout] stack backtrace:
[INFO] [stdout]    0:     0x61c64dcccee1 - std[617be2ca0a6fd877]::backtrace_rs::backtrace::libunwind::trace
[INFO] [stdout]                                at /rustc/e3feeb59cd1bdd011a2bfcc0747b55125d9b8527/library/std/src/../../backtrace/src/backtrace/libunwind.rs:117:9
[INFO] [stdout]    1:     0x61c64dcccee1 - std[617be2ca0a6fd877]::backtrace_rs::backtrace::trace_unsynchronized::<std[617be2ca0a6fd877]::sys::backtrace::_print_fmt::{closure#1}>
[INFO] [stdout]                                at /rustc/e3feeb59cd1bdd011a2bfcc0747b55125d9b8527/library/std/src/../../backtrace/src/backtrace/mod.rs:66:14
[INFO] [stdout]    2:     0x61c64dcccee1 - std[617be2ca0a6fd877]::sys::backtrace::_print_fmt
[INFO] [stdout]                                at /rustc/e3feeb59cd1bdd011a2bfcc0747b55125d9b8527/library/std/src/sys/backtrace.rs:74:9
[INFO] [stdout]    3:     0x61c64dcccee1 - <<std[617be2ca0a6fd877]::sys::backtrace::BacktraceLock>::print::DisplayBacktrace as core[a373ad73a504971]::fmt::Display>::fmt
[INFO] [stdout]                                at /rustc/e3feeb59cd1bdd011a2bfcc0747b55125d9b8527/library/std/src/sys/backtrace.rs:44:26
[INFO] [stdout]    4:     0x61c64dce0f9a - <core[a373ad73a504971]::fmt::rt::Argument>::fmt
[INFO] [stdout]                                at /rustc/e3feeb59cd1bdd011a2bfcc0747b55125d9b8527/library/core/src/fmt/rt.rs:152:76
[INFO] [stdout]    5:     0x61c64dce0f9a - core[a373ad73a504971]::fmt::write
[INFO] [stdout]    6:     0x61c64dcd10fc - core[a373ad73a504971]::io::write::default_write_fmt::<alloc[2e1b2a31b91974c5]::vec::Vec<u8>>
[INFO] [stdout]                                at /rustc/e3feeb59cd1bdd011a2bfcc0747b55125d9b8527/library/core/src/io/write.rs:402:11
[INFO] [stdout]    7:     0x61c64dcd10fc - <alloc[2e1b2a31b91974c5]::vec::Vec<u8> as core[a373ad73a504971]::io::write::Write>::write_fmt
[INFO] [stdout]                                at /rustc/e3feeb59cd1bdd011a2bfcc0747b55125d9b8527/library/core/src/io/write.rs:335:13
[INFO] [stdout]    8:     0x61c64dca8f36 - <std[617be2ca0a6fd877]::sys::backtrace::BacktraceLock>::print
[INFO] [stdout]                                at /rustc/e3feeb59cd1bdd011a2bfcc0747b55125d9b8527/library/std/src/sys/backtrace.rs:47:9
[INFO] [stdout]    9:     0x61c64dca8f36 - std[617be2ca0a6fd877]::panicking::default_hook::{closure#0}
[INFO] [stdout]                                at /rustc/e3feeb59cd1bdd011a2bfcc0747b55125d9b8527/library/std/src/panicking.rs:289:27
[INFO] [stdout]   10:     0x61c64dcc5219 - std[617be2ca0a6fd877]::panicking::default_hook
[INFO] [stdout]                                at /rustc/e3feeb59cd1bdd011a2bfcc0747b55125d9b8527/library/std/src/panicking.rs:313:9
[INFO] [stdout]   11:     0x61c64dc612c0 - <alloc[2e1b2a31b91974c5]::boxed::Box<dyn for<'a, 'b> core[a373ad73a504971]::ops::function::Fn<(&'a std[617be2ca0a6fd877]::panic::PanicHookInfo<'b>,), Output = ()> + core[a373ad73a504971]::marker::Sync + core[a373ad73a504971]::marker::Send> as core[a373ad73a504971]::ops::function::Fn<(&std[617be2ca0a6fd877]::panic::PanicHookInfo,)>>::call
[INFO] [stdout]                                at /rustc/e3feeb59cd1bdd011a2bfcc0747b55125d9b8527/library/alloc/src/boxed.rs:2328:9
[INFO] [stdout]   12:     0x61c64dc612c0 - test[aada8e7e76ba119b]::test_main_inner::{closure#0}
[INFO] [stdout]                                at /rustc/e3feeb59cd1bdd011a2bfcc0747b55125d9b8527/library/test/src/lib.rs:137:21
[INFO] [stdout]   13:     0x61c64dcc53d2 - <alloc[2e1b2a31b91974c5]::boxed::Box<dyn for<'a, 'b> core[a373ad73a504971]::ops::function::Fn<(&'a std[617be2ca0a6fd877]::panic::PanicHookInfo<'b>,), Output = ()> + core[a373ad73a504971]::marker::Sync + core[a373ad73a504971]::marker::Send> as core[a373ad73a504971]::ops::function::Fn<(&std[617be2ca0a6fd877]::panic::PanicHookInfo,)>>::call
[INFO] [stdout]                                at /rustc/e3feeb59cd1bdd011a2bfcc0747b55125d9b8527/library/alloc/src/boxed.rs:2328:9
[INFO] [stdout]   14:     0x61c64dcc53d2 - std[617be2ca0a6fd877]::panicking::panic_with_hook
[INFO] [stdout]                                at /rustc/e3feeb59cd1bdd011a2bfcc0747b55125d9b8527/library/std/src/panicking.rs:819:13
[INFO] [stdout]   15:     0x61c64dca8fe2 - std[617be2ca0a6fd877]::panicking::panic_handler::{closure#0}
[INFO] [stdout]                                at /rustc/e3feeb59cd1bdd011a2bfcc0747b55125d9b8527/library/std/src/panicking.rs:685:13
[INFO] [stdout]   16:     0x61c64dca1b69 - std[617be2ca0a6fd877]::sys::backtrace::__rust_end_short_backtrace::<std[617be2ca0a6fd877]::panicking::panic_handler::{closure#0}, !>
[INFO] [stdout]                                at /rustc/e3feeb59cd1bdd011a2bfcc0747b55125d9b8527/library/std/src/sys/backtrace.rs:182:18
[INFO] [stdout]   17:     0x61c64dca9bed - __rustc[ea4f61d10b84890b]::rust_begin_unwind
[INFO] [stdout]                                at /rustc/e3feeb59cd1bdd011a2bfcc0747b55125d9b8527/library/std/src/panicking.rs:676:5
[INFO] [stdout]   18:     0x61c64dce172c - core[a373ad73a504971]::panicking::panic_fmt
[INFO] [stdout]                                at /rustc/e3feeb59cd1bdd011a2bfcc0747b55125d9b8527/library/core/src/panicking.rs:80:14
[INFO] [stdout]   19:     0x61c64dce14a2 - core[a373ad73a504971]::result::unwrap_failed
[INFO] [stdout]                                at /rustc/e3feeb59cd1bdd011a2bfcc0747b55125d9b8527/library/core/src/result.rs:1870:5
[INFO] [stdout]   20:     0x61c64db08eac - <core[a373ad73a504971]::result::Result<alloc[2e1b2a31b91974c5]::string::String, core[a373ad73a504971]::io::error::Error>>::unwrap
[INFO] [stdout]                                at /rustc/e3feeb59cd1bdd011a2bfcc0747b55125d9b8527/library/core/src/result.rs:1232:23
[INFO] [stdout]   21:     0x61c64db08eac - fixtures_test[ad06e31ddc60688]::test_rust_fixture_symbols
[INFO] [stdout]                                at /opt/rustwide/workdir/tests/fixtures_test.rs:7:84
[INFO] [stdout]   22:     0x61c64db08007 - fixtures_test[ad06e31ddc60688]::test_rust_fixture_symbols::{closure#0}
[INFO] [stdout]                                at /opt/rustwide/workdir/tests/fixtures_test.rs:6:31
[INFO] [stdout]   23:     0x61c64db0ae56 - <fixtures_test[ad06e31ddc60688]::test_rust_fixture_symbols::{closure#0} as core[a373ad73a504971]::ops::function::FnOnce<()>>::call_once
[INFO] [stdout]                                at /rustc/e3feeb59cd1bdd011a2bfcc0747b55125d9b8527/library/core/src/ops/function.rs:250:5
[INFO] [stdout]   24:     0x61c64dc5470b - <fn() -> core[a373ad73a504971]::result::Result<(), alloc[2e1b2a31b91974c5]::string::String> as core[a373ad73a504971]::ops::function::FnOnce<()>>::call_once
[INFO] [stdout]                                at /rustc/e3feeb59cd1bdd011a2bfcc0747b55125d9b8527/library/core/src/ops/function.rs:250:5
[INFO] [stdout]   25:     0x61c64dc5470b - test[aada8e7e76ba119b]::__rust_begin_short_backtrace::<core[a373ad73a504971]::result::Result<(), alloc[2e1b2a31b91974c5]::string::String>, fn() -> core[a373ad73a504971]::result::Result<(), alloc[2e1b2a31b91974c5]::string::String>>
[INFO] [stdout]                                at /rustc/e3feeb59cd1bdd011a2bfcc0747b55125d9b8527/library/test/src/lib.rs:701:18
[INFO] [stdout]   26:     0x61c64dc618e5 - test[aada8e7e76ba119b]::run_test_in_process::{closure#0}
[INFO] [stdout]                                at /rustc/e3feeb59cd1bdd011a2bfcc0747b55125d9b8527/library/test/src/lib.rs:724:74
[INFO] [stdout]   27:     0x61c64dc618e5 - <core[a373ad73a504971]::panic::unwind_safe::AssertUnwindSafe<test[aada8e7e76ba119b]::run_test_in_process::{closure#0}> as core[a373ad73a504971]::ops::function::FnOnce<()>>::call_once
[INFO] [stdout]                                at /rustc/e3feeb59cd1bdd011a2bfcc0747b55125d9b8527/library/core/src/panic/unwind_safe.rs:275:9
[INFO] [stdout]   28:     0x61c64dc618e5 - std[617be2ca0a6fd877]::panicking::catch_unwind::do_call::<core[a373ad73a504971]::panic::unwind_safe::AssertUnwindSafe<test[aada8e7e76ba119b]::run_test_in_process::{closure#0}>, core[a373ad73a504971]::result::Result<(), alloc[2e1b2a31b91974c5]::string::String>>
[INFO] [stdout]                                at /rustc/e3feeb59cd1bdd011a2bfcc0747b55125d9b8527/library/std/src/panicking.rs:573:43
[INFO] [stdout]   29:     0x61c64dc618e5 - std[617be2ca0a6fd877]::panicking::catch_unwind::<core[a373ad73a504971]::result::Result<(), alloc[2e1b2a31b91974c5]::string::String>, core[a373ad73a504971]::panic::unwind_safe::AssertUnwindSafe<test[aada8e7e76ba119b]::run_test_in_process::{closure#0}>>
[INFO] [stdout]                                at /rustc/e3feeb59cd1bdd011a2bfcc0747b55125d9b8527/library/std/src/panicking.rs:541:19
[INFO] [stdout]   30:     0x61c64dc618e5 - std[617be2ca0a6fd877]::panic::catch_unwind::<core[a373ad73a504971]::panic::unwind_safe::AssertUnwindSafe<test[aada8e7e76ba119b]::run_test_in_process::{closure#0}>, core[a373ad73a504971]::result::Result<(), alloc[2e1b2a31b91974c5]::string::String>>
[INFO] [stdout]                                at /rustc/e3feeb59cd1bdd011a2bfcc0747b55125d9b8527/library/std/src/panic.rs:359:14
[INFO] [stdout]   31:     0x61c64dc618e5 - test[aada8e7e76ba119b]::run_test_in_process
[INFO] [stdout]                                at /rustc/e3feeb59cd1bdd011a2bfcc0747b55125d9b8527/library/test/src/lib.rs:724:27
[INFO] [stdout]   32:     0x61c64dc618e5 - test[aada8e7e76ba119b]::run_test::{closure#0}
[INFO] [stdout]                                at /rustc/e3feeb59cd1bdd011a2bfcc0747b55125d9b8527/library/test/src/lib.rs:645:43
[INFO] [stdout]   33:     0x61c64dc5b1d4 - test[aada8e7e76ba119b]::run_test::{closure#1}
[INFO] [stdout]                                at /rustc/e3feeb59cd1bdd011a2bfcc0747b55125d9b8527/library/test/src/lib.rs:675:41
[INFO] [stdout]   34:     0x61c64dc5b1d4 - std[617be2ca0a6fd877]::sys::backtrace::__rust_begin_short_backtrace::<test[aada8e7e76ba119b]::run_test::{closure#1}, ()>
[INFO] [stdout]                                at /rustc/e3feeb59cd1bdd011a2bfcc0747b55125d9b8527/library/std/src/sys/backtrace.rs:166:18
[INFO] [stdout]   35:     0x61c64dc64972 - std[617be2ca0a6fd877]::thread::lifecycle::spawn_unchecked::<test[aada8e7e76ba119b]::run_test::{closure#1}, ()>::{closure#1}::{closure#0}
[INFO] [stdout]                                at /rustc/e3feeb59cd1bdd011a2bfcc0747b55125d9b8527/library/std/src/thread/lifecycle.rs:70:13
[INFO] [stdout]   36:     0x61c64dc64972 - <core[a373ad73a504971]::panic::unwind_safe::AssertUnwindSafe<std[617be2ca0a6fd877]::thread::lifecycle::spawn_unchecked<test[aada8e7e76ba119b]::run_test::{closure#1}, ()>::{closure#1}::{closure#0}> as core[a373ad73a504971]::ops::function::FnOnce<()>>::call_once
[INFO] [stdout]                                at /rustc/e3feeb59cd1bdd011a2bfcc0747b55125d9b8527/library/core/src/panic/unwind_safe.rs:275:9
[INFO] [stdout]   37:     0x61c64dc64972 - std[617be2ca0a6fd877]::panicking::catch_unwind::do_call::<core[a373ad73a504971]::panic::unwind_safe::AssertUnwindSafe<std[617be2ca0a6fd877]::thread::lifecycle::spawn_unchecked<test[aada8e7e76ba119b]::run_test::{closure#1}, ()>::{closure#1}::{closure#0}>, ()>
[INFO] [stdout]                                at /rustc/e3feeb59cd1bdd011a2bfcc0747b55125d9b8527/library/std/src/panicking.rs:573:43
[INFO] [stdout]   38:     0x61c64dc64972 - std[617be2ca0a6fd877]::panicking::catch_unwind::<(), core[a373ad73a504971]::panic::unwind_safe::AssertUnwindSafe<std[617be2ca0a6fd877]::thread::lifecycle::spawn_unchecked<test[aada8e7e76ba119b]::run_test::{closure#1}, ()>::{closure#1}::{closure#0}>>
[INFO] [stdout]                                at /rustc/e3feeb59cd1bdd011a2bfcc0747b55125d9b8527/library/std/src/panicking.rs:541:19
[INFO] [stdout]   39:     0x61c64dc64972 - std[617be2ca0a6fd877]::panic::catch_unwind::<core[a373ad73a504971]::panic::unwind_safe::AssertUnwindSafe<std[617be2ca0a6fd877]::thread::lifecycle::spawn_unchecked<test[aada8e7e76ba119b]::run_test::{closure#1}, ()>::{closure#1}::{closure#0}>, ()>
[INFO] [stdout]                                at /rustc/e3feeb59cd1bdd011a2bfcc0747b55125d9b8527/library/std/src/panic.rs:359:14
[INFO] [stdout]   40:     0x61c64dc64972 - std[617be2ca0a6fd877]::thread::lifecycle::spawn_unchecked::<test[aada8e7e76ba119b]::run_test::{closure#1}, ()>::{closure#1}
[INFO] [stdout]                                at /rustc/e3feeb59cd1bdd011a2bfcc0747b55125d9b8527/library/std/src/thread/lifecycle.rs:68:26
[INFO] [stdout]   41:     0x61c64dc64972 - <std[617be2ca0a6fd877]::thread::lifecycle::spawn_unchecked<test[aada8e7e76ba119b]::run_test::{closure#1}, ()>::{closure#1} as core[a373ad73a504971]::ops::function::FnOnce<()>>::call_once::{shim:vtable#0}
[INFO] [stdout]                                at /rustc/e3feeb59cd1bdd011a2bfcc0747b55125d9b8527/library/core/src/ops/function.rs:250:5
[INFO] [stdout]   42:     0x61c64dccc3df - <alloc[2e1b2a31b91974c5]::boxed::Box<dyn core[a373ad73a504971]::ops::function::FnOnce<(), Output = ()> + core[a373ad73a504971]::marker::Send> as core[a373ad73a504971]::ops::function::FnOnce<()>>::call_once
[INFO] [stdout]                                at /rustc/e3feeb59cd1bdd011a2bfcc0747b55125d9b8527/library/alloc/src/boxed.rs:2314:9
[INFO] [stdout]   43:     0x61c64dccc3df - <std[617be2ca0a6fd877]::sys::thread::unix::Thread>::new::thread_start
[INFO] [stdout]                                at /rustc/e3feeb59cd1bdd011a2bfcc0747b55125d9b8527/library/std/src/sys/thread/unix.rs:127:17
[INFO] [stdout]   44:     0x762a05da1dfa - <unknown>
[INFO] [stdout]   45:     0x762a05e353d4 - clone
[INFO] [stdout]   46:                0x0 - <unknown>
[INFO] [stdout] 
[INFO] [stdout] ---- test_java_fixture_symbols stdout ----
[INFO] [stdout] 
[INFO] [stdout] thread 'test_java_fixture_symbols' (3173) panicked at tests/fixtures_test.rs:77:89:
[INFO] [stdout] called `Result::unwrap()` on an `Err` value: Os { code: 2, kind: NotFound, message: "No such file or directory" }
[INFO] [stdout] stack backtrace:
[INFO] [stdout]    0:     0x61c64dcccee1 - std[617be2ca0a6fd877]::backtrace_rs::backtrace::libunwind::trace
[INFO] [stdout]                                at /rustc/e3feeb59cd1bdd011a2bfcc0747b55125d9b8527/library/std/src/../../backtrace/src/backtrace/libunwind.rs:117:9
[INFO] [stdout]    1:     0x61c64dcccee1 - std[617be2ca0a6fd877]::backtrace_rs::backtrace::trace_unsynchronized::<std[617be2ca0a6fd877]::sys::backtrace::_print_fmt::{closure#1}>
[INFO] [stdout]                                at /rustc/e3feeb59cd1bdd011a2bfcc0747b55125d9b8527/library/std/src/../../backtrace/src/backtrace/mod.rs:66:14
[INFO] [stdout]    2:     0x61c64dcccee1 - std[617be2ca0a6fd877]::sys::backtrace::_print_fmt
[INFO] [stdout]                                at /rustc/e3feeb59cd1bdd011a2bfcc0747b55125d9b8527/library/std/src/sys/backtrace.rs:74:9
[INFO] [stdout]    3:     0x61c64dcccee1 - <<std[617be2ca0a6fd877]::sys::backtrace::BacktraceLock>::print::DisplayBacktrace as core[a373ad73a504971]::fmt::Display>::fmt
[INFO] [stdout]                                at /rustc/e3feeb59cd1bdd011a2bfcc0747b55125d9b8527/library/std/src/sys/backtrace.rs:44:26
[INFO] [stdout]    4:     0x61c64dce0f9a - <core[a373ad73a504971]::fmt::rt::Argument>::fmt
[INFO] [stdout]                                at /rustc/e3feeb59cd1bdd011a2bfcc0747b55125d9b8527/library/core/src/fmt/rt.rs:152:76
[INFO] [stdout]    5:     0x61c64dce0f9a - core[a373ad73a504971]::fmt::write
[INFO] [stdout]    6:     0x61c64dcd10fc - core[a373ad73a504971]::io::write::default_write_fmt::<alloc[2e1b2a31b91974c5]::vec::Vec<u8>>
[INFO] [stdout]                                at /rustc/e3feeb59cd1bdd011a2bfcc0747b55125d9b8527/library/core/src/io/write.rs:402:11
[INFO] [stdout]    7:     0x61c64dcd10fc - <alloc[2e1b2a31b91974c5]::vec::Vec<u8> as core[a373ad73a504971]::io::write::Write>::write_fmt
[INFO] [stdout]                                at /rustc/e3feeb59cd1bdd011a2bfcc0747b55125d9b8527/library/core/src/io/write.rs:335:13
[INFO] [stdout]    8:     0x61c64dca8f36 - <std[617be2ca0a6fd877]::sys::backtrace::BacktraceLock>::print
[INFO] [stdout]                                at /rustc/e3feeb59cd1bdd011a2bfcc0747b55125d9b8527/library/std/src/sys/backtrace.rs:47:9
[INFO] [stdout]    9:     0x61c64dca8f36 - std[617be2ca0a6fd877]::panicking::default_hook::{closure#0}
[INFO] [stdout]                                at /rustc/e3feeb59cd1bdd011a2bfcc0747b55125d9b8527/library/std/src/panicking.rs:289:27
[INFO] [stdout]   10:     0x61c64dcc5219 - std[617be2ca0a6fd877]::panicking::default_hook
[INFO] [stdout]                                at /rustc/e3feeb59cd1bdd011a2bfcc0747b55125d9b8527/library/std/src/panicking.rs:313:9
[INFO] [stdout]   11:     0x61c64dc612c0 - <alloc[2e1b2a31b91974c5]::boxed::Box<dyn for<'a, 'b> core[a373ad73a504971]::ops::function::Fn<(&'a std[617be2ca0a6fd877]::panic::PanicHookInfo<'b>,), Output = ()> + core[a373ad73a504971]::marker::Sync + core[a373ad73a504971]::marker::Send> as core[a373ad73a504971]::ops::function::Fn<(&std[617be2ca0a6fd877]::panic::PanicHookInfo,)>>::call
[INFO] [stdout]                                at /rustc/e3feeb59cd1bdd011a2bfcc0747b55125d9b8527/library/alloc/src/boxed.rs:2328:9
[INFO] [stdout]   12:     0x61c64dc612c0 - test[aada8e7e76ba119b]::test_main_inner::{closure#0}
[INFO] [stdout]                                at /rustc/e3feeb59cd1bdd011a2bfcc0747b55125d9b8527/library/test/src/lib.rs:137:21
[INFO] [stdout]   13:     0x61c64dcc53d2 - <alloc[2e1b2a31b91974c5]::boxed::Box<dyn for<'a, 'b> core[a373ad73a504971]::ops::function::Fn<(&'a std[617be2ca0a6fd877]::panic::PanicHookInfo<'b>,), Output = ()> + core[a373ad73a504971]::marker::Sync + core[a373ad73a504971]::marker::Send> as core[a373ad73a504971]::ops::function::Fn<(&std[617be2ca0a6fd877]::panic::PanicHookInfo,)>>::call
[INFO] [stdout]                                at /rustc/e3feeb59cd1bdd011a2bfcc0747b55125d9b8527/library/alloc/src/boxed.rs:2328:9
[INFO] [stdout]   14:     0x61c64dcc53d2 - std[617be2ca0a6fd877]::panicking::panic_with_hook
[INFO] [stdout]                                at /rustc/e3feeb59cd1bdd011a2bfcc0747b55125d9b8527/library/std/src/panicking.rs:819:13
[INFO] [stdout]   15:     0x61c64dca8fe2 - std[617be2ca0a6fd877]::panicking::panic_handler::{closure#0}
[INFO] [stdout]                                at /rustc/e3feeb59cd1bdd011a2bfcc0747b55125d9b8527/library/std/src/panicking.rs:685:13
[INFO] [stdout]   16:     0x61c64dca1b69 - std[617be2ca0a6fd877]::sys::backtrace::__rust_end_short_backtrace::<std[617be2ca0a6fd877]::panicking::panic_handler::{closure#0}, !>
[INFO] [stdout]                                at /rustc/e3feeb59cd1bdd011a2bfcc0747b55125d9b8527/library/std/src/sys/backtrace.rs:182:18
[INFO] [stdout]   17:     0x61c64dca9bed - __rustc[ea4f61d10b84890b]::rust_begin_unwind
[INFO] [stdout]                                at /rustc/e3feeb59cd1bdd011a2bfcc0747b55125d9b8527/library/std/src/panicking.rs:676:5
[INFO] [stdout]   18:     0x61c64dce172c - core[a373ad73a504971]::panicking::panic_fmt
[INFO] [stdout]                                at /rustc/e3feeb59cd1bdd011a2bfcc0747b55125d9b8527/library/core/src/panicking.rs:80:14
[INFO] [stdout]   19:     0x61c64dce14a2 - core[a373ad73a504971]::result::unwrap_failed
[INFO] [stdout]                                at /rustc/e3feeb59cd1bdd011a2bfcc0747b55125d9b8527/library/core/src/result.rs:1870:5
[INFO] [stdout]   20:     0x61c64db088dc - <core[a373ad73a504971]::result::Result<alloc[2e1b2a31b91974c5]::string::String, core[a373ad73a504971]::io::error::Error>>::unwrap
[INFO] [stdout]                                at /rustc/e3feeb59cd1bdd011a2bfcc0747b55125d9b8527/library/core/src/result.rs:1232:23
[INFO] [stdout]   21:     0x61c64db088dc - fixtures_test[ad06e31ddc60688]::test_java_fixture_symbols
[INFO] [stdout]                                at /opt/rustwide/workdir/tests/fixtures_test.rs:77:89
[INFO] [stdout]   22:     0x61c64db07fd7 - fixtures_test[ad06e31ddc60688]::test_java_fixture_symbols::{closure#0}
[INFO] [stdout]                                at /opt/rustwide/workdir/tests/fixtures_test.rs:76:31
[INFO] [stdout]   23:     0x61c64db0ae36 - <fixtures_test[ad06e31ddc60688]::test_java_fixture_symbols::{closure#0} as core[a373ad73a504971]::ops::function::FnOnce<()>>::call_once
[INFO] [stdout]                                at /rustc/e3feeb59cd1bdd011a2bfcc0747b55125d9b8527/library/core/src/ops/function.rs:250:5
[INFO] [stdout]   24:     0x61c64dc5470b - <fn() -> core[a373ad73a504971]::result::Result<(), alloc[2e1b2a31b91974c5]::string::String> as core[a373ad73a504971]::ops::function::FnOnce<()>>::call_once
[INFO] [stdout]                                at /rustc/e3feeb59cd1bdd011a2bfcc0747b55125d9b8527/library/core/src/ops/function.rs:250:5
[INFO] [stdout]   25:     0x61c64dc5470b - test[aada8e7e76ba119b]::__rust_begin_short_backtrace::<core[a373ad73a504971]::result::Result<(), alloc[2e1b2a31b91974c5]::string::String>, fn() -> core[a373ad73a504971]::result::Result<(), alloc[2e1b2a31b91974c5]::string::String>>
[INFO] [stdout]                                at /rustc/e3feeb59cd1bdd011a2bfcc0747b55125d9b8527/library/test/src/lib.rs:701:18
[INFO] [stdout]   26:     0x61c64dc618e5 - test[aada8e7e76ba119b]::run_test_in_process::{closure#0}
[INFO] [stdout]                                at /rustc/e3feeb59cd1bdd011a2bfcc0747b55125d9b8527/library/test/src/lib.rs:724:74
[INFO] [stdout]   27:     0x61c64dc618e5 - <core[a373ad73a504971]::panic::unwind_safe::AssertUnwindSafe<test[aada8e7e76ba119b]::run_test_in_process::{closure#0}> as core[a373ad73a504971]::ops::function::FnOnce<()>>::call_once
[INFO] [stdout]                                at /rustc/e3feeb59cd1bdd011a2bfcc0747b55125d9b8527/library/core/src/panic/unwind_safe.rs:275:9
[INFO] [stdout]   28:     0x61c64dc618e5 - std[617be2ca0a6fd877]::panicking::catch_unwind::do_call::<core[a373ad73a504971]::panic::unwind_safe::AssertUnwindSafe<test[aada8e7e76ba119b]::run_test_in_process::{closure#0}>, core[a373ad73a504971]::result::Result<(), alloc[2e1b2a31b91974c5]::string::String>>
[INFO] [stdout]                                at /rustc/e3feeb59cd1bdd011a2bfcc0747b55125d9b8527/library/std/src/panicking.rs:573:43
[INFO] [stdout]   29:     0x61c64dc618e5 - std[617be2ca0a6fd877]::panicking::catch_unwind::<core[a373ad73a504971]::result::Result<(), alloc[2e1b2a31b91974c5]::string::String>, core[a373ad73a504971]::panic::unwind_safe::AssertUnwindSafe<test[aada8e7e76ba119b]::run_test_in_process::{closure#0}>>
[INFO] [stdout]                                at /rustc/e3feeb59cd1bdd011a2bfcc0747b55125d9b8527/library/std/src/panicking.rs:541:19
[INFO] [stdout]   30:     0x61c64dc618e5 - std[617be2ca0a6fd877]::panic::catch_unwind::<core[a373ad73a504971]::panic::unwind_safe::AssertUnwindSafe<test[aada8e7e76ba119b]::run_test_in_process::{closure#0}>, core[a373ad73a504971]::result::Result<(), alloc[2e1b2a31b91974c5]::string::String>>
[INFO] [stdout]                                at /rustc/e3feeb59cd1bdd011a2bfcc0747b55125d9b8527/library/std/src/panic.rs:359:14
[INFO] [stdout]   31:     0x61c64dc618e5 - test[aada8e7e76ba119b]::run_test_in_process
[INFO] [stdout]                                at /rustc/e3feeb59cd1bdd011a2bfcc0747b55125d9b8527/library/test/src/lib.rs:724:27
[INFO] [stdout]   32:     0x61c64dc618e5 - test[aada8e7e76ba119b]::run_test::{closure#0}
[INFO] [stdout]                                at /rustc/e3feeb59cd1bdd011a2bfcc0747b55125d9b8527/library/test/src/lib.rs:645:43
[INFO] [stdout]   33:     0x61c64dc5b1d4 - test[aada8e7e76ba119b]::run_test::{closure#1}
[INFO] [stdout]                                at /rustc/e3feeb59cd1bdd011a2bfcc0747b55125d9b8527/library/test/src/lib.rs:675:41
[INFO] [stdout]   34:     0x61c64dc5b1d4 - std[617be2ca0a6fd877]::sys::backtrace::__rust_begin_short_backtrace::<test[aada8e7e76ba119b]::run_test::{closure#1}, ()>
[INFO] [stdout]                                at /rustc/e3feeb59cd1bdd011a2bfcc0747b55125d9b8527/library/std/src/sys/backtrace.rs:166:18
[INFO] [stdout]   35:     0x61c64dc64972 - std[617be2ca0a6fd877]::thread::lifecycle::spawn_unchecked::<test[aada8e7e76ba119b]::run_test::{closure#1}, ()>::{closure#1}::{closure#0}
[INFO] [stdout]                                at /rustc/e3feeb59cd1bdd011a2bfcc0747b55125d9b8527/library/std/src/thread/lifecycle.rs:70:13
[INFO] [stdout]   36:     0x61c64dc64972 - <core[a373ad73a504971]::panic::unwind_safe::AssertUnwindSafe<std[617be2ca0a6fd877]::thread::lifecycle::spawn_unchecked<test[aada8e7e76ba119b]::run_test::{closure#1}, ()>::{closure#1}::{closure#0}> as core[a373ad73a504971]::ops::function::FnOnce<()>>::call_once
[INFO] [stdout]                                at /rustc/e3feeb59cd1bdd011a2bfcc0747b55125d9b8527/library/core/src/panic/unwind_safe.rs:275:9
[INFO] [stdout]   37:     0x61c64dc64972 - std[617be2ca0a6fd877]::panicking::catch_unwind::do_call::<core[a373ad73a504971]::panic::unwind_safe::AssertUnwindSafe<std[617be2ca0a6fd877]::thread::lifecycle::spawn_unchecked<test[aada8e7e76ba119b]::run_test::{closure#1}, ()>::{closure#1}::{closure#0}>, ()>
[INFO] [stdout]                                at /rustc/e3feeb59cd1bdd011a2bfcc0747b55125d9b8527/library/std/src/panicking.rs:573:43
[INFO] [stdout]   38:     0x61c64dc64972 - std[617be2ca0a6fd877]::panicking::catch_unwind::<(), core[a373ad73a504971]::panic::unwind_safe::AssertUnwindSafe<std[617be2ca0a6fd877]::thread::lifecycle::spawn_unchecked<test[aada8e7e76ba119b]::run_test::{closure#1}, ()>::{closure#1}::{closure#0}>>
[INFO] [stdout]                                at /rustc/e3feeb59cd1bdd011a2bfcc0747b55125d9b8527/library/std/src/panicking.rs:541:19
[INFO] [stdout]   39:     0x61c64dc64972 - std[617be2ca0a6fd877]::panic::catch_unwind::<core[a373ad73a504971]::panic::unwind_safe::AssertUnwindSafe<std[617be2ca0a6fd877]::thread::lifecycle::spawn_unchecked<test[aada8e7e76ba119b]::run_test::{closure#1}, ()>::{closure#1}::{closure#0}>, ()>
[INFO] [stdout]                                at /rustc/e3feeb59cd1bdd011a2bfcc0747b55125d9b8527/library/std/src/panic.rs:359:14
[INFO] [stdout]   40:     0x61c64dc64972 - std[617be2ca0a6fd877]::thread::lifecycle::spawn_unchecked::<test[aada8e7e76ba119b]::run_test::{closure#1}, ()>::{closure#1}
[INFO] [stdout]                                at /rustc/e3feeb59cd1bdd011a2bfcc0747b55125d9b8527/library/std/src/thread/lifecycle.rs:68:26
[INFO] [stdout]   41:     0x61c64dc64972 - <std[617be2ca0a6fd877]::thread::lifecycle::spawn_unchecked<test[aada8e7e76ba119b]::run_test::{closure#1}, ()>::{closure#1} as core[a373ad73a504971]::ops::function::FnOnce<()>>::call_once::{shim:vtable#0}
[INFO] [stdout]                                at /rustc/e3feeb59cd1bdd011a2bfcc0747b55125d9b8527/library/core/src/ops/function.rs:250:5
[INFO] [stdout]   42:     0x61c64dccc3df - <alloc[2e1b2a31b91974c5]::boxed::Box<dyn core[a373ad73a504971]::ops::function::FnOnce<(), Output = ()> + core[a373ad73a504971]::marker::Send> as core[a373ad73a504971]::ops::function::FnOnce<()>>::call_once
[INFO] [stdout]                                at /rustc/e3feeb59cd1bdd011a2bfcc0747b55125d9b8527/library/alloc/src/boxed.rs:2314:9
[INFO] [stdout]   43:     0x61c64dccc3df - <std[617be2ca0a6fd877]::sys::thread::unix::Thread>::new::thread_start
[INFO] [stdout]                                at /rustc/e3feeb59cd1bdd011a2bfcc0747b55125d9b8527/library/std/src/sys/thread/unix.rs:127:17
[INFO] [stdout]   44:     0x762a05da1dfa - <unknown>
[INFO] [stdout]   45:     0x762a05e353d4 - clone
[INFO] [stdout]   46:                0x0 - <unknown>
[INFO] [stdout] 
[INFO] [stdout] ---- test_python_fixture_symbols stdout ----
[INFO] [stdout] 
[INFO] [stdout] thread 'test_python_fixture_symbols' (3174) panicked at tests/fixtures_test.rs:24:85:
[INFO] [stdout] called `Result::unwrap()` on an `Err` value: Os { code: 2, kind: NotFound, message: "No such file or directory" }
[INFO] [stdout] stack backtrace:
[INFO] [stdout]    0:     0x61c64dcccee1 - std[617be2ca0a6fd877]::backtrace_rs::backtrace::libunwind::trace
[INFO] [stdout]                                at /rustc/e3feeb59cd1bdd011a2bfcc0747b55125d9b8527/library/std/src/../../backtrace/src/backtrace/libunwind.rs:117:9
[INFO] [stdout]    1:     0x61c64dcccee1 - std[617be2ca0a6fd877]::backtrace_rs::backtrace::trace_unsynchronized::<std[617be2ca0a6fd877]::sys::backtrace::_print_fmt::{closure#1}>
[INFO] [stdout]                                at /rustc/e3feeb59cd1bdd011a2bfcc0747b55125d9b8527/library/std/src/../../backtrace/src/backtrace/mod.rs:66:14
[INFO] [stdout]    2:     0x61c64dcccee1 - std[617be2ca0a6fd877]::sys::backtrace::_print_fmt
[INFO] [stdout]                                at /rustc/e3feeb59cd1bdd011a2bfcc0747b55125d9b8527/library/std/src/sys/backtrace.rs:74:9
[INFO] [stdout]    3:     0x61c64dcccee1 - <<std[617be2ca0a6fd877]::sys::backtrace::BacktraceLock>::print::DisplayBacktrace as core[a373ad73a504971]::fmt::Display>::fmt
[INFO] [stdout]                                at /rustc/e3feeb59cd1bdd011a2bfcc0747b55125d9b8527/library/std/src/sys/backtrace.rs:44:26
[INFO] [stdout]    4:     0x61c64dce0f9a - <core[a373ad73a504971]::fmt::rt::Argument>::fmt
[INFO] [stdout]                                at /rustc/e3feeb59cd1bdd011a2bfcc0747b55125d9b8527/library/core/src/fmt/rt.rs:152:76
[INFO] [stdout]    5:     0x61c64dce0f9a - core[a373ad73a504971]::fmt::write
[INFO] [stdout]    6:     0x61c64dcd10fc - core[a373ad73a504971]::io::write::default_write_fmt::<alloc[2e1b2a31b91974c5]::vec::Vec<u8>>
[INFO] [stdout]                                at /rustc/e3feeb59cd1bdd011a2bfcc0747b55125d9b8527/library/core/src/io/write.rs:402:11
[INFO] [stdout]    7:     0x61c64dcd10fc - <alloc[2e1b2a31b91974c5]::vec::Vec<u8> as core[a373ad73a504971]::io::write::Write>::write_fmt
[INFO] [stdout]                                at /rustc/e3feeb59cd1bdd011a2bfcc0747b55125d9b8527/library/core/src/io/write.rs:335:13
[INFO] [stdout]    8:     0x61c64dca8f36 - <std[617be2ca0a6fd877]::sys::backtrace::BacktraceLock>::print
[INFO] [stdout]                                at /rustc/e3feeb59cd1bdd011a2bfcc0747b55125d9b8527/library/std/src/sys/backtrace.rs:47:9
[INFO] [stdout]    9:     0x61c64dca8f36 - std[617be2ca0a6fd877]::panicking::default_hook::{closure#0}
[INFO] [stdout]                                at /rustc/e3feeb59cd1bdd011a2bfcc0747b55125d9b8527/library/std/src/panicking.rs:289:27
[INFO] [stdout]   10:     0x61c64dcc5219 - std[617be2ca0a6fd877]::panicking::default_hook
[INFO] [stdout]                                at /rustc/e3feeb59cd1bdd011a2bfcc0747b55125d9b8527/library/std/src/panicking.rs:313:9
[INFO] [stdout]   11:     0x61c64dc612c0 - <alloc[2e1b2a31b91974c5]::boxed::Box<dyn for<'a, 'b> core[a373ad73a504971]::ops::function::Fn<(&'a std[617be2ca0a6fd877]::panic::PanicHookInfo<'b>,), Output = ()> + core[a373ad73a504971]::marker::Sync + core[a373ad73a504971]::marker::Send> as core[a373ad73a504971]::ops::function::Fn<(&std[617be2ca0a6fd877]::panic::PanicHookInfo,)>>::call
[INFO] [stdout]                                at /rustc/e3feeb59cd1bdd011a2bfcc0747b55125d9b8527/library/alloc/src/boxed.rs:2328:9
[INFO] [stdout]   12:     0x61c64dc612c0 - test[aada8e7e76ba119b]::test_main_inner::{closure#0}
[INFO] [stdout]                                at /rustc/e3feeb59cd1bdd011a2bfcc0747b55125d9b8527/library/test/src/lib.rs:137:21
[INFO] [stdout]   13:     0x61c64dcc53d2 - <alloc[2e1b2a31b91974c5]::boxed::Box<dyn for<'a, 'b> core[a373ad73a504971]::ops::function::Fn<(&'a std[617be2ca0a6fd877]::panic::PanicHookInfo<'b>,), Output = ()> + core[a373ad73a504971]::marker::Sync + core[a373ad73a504971]::marker::Send> as core[a373ad73a504971]::ops::function::Fn<(&std[617be2ca0a6fd877]::panic::PanicHookInfo,)>>::call
[INFO] [stdout]                                at /rustc/e3feeb59cd1bdd011a2bfcc0747b55125d9b8527/library/alloc/src/boxed.rs:2328:9
[INFO] [stdout]   14:     0x61c64dcc53d2 - std[617be2ca0a6fd877]::panicking::panic_with_hook
[INFO] [stdout]                                at /rustc/e3feeb59cd1bdd011a2bfcc0747b55125d9b8527/library/std/src/panicking.rs:819:13
[INFO] [stdout]   15:     0x61c64dca8fe2 - std[617be2ca0a6fd877]::panicking::panic_handler::{closure#0}
[INFO] [stdout]                                at /rustc/e3feeb59cd1bdd011a2bfcc0747b55125d9b8527/library/std/src/panicking.rs:685:13
[INFO] [stdout]   16:     0x61c64dca1b69 - std[617be2ca0a6fd877]::sys::backtrace::__rust_end_short_backtrace::<std[617be2ca0a6fd877]::panicking::panic_handler::{closure#0}, !>
[INFO] [stdout]                                at /rustc/e3feeb59cd1bdd011a2bfcc0747b55125d9b8527/library/std/src/sys/backtrace.rs:182:18
[INFO] [stdout]   17:     0x61c64dca9bed - __rustc[ea4f61d10b84890b]::rust_begin_unwind
[INFO] [stdout]                                at /rustc/e3feeb59cd1bdd011a2bfcc0747b55125d9b8527/library/std/src/panicking.rs:676:5
[INFO] [stdout]   18:     0x61c64dce172c - core[a373ad73a504971]::panicking::panic_fmt
[INFO] [stdout]                                at /rustc/e3feeb59cd1bdd011a2bfcc0747b55125d9b8527/library/core/src/panicking.rs:80:14
[INFO] [stdout]   19:     0x61c64dce14a2 - core[a373ad73a504971]::result::unwrap_failed
[INFO] [stdout]                                at /rustc/e3feeb59cd1bdd011a2bfcc0747b55125d9b8527/library/core/src/result.rs:1870:5
[INFO] [stdout]   20:     0x61c64db095bc - <core[a373ad73a504971]::result::Result<alloc[2e1b2a31b91974c5]::string::String, core[a373ad73a504971]::io::error::Error>>::unwrap
[INFO] [stdout]                                at /rustc/e3feeb59cd1bdd011a2bfcc0747b55125d9b8527/library/core/src/result.rs:1232:23
[INFO] [stdout]   21:     0x61c64db095bc - fixtures_test[ad06e31ddc60688]::test_python_fixture_symbols
[INFO] [stdout]                                at /opt/rustwide/workdir/tests/fixtures_test.rs:24:85
[INFO] [stdout]   22:     0x61c64db08037 - fixtures_test[ad06e31ddc60688]::test_python_fixture_symbols::{closure#0}
[INFO] [stdout]                                at /opt/rustwide/workdir/tests/fixtures_test.rs:23:33
[INFO] [stdout]   23:     0x61c64db0ae76 - <fixtures_test[ad06e31ddc60688]::test_python_fixture_symbols::{closure#0} as core[a373ad73a504971]::ops::function::FnOnce<()>>::call_once
[INFO] [stdout]                                at /rustc/e3feeb59cd1bdd011a2bfcc0747b55125d9b8527/library/core/src/ops/function.rs:250:5
[INFO] [stdout]   24:     0x61c64dc5470b - <fn() -> core[a373ad73a504971]::result::Result<(), alloc[2e1b2a31b91974c5]::string::String> as core[a373ad73a504971]::ops::function::FnOnce<()>>::call_once
[INFO] [stdout]                                at /rustc/e3feeb59cd1bdd011a2bfcc0747b55125d9b8527/library/core/src/ops/function.rs:250:5
[INFO] [stdout]   25:     0x61c64dc5470b - test[aada8e7e76ba119b]::__rust_begin_short_backtrace::<core[a373ad73a504971]::result::Result<(), alloc[2e1b2a31b91974c5]::string::String>, fn() -> core[a373ad73a504971]::result::Result<(), alloc[2e1b2a31b91974c5]::string::String>>
[INFO] [stdout]                                at /rustc/e3feeb59cd1bdd011a2bfcc0747b55125d9b8527/library/test/src/lib.rs:701:18
[INFO] [stdout]   26:     0x61c64dc618e5 - test[aada8e7e76ba119b]::run_test_in_process::{closure#0}
[INFO] [stdout]                                at /rustc/e3feeb59cd1bdd011a2bfcc0747b55125d9b8527/library/test/src/lib.rs:724:74
[INFO] [stdout]   27:     0x61c64dc618e5 - <core[a373ad73a504971]::panic::unwind_safe::AssertUnwindSafe<test[aada8e7e76ba119b]::run_test_in_process::{closure#0}> as core[a373ad73a504971]::ops::function::FnOnce<()>>::call_once
[INFO] [stdout]                                at /rustc/e3feeb59cd1bdd011a2bfcc0747b55125d9b8527/library/core/src/panic/unwind_safe.rs:275:9
[INFO] [stdout]   28:     0x61c64dc618e5 - std[617be2ca0a6fd877]::panicking::catch_unwind::do_call::<core[a373ad73a504971]::panic::unwind_safe::AssertUnwindSafe<test[aada8e7e76ba119b]::run_test_in_process::{closure#0}>, core[a373ad73a504971]::result::Result<(), alloc[2e1b2a31b91974c5]::string::String>>
[INFO] [stdout]                                at /rustc/e3feeb59cd1bdd011a2bfcc0747b55125d9b8527/library/std/src/panicking.rs:573:43
[INFO] [stdout]   29:     0x61c64dc618e5 - std[617be2ca0a6fd877]::panicking::catch_unwind::<core[a373ad73a504971]::result::Result<(), alloc[2e1b2a31b91974c5]::string::String>, core[a373ad73a504971]::panic::unwind_safe::AssertUnwindSafe<test[aada8e7e76ba119b]::run_test_in_process::{closure#0}>>
[INFO] [stdout]                                at /rustc/e3feeb59cd1bdd011a2bfcc0747b55125d9b8527/library/std/src/panicking.rs:541:19
[INFO] [stdout]   30:     0x61c64dc618e5 - std[617be2ca0a6fd877]::panic::catch_unwind::<core[a373ad73a504971]::panic::unwind_safe::AssertUnwindSafe<test[aada8e7e76ba119b]::run_test_in_process::{closure#0}>, core[a373ad73a504971]::result::Result<(), alloc[2e1b2a31b91974c5]::string::String>>
[INFO] [stdout]                                at /rustc/e3feeb59cd1bdd011a2bfcc0747b55125d9b8527/library/std/src/panic.rs:359:14
[INFO] [stdout]   31:     0x61c64dc618e5 - test[aada8e7e76ba119b]::run_test_in_process
[INFO] [stdout]                                at /rustc/e3feeb59cd1bdd011a2bfcc0747b55125d9b8527/library/test/src/lib.rs:724:27
[INFO] [stdout]   32:     0x61c64dc618e5 - test[aada8e7e76ba119b]::run_test::{closure#0}
[INFO] [stdout]                                at /rustc/e3feeb59cd1bdd011a2bfcc0747b55125d9b8527/library/test/src/lib.rs:645:43
[INFO] [stdout]   33:     0x61c64dc5b1d4 - test[aada8e7e76ba119b]::run_test::{closure#1}
[INFO] [stdout]                                at /rustc/e3feeb59cd1bdd011a2bfcc0747b55125d9b8527/library/test/src/lib.rs:675:41
[INFO] [stdout]   34:     0x61c64dc5b1d4 - std[617be2ca0a6fd877]::sys::backtrace::__rust_begin_short_backtrace::<test[aada8e7e76ba119b]::run_test::{closure#1}, ()>
[INFO] [stdout]                                at /rustc/e3feeb59cd1bdd011a2bfcc0747b55125d9b8527/library/std/src/sys/backtrace.rs:166:18
[INFO] [stdout]   35:     0x61c64dc64972 - std[617be2ca0a6fd877]::thread::lifecycle::spawn_unchecked::<test[aada8e7e76ba119b]::run_test::{closure#1}, ()>::{closure#1}::{closure#0}
[INFO] [stdout]                                at /rustc/e3feeb59cd1bdd011a2bfcc0747b55125d9b8527/library/std/src/thread/lifecycle.rs:70:13
[INFO] [stdout]   36:     0x61c64dc64972 - <core[a373ad73a504971]::panic::unwind_safe::AssertUnwindSafe<std[617be2ca0a6fd877]::thread::lifecycle::spawn_unchecked<test[aada8e7e76ba119b]::run_test::{closure#1}, ()>::{closure#1}::{closure#0}> as core[a373ad73a504971]::ops::function::FnOnce<()>>::call_once
[INFO] [stdout]                                at /rustc/e3feeb59cd1bdd011a2bfcc0747b55125d9b8527/library/core/src/panic/unwind_safe.rs:275:9
[INFO] [stdout]   37:     0x61c64dc64972 - std[617be2ca0a6fd877]::panicking::catch_unwind::do_call::<core[a373ad73a504971]::panic::unwind_safe::AssertUnwindSafe<std[617be2ca0a6fd877]::thread::lifecycle::spawn_unchecked<test[aada8e7e76ba119b]::run_test::{closure#1}, ()>::{closure#1}::{closure#0}>, ()>
[INFO] [stdout]                                at /rustc/e3feeb59cd1bdd011a2bfcc0747b55125d9b8527/library/std/src/panicking.rs:573:43
[INFO] [stdout]   38:     0x61c64dc64972 - std[617be2ca0a6fd877]::panicking::catch_unwind::<(), core[a373ad73a504971]::panic::unwind_safe::AssertUnwindSafe<std[617be2ca0a6fd877]::thread::lifecycle::spawn_unchecked<test[aada8e7e76ba119b]::run_test::{closure#1}, ()>::{closure#1}::{closure#0}>>
[INFO] [stdout]                                at /rustc/e3feeb59cd1bdd011a2bfcc0747b55125d9b8527/library/std/src/panicking.rs:541:19
[INFO] [stdout]   39:     0x61c64dc64972 - std[617be2ca0a6fd877]::panic::catch_unwind::<core[a373ad73a504971]::panic::unwind_safe::AssertUnwindSafe<std[617be2ca0a6fd877]::thread::lifecycle::spawn_unchecked<test[aada8e7e76ba119b]::run_test::{closure#1}, ()>::{closure#1}::{closure#0}>, ()>
[INFO] [stdout]                                at /rustc/e3feeb59cd1bdd011a2bfcc0747b55125d9b8527/library/std/src/panic.rs:359:14
[INFO] [stdout]   40:     0x61c64dc64972 - std[617be2ca0a6fd877]::thread::lifecycle::spawn_unchecked::<test[aada8e7e76ba119b]::run_test::{closure#1}, ()>::{closure#1}
[INFO] [stdout]                                at /rustc/e3feeb59cd1bdd011a2bfcc0747b55125d9b8527/library/std/src/thread/lifecycle.rs:68:26
[INFO] [stdout]   41:     0x61c64dc64972 - <std[617be2ca0a6fd877]::thread::lifecycle::spawn_unchecked<test[aada8e7e76ba119b]::run_test::{closure#1}, ()>::{closure#1} as core[a373ad73a504971]::ops::function::FnOnce<()>>::call_once::{shim:vtable#0}
[INFO] [stdout]                                at /rustc/e3feeb59cd1bdd011a2bfcc0747b55125d9b8527/library/core/src/ops/function.rs:250:5
[INFO] [stdout]   42:     0x61c64dccc3df - <alloc[2e1b2a31b91974c5]::boxed::Box<dyn core[a373ad73a504971]::ops::function::FnOnce<(), Output = ()> + core[a373ad73a504971]::marker::Send> as core[a373ad73a504971]::ops::function::FnOnce<()>>::call_once
[INFO] [stdout]                                at /rustc/e3feeb59cd1bdd011a2bfcc0747b55125d9b8527/library/alloc/src/boxed.rs:2314:9
[INFO] [stdout]   43:     0x61c64dccc3df - <std[617be2ca0a6fd877]::sys::thread::unix::Thread>::new::thread_start
[INFO] [stdout]                                at /rustc/e3feeb59cd1bdd011a2bfcc0747b55125d9b8527/library/std/src/sys/thread/unix.rs:127:17
[INFO] [stdout]   44:     0x762a05da1dfa - <unknown>
[INFO] [stdout]   45:     0x762a05e353d4 - clone
[INFO] [stdout]   46:                0x0 - <unknown>
[INFO] [stdout] 
[INFO] [stdout] 
[INFO] [stdout] failures:
[INFO] [stdout]     test_go_fixture_symbols
[INFO] [stdout]     test_java_fixture_symbols
[INFO] [stdout]     test_python_fixture_symbols
[INFO] [stdout]     test_rust_fixture_symbols
[INFO] [stdout]     test_typescript_fixture_symbols
[INFO] [stdout] 
[INFO] [stdout] test result: FAILED. 0 passed; 5 failed; 0 ignored; 0 measured; 0 filtered out; finished in 0.40s
[INFO] [stdout] 
[INFO] [stderr] error: test failed, to rerun pass `--test fixtures_test`
[INFO] running `Command { std: "docker" "inspect" "50d4efff1b868f61a845bd536f418c47f4bc72f29911e1e00854f22264d75259", kill_on_drop: false }`
[INFO] running `Command { std: "docker" "rm" "-f" "50d4efff1b868f61a845bd536f418c47f4bc72f29911e1e00854f22264d75259", kill_on_drop: false }`
[INFO] [stdout] 50d4efff1b868f61a845bd536f418c47f4bc72f29911e1e00854f22264d75259
