[INFO] fetching crate tf-rust-engineio 0.9.3...
[INFO] testing tf-rust-engineio-0.9.3 against 1.99.0-beta.8 for beta-1.100-2
[INFO] extracting crate tf-rust-engineio 0.9.3 into /workspace/builds/worker-5-tc1/source
[INFO] started tweaking crates.io crate tf-rust-engineio 0.9.3
[INFO] finished tweaking crates.io crate tf-rust-engineio 0.9.3
[INFO] tweaked toml for crates.io crate tf-rust-engineio 0.9.3 written to /workspace/builds/worker-5-tc1/source/Cargo.toml
[INFO] validating manifest of crates.io crate tf-rust-engineio 0.9.3 on toolchain 1.99.0-beta.8
[INFO] running `Command { std: CARGO_HOME="/workspace/cargo-home" RUSTUP_HOME="/workspace/rustup-home" "/workspace/cargo-home/bin/cargo" "+1.99.0-beta.8" "metadata" "--manifest-path" "Cargo.toml" "--no-deps", kill_on_drop: false }`
[INFO] crate crates.io crate tf-rust-engineio 0.9.3 already has a lockfile, it will not be regenerated
[INFO] running `Command { std: CARGO_HOME="/workspace/cargo-home" RUSTUP_HOME="/workspace/rustup-home" "/workspace/cargo-home/bin/cargo" "+1.99.0-beta.8" "fetch" "--manifest-path" "Cargo.toml", kill_on_drop: false }`
[INFO] [stderr]  Downloading crates ...
[INFO] [stderr]   Downloaded typenum v1.14.0
[INFO] [stderr]   Downloaded serde v1.0.215
[INFO] [stderr]   Downloaded pkg-config v0.3.20
[INFO] [stderr]   Downloaded cpufeatures v0.2.1
[INFO] [stderr]   Downloaded ppv-lite86 v0.2.14
[INFO] [stderr]   Downloaded security-framework-sys v2.9.0
[INFO] [stderr]   Downloaded tempfile v3.6.0
[INFO] [stderr]   Downloaded data-encoding v2.4.0
[INFO] [stderr]   Downloaded serde_derive v1.0.215
[INFO] [stderr]   Downloaded security-framework v2.9.1
[INFO] [stderr]   Downloaded backtrace v0.3.69
[INFO] [stderr]   Downloaded winreg v0.52.0
[INFO] [stderr]   Downloaded serde_json v1.0.133
[INFO] [stderr]   Downloaded rustix v0.37.25
[INFO] [stderr]   Downloaded reqwest v0.12.4
[INFO] [stderr]   Downloaded gimli v0.28.1
[INFO] [stderr]   Downloaded rustls-pemfile v2.1.2
[INFO] [stderr]   Downloaded rustls-pki-types v1.4.1
[INFO] [stderr]   Downloaded hyper-util v0.1.3
[INFO] [stderr]   Downloaded hashbrown v0.14.3
[INFO] [stderr]   Downloaded http-body-util v0.1.1
[INFO] [stderr]   Downloaded crossbeam-utils v0.8.12
[INFO] [stderr]   Downloaded plotters-svg v0.3.1
[INFO] [stderr]   Downloaded plotters-backend v0.3.2
[INFO] [stderr]   Downloaded encoding_rs v0.8.29
[INFO] [stderr]   Downloaded is-terminal v0.4.8
[INFO] [stderr]   Downloaded futures v0.3.17
[INFO] [stderr]   Downloaded half v1.8.1
[INFO] [stderr]   Downloaded async-trait v0.1.83
[INFO] [stderr]   Downloaded clap v4.3.10
[INFO] [stderr]   Downloaded clap_builder v4.3.10
[INFO] [stderr]   Downloaded rustix v0.38.1
[INFO] [stderr]   Downloaded plotters v0.3.1
[INFO] running `Command { std: "docker" "create" "-v" "/var/lib/crater-agent-workspace/builds/worker-5-tc1/source:/opt/rustwide/workdir:ro,Z" "-v" "/var/lib/crater-agent-workspace/builds/worker-5-tc1/target:/opt/rustwide/target:rw,Z" "-v" "/var/lib/crater-agent-workspace/cargo-home:/opt/rustwide/cargo-home:ro,Z" "-v" "/var/lib/crater-agent-workspace/rustup-home:/opt/rustwide/rustup-home:ro,Z" "-m" "1610612736" "--network" "none" "ghcr.io/rust-lang/crates-build-env/linux@sha256:3111399a4047eeb3a02b7a90e478d715f38a8c6669b5c4b49d30a17385265909" "sleep" "infinity", kill_on_drop: false }`
[INFO] [stdout] cee00ed463dbcf698d7da5a7ff573f473e6f74cc89048429b98f1545b335ffad
[INFO] running `Command { std: "docker" "start" "cee00ed463dbcf698d7da5a7ff573f473e6f74cc89048429b98f1545b335ffad", kill_on_drop: false }`
[INFO] running `Command { std: "docker" "inspect" "cee00ed463dbcf698d7da5a7ff573f473e6f74cc89048429b98f1545b335ffad", kill_on_drop: false }`
[INFO] running `Command { std: "docker" "exec" "-e" "SOURCE_DIR=/opt/rustwide/workdir" "-e" "CARGO_HOME=/opt/rustwide/cargo-home" "-e" "RUSTUP_HOME=/opt/rustwide/rustup-home" "-e" "CARGO_TARGET_DIR=/opt/rustwide/target" "-w" "/opt/rustwide/workdir" "--user" "0:0" "cee00ed463dbcf698d7da5a7ff573f473e6f74cc89048429b98f1545b335ffad" "/opt/rustwide/cargo-home/bin/cargo" "+1.99.0-beta.8" "metadata" "--no-deps" "--format-version=1", kill_on_drop: false }`
[INFO] running `Command { std: "docker" "inspect" "cee00ed463dbcf698d7da5a7ff573f473e6f74cc89048429b98f1545b335ffad", kill_on_drop: false }`
[INFO] running `Command { std: "docker" "exec" "-e" "SOURCE_DIR=/opt/rustwide/workdir" "-e" "CARGO_HOME=/opt/rustwide/cargo-home" "-e" "RUSTUP_HOME=/opt/rustwide/rustup-home" "-e" "CARGO_TARGET_DIR=/opt/rustwide/target" "-e" "CARGO_INCREMENTAL=0" "-e" "RUST_BACKTRACE=full" "-e" "RUSTFLAGS=--cap-lints=warn" "-e" "RUSTDOCFLAGS=--cap-lints=warn" "-w" "/opt/rustwide/workdir" "--user" "0:0" "cee00ed463dbcf698d7da5a7ff573f473e6f74cc89048429b98f1545b335ffad" "/opt/rustwide/cargo-home/bin/cargo" "+1.99.0-beta.8" "build" "--frozen" "--message-format=json", kill_on_drop: false }`
[INFO] [stderr]    Compiling stable_deref_trait v1.2.0
[INFO] [stderr]    Compiling pin-project-lite v0.2.13
[INFO] [stderr]    Compiling log v0.4.22
[INFO] [stderr]    Compiling pkg-config v0.3.20
[INFO] [stderr]    Compiling writeable v0.5.5
[INFO] [stderr]    Compiling litemap v0.7.4
[INFO] [stderr]    Compiling proc-macro2 v1.0.92
[INFO] [stderr]    Compiling cc v1.4.4
[INFO] [stderr]    Compiling smallvec v1.13.2
[INFO] [stderr]    Compiling http v1.5.0
[INFO] [stderr]    Compiling icu_locid_transform_data v1.5.0
[INFO] [stderr]    Compiling memchr v2.4.1
[INFO] [stderr]    Compiling typenum v1.14.0
[INFO] [stderr]    Compiling once_cell v1.18.0
[INFO] [stderr]    Compiling generic-array v0.14.5
[INFO] [stderr]    Compiling mio v1.0.2
[INFO] [stderr]    Compiling socket2 v0.5.5
[INFO] [stderr]    Compiling icu_properties_data v1.5.0
[INFO] [stderr]    Compiling openssl v0.10.80
[INFO] [stderr]    Compiling slab v0.4.5
[INFO] [stderr]    Compiling bitflags v2.3.3
[INFO] [stderr]    Compiling tracing-core v0.1.32
[INFO] [stderr]    Compiling write16 v1.0.0
[INFO] [stderr]    Compiling utf16_iter v1.0.5
[INFO] [stderr]    Compiling icu_normalizer_data v1.5.0
[INFO] [stderr]    Compiling native-tls v0.2.12
[INFO] [stderr]    Compiling percent-encoding v2.3.1
[INFO] [stderr]    Compiling hashbrown v0.14.3
[INFO] [stderr]    Compiling getrandom v0.2.3
[INFO] [stderr]    Compiling try-lock v0.2.3
[INFO] [stderr]    Compiling serde v1.0.215
[INFO] [stderr]    Compiling thiserror v1.0.63
[INFO] [stderr]    Compiling ppv-lite86 v0.2.14
[INFO] [stderr]    Compiling form_urlencoded v1.2.1
[INFO] [stderr]    Compiling want v0.3.0
[INFO] [stderr]    Compiling quote v1.0.35
[INFO] [stderr]    Compiling rand_core v0.6.3
[INFO] [stderr]    Compiling encoding_rs v0.8.29
[INFO] [stderr]    Compiling cpufeatures v0.2.1
[INFO] [stderr]    Compiling tracing v0.1.40
[INFO] [stderr]    Compiling data-encoding v2.4.0
[INFO] [stderr]    Compiling syn v2.0.89
[INFO] [stderr]    Compiling serde_json v1.0.133
[INFO] [stderr]    Compiling rustls-pki-types v1.4.1
[INFO] [stderr]    Compiling byteorder v1.4.3
[INFO] [stderr]    Compiling rand_chacha v0.3.1
[INFO] [stderr]    Compiling futures-util v0.3.31
[INFO] [stderr]    Compiling mime v0.3.16
[INFO] [stderr]    Compiling ipnet v2.3.1
[INFO] [stderr]    Compiling adler32 v1.2.0
[INFO] [stderr]    Compiling http-body v1.0.0
[INFO] [stderr]    Compiling rustls-pemfile v2.1.2
[INFO] [stderr]    Compiling http-body-util v0.1.1
[INFO] [stderr]    Compiling indexmap v2.1.0
[INFO] [stderr]    Compiling rand v0.8.5
[INFO] [stderr]    Compiling openssl-sys v0.9.116
[INFO] [stderr]    Compiling block-buffer v0.10.2
[INFO] [stderr]    Compiling crypto-common v0.1.3
[INFO] [stderr]    Compiling digest v0.10.7
[INFO] [stderr]    Compiling sha1 v0.10.6
[INFO] [stderr]    Compiling synstructure v0.13.1
[INFO] [stderr]    Compiling zerovec-derive v0.10.3
[INFO] [stderr]    Compiling displaydoc v0.2.5
[INFO] [stderr]    Compiling icu_provider_macros v1.5.0
[INFO] [stderr]    Compiling tokio-macros v2.4.0
[INFO] [stderr]    Compiling openssl-macros v0.1.1
[INFO] [stderr]    Compiling pin-project-internal v1.1.5
[INFO] [stderr]    Compiling serde_derive v1.0.215
[INFO] [stderr]    Compiling thiserror-impl v1.0.63
[INFO] [stderr]    Compiling async-stream-impl v0.3.6
[INFO] [stderr]    Compiling async-trait v0.1.83
[INFO] [stderr]    Compiling zerofrom-derive v0.1.5
[INFO] [stderr]    Compiling yoke-derive v0.7.5
[INFO] [stderr]    Compiling async-stream v0.3.6
[INFO] [stderr]    Compiling tokio v1.40.0
[INFO] [stderr]    Compiling pin-project v1.1.5
[INFO] [stderr]    Compiling zerofrom v0.1.5
[INFO] [stderr]    Compiling yoke v0.7.5
[INFO] [stderr]    Compiling zerovec v0.10.4
[INFO] [stderr]    Compiling tinystr v0.7.6
[INFO] [stderr]    Compiling icu_collections v1.5.0
[INFO] [stderr]    Compiling icu_locid v1.5.0
[INFO] [stderr]    Compiling icu_provider v1.5.0
[INFO] [stderr]    Compiling icu_locid_transform v1.5.0
[INFO] [stderr]    Compiling icu_properties v1.5.1
[INFO] [stderr]    Compiling tokio-util v0.7.3
[INFO] [stderr]    Compiling tower v0.4.13
[INFO] [stderr]    Compiling tokio-native-tls v0.3.1
[INFO] [stderr]    Compiling h2 v0.4.19
[INFO] [stderr]    Compiling icu_normalizer v1.5.0
[INFO] [stderr]    Compiling serde_urlencoded v0.7.1
[INFO] [stderr]    Compiling idna_adapter v1.2.0
[INFO] [stderr]    Compiling idna v1.0.3
[INFO] [stderr]    Compiling url v2.5.4
[INFO] [stderr]    Compiling tungstenite v0.21.0
[INFO] [stderr]    Compiling tokio-tungstenite v0.21.0
[INFO] [stderr]    Compiling hyper v1.11.1
[INFO] [stderr]    Compiling hyper-util v0.1.3
[INFO] [stderr]    Compiling hyper-tls v0.6.0
[INFO] [stderr]    Compiling reqwest v0.12.4
[INFO] [stderr]    Compiling tf-rust-engineio v0.9.3 (/opt/rustwide/workdir)
[INFO] [stderr]     Finished `dev` profile [unoptimized + debuginfo] target(s) in 44.05s
[INFO] running `Command { std: "docker" "inspect" "cee00ed463dbcf698d7da5a7ff573f473e6f74cc89048429b98f1545b335ffad", kill_on_drop: false }`
[INFO] running `Command { std: "docker" "exec" "-e" "SOURCE_DIR=/opt/rustwide/workdir" "-e" "CARGO_HOME=/opt/rustwide/cargo-home" "-e" "RUSTUP_HOME=/opt/rustwide/rustup-home" "-e" "CARGO_TARGET_DIR=/opt/rustwide/target" "-e" "CARGO_INCREMENTAL=0" "-e" "RUST_BACKTRACE=full" "-e" "RUSTFLAGS=--cap-lints=warn" "-e" "RUSTDOCFLAGS=--cap-lints=warn" "-w" "/opt/rustwide/workdir" "--user" "0:0" "cee00ed463dbcf698d7da5a7ff573f473e6f74cc89048429b98f1545b335ffad" "/opt/rustwide/cargo-home/bin/cargo" "+1.99.0-beta.8" "test" "--frozen" "--no-run" "--message-format=json", kill_on_drop: false }`
[INFO] [stderr]    Compiling serde v1.0.215
[INFO] [stderr]    Compiling crossbeam-utils v0.8.12
[INFO] [stderr]    Compiling memoffset v0.6.4
[INFO] [stderr]    Compiling openssl v0.10.80
[INFO] [stderr]    Compiling crossbeam-epoch v0.9.5
[INFO] [stderr]    Compiling rayon-core v1.9.1
[INFO] [stderr]    Compiling scopeguard v1.1.0
[INFO] [stderr]    Compiling num-traits v0.2.14
[INFO] [stderr]    Compiling rustix v0.38.1
[INFO] [stderr]    Compiling rayon v1.5.1
[INFO] [stderr]    Compiling num_cpus v1.16.0
[INFO] [stderr]    Compiling plotters-backend v0.3.2
[INFO] [stderr]    Compiling half v1.8.1
[INFO] [stderr]    Compiling linux-raw-sys v0.4.3
[INFO] [stderr]    Compiling ciborium-io v0.2.0
[INFO] [stderr]    Compiling clap_builder v4.3.10
[INFO] [stderr]    Compiling itertools v0.10.1
[INFO] [stderr]    Compiling regex-syntax v0.6.29
[INFO] [stderr]    Compiling futures v0.3.17
[INFO] [stderr]    Compiling oorandom v11.1.3
[INFO] [stderr]    Compiling ciborium-ll v0.2.0
[INFO] [stderr]    Compiling plotters-svg v0.3.1
[INFO] [stderr]    Compiling crossbeam-channel v0.5.1
[INFO] [stderr]    Compiling crossbeam-deque v0.8.1
[INFO] [stderr]    Compiling plotters v0.3.1
[INFO] [stderr]    Compiling is-terminal v0.4.8
[INFO] [stderr]    Compiling regex v1.7.3
[INFO] [stderr]    Compiling criterion-plot v0.5.0
[INFO] [stderr]    Compiling clap v4.3.10
[INFO] [stderr]    Compiling native-tls v0.2.12
[INFO] [stderr]    Compiling serde_json v1.0.133
[INFO] [stderr]    Compiling serde_urlencoded v0.7.1
[INFO] [stderr]    Compiling ciborium v0.2.0
[INFO] [stderr]    Compiling tokio-native-tls v0.3.1
[INFO] [stderr]    Compiling tungstenite v0.21.0
[INFO] [stderr]    Compiling hyper-tls v0.6.0
[INFO] [stderr]    Compiling reqwest v0.12.4
[INFO] [stderr]    Compiling tinytemplate v1.2.1
[INFO] [stderr]    Compiling criterion v0.5.1
[INFO] [stderr]    Compiling tokio-tungstenite v0.21.0
[INFO] [stderr]    Compiling tf-rust-engineio v0.9.3 (/opt/rustwide/workdir)
[INFO] [stderr]     Finished `test` profile [unoptimized + debuginfo] target(s) in 25.26s
[INFO] running `Command { std: "docker" "inspect" "cee00ed463dbcf698d7da5a7ff573f473e6f74cc89048429b98f1545b335ffad", kill_on_drop: false }`
[INFO] running `Command { std: "docker" "exec" "-e" "SOURCE_DIR=/opt/rustwide/workdir" "-e" "CARGO_HOME=/opt/rustwide/cargo-home" "-e" "RUSTUP_HOME=/opt/rustwide/rustup-home" "-e" "CARGO_TARGET_DIR=/opt/rustwide/target" "-e" "CARGO_INCREMENTAL=0" "-e" "RUST_BACKTRACE=full" "-e" "RUSTFLAGS=--cap-lints=warn" "-e" "RUSTDOCFLAGS=--cap-lints=warn" "-w" "/opt/rustwide/workdir" "--user" "0:0" "cee00ed463dbcf698d7da5a7ff573f473e6f74cc89048429b98f1545b335ffad" "/opt/rustwide/cargo-home/bin/cargo" "+1.99.0-beta.8" "test" "--frozen", kill_on_drop: false }`
[INFO] [stderr]     Finished `test` profile [unoptimized + debuginfo] target(s) in 0.17s
[INFO] [stderr]      Running unittests src/lib.rs (/opt/rustwide/target/debug/deps/tf_rust_engineio-d3b4c21fe25d4b3e)
[INFO] [stdout] 
[INFO] [stdout] running 46 tests
[INFO] [stdout] test asynchronous::async_transports::websocket_secure::test::websocket_secure_debug ... FAILED
[INFO] [stdout] test asynchronous::async_transports::websocket_secure::test::websocket_secure_transport_base_url ... FAILED
[INFO] [stdout] test asynchronous::client::async_client::test::test_connection_dynamic_secure ... FAILED
[INFO] [stdout] test asynchronous::async_transports::websocket::test::websocket_close_code_surfaced_via_build_handshake ... ok
[INFO] [stdout] test asynchronous::async_transports::websocket::test::websocket_close_code_surfaced_via_stream_impl ... ok
[INFO] [stdout] test asynchronous::async_transports::websocket::test::websocket_close_code_surfaced_via_poll_next ... ok
[INFO] [stdout] test asynchronous::async_transports::websocket::test::websocket_transport_base_url ... FAILED
[INFO] [stdout] test asynchronous::async_transports::websocket::test::websocket_secure_debug ... FAILED
[INFO] [stdout] test client::client::test::test_connection_dynamic_secure ... FAILED
[INFO] [stdout] test asynchronous::client::async_client::test::test_connection_long ... FAILED
[INFO] [stdout] test asynchronous::client::async_client::test::test_client_cloneable ... FAILED
[INFO] [stdout] test asynchronous::async_transports::polling::test::polling_transport_base_url ... ok
[INFO] [stdout] test client::client::test::test_connection_long ... FAILED
[INFO] [stdout] test asynchronous::client::async_client::test::test_connection_polling ... FAILED
[INFO] [stdout] test asynchronous::async_transports::polling::test::polling_transport_get_returns_http_error_with_body ... ok
[INFO] [stdout] test asynchronous::client::async_client::test::test_connection_dynamic ... FAILED
[INFO] [stdout] test asynchronous::async_transports::polling::test::polling_transport_emit_returns_http_error_with_body ... ok
[INFO] [stdout] test client::client::test::test_connection_dynamic ... FAILED
[INFO] [stdout] test client::client::test::test_client_cloneable ... FAILED
[INFO] [stdout] test error::tests::test_error_conversion ... ok
[INFO] [stdout] test packet::tests::test_handshake_packet ... ok
[INFO] [stdout] test packet::tests::test_binary_payload ... ok
[INFO] [stdout] test packet::tests::test_is_reflexive ... ok
[INFO] [stdout] test packet::tests::test_decode_payload ... ok
[INFO] [stdout] test asynchronous::client::async_client::test::test_illegal_actions ... FAILED
[INFO] [stdout] test packet::tests::test_packet_id_conversion_and_incompl_packet ... ok
[INFO] [stdout] test packet::tests::test_packet_error ... ok
[INFO] [stdout] test packet::tests::test_binary_packet ... ok
[INFO] [stdout] test asynchronous::client::async_client::test::test_connection_wss ... FAILED
[INFO] [stdout] test transports::websocket_secure::test::websocket_secure_debug ... FAILED
[INFO] [stdout] test transports::websocket::test::websocket_transport_base_url ... FAILED
[INFO] [stdout] test transports::websocket_secure::test::websocket_secure_transport_base_url ... FAILED
[INFO] [stdout] test transports::websocket::test::websocket_secure_debug ... FAILED
[INFO] [stdout] test client::client::test::test_connection_polling ... FAILED
[INFO] [stdout] test asynchronous::client::async_client::test::test_connection_fallback ... FAILED
[INFO] [stdout] test client::client::test::test_illegal_actions ... FAILED
[INFO] [stdout] test asynchronous::client::async_client::test::test_open_invariants ... FAILED
[INFO] [stdout] test asynchronous::client::async_client::test::test_connection_ws ... FAILED
[INFO] [stdout] test client::client::test::test_connection_fallback ... FAILED
[INFO] [stdout] test transports::polling::test::polling_transport_emit_returns_http_error_with_body ... ok
[INFO] [stdout] test client::client::test::test_connection_wss ... FAILED
[INFO] [stdout] test transports::polling::test::polling_transport_base_url ... ok
[INFO] [stdout] test transports::polling::test::polling_transport_poll_returns_http_error_with_body ... ok
[INFO] [stdout] test client::client::test::test_connection_ws ... FAILED
[INFO] [stdout] test transports::polling::test::transport_debug ... ok
[INFO] [stdout] test client::client::test::test_open_invariants ... FAILED
[INFO] [stdout] 
[INFO] [stdout] failures:
[INFO] [stdout] 
[INFO] [stdout] ---- asynchronous::async_transports::websocket_secure::test::websocket_secure_debug stdout ----
[INFO] [stdout] Error: IncompleteIo(Os { code: 2, kind: NotFound, message: "No such file or directory" })
[INFO] [stdout] 
[INFO] [stdout] ---- asynchronous::async_transports::websocket_secure::test::websocket_secure_transport_base_url stdout ----
[INFO] [stdout] Error: IncompleteIo(Os { code: 2, kind: NotFound, message: "No such file or directory" })
[INFO] [stdout] 
[INFO] [stdout] ---- asynchronous::client::async_client::test::test_connection_dynamic_secure stdout ----
[INFO] [stdout] Error: IncompleteIo(Os { code: 2, kind: NotFound, message: "No such file or directory" })
[INFO] [stdout] 
[INFO] [stdout] ---- asynchronous::async_transports::websocket::test::websocket_transport_base_url stdout ----
[INFO] [stdout] Error: WebsocketError(Io(Os { code: 111, kind: ConnectionRefused, message: "Connection refused" }))
[INFO] [stdout] 
[INFO] [stdout] ---- asynchronous::async_transports::websocket::test::websocket_secure_debug stdout ----
[INFO] [stdout] Error: WebsocketError(Io(Os { code: 111, kind: ConnectionRefused, message: "Connection refused" }))
[INFO] [stdout] 
[INFO] [stdout] ---- client::client::test::test_connection_dynamic_secure stdout ----
[INFO] [stdout] Error: IncompleteIo(Os { code: 2, kind: NotFound, message: "No such file or directory" })
[INFO] [stdout] 
[INFO] [stdout] ---- asynchronous::client::async_client::test::test_connection_long stdout ----
[INFO] [stdout] Error: IncompleteResponseFromReqwest(reqwest::Error { kind: Request, url: Url { scheme: "http", cannot_be_a_base: false, username: "", password: None, host: Some(Domain("localhost")), port: Some(4201), path: "/engine.io/", query: Some("EIO=4&transport=polling&t=970002613"), fragment: None }, source: Error { kind: Connect, source: Some(ConnectError("tcp connect error", Os { code: 111, kind: ConnectionRefused, message: "Connection refused" })) } })
[INFO] [stdout] 
[INFO] [stdout] ---- asynchronous::client::async_client::test::test_client_cloneable stdout ----
[INFO] [stdout] Error: IncompleteResponseFromReqwest(reqwest::Error { kind: Request, url: Url { scheme: "http", cannot_be_a_base: false, username: "", password: None, host: Some(Domain("localhost")), port: Some(4201), path: "/engine.io/", query: Some("EIO=4&transport=polling&t=967184556"), fragment: None }, source: Error { kind: Connect, source: Some(ConnectError("tcp connect error", Os { code: 111, kind: ConnectionRefused, message: "Connection refused" })) } })
[INFO] [stdout] 
[INFO] [stdout] ---- client::client::test::test_connection_long stdout ----
[INFO] [stdout] Error: IncompleteResponseFromReqwest(reqwest::Error { kind: Request, url: Url { scheme: "http", cannot_be_a_base: false, username: "", password: None, host: Some(Domain("localhost")), port: Some(4201), path: "/engine.io/", query: Some("EIO=4&transport=polling&t=971378867"), fragment: None }, source: Error { kind: Connect, source: Some(ConnectError("tcp connect error", Os { code: 111, kind: ConnectionRefused, message: "Connection refused" })) } })
[INFO] [stdout] 
[INFO] [stdout] ---- asynchronous::client::async_client::test::test_connection_polling stdout ----
[INFO] [stdout] Error: IncompleteResponseFromReqwest(reqwest::Error { kind: Request, url: Url { scheme: "http", cannot_be_a_base: false, username: "", password: None, host: Some(Domain("localhost")), port: Some(4201), path: "/engine.io/", query: Some("EIO=4&transport=polling&t=972558520"), fragment: None }, source: Error { kind: Connect, source: Some(ConnectError("tcp connect error", Os { code: 111, kind: ConnectionRefused, message: "Connection refused" })) } })
[INFO] [stdout] 
[INFO] [stdout] ---- asynchronous::client::async_client::test::test_connection_dynamic stdout ----
[INFO] [stdout] Error: IncompleteResponseFromReqwest(reqwest::Error { kind: Request, url: Url { scheme: "http", cannot_be_a_base: false, username: "", password: None, host: Some(Domain("localhost")), port: Some(4201), path: "/engine.io/", query: Some("EIO=4&transport=polling&t=967512236"), fragment: None }, source: Error { kind: Connect, source: Some(ConnectError("tcp connect error", Os { code: 111, kind: ConnectionRefused, message: "Connection refused" })) } })
[INFO] [stdout] 
[INFO] [stdout] ---- client::client::test::test_connection_dynamic stdout ----
[INFO] [stdout] Error: IncompleteResponseFromReqwest(reqwest::Error { kind: Request, url: Url { scheme: "http", cannot_be_a_base: false, username: "", password: None, host: Some(Domain("localhost")), port: Some(4201), path: "/engine.io/", query: Some("EIO=4&transport=polling&t=968626345"), fragment: None }, source: Error { kind: Connect, source: Some(ConnectError("tcp connect error", Os { code: 111, kind: ConnectionRefused, message: "Connection refused" })) } })
[INFO] [stdout] 
[INFO] [stdout] ---- client::client::test::test_client_cloneable stdout ----
[INFO] [stdout] Error: IncompleteResponseFromReqwest(reqwest::Error { kind: Request, url: Url { scheme: "http", cannot_be_a_base: false, username: "", password: None, host: Some(Domain("localhost")), port: Some(4201), path: "/engine.io/", query: Some("EIO=4&transport=polling&t=971575478"), fragment: None }, source: Error { kind: Connect, source: Some(ConnectError("tcp connect error", Os { code: 111, kind: ConnectionRefused, message: "Connection refused" })) } })
[INFO] [stdout] 
[INFO] [stdout] ---- asynchronous::client::async_client::test::test_illegal_actions stdout ----
[INFO] [stdout] Error: IncompleteResponseFromReqwest(reqwest::Error { kind: Request, url: Url { scheme: "http", cannot_be_a_base: false, username: "", password: None, host: Some(Domain("localhost")), port: Some(4201), path: "/engine.io/", query: Some("EIO=4&transport=polling&t=966987947"), fragment: None }, source: Error { kind: Connect, source: Some(ConnectError("tcp connect error", Os { code: 111, kind: ConnectionRefused, message: "Connection refused" })) } })
[INFO] [stdout] 
[INFO] [stdout] ---- asynchronous::client::async_client::test::test_connection_wss stdout ----
[INFO] [stdout] Error: IncompleteIo(Os { code: 2, kind: NotFound, message: "No such file or directory" })
[INFO] [stdout] 
[INFO] [stdout] ---- transports::websocket_secure::test::websocket_secure_debug stdout ----
[INFO] [stdout] Error: IncompleteIo(Os { code: 2, kind: NotFound, message: "No such file or directory" })
[INFO] [stdout] 
[INFO] [stdout] ---- transports::websocket::test::websocket_transport_base_url stdout ----
[INFO] [stdout] Error: WebsocketError(Io(Os { code: 111, kind: ConnectionRefused, message: "Connection refused" }))
[INFO] [stdout] 
[INFO] [stdout] ---- transports::websocket_secure::test::websocket_secure_transport_base_url stdout ----
[INFO] [stdout] Error: IncompleteIo(Os { code: 2, kind: NotFound, message: "No such file or directory" })
[INFO] [stdout] 
[INFO] [stdout] ---- transports::websocket::test::websocket_secure_debug stdout ----
[INFO] [stdout] Error: WebsocketError(Io(Os { code: 111, kind: ConnectionRefused, message: "Connection refused" }))
[INFO] [stdout] 
[INFO] [stdout] ---- client::client::test::test_connection_polling stdout ----
[INFO] [stdout] Error: IncompleteResponseFromReqwest(reqwest::Error { kind: Request, url: Url { scheme: "http", cannot_be_a_base: false, username: "", password: None, host: Some(Domain("localhost")), port: Some(4201), path: "/engine.io/", query: Some("EIO=4&transport=polling&t=973607096"), fragment: None }, source: Error { kind: Connect, source: Some(ConnectError("tcp connect error", Os { code: 111, kind: ConnectionRefused, message: "Connection refused" })) } })
[INFO] [stdout] 
[INFO] [stdout] ---- asynchronous::client::async_client::test::test_connection_fallback stdout ----
[INFO] [stdout] Error: IncompleteResponseFromReqwest(reqwest::Error { kind: Request, url: Url { scheme: "http", cannot_be_a_base: false, username: "", password: None, host: Some(Domain("localhost")), port: Some(4201), path: "/engine.io/", query: Some("EIO=4&transport=polling&t=965546158"), fragment: None }, source: Error { kind: Connect, source: Some(ConnectError("tcp connect error", Os { code: 111, kind: ConnectionRefused, message: "Connection refused" })) } })
[INFO] [stdout] 
[INFO] [stdout] ---- client::client::test::test_illegal_actions stdout ----
[INFO] [stdout] Error: IncompleteResponseFromReqwest(reqwest::Error { kind: Request, url: Url { scheme: "http", cannot_be_a_base: false, username: "", password: None, host: Some(Domain("localhost")), port: Some(4201), path: "/engine.io/", query: Some("EIO=4&transport=polling&t=960041122"), fragment: None }, source: Error { kind: Connect, source: Some(ConnectError("tcp connect error", Os { code: 111, kind: ConnectionRefused, message: "Connection refused" })) } })
[INFO] [stdout] 
[INFO] [stdout] ---- asynchronous::client::async_client::test::test_open_invariants stdout ----
[INFO] [stdout] Error: IncompleteResponseFromReqwest(reqwest::Error { kind: Request, url: Url { scheme: "http", cannot_be_a_base: false, username: "", password: None, host: Some(Domain("localhost")), port: Some(4201), path: "/engine.io/", query: Some("EIO=4&transport=polling&t=964759722"), fragment: None }, source: Error { kind: Connect, source: Some(ConnectError("tcp connect error", Os { code: 111, kind: ConnectionRefused, message: "Connection refused" })) } })
[INFO] [stdout] 
[INFO] [stdout] ---- asynchronous::client::async_client::test::test_connection_ws stdout ----
[INFO] [stdout] Error: WebsocketError(Io(Os { code: 111, kind: ConnectionRefused, message: "Connection refused" }))
[INFO] [stdout] 
[INFO] [stdout] ---- client::client::test::test_connection_fallback stdout ----
[INFO] [stdout] Error: IncompleteResponseFromReqwest(reqwest::Error { kind: Request, url: Url { scheme: "http", cannot_be_a_base: false, username: "", password: None, host: Some(Domain("localhost")), port: Some(4201), path: "/engine.io/", query: Some("EIO=4&transport=polling&t=961351844"), fragment: None }, source: Error { kind: Connect, source: Some(ConnectError("tcp connect error", Os { code: 111, kind: ConnectionRefused, message: "Connection refused" })) } })
[INFO] [stdout] 
[INFO] [stdout] ---- client::client::test::test_connection_wss stdout ----
[INFO] [stdout] Error: IncompleteIo(Os { code: 2, kind: NotFound, message: "No such file or directory" })
[INFO] [stdout] 
[INFO] [stdout] ---- client::client::test::test_connection_ws stdout ----
[INFO] [stdout] Error: WebsocketError(Io(Os { code: 111, kind: ConnectionRefused, message: "Connection refused" }))
[INFO] [stdout] 
[INFO] [stdout] ---- client::client::test::test_open_invariants stdout ----
[INFO] [stdout] Error: IncompleteResponseFromReqwest(reqwest::Error { kind: Request, url: Url { scheme: "http", cannot_be_a_base: false, username: "", password: None, host: Some(Domain("localhost")), port: Some(4201), path: "/engine.io/", query: Some("EIO=4&transport=polling&t=966135982"), fragment: None }, source: Error { kind: Connect, source: Some(ConnectError("tcp connect error", Os { code: 111, kind: ConnectionRefused, message: "Connection refused" })) } })
[INFO] [stdout] 
[INFO] [stdout] 
[INFO] [stdout] failures:
[INFO] [stdout]     asynchronous::async_transports::websocket::test::websocket_secure_debug
[INFO] [stdout]     asynchronous::async_transports::websocket::test::websocket_transport_base_url
[INFO] [stdout]     asynchronous::async_transports::websocket_secure::test::websocket_secure_debug
[INFO] [stdout]     asynchronous::async_transports::websocket_secure::test::websocket_secure_transport_base_url
[INFO] [stdout]     asynchronous::client::async_client::test::test_client_cloneable
[INFO] [stdout]     asynchronous::client::async_client::test::test_connection_dynamic
[INFO] [stdout]     asynchronous::client::async_client::test::test_connection_dynamic_secure
[INFO] [stdout]     asynchronous::client::async_client::test::test_connection_fallback
[INFO] [stdout]     asynchronous::client::async_client::test::test_connection_long
[INFO] [stdout]     asynchronous::client::async_client::test::test_connection_polling
[INFO] [stdout]     asynchronous::client::async_client::test::test_connection_ws
[INFO] [stdout]     asynchronous::client::async_client::test::test_connection_wss
[INFO] [stdout]     asynchronous::client::async_client::test::test_illegal_actions
[INFO] [stdout]     asynchronous::client::async_client::test::test_open_invariants
[INFO] [stdout]     client::client::test::test_client_cloneable
[INFO] [stdout]     client::client::test::test_connection_dynamic
[INFO] [stdout]     client::client::test::test_connection_dynamic_secure
[INFO] [stdout]     client::client::test::test_connection_fallback
[INFO] [stdout]     client::client::test::test_connection_long
[INFO] [stdout]     client::client::test::test_connection_polling
[INFO] [stdout]     client::client::test::test_connection_ws
[INFO] [stdout]     client::client::test::test_connection_wss
[INFO] [stdout]     client::client::test::test_illegal_actions
[INFO] [stdout]     client::client::test::test_open_invariants
[INFO] [stdout]     transports::websocket::test::websocket_secure_debug
[INFO] [stdout]     transports::websocket::test::websocket_transport_base_url
[INFO] [stdout]     transports::websocket_secure::test::websocket_secure_debug
[INFO] [stdout]     transports::websocket_secure::test::websocket_secure_transport_base_url
[INFO] [stdout] 
[INFO] [stdout] test result: FAILED. 18 passed; 28 failed; 0 ignored; 0 measured; 0 filtered out; finished in 0.08s
[INFO] [stdout] 
[INFO] [stderr] error: test failed, to rerun pass `--lib`
[INFO] running `Command { std: "docker" "inspect" "cee00ed463dbcf698d7da5a7ff573f473e6f74cc89048429b98f1545b335ffad", kill_on_drop: false }`
[INFO] running `Command { std: "docker" "rm" "-f" "cee00ed463dbcf698d7da5a7ff573f473e6f74cc89048429b98f1545b335ffad", kill_on_drop: false }`
[INFO] [stdout] cee00ed463dbcf698d7da5a7ff573f473e6f74cc89048429b98f1545b335ffad
