[INFO] fetching crate text2binary 1.0.1...
[INFO] testing text2binary-1.0.1 against 1.100.0-beta.1 for beta-1.100-2
[INFO] extracting crate text2binary 1.0.1 into /workspace/builds/worker-0-tc2/source
[INFO] started tweaking crates.io crate text2binary 1.0.1
[INFO] finished tweaking crates.io crate text2binary 1.0.1
[INFO] tweaked toml for crates.io crate text2binary 1.0.1 written to /workspace/builds/worker-0-tc2/source/Cargo.toml
[INFO] validating manifest of crates.io crate text2binary 1.0.1 on toolchain 1.100.0-beta.1
[INFO] running `Command { std: CARGO_HOME="/workspace/cargo-home" RUSTUP_HOME="/workspace/rustup-home" "/workspace/cargo-home/bin/cargo" "+1.100.0-beta.1" "metadata" "--manifest-path" "Cargo.toml" "--no-deps", kill_on_drop: false }`
[INFO] crate crates.io crate text2binary 1.0.1 already has a lockfile, it will not be regenerated
[INFO] running `Command { std: CARGO_HOME="/workspace/cargo-home" RUSTUP_HOME="/workspace/rustup-home" "/workspace/cargo-home/bin/cargo" "+1.100.0-beta.1" "fetch" "--manifest-path" "Cargo.toml", kill_on_drop: false }`
[INFO] running `Command { std: "docker" "create" "-v" "/var/lib/crater-agent-workspace/builds/worker-0-tc2/source:/opt/rustwide/workdir:ro,Z" "-v" "/var/lib/crater-agent-workspace/builds/worker-0-tc2/target:/opt/rustwide/target:rw,Z" "-v" "/var/lib/crater-agent-workspace/cargo-home:/opt/rustwide/cargo-home:ro,Z" "-v" "/var/lib/crater-agent-workspace/rustup-home:/opt/rustwide/rustup-home:ro,Z" "-m" "1610612736" "--network" "none" "ghcr.io/rust-lang/crates-build-env/linux@sha256:3111399a4047eeb3a02b7a90e478d715f38a8c6669b5c4b49d30a17385265909" "sleep" "infinity", kill_on_drop: false }`
[INFO] [stdout] 18ce4716095bd0bb0f237aa7b1c7ce0e666194a365cb4659da415b55cf1f0ab8
[INFO] running `Command { std: "docker" "start" "18ce4716095bd0bb0f237aa7b1c7ce0e666194a365cb4659da415b55cf1f0ab8", kill_on_drop: false }`
[INFO] running `Command { std: "docker" "inspect" "18ce4716095bd0bb0f237aa7b1c7ce0e666194a365cb4659da415b55cf1f0ab8", kill_on_drop: false }`
[INFO] running `Command { std: "docker" "exec" "-e" "SOURCE_DIR=/opt/rustwide/workdir" "-e" "CARGO_HOME=/opt/rustwide/cargo-home" "-e" "RUSTUP_HOME=/opt/rustwide/rustup-home" "-e" "CARGO_TARGET_DIR=/opt/rustwide/target" "-w" "/opt/rustwide/workdir" "--user" "0:0" "18ce4716095bd0bb0f237aa7b1c7ce0e666194a365cb4659da415b55cf1f0ab8" "/opt/rustwide/cargo-home/bin/cargo" "+1.100.0-beta.1" "metadata" "--no-deps" "--format-version=1", kill_on_drop: false }`
[INFO] running `Command { std: "docker" "inspect" "18ce4716095bd0bb0f237aa7b1c7ce0e666194a365cb4659da415b55cf1f0ab8", kill_on_drop: false }`
[INFO] running `Command { std: "docker" "exec" "-e" "SOURCE_DIR=/opt/rustwide/workdir" "-e" "CARGO_HOME=/opt/rustwide/cargo-home" "-e" "RUSTUP_HOME=/opt/rustwide/rustup-home" "-e" "CARGO_TARGET_DIR=/opt/rustwide/target" "-e" "CARGO_INCREMENTAL=0" "-e" "RUST_BACKTRACE=full" "-e" "RUSTFLAGS=--cap-lints=warn" "-e" "RUSTDOCFLAGS=--cap-lints=warn" "-w" "/opt/rustwide/workdir" "--user" "0:0" "18ce4716095bd0bb0f237aa7b1c7ce0e666194a365cb4659da415b55cf1f0ab8" "/opt/rustwide/cargo-home/bin/cargo" "+1.100.0-beta.1" "build" "--frozen" "--message-format=json", kill_on_drop: false }`
[INFO] [stderr]    Compiling text2binary v1.0.1 (/opt/rustwide/workdir)
[INFO] [stderr]     Finished `dev` profile [unoptimized + debuginfo] target(s) in 0.14s
[INFO] running `Command { std: "docker" "inspect" "18ce4716095bd0bb0f237aa7b1c7ce0e666194a365cb4659da415b55cf1f0ab8", kill_on_drop: false }`
[INFO] running `Command { std: "docker" "exec" "-e" "SOURCE_DIR=/opt/rustwide/workdir" "-e" "CARGO_HOME=/opt/rustwide/cargo-home" "-e" "RUSTUP_HOME=/opt/rustwide/rustup-home" "-e" "CARGO_TARGET_DIR=/opt/rustwide/target" "-e" "CARGO_INCREMENTAL=0" "-e" "RUST_BACKTRACE=full" "-e" "RUSTFLAGS=--cap-lints=warn" "-e" "RUSTDOCFLAGS=--cap-lints=warn" "-w" "/opt/rustwide/workdir" "--user" "0:0" "18ce4716095bd0bb0f237aa7b1c7ce0e666194a365cb4659da415b55cf1f0ab8" "/opt/rustwide/cargo-home/bin/cargo" "+1.100.0-beta.1" "test" "--frozen" "--no-run" "--message-format=json", kill_on_drop: false }`
[INFO] [stderr]    Compiling text2binary v1.0.1 (/opt/rustwide/workdir)
[INFO] [stderr]     Finished `test` profile [unoptimized + debuginfo] target(s) in 0.27s
[INFO] running `Command { std: "docker" "inspect" "18ce4716095bd0bb0f237aa7b1c7ce0e666194a365cb4659da415b55cf1f0ab8", kill_on_drop: false }`
[INFO] running `Command { std: "docker" "exec" "-e" "SOURCE_DIR=/opt/rustwide/workdir" "-e" "CARGO_HOME=/opt/rustwide/cargo-home" "-e" "RUSTUP_HOME=/opt/rustwide/rustup-home" "-e" "CARGO_TARGET_DIR=/opt/rustwide/target" "-e" "CARGO_INCREMENTAL=0" "-e" "RUST_BACKTRACE=full" "-e" "RUSTFLAGS=--cap-lints=warn" "-e" "RUSTDOCFLAGS=--cap-lints=warn" "-w" "/opt/rustwide/workdir" "--user" "0:0" "18ce4716095bd0bb0f237aa7b1c7ce0e666194a365cb4659da415b55cf1f0ab8" "/opt/rustwide/cargo-home/bin/cargo" "+1.100.0-beta.1" "test" "--frozen", kill_on_drop: false }`
[INFO] [stderr]     Finished `test` profile [unoptimized + debuginfo] target(s) in 0.01s
[INFO] [stderr]      Running unittests src/lib.rs (/opt/rustwide/target/debug/build/text2binary/1b8cabc80874b805/out/text2binary-1b8cabc80874b805)
[INFO] [stdout] 
[INFO] [stdout] running 14 tests
[INFO] [stdout] test tests::test_format_text_remove_n ... ok
[INFO] [stdout] test tests::test_str_2_binary_08 ... ok
[INFO] [stdout] test tests::test_str_2_binary_0a ... ok
[INFO] [stdout] test tests::test_format_text_wide ... ok
[INFO] [stdout] test tests::test_format_text_remove_r ... ok
[INFO] [stdout] test tests::test_format_text_remove_composite ... ok
[INFO] [stdout] test tests::test_str_2_binary_err_0z ... ok
[INFO] [stdout] test tests::test_format_text_remove_space ... ok
[INFO] [stdout] test tests::test_str_2_binary_err_1 ... ok
[INFO] [stdout] test tests::test_format_text_append_zero ... ok
[INFO] [stdout] test tests::test_str_2_binary_err_000 ... ok
[INFO] [stdout] test tests::test_format_text_normal ... ok
[INFO] [stdout] test tests::test_str_2_binary_err_wide ... ok
[INFO] [stdout] test tests::test_str_2_binary_f1 ... ok
[INFO] [stdout] 
[INFO] [stdout] test result: ok. 14 passed; 0 failed; 0 ignored; 0 measured; 0 filtered out; finished in 0.00s
[INFO] [stdout] 
[INFO] [stderr]    Doc-tests text2binary
[INFO] [stdout] 
[INFO] [stdout] running 3 tests
[INFO] [stdout] test src/lib.rs - convert_line (line 70) ... ok
[INFO] [stdout] test src/lib.rs - convert (line 24) ... ok
[INFO] [stdout] test src/lib.rs - convert_file (line 109) ... FAILED
[INFO] [stdout] 
[INFO] [stdout] failures:
[INFO] [stdout] 
[INFO] [stdout] ---- src/lib.rs - convert_file (line 109) stdout ----
[INFO] [stdout] Test executable failed (exit status: 101).
[INFO] [stdout] 
[INFO] [stdout] stderr:
[INFO] [stdout] 
[INFO] [stdout] thread 'main' (195) panicked at /tmp/rustdoctest1OlWB9/doctest_bundle_2024.rs:27:51:
[INFO] [stdout] called `Result::unwrap()` on an `Err` value: Os { code: 2, kind: NotFound, message: "No such file or directory" }
[INFO] [stdout] stack backtrace:
[INFO] [stdout]    0:     0x58ecb5728ef1 - std[617be2ca0a6fd877]::backtrace_rs::backtrace::libunwind::trace
[INFO] [stdout]                                at /rustc/e3feeb59cd1bdd011a2bfcc0747b55125d9b8527/library/std/src/../../backtrace/src/backtrace/libunwind.rs:117:9
[INFO] [stdout]    1:     0x58ecb5728ef1 - std[617be2ca0a6fd877]::backtrace_rs::backtrace::trace_unsynchronized::<std[617be2ca0a6fd877]::sys::backtrace::_print_fmt::{closure#1}>
[INFO] [stdout]                                at /rustc/e3feeb59cd1bdd011a2bfcc0747b55125d9b8527/library/std/src/../../backtrace/src/backtrace/mod.rs:66:14
[INFO] [stdout]    2:     0x58ecb5728ef1 - std[617be2ca0a6fd877]::sys::backtrace::_print_fmt
[INFO] [stdout]                                at /rustc/e3feeb59cd1bdd011a2bfcc0747b55125d9b8527/library/std/src/sys/backtrace.rs:74:9
[INFO] [stdout]    3:     0x58ecb5728ef1 - <<std[617be2ca0a6fd877]::sys::backtrace::BacktraceLock>::print::DisplayBacktrace as core[a373ad73a504971]::fmt::Display>::fmt
[INFO] [stdout]                                at /rustc/e3feeb59cd1bdd011a2bfcc0747b55125d9b8527/library/std/src/sys/backtrace.rs:44:26
[INFO] [stdout]    4:     0x58ecb573cf4a - <core[a373ad73a504971]::fmt::rt::Argument>::fmt
[INFO] [stdout]                                at /rustc/e3feeb59cd1bdd011a2bfcc0747b55125d9b8527/library/core/src/fmt/rt.rs:152:76
[INFO] [stdout]    5:     0x58ecb573cf4a - core[a373ad73a504971]::fmt::write
[INFO] [stdout]    6:     0x58ecb572df1c - core[a373ad73a504971]::io::write::default_write_fmt::<std[617be2ca0a6fd877]::sys::stdio::unix::Stderr>
[INFO] [stdout]                                at /rustc/e3feeb59cd1bdd011a2bfcc0747b55125d9b8527/library/core/src/io/write.rs:402:11
[INFO] [stdout]    7:     0x58ecb572df1c - <std[617be2ca0a6fd877]::sys::stdio::unix::Stderr as core[a373ad73a504971]::io::write::Write>::write_fmt
[INFO] [stdout]                                at /rustc/e3feeb59cd1bdd011a2bfcc0747b55125d9b8527/library/core/src/io/write.rs:335:13
[INFO] [stdout]    8:     0x58ecb5704f26 - <std[617be2ca0a6fd877]::sys::backtrace::BacktraceLock>::print
[INFO] [stdout]                                at /rustc/e3feeb59cd1bdd011a2bfcc0747b55125d9b8527/library/std/src/sys/backtrace.rs:47:9
[INFO] [stdout]    9:     0x58ecb5704f26 - std[617be2ca0a6fd877]::panicking::default_hook::{closure#0}
[INFO] [stdout]                                at /rustc/e3feeb59cd1bdd011a2bfcc0747b55125d9b8527/library/std/src/panicking.rs:289:27
[INFO] [stdout]   10:     0x58ecb5721431 - std[617be2ca0a6fd877]::panicking::default_hook
[INFO] [stdout]                                at /rustc/e3feeb59cd1bdd011a2bfcc0747b55125d9b8527/library/std/src/panicking.rs:316:9
[INFO] [stdout]   11:     0x58ecb57215eb - std[617be2ca0a6fd877]::panicking::panic_with_hook
[INFO] [stdout]                                at /rustc/e3feeb59cd1bdd011a2bfcc0747b55125d9b8527/library/std/src/panicking.rs:811:13
[INFO] [stdout]   12:     0x58ecb5704fd2 - std[617be2ca0a6fd877]::panicking::panic_handler::{closure#0}
[INFO] [stdout]                                at /rustc/e3feeb59cd1bdd011a2bfcc0747b55125d9b8527/library/std/src/panicking.rs:685:13
[INFO] [stdout]   13:     0x58ecb56fdc39 - std[617be2ca0a6fd877]::sys::backtrace::__rust_end_short_backtrace::<std[617be2ca0a6fd877]::panicking::panic_handler::{closure#0}, !>
[INFO] [stdout]                                at /rustc/e3feeb59cd1bdd011a2bfcc0747b55125d9b8527/library/std/src/sys/backtrace.rs:182:18
[INFO] [stdout]   14:     0x58ecb5705d5d - __rustc[ea4f61d10b84890b]::rust_begin_unwind
[INFO] [stdout]                                at /rustc/e3feeb59cd1bdd011a2bfcc0747b55125d9b8527/library/std/src/panicking.rs:676:5
[INFO] [stdout]   15:     0x58ecb573d71c - core[a373ad73a504971]::panicking::panic_fmt
[INFO] [stdout]                                at /rustc/e3feeb59cd1bdd011a2bfcc0747b55125d9b8527/library/core/src/panicking.rs:80:14
[INFO] [stdout]   16:     0x58ecb573d492 - core[a373ad73a504971]::result::unwrap_failed
[INFO] [stdout]                                at /rustc/e3feeb59cd1bdd011a2bfcc0747b55125d9b8527/library/core/src/result.rs:1870:5
[INFO] [stdout]   17:     0x58ecb56a8692 - doctest_bundle_2024[8cc95805e96201d2]::__doctest_1::main
[INFO] [stdout]   18:     0x58ecb56a8dd6 - doctest_bundle_2024[8cc95805e96201d2]::__doctest_1::__main_fn
[INFO] [stdout]   19:     0x58ecb56a41d1 - doctest_runner_2024[a5234fb354d81c5]::__doctest_1::TEST::{closure#0}
[INFO] [stdout]   20:     0x58ecb56a7826 - <doctest_runner_2024[a5234fb354d81c5]::__doctest_1::TEST::{closure#0} as core[a373ad73a504971]::ops::function::FnOnce<()>>::call_once
[INFO] [stdout]   21:     0x58ecb56a4650 - doctest_runner_2024[a5234fb354d81c5]::main
[INFO] [stdout]   22:     0x58ecb56a7793 - <fn() -> std[617be2ca0a6fd877]::process::ExitCode as core[a373ad73a504971]::ops::function::FnOnce<()>>::call_once
[INFO] [stdout]   23:     0x58ecb56a3a8e - std[617be2ca0a6fd877]::sys::backtrace::__rust_begin_short_backtrace::<fn() -> std[617be2ca0a6fd877]::process::ExitCode, std[617be2ca0a6fd877]::process::ExitCode>
[INFO] [stdout]   24:     0x58ecb56a3f89 - std[617be2ca0a6fd877]::rt::lang_start::<std[617be2ca0a6fd877]::process::ExitCode>::{closure#0}
[INFO] [stdout]   25:     0x58ecb5720468 - <&dyn core[a373ad73a504971]::ops::function::Fn<(), Output = i32> + core[a373ad73a504971]::marker::Sync + core[a373ad73a504971]::panic::unwind_safe::RefUnwindSafe as core[a373ad73a504971]::ops::function::FnOnce<()>>::call_once
[INFO] [stdout]                                at /rustc/e3feeb59cd1bdd011a2bfcc0747b55125d9b8527/library/core/src/ops/function.rs:287:21
[INFO] [stdout]   26:     0x58ecb5720468 - std[617be2ca0a6fd877]::panicking::catch_unwind::do_call::<&dyn core[a373ad73a504971]::ops::function::Fn<(), Output = i32> + core[a373ad73a504971]::marker::Sync + core[a373ad73a504971]::panic::unwind_safe::RefUnwindSafe, i32>
[INFO] [stdout]                                at /rustc/e3feeb59cd1bdd011a2bfcc0747b55125d9b8527/library/std/src/panicking.rs:573:43
[INFO] [stdout]   27:     0x58ecb5720468 - std[617be2ca0a6fd877]::panicking::catch_unwind::<i32, &dyn core[a373ad73a504971]::ops::function::Fn<(), Output = i32> + core[a373ad73a504971]::marker::Sync + core[a373ad73a504971]::panic::unwind_safe::RefUnwindSafe>
[INFO] [stdout]                                at /rustc/e3feeb59cd1bdd011a2bfcc0747b55125d9b8527/library/std/src/panicking.rs:541:19
[INFO] [stdout]   28:     0x58ecb5720468 - std[617be2ca0a6fd877]::panic::catch_unwind::<&dyn core[a373ad73a504971]::ops::function::Fn<(), Output = i32> + core[a373ad73a504971]::marker::Sync + core[a373ad73a504971]::panic::unwind_safe::RefUnwindSafe, i32>
[INFO] [stdout]                                at /rustc/e3feeb59cd1bdd011a2bfcc0747b55125d9b8527/library/std/src/panic.rs:359:14
[INFO] [stdout]   29:     0x58ecb5720468 - std[617be2ca0a6fd877]::rt::lang_start_internal::{closure#0}
[INFO] [stdout]                                at /rustc/e3feeb59cd1bdd011a2bfcc0747b55125d9b8527/library/std/src/rt.rs:175:24
[INFO] [stdout]   30:     0x58ecb5720468 - std[617be2ca0a6fd877]::panicking::catch_unwind::do_call::<std[617be2ca0a6fd877]::rt::lang_start_internal::{closure#0}, isize>
[INFO] [stdout]                                at /rustc/e3feeb59cd1bdd011a2bfcc0747b55125d9b8527/library/std/src/panicking.rs:573:43
[INFO] [stdout]   31:     0x58ecb5720468 - std[617be2ca0a6fd877]::panicking::catch_unwind::<isize, std[617be2ca0a6fd877]::rt::lang_start_internal::{closure#0}>
[INFO] [stdout]                                at /rustc/e3feeb59cd1bdd011a2bfcc0747b55125d9b8527/library/std/src/panicking.rs:541:19
[INFO] [stdout]   32:     0x58ecb5720468 - std[617be2ca0a6fd877]::panic::catch_unwind::<std[617be2ca0a6fd877]::rt::lang_start_internal::{closure#0}, isize>
[INFO] [stdout]                                at /rustc/e3feeb59cd1bdd011a2bfcc0747b55125d9b8527/library/std/src/panic.rs:359:14
[INFO] [stdout]   33:     0x58ecb5720468 - std[617be2ca0a6fd877]::rt::lang_start_internal
[INFO] [stdout]                                at /rustc/e3feeb59cd1bdd011a2bfcc0747b55125d9b8527/library/std/src/rt.rs:171:5
[INFO] [stdout]   34:     0x58ecb56a31c1 - std[617be2ca0a6fd877]::rt::lang_start::<std[617be2ca0a6fd877]::process::ExitCode>
[INFO] [stdout]   35:     0x58ecb56a7925 - main
[INFO] [stdout]   36:     0x7e67f34b8601 - <unknown>
[INFO] [stdout]   37:     0x7e67f34b8718 - __libc_start_main
[INFO] [stdout]   38:     0x58ecb56a23e5 - _start
[INFO] [stdout]   39:                0x0 - <unknown>
[INFO] [stdout] 
[INFO] [stdout] 
[INFO] [stdout] 
[INFO] [stdout] failures:
[INFO] [stdout]     src/lib.rs - convert_file (line 109)
[INFO] [stdout] 
[INFO] [stdout] test result: FAILED. 2 passed; 1 failed; 0 ignored; 0 measured; 0 filtered out; finished in 0.03s
[INFO] [stdout] 
[INFO] [stdout] all doctests ran in 0.32s; merged doctests compilation took 0.28s
[INFO] [stderr] error: doctest failed, to rerun pass `--doc`
[INFO] running `Command { std: "docker" "inspect" "18ce4716095bd0bb0f237aa7b1c7ce0e666194a365cb4659da415b55cf1f0ab8", kill_on_drop: false }`
[INFO] running `Command { std: "docker" "rm" "-f" "18ce4716095bd0bb0f237aa7b1c7ce0e666194a365cb4659da415b55cf1f0ab8", kill_on_drop: false }`
[INFO] [stdout] 18ce4716095bd0bb0f237aa7b1c7ce0e666194a365cb4659da415b55cf1f0ab8
