[INFO] fetching crate testless 0.6.0...
[INFO] testing testless-0.6.0 against 1.100.0-beta.1 for beta-1.100-2
[INFO] extracting crate testless 0.6.0 into /workspace/builds/worker-0-tc2/source
[INFO] started tweaking crates.io crate testless 0.6.0
[INFO] removed 0 missing tests
[INFO] finished tweaking crates.io crate testless 0.6.0
[INFO] tweaked toml for crates.io crate testless 0.6.0 written to /workspace/builds/worker-0-tc2/source/Cargo.toml
[INFO] validating manifest of crates.io crate testless 0.6.0 on toolchain 1.100.0-beta.1
[INFO] running `Command { std: CARGO_HOME="/workspace/cargo-home" RUSTUP_HOME="/workspace/rustup-home" "/workspace/cargo-home/bin/cargo" "+1.100.0-beta.1" "metadata" "--manifest-path" "Cargo.toml" "--no-deps", kill_on_drop: false }`
[INFO] crate crates.io crate testless 0.6.0 already has a lockfile, it will not be regenerated
[INFO] running `Command { std: CARGO_HOME="/workspace/cargo-home" RUSTUP_HOME="/workspace/rustup-home" "/workspace/cargo-home/bin/cargo" "+1.100.0-beta.1" "fetch" "--manifest-path" "Cargo.toml", kill_on_drop: false }`
[INFO] running `Command { std: "docker" "create" "-v" "/var/lib/crater-agent-workspace/builds/worker-0-tc2/source:/opt/rustwide/workdir:ro,Z" "-v" "/var/lib/crater-agent-workspace/builds/worker-0-tc2/target:/opt/rustwide/target:rw,Z" "-v" "/var/lib/crater-agent-workspace/cargo-home:/opt/rustwide/cargo-home:ro,Z" "-v" "/var/lib/crater-agent-workspace/rustup-home:/opt/rustwide/rustup-home:ro,Z" "-m" "1610612736" "--network" "none" "ghcr.io/rust-lang/crates-build-env/linux@sha256:3111399a4047eeb3a02b7a90e478d715f38a8c6669b5c4b49d30a17385265909" "sleep" "infinity", kill_on_drop: false }`
[INFO] [stdout] 4fdfce33e1788035646a092d0682618f02d26afc3afdb68bb3598d80da68fb3d
[INFO] running `Command { std: "docker" "start" "4fdfce33e1788035646a092d0682618f02d26afc3afdb68bb3598d80da68fb3d", kill_on_drop: false }`
[INFO] running `Command { std: "docker" "inspect" "4fdfce33e1788035646a092d0682618f02d26afc3afdb68bb3598d80da68fb3d", kill_on_drop: false }`
[INFO] running `Command { std: "docker" "exec" "-e" "SOURCE_DIR=/opt/rustwide/workdir" "-e" "CARGO_HOME=/opt/rustwide/cargo-home" "-e" "RUSTUP_HOME=/opt/rustwide/rustup-home" "-e" "CARGO_TARGET_DIR=/opt/rustwide/target" "-w" "/opt/rustwide/workdir" "--user" "0:0" "4fdfce33e1788035646a092d0682618f02d26afc3afdb68bb3598d80da68fb3d" "/opt/rustwide/cargo-home/bin/cargo" "+1.100.0-beta.1" "metadata" "--no-deps" "--format-version=1", kill_on_drop: false }`
[INFO] running `Command { std: "docker" "inspect" "4fdfce33e1788035646a092d0682618f02d26afc3afdb68bb3598d80da68fb3d", kill_on_drop: false }`
[INFO] running `Command { std: "docker" "exec" "-e" "SOURCE_DIR=/opt/rustwide/workdir" "-e" "CARGO_HOME=/opt/rustwide/cargo-home" "-e" "RUSTUP_HOME=/opt/rustwide/rustup-home" "-e" "CARGO_TARGET_DIR=/opt/rustwide/target" "-e" "CARGO_INCREMENTAL=0" "-e" "RUST_BACKTRACE=full" "-e" "RUSTFLAGS=--cap-lints=warn" "-e" "RUSTDOCFLAGS=--cap-lints=warn" "-w" "/opt/rustwide/workdir" "--user" "0:0" "4fdfce33e1788035646a092d0682618f02d26afc3afdb68bb3598d80da68fb3d" "/opt/rustwide/cargo-home/bin/cargo" "+1.100.0-beta.1" "build" "--frozen" "--message-format=json", kill_on_drop: false }`
[INFO] [stderr]    Compiling find-msvc-tools v0.1.9
[INFO] [stderr]    Compiling shlex v2.0.1
[INFO] [stderr]    Compiling tree-sitter-language v0.1.7
[INFO] [stderr]    Compiling memchr v2.8.3
[INFO] [stderr]    Compiling serde_core v1.0.229
[INFO] [stderr]    Compiling serde_json v1.0.151
[INFO] [stderr]    Compiling hashbrown v0.17.1
[INFO] [stderr]    Compiling crossbeam-utils v0.8.22
[INFO] [stderr]    Compiling regex-syntax v0.8.11
[INFO] [stderr]    Compiling crossbeam-epoch v0.9.20
[INFO] [stderr]    Compiling proc-macro2 v1.0.107
[INFO] [stderr]    Compiling crossbeam-deque v0.8.7
[INFO] [stderr]    Compiling winnow v1.0.4
[INFO] [stderr]    Compiling same-file v1.0.6
[INFO] [stderr]    Compiling log v0.4.33
[INFO] [stderr]    Compiling arrayref v0.3.9
[INFO] [stderr]    Compiling walkdir v2.5.0
[INFO] [stderr]    Compiling cc v1.3.0
[INFO] [stderr]    Compiling toml_parser v1.1.2+spec-1.1.0
[INFO] [stderr]    Compiling constant_time_eq v0.4.2
[INFO] [stderr]    Compiling utf8parse v0.2.2
[INFO] [stderr]    Compiling arrayvec v0.7.8
[INFO] [stderr]    Compiling toml_writer v1.1.2+spec-1.1.0
[INFO] [stderr]    Compiling streaming-iterator v0.1.9
[INFO] [stderr]    Compiling anstyle-parse v1.0.0
[INFO] [stderr]    Compiling anstyle-query v1.1.5
[INFO] [stderr]    Compiling is_terminal_polyfill v1.70.2
[INFO] [stderr]    Compiling colorchoice v1.0.5
[INFO] [stderr]    Compiling anstyle v1.0.14
[INFO] [stderr]    Compiling aho-corasick v1.1.4
[INFO] [stderr]    Compiling bstr v1.13.0
[INFO] [stderr]    Compiling clap_lex v1.1.0
[INFO] [stderr]    Compiling strsim v0.11.1
[INFO] [stderr]    Compiling quote v1.0.47
[INFO] [stderr]    Compiling anstream v1.0.0
[INFO] [stderr]    Compiling indexmap v2.14.0
[INFO] [stderr]    Compiling syn v3.0.3
[INFO] [stderr]    Compiling blake3 v1.8.5
[INFO] [stderr]    Compiling tree-sitter-go v0.25.0
[INFO] [stderr]    Compiling tree-sitter-typescript v0.23.2
[INFO] [stderr]    Compiling tree-sitter-rust v0.24.2
[INFO] [stderr]    Compiling clap_builder v4.6.2
[INFO] [stderr]    Compiling regex-automata v0.4.16
[INFO] [stderr]    Compiling serde_spanned v1.1.1
[INFO] [stderr]    Compiling toml_datetime v1.1.1+spec-1.1.0
[INFO] [stderr]    Compiling toml v1.1.3+spec-1.1.0
[INFO] [stderr]    Compiling serde_derive v1.0.229
[INFO] [stderr]    Compiling clap_derive v4.6.4
[INFO] [stderr]    Compiling tree-sitter v0.26.11
[INFO] [stderr]    Compiling globset v0.4.19
[INFO] [stderr]    Compiling regex v1.13.1
[INFO] [stderr]    Compiling clap v4.6.4
[INFO] [stderr]    Compiling clap_complete v4.6.7
[INFO] [stderr]    Compiling ignore v0.4.31
[INFO] [stderr]    Compiling serde v1.0.229
[INFO] [stderr]    Compiling bincode v1.3.3
[INFO] [stderr]    Compiling testless-core v0.6.0
[INFO] [stderr]    Compiling testless-lang-rust v0.6.0
[INFO] [stderr]    Compiling testless-lang-go v0.6.0
[INFO] [stderr]    Compiling testless-lang-ts v0.6.0
[INFO] [stderr]    Compiling testless v0.6.0 (/opt/rustwide/workdir)
[INFO] [stderr]     Finished `dev` profile [unoptimized + debuginfo] target(s) in 42.28s
[INFO] running `Command { std: "docker" "inspect" "4fdfce33e1788035646a092d0682618f02d26afc3afdb68bb3598d80da68fb3d", kill_on_drop: false }`
[INFO] running `Command { std: "docker" "exec" "-e" "SOURCE_DIR=/opt/rustwide/workdir" "-e" "CARGO_HOME=/opt/rustwide/cargo-home" "-e" "RUSTUP_HOME=/opt/rustwide/rustup-home" "-e" "CARGO_TARGET_DIR=/opt/rustwide/target" "-e" "CARGO_INCREMENTAL=0" "-e" "RUST_BACKTRACE=full" "-e" "RUSTFLAGS=--cap-lints=warn" "-e" "RUSTDOCFLAGS=--cap-lints=warn" "-w" "/opt/rustwide/workdir" "--user" "0:0" "4fdfce33e1788035646a092d0682618f02d26afc3afdb68bb3598d80da68fb3d" "/opt/rustwide/cargo-home/bin/cargo" "+1.100.0-beta.1" "test" "--frozen" "--no-run" "--message-format=json", kill_on_drop: false }`
[INFO] [stderr]    Compiling regex-syntax v0.8.11
[INFO] [stderr]    Compiling num-traits v0.2.19
[INFO] [stderr]    Compiling predicates-core v1.0.10
[INFO] [stderr]    Compiling getrandom v0.4.3
[INFO] [stderr]    Compiling normalize-line-endings v0.3.0
[INFO] [stderr]    Compiling termtree v0.5.1
[INFO] [stderr]    Compiling difflib v0.4.0
[INFO] [stderr]    Compiling assert_cmd v2.2.2
[INFO] [stderr]    Compiling wait-timeout v0.2.1
[INFO] [stderr]    Compiling once_cell v1.21.4
[INFO] [stderr]    Compiling fastrand v2.5.0
[INFO] [stderr]    Compiling predicates-tree v1.0.13
[INFO] [stderr]    Compiling tempfile v3.27.0
[INFO] [stderr]    Compiling float-cmp v0.10.0
[INFO] [stderr]    Compiling regex-automata v0.4.16
[INFO] [stderr]    Compiling bstr v1.13.0
[INFO] [stderr]    Compiling regex v1.13.1
[INFO] [stderr]    Compiling globset v0.4.19
[INFO] [stderr]    Compiling tree-sitter v0.26.11
[INFO] [stderr]    Compiling predicates v3.1.4
[INFO] [stderr]    Compiling ignore v0.4.31
[INFO] [stderr]    Compiling testless-core v0.6.0
[INFO] [stderr]    Compiling testless-lang-ts v0.6.0
[INFO] [stderr]    Compiling testless-lang-rust v0.6.0
[INFO] [stderr]    Compiling testless-lang-go v0.6.0
[INFO] [stderr]    Compiling testless v0.6.0 (/opt/rustwide/workdir)
[INFO] [stderr]     Finished `test` profile [unoptimized + debuginfo] target(s) in 23.05s
[INFO] running `Command { std: "docker" "inspect" "4fdfce33e1788035646a092d0682618f02d26afc3afdb68bb3598d80da68fb3d", kill_on_drop: false }`
[INFO] running `Command { std: "docker" "exec" "-e" "SOURCE_DIR=/opt/rustwide/workdir" "-e" "CARGO_HOME=/opt/rustwide/cargo-home" "-e" "RUSTUP_HOME=/opt/rustwide/rustup-home" "-e" "CARGO_TARGET_DIR=/opt/rustwide/target" "-e" "CARGO_INCREMENTAL=0" "-e" "RUST_BACKTRACE=full" "-e" "RUSTFLAGS=--cap-lints=warn" "-e" "RUSTDOCFLAGS=--cap-lints=warn" "-w" "/opt/rustwide/workdir" "--user" "0:0" "4fdfce33e1788035646a092d0682618f02d26afc3afdb68bb3598d80da68fb3d" "/opt/rustwide/cargo-home/bin/cargo" "+1.100.0-beta.1" "test" "--frozen", kill_on_drop: false }`
[INFO] [stderr]     Finished `test` profile [unoptimized + debuginfo] target(s) in 0.23s
[INFO] [stderr]      Running unittests src/main.rs (/opt/rustwide/target/debug/build/testless/a739528836294977/out/testless-a739528836294977)
[INFO] [stdout] 
[INFO] [stdout] running 22 tests
[INFO] [stdout] test format::tests::cargo_quotes_special_chars ... ok
[INFO] [stdout] test format::tests::cargo_simple ... ok
[INFO] [stdout] test format::tests::sh_quote_wraps_and_escapes_special_chars ... ok
[INFO] [stdout] test format::tests::dedup_and_deterministic_order ... ok
[INFO] [stdout] test why_tests::hop_kind_label_covers_every_variant ... ok
[INFO] [stdout] test format::tests::sh_quote_empty_string_is_wrapped ... ok
[INFO] [stdout] test format::tests::sh_quote_passes_bare_tokens_through ... ok
[INFO] [stdout] test why_tests::hop_kind_json_labels ... ok
[INFO] [stdout] test format::tests::cargo_computed_drops_exact ... ok
[INFO] [stdout] test format::tests::gotest_escapes_regex_metachars ... ok
[INFO] [stdout] test format::tests::gotest_quotes_special_chars ... ok
[INFO] [stdout] test format::tests::unknown_runner_is_skipped ... ok
[INFO] [stdout] test format::tests::vitest_computed_drops_dash_t ... ok
[INFO] [stdout] test format::tests::vitest_quotes_special_chars ... ok
[INFO] [stdout] test format::tests::vitest_simple ... ok
[INFO] [stdout] test format::tests::gotest_simple ... ok
[INFO] [stdout] test format::tests::gotest_computed_segment_widens_to_dot_star ... ok
[INFO] [stdout] test format::tests::vitest_single_segment ... ok
[INFO] [stdout] test why_tests::why_text_lines_always_run_glob_overrides_empty_path ... ok
[INFO] [stdout] test why_tests::why_text_lines_empty_path_is_bare_test_line ... ok
[INFO] [stdout] test format::tests::gotest_root_level_file_has_no_dir ... ok
[INFO] [stdout] test why_tests::why_text_lines_two_hop_path ... ok
[INFO] [stdout] 
[INFO] [stdout] test result: ok. 22 passed; 0 failed; 0 ignored; 0 measured; 0 filtered out; finished in 0.06s
[INFO] [stdout] 
[INFO] [stderr]      Running tests/changes.rs (/opt/rustwide/target/debug/build/testless/284c56314b6abd76/out/changes-284c56314b6abd76)
[INFO] [stdout] 
[INFO] [stdout] running 22 tests
[INFO] [stdout] test body_edit_seeds_exactly_that_defs_body ... ok
[INFO] [stdout] test deleted_source_file_with_importer_seeds_importer_module_init ... ok
[INFO] [stdout] test config_file_change_forces_run_all ... ok
[INFO] [stdout] test deleted_go_file_seeds_package_siblings_module_init ... ok
[INFO] [stdout] test comment_only_edit_yields_empty_selection ... ok
[INFO] [stdout] Initialized empty Git repository in /tmp/.tmpLMA9pz/.git/
[INFO] [stdout] test added_test_file_seeds_test_cases_and_module_init_as_added ... ok
[INFO] [stdout] test export_const_value_edit_seeds_module_init ... ok
[INFO] [stdout] test exported_arrow_const_body_edit_does_not_seed_module_init ... ok
[INFO] [stdout] test deleted_source_file_with_no_importers_yields_empty_selection ... ok
[INFO] [stdout] Initialized empty Git repository in /tmp/.tmpNpNEXY/.git/
[INFO] [stdout] Initialized empty Git repository in /tmp/.tmpbBXQWj/.git/
[INFO] [stdout] Initialized empty Git repository in /tmp/.tmpJn5PPs/.git/
[INFO] [stdout] test extensionless_import_matches_changed_file_by_stem ... ok
[INFO] [stdout] test unresolved_json_import_seeds_importers_module_init ... ok
[INFO] [stdout] test unindexed_file_with_no_importers_yields_empty_selection ... ok
[INFO] [stdout] Initialized empty Git repository in /tmp/.tmp1ZR1Gh/.git/
[INFO] [stdout] Initialized empty Git repository in /tmp/.tmpFneP8g/.git/
[INFO] [stdout] Initialized empty Git repository in /tmp/.tmpsBWaCX/.git/
[INFO] [stdout] Initialized empty Git repository in /tmp/.tmpe95PyY/.git/
[INFO] [stdout] [main (root-commit) 8f0c2e8] initial
[INFO] [stdout]  3 files changed, 15 insertions(+)
[INFO] [stdout]  create mode 100644 calc/calc.go
[INFO] [stdout]  create mode 100644 calc/calc_test.go
[INFO] [stdout]  create mode 100644 go.mod
[INFO] [stdout] [main (root-commit) 612c06b] initial
[INFO] [stdout]  1 file changed, 1 insertion(+)
[INFO] [stdout]  create mode 100644 src/math.ts
[INFO] [stdout] [main (root-commit) 612c06b] initial
[INFO] [stdout]  1 file changed, 1 insertion(+)
[INFO] [stdout]  create mode 100644 src/math.ts
[INFO] [stdout] [main (root-commit) 612c06b] initial
[INFO] [stdout]  1 file changed, 1 insertion(+)
[INFO] [stdout]  create mode 100644 src/math.ts
[INFO] [stdout] Initialized empty Git repository in /tmp/.tmpURSldt/.git/
[INFO] [stdout] [main (root-commit) 612c06b] initial
[INFO] [stdout]  1 file changed, 1 insertion(+)
[INFO] [stdout]  create mode 100644 src/math.ts
[INFO] [stdout] test cli_changes::bad_to_rev_degrades_to_run_all_exit_2 ... ok
[INFO] [stdout] [main (root-commit) 612c06b] initial
[INFO] [stdout]  1 file changed, 1 insertion(+)
[INFO] [stdout]  create mode 100644 src/math.ts
[INFO] [stdout] [main (root-commit) eafc02c] initial
[INFO] [stdout]  2 files changed, 2 insertions(+)
[INFO] [stdout]  create mode 100644 src/generated/api.ts
[INFO] [stdout]  create mode 100644 testless.toml
[INFO] [stdout] test comment_and_formatting_changes_yield_no_def_changes ... FAILED
[INFO] [stdout] [main (root-commit) 612c06b] initial
[INFO] [stdout]  1 file changed, 1 insertion(+)
[INFO] [stdout]  create mode 100644 src/math.ts
[INFO] [stdout] test cli_changes::bad_from_rev_degrades_to_run_all_exit_2 ... ok
[INFO] [stdout] test cli_changes::body_edit_yields_selection_seed_json ... ok
[INFO] [stdout] test cli_changes::go_body_edit_yields_selection_seed_json ... ok
[INFO] [stdout] test cli_changes::comment_only_edit_yields_empty_seeds ... ok
[INFO] [stdout] [main dc70edd] edit add's body
[INFO] [stdout]  1 file changed, 1 insertion(+), 1 deletion(-)
[INFO] [stdout] test cli_changes::config_file_edit_forces_run_all_exit_2 ... ok
[INFO] [stdout] test cli_changes::ignored_file_change_yields_empty_selection_not_run_all ... ok
[INFO] [stdout] [main (root-commit) 56e0ca3] initial
[INFO] [stdout]  3 files changed, 16 insertions(+)
[INFO] [stdout]  create mode 100644 Cargo.toml
[INFO] [stdout]  create mode 100644 src/lib.rs
[INFO] [stdout]  create mode 100644 src/math.rs
[INFO] [stdout] test cli_changes::rust_comment_only_edit_yields_empty_seeds ... ok
[INFO] [stdout] test cli_changes::to_flag_reports_seed_for_rev_range ... ok
[INFO] [stdout] 
[INFO] [stdout] failures:
[INFO] [stdout] 
[INFO] [stdout] ---- comment_and_formatting_changes_yield_no_def_changes stdout ----
[INFO] [stdout] 
[INFO] [stdout] thread 'comment_and_formatting_changes_yield_no_def_changes' (1899) panicked at tests/changes.rs:59:70:
[INFO] [stdout] read fixture: Os { code: 2, kind: NotFound, message: "No such file or directory" }
[INFO] [stdout] stack backtrace:
[INFO] [stdout]    0:     0x5dd6fdeaed11 - std[617be2ca0a6fd877]::backtrace_rs::backtrace::libunwind::trace
[INFO] [stdout]                                at /rustc/e3feeb59cd1bdd011a2bfcc0747b55125d9b8527/library/std/src/../../backtrace/src/backtrace/libunwind.rs:117:9
[INFO] [stdout]    1:     0x5dd6fdeaed11 - std[617be2ca0a6fd877]::backtrace_rs::backtrace::trace_unsynchronized::<std[617be2ca0a6fd877]::sys::backtrace::_print_fmt::{closure#1}>
[INFO] [stdout]                                at /rustc/e3feeb59cd1bdd011a2bfcc0747b55125d9b8527/library/std/src/../../backtrace/src/backtrace/mod.rs:66:14
[INFO] [stdout]    2:     0x5dd6fdeaed11 - std[617be2ca0a6fd877]::sys::backtrace::_print_fmt
[INFO] [stdout]                                at /rustc/e3feeb59cd1bdd011a2bfcc0747b55125d9b8527/library/std/src/sys/backtrace.rs:74:9
[INFO] [stdout]    3:     0x5dd6fdeaed11 - <<std[617be2ca0a6fd877]::sys::backtrace::BacktraceLock>::print::DisplayBacktrace as core[a373ad73a504971]::fmt::Display>::fmt
[INFO] [stdout]                                at /rustc/e3feeb59cd1bdd011a2bfcc0747b55125d9b8527/library/std/src/sys/backtrace.rs:44:26
[INFO] [stdout]    4:     0x5dd6fdec6a7a - <core[a373ad73a504971]::fmt::rt::Argument>::fmt
[INFO] [stdout]                                at /rustc/e3feeb59cd1bdd011a2bfcc0747b55125d9b8527/library/core/src/fmt/rt.rs:152:76
[INFO] [stdout]    5:     0x5dd6fdec6a7a - core[a373ad73a504971]::fmt::write
[INFO] [stdout]    6:     0x5dd6fdeb4b7c - core[a373ad73a504971]::io::write::default_write_fmt::<alloc[2e1b2a31b91974c5]::vec::Vec<u8>>
[INFO] [stdout]                                at /rustc/e3feeb59cd1bdd011a2bfcc0747b55125d9b8527/library/core/src/io/write.rs:402:11
[INFO] [stdout]    7:     0x5dd6fdeb4b7c - <alloc[2e1b2a31b91974c5]::vec::Vec<u8> as core[a373ad73a504971]::io::write::Write>::write_fmt
[INFO] [stdout]                                at /rustc/e3feeb59cd1bdd011a2bfcc0747b55125d9b8527/library/core/src/io/write.rs:335:13
[INFO] [stdout]    8:     0x5dd6fde87bb6 - <std[617be2ca0a6fd877]::sys::backtrace::BacktraceLock>::print
[INFO] [stdout]                                at /rustc/e3feeb59cd1bdd011a2bfcc0747b55125d9b8527/library/std/src/sys/backtrace.rs:47:9
[INFO] [stdout]    9:     0x5dd6fde87bb6 - std[617be2ca0a6fd877]::panicking::default_hook::{closure#0}
[INFO] [stdout]                                at /rustc/e3feeb59cd1bdd011a2bfcc0747b55125d9b8527/library/std/src/panicking.rs:289:27
[INFO] [stdout]   10:     0x5dd6fdea6279 - std[617be2ca0a6fd877]::panicking::default_hook
[INFO] [stdout]                                at /rustc/e3feeb59cd1bdd011a2bfcc0747b55125d9b8527/library/std/src/panicking.rs:313:9
[INFO] [stdout]   11:     0x5dd6fda845c0 - <alloc[2e1b2a31b91974c5]::boxed::Box<dyn for<'a, 'b> core[a373ad73a504971]::ops::function::Fn<(&'a std[617be2ca0a6fd877]::panic::PanicHookInfo<'b>,), Output = ()> + core[a373ad73a504971]::marker::Sync + core[a373ad73a504971]::marker::Send> as core[a373ad73a504971]::ops::function::Fn<(&std[617be2ca0a6fd877]::panic::PanicHookInfo,)>>::call
[INFO] [stdout]                                at /rustc/e3feeb59cd1bdd011a2bfcc0747b55125d9b8527/library/alloc/src/boxed.rs:2328:9
[INFO] [stdout]   12:     0x5dd6fda845c0 - test[aada8e7e76ba119b]::test_main_inner::{closure#0}
[INFO] [stdout]                                at /rustc/e3feeb59cd1bdd011a2bfcc0747b55125d9b8527/library/test/src/lib.rs:137:21
[INFO] [stdout]   13:     0x5dd6fdea6432 - <alloc[2e1b2a31b91974c5]::boxed::Box<dyn for<'a, 'b> core[a373ad73a504971]::ops::function::Fn<(&'a std[617be2ca0a6fd877]::panic::PanicHookInfo<'b>,), Output = ()> + core[a373ad73a504971]::marker::Sync + core[a373ad73a504971]::marker::Send> as core[a373ad73a504971]::ops::function::Fn<(&std[617be2ca0a6fd877]::panic::PanicHookInfo,)>>::call
[INFO] [stdout]                                at /rustc/e3feeb59cd1bdd011a2bfcc0747b55125d9b8527/library/alloc/src/boxed.rs:2328:9
[INFO] [stdout]   14:     0x5dd6fdea6432 - std[617be2ca0a6fd877]::panicking::panic_with_hook
[INFO] [stdout]                                at /rustc/e3feeb59cd1bdd011a2bfcc0747b55125d9b8527/library/std/src/panicking.rs:819:13
[INFO] [stdout]   15:     0x5dd6fde87c62 - std[617be2ca0a6fd877]::panicking::panic_handler::{closure#0}
[INFO] [stdout]                                at /rustc/e3feeb59cd1bdd011a2bfcc0747b55125d9b8527/library/std/src/panicking.rs:685:13
[INFO] [stdout]   16:     0x5dd6fde80099 - std[617be2ca0a6fd877]::sys::backtrace::__rust_end_short_backtrace::<std[617be2ca0a6fd877]::panicking::panic_handler::{closure#0}, !>
[INFO] [stdout]                                at /rustc/e3feeb59cd1bdd011a2bfcc0747b55125d9b8527/library/std/src/sys/backtrace.rs:182:18
[INFO] [stdout]   17:     0x5dd6fde8897d - __rustc[ea4f61d10b84890b]::rust_begin_unwind
[INFO] [stdout]                                at /rustc/e3feeb59cd1bdd011a2bfcc0747b55125d9b8527/library/std/src/panicking.rs:676:5
[INFO] [stdout]   18:     0x5dd6fdec731c - core[a373ad73a504971]::panicking::panic_fmt
[INFO] [stdout]                                at /rustc/e3feeb59cd1bdd011a2bfcc0747b55125d9b8527/library/core/src/panicking.rs:80:14
[INFO] [stdout]   19:     0x5dd6fdec7072 - core[a373ad73a504971]::result::unwrap_failed
[INFO] [stdout]                                at /rustc/e3feeb59cd1bdd011a2bfcc0747b55125d9b8527/library/core/src/result.rs:1870:5
[INFO] [stdout]   20:     0x5dd6fda363b3 - <core[a373ad73a504971]::result::Result<alloc[2e1b2a31b91974c5]::string::String, core[a373ad73a504971]::io::error::Error>>::expect
[INFO] [stdout]                                at /rustc/e3feeb59cd1bdd011a2bfcc0747b55125d9b8527/library/core/src/result.rs:1184:23
[INFO] [stdout]   21:     0x5dd6fda234f9 - changes[8b96552ed4bdc46e]::comment_and_formatting_changes_yield_no_def_changes
[INFO] [stdout]                                at /opt/rustwide/workdir/tests/changes.rs:59:70
[INFO] [stdout]   22:     0x5dd6fda1d417 - changes[8b96552ed4bdc46e]::comment_and_formatting_changes_yield_no_def_changes::{closure#0}
[INFO] [stdout]                                at /opt/rustwide/workdir/tests/changes.rs:57:57
[INFO] [stdout]   23:     0x5dd6fda38c06 - <changes[8b96552ed4bdc46e]::comment_and_formatting_changes_yield_no_def_changes::{closure#0} as core[a373ad73a504971]::ops::function::FnOnce<()>>::call_once
[INFO] [stdout]                                at /rustc/e3feeb59cd1bdd011a2bfcc0747b55125d9b8527/library/core/src/ops/function.rs:250:5
[INFO] [stdout]   24:     0x5dd6fda77a0b - <fn() -> core[a373ad73a504971]::result::Result<(), alloc[2e1b2a31b91974c5]::string::String> as core[a373ad73a504971]::ops::function::FnOnce<()>>::call_once
[INFO] [stdout]                                at /rustc/e3feeb59cd1bdd011a2bfcc0747b55125d9b8527/library/core/src/ops/function.rs:250:5
[INFO] [stdout]   25:     0x5dd6fda77a0b - test[aada8e7e76ba119b]::__rust_begin_short_backtrace::<core[a373ad73a504971]::result::Result<(), alloc[2e1b2a31b91974c5]::string::String>, fn() -> core[a373ad73a504971]::result::Result<(), alloc[2e1b2a31b91974c5]::string::String>>
[INFO] [stdout]                                at /rustc/e3feeb59cd1bdd011a2bfcc0747b55125d9b8527/library/test/src/lib.rs:701:18
[INFO] [stdout]   26:     0x5dd6fda84be5 - test[aada8e7e76ba119b]::run_test_in_process::{closure#0}
[INFO] [stdout]                                at /rustc/e3feeb59cd1bdd011a2bfcc0747b55125d9b8527/library/test/src/lib.rs:724:74
[INFO] [stdout]   27:     0x5dd6fda84be5 - <core[a373ad73a504971]::panic::unwind_safe::AssertUnwindSafe<test[aada8e7e76ba119b]::run_test_in_process::{closure#0}> as core[a373ad73a504971]::ops::function::FnOnce<()>>::call_once
[INFO] [stdout]                                at /rustc/e3feeb59cd1bdd011a2bfcc0747b55125d9b8527/library/core/src/panic/unwind_safe.rs:275:9
[INFO] [stdout]   28:     0x5dd6fda84be5 - std[617be2ca0a6fd877]::panicking::catch_unwind::do_call::<core[a373ad73a504971]::panic::unwind_safe::AssertUnwindSafe<test[aada8e7e76ba119b]::run_test_in_process::{closure#0}>, core[a373ad73a504971]::result::Result<(), alloc[2e1b2a31b91974c5]::string::String>>
[INFO] [stdout]                                at /rustc/e3feeb59cd1bdd011a2bfcc0747b55125d9b8527/library/std/src/panicking.rs:573:43
[INFO] [stdout]   29:     0x5dd6fda84be5 - std[617be2ca0a6fd877]::panicking::catch_unwind::<core[a373ad73a504971]::result::Result<(), alloc[2e1b2a31b91974c5]::string::String>, core[a373ad73a504971]::panic::unwind_safe::AssertUnwindSafe<test[aada8e7e76ba119b]::run_test_in_process::{closure#0}>>
[INFO] [stdout]                                at /rustc/e3feeb59cd1bdd011a2bfcc0747b55125d9b8527/library/std/src/panicking.rs:541:19
[INFO] [stdout]   30:     0x5dd6fda84be5 - std[617be2ca0a6fd877]::panic::catch_unwind::<core[a373ad73a504971]::panic::unwind_safe::AssertUnwindSafe<test[aada8e7e76ba119b]::run_test_in_process::{closure#0}>, core[a373ad73a504971]::result::Result<(), alloc[2e1b2a31b91974c5]::string::String>>
[INFO] [stdout]                                at /rustc/e3feeb59cd1bdd011a2bfcc0747b55125d9b8527/library/std/src/panic.rs:359:14
[INFO] [stdout]   31:     0x5dd6fda84be5 - test[aada8e7e76ba119b]::run_test_in_process
[INFO] [stdout]                                at /rustc/e3feeb59cd1bdd011a2bfcc0747b55125d9b8527/library/test/src/lib.rs:724:27
[INFO] [stdout]   32:     0x5dd6fda84be5 - test[aada8e7e76ba119b]::run_test::{closure#0}
[INFO] [stdout]                                at /rustc/e3feeb59cd1bdd011a2bfcc0747b55125d9b8527/library/test/src/lib.rs:645:43
[INFO] [stdout]   33:     0x5dd6fda7e4d4 - test[aada8e7e76ba119b]::run_test::{closure#1}
[INFO] [stdout]                                at /rustc/e3feeb59cd1bdd011a2bfcc0747b55125d9b8527/library/test/src/lib.rs:675:41
[INFO] [stdout]   34:     0x5dd6fda7e4d4 - std[617be2ca0a6fd877]::sys::backtrace::__rust_begin_short_backtrace::<test[aada8e7e76ba119b]::run_test::{closure#1}, ()>
[INFO] [stdout]                                at /rustc/e3feeb59cd1bdd011a2bfcc0747b55125d9b8527/library/std/src/sys/backtrace.rs:166:18
[INFO] [stdout]   35:     0x5dd6fda87c72 - std[617be2ca0a6fd877]::thread::lifecycle::spawn_unchecked::<test[aada8e7e76ba119b]::run_test::{closure#1}, ()>::{closure#1}::{closure#0}
[INFO] [stdout]                                at /rustc/e3feeb59cd1bdd011a2bfcc0747b55125d9b8527/library/std/src/thread/lifecycle.rs:70:13
[INFO] [stdout]   36:     0x5dd6fda87c72 - <core[a373ad73a504971]::panic::unwind_safe::AssertUnwindSafe<std[617be2ca0a6fd877]::thread::lifecycle::spawn_unchecked<test[aada8e7e76ba119b]::run_test::{closure#1}, ()>::{closure#1}::{closure#0}> as core[a373ad73a504971]::ops::function::FnOnce<()>>::call_once
[INFO] [stdout]                                at /rustc/e3feeb59cd1bdd011a2bfcc0747b55125d9b8527/library/core/src/panic/unwind_safe.rs:275:9
[INFO] [stdout]   37:     0x5dd6fda87c72 - std[617be2ca0a6fd877]::panicking::catch_unwind::do_call::<core[a373ad73a504971]::panic::unwind_safe::AssertUnwindSafe<std[617be2ca0a6fd877]::thread::lifecycle::spawn_unchecked<test[aada8e7e76ba119b]::run_test::{closure#1}, ()>::{closure#1}::{closure#0}>, ()>
[INFO] [stdout]                                at /rustc/e3feeb59cd1bdd011a2bfcc0747b55125d9b8527/library/std/src/panicking.rs:573:43
[INFO] [stdout]   38:     0x5dd6fda87c72 - std[617be2ca0a6fd877]::panicking::catch_unwind::<(), core[a373ad73a504971]::panic::unwind_safe::AssertUnwindSafe<std[617be2ca0a6fd877]::thread::lifecycle::spawn_unchecked<test[aada8e7e76ba119b]::run_test::{closure#1}, ()>::{closure#1}::{closure#0}>>
[INFO] [stdout]                                at /rustc/e3feeb59cd1bdd011a2bfcc0747b55125d9b8527/library/std/src/panicking.rs:541:19
[INFO] [stdout]   39:     0x5dd6fda87c72 - std[617be2ca0a6fd877]::panic::catch_unwind::<core[a373ad73a504971]::panic::unwind_safe::AssertUnwindSafe<std[617be2ca0a6fd877]::thread::lifecycle::spawn_unchecked<test[aada8e7e76ba119b]::run_test::{closure#1}, ()>::{closure#1}::{closure#0}>, ()>
[INFO] [stdout]                                at /rustc/e3feeb59cd1bdd011a2bfcc0747b55125d9b8527/library/std/src/panic.rs:359:14
[INFO] [stdout]   40:     0x5dd6fda87c72 - std[617be2ca0a6fd877]::thread::lifecycle::spawn_unchecked::<test[aada8e7e76ba119b]::run_test::{closure#1}, ()>::{closure#1}
[INFO] [stdout]                                at /rustc/e3feeb59cd1bdd011a2bfcc0747b55125d9b8527/library/std/src/thread/lifecycle.rs:68:26
[INFO] [stdout]   41:     0x5dd6fda87c72 - <std[617be2ca0a6fd877]::thread::lifecycle::spawn_unchecked<test[aada8e7e76ba119b]::run_test::{closure#1}, ()>::{closure#1} as core[a373ad73a504971]::ops::function::FnOnce<()>>::call_once::{shim:vtable#0}
[INFO] [stdout]                                at /rustc/e3feeb59cd1bdd011a2bfcc0747b55125d9b8527/library/core/src/ops/function.rs:250:5
[INFO] [stdout]   42:     0x5dd6fdeadfaf - <alloc[2e1b2a31b91974c5]::boxed::Box<dyn core[a373ad73a504971]::ops::function::FnOnce<(), Output = ()> + core[a373ad73a504971]::marker::Send> as core[a373ad73a504971]::ops::function::FnOnce<()>>::call_once
[INFO] [stdout]                                at /rustc/e3feeb59cd1bdd011a2bfcc0747b55125d9b8527/library/alloc/src/boxed.rs:2314:9
[INFO] [stdout]   43:     0x5dd6fdeadfaf - <std[617be2ca0a6fd877]::sys::thread::unix::Thread>::new::thread_start
[INFO] [stdout]                                at /rustc/e3feeb59cd1bdd011a2bfcc0747b55125d9b8527/library/std/src/sys/thread/unix.rs:127:17
[INFO] [stdout]   44:     0x7cb4c0954dfa - <unknown>
[INFO] [stdout]   45:     0x7cb4c09e83d4 - clone
[INFO] [stdout]   46:                0x0 - <unknown>
[INFO] [stdout] 
[INFO] [stdout] 
[INFO] [stdout] failures:
[INFO] [stdout]     comment_and_formatting_changes_yield_no_def_changes
[INFO] [stdout] 
[INFO] [stdout] test result: FAILED. 21 passed; 1 failed; 0 ignored; 0 measured; 0 filtered out; finished in 0.35s
[INFO] [stdout] 
[INFO] [stderr] error: test failed, to rerun pass `--test changes`
[INFO] running `Command { std: "docker" "inspect" "4fdfce33e1788035646a092d0682618f02d26afc3afdb68bb3598d80da68fb3d", kill_on_drop: false }`
[INFO] running `Command { std: "docker" "rm" "-f" "4fdfce33e1788035646a092d0682618f02d26afc3afdb68bb3598d80da68fb3d", kill_on_drop: false }`
[INFO] [stdout] 4fdfce33e1788035646a092d0682618f02d26afc3afdb68bb3598d80da68fb3d
