[INFO] fetching crate terraphim_update 1.20.4...
[INFO] testing terraphim_update-1.20.4 against 1.100.0-beta.1 for beta-1.100-2
[INFO] extracting crate terraphim_update 1.20.4 into /workspace/builds/worker-0-tc2/source
[INFO] started tweaking crates.io crate terraphim_update 1.20.4
[INFO] removed 0 missing tests
[INFO] finished tweaking crates.io crate terraphim_update 1.20.4
[INFO] tweaked toml for crates.io crate terraphim_update 1.20.4 written to /workspace/builds/worker-0-tc2/source/Cargo.toml
[INFO] validating manifest of crates.io crate terraphim_update 1.20.4 on toolchain 1.100.0-beta.1
[INFO] running `Command { std: CARGO_HOME="/workspace/cargo-home" RUSTUP_HOME="/workspace/rustup-home" "/workspace/cargo-home/bin/cargo" "+1.100.0-beta.1" "metadata" "--manifest-path" "Cargo.toml" "--no-deps", kill_on_drop: false }`
[INFO] crate crates.io crate terraphim_update 1.20.4 already has a lockfile, it will not be regenerated
[INFO] running `Command { std: CARGO_HOME="/workspace/cargo-home" RUSTUP_HOME="/workspace/rustup-home" "/workspace/cargo-home/bin/cargo" "+1.100.0-beta.1" "fetch" "--manifest-path" "Cargo.toml", kill_on_drop: false }`
[INFO] [stderr] warning: `package.homepage` is redundant with `package.documentation`
[INFO] [stderr]   --> Cargo.toml:88:12
[INFO] [stderr]    |
[INFO] [stderr] 86 | documentation = "https://terraphim.ai"
[INFO] [stderr]    |                 ----------------------
[INFO] [stderr] 87 | edition = "2024"
[INFO] [stderr] 88 | homepage = "https://terraphim.ai"
[INFO] [stderr]    |            ^^^^^^^^^^^^^^^^^^^^^^
[INFO] [stderr]    |
[INFO] [stderr]    = note: `cargo::redundant_homepage` is set to `warn` by default
[INFO] [stderr] help: consider removing `package.homepage`
[INFO] [stderr] warning: `terraphim_update` (manifest) generated 1 warning
[INFO] running `Command { std: "docker" "create" "-v" "/var/lib/crater-agent-workspace/builds/worker-0-tc2/source:/opt/rustwide/workdir:ro,Z" "-v" "/var/lib/crater-agent-workspace/builds/worker-0-tc2/target:/opt/rustwide/target:rw,Z" "-v" "/var/lib/crater-agent-workspace/cargo-home:/opt/rustwide/cargo-home:ro,Z" "-v" "/var/lib/crater-agent-workspace/rustup-home:/opt/rustwide/rustup-home:ro,Z" "-m" "1610612736" "--network" "none" "ghcr.io/rust-lang/crates-build-env/linux@sha256:3111399a4047eeb3a02b7a90e478d715f38a8c6669b5c4b49d30a17385265909" "sleep" "infinity", kill_on_drop: false }`
[INFO] [stdout] 81fbc173e4fc9f96965b27dcba367b59cb19be3970f0d24474ee90345de5f2ab
[INFO] running `Command { std: "docker" "start" "81fbc173e4fc9f96965b27dcba367b59cb19be3970f0d24474ee90345de5f2ab", kill_on_drop: false }`
[INFO] running `Command { std: "docker" "inspect" "81fbc173e4fc9f96965b27dcba367b59cb19be3970f0d24474ee90345de5f2ab", kill_on_drop: false }`
[INFO] running `Command { std: "docker" "exec" "-e" "SOURCE_DIR=/opt/rustwide/workdir" "-e" "CARGO_HOME=/opt/rustwide/cargo-home" "-e" "RUSTUP_HOME=/opt/rustwide/rustup-home" "-e" "CARGO_TARGET_DIR=/opt/rustwide/target" "-w" "/opt/rustwide/workdir" "--user" "0:0" "81fbc173e4fc9f96965b27dcba367b59cb19be3970f0d24474ee90345de5f2ab" "/opt/rustwide/cargo-home/bin/cargo" "+1.100.0-beta.1" "metadata" "--no-deps" "--format-version=1", kill_on_drop: false }`
[INFO] running `Command { std: "docker" "inspect" "81fbc173e4fc9f96965b27dcba367b59cb19be3970f0d24474ee90345de5f2ab", kill_on_drop: false }`
[INFO] running `Command { std: "docker" "exec" "-e" "SOURCE_DIR=/opt/rustwide/workdir" "-e" "CARGO_HOME=/opt/rustwide/cargo-home" "-e" "RUSTUP_HOME=/opt/rustwide/rustup-home" "-e" "CARGO_TARGET_DIR=/opt/rustwide/target" "-e" "CARGO_INCREMENTAL=0" "-e" "RUST_BACKTRACE=full" "-e" "RUSTFLAGS=--cap-lints=warn" "-e" "RUSTDOCFLAGS=--cap-lints=warn" "-w" "/opt/rustwide/workdir" "--user" "0:0" "81fbc173e4fc9f96965b27dcba367b59cb19be3970f0d24474ee90345de5f2ab" "/opt/rustwide/cargo-home/bin/cargo" "+1.100.0-beta.1" "build" "--frozen" "--message-format=json", kill_on_drop: false }`
[INFO] [stderr] warning: `package.homepage` is redundant with `package.documentation`
[INFO] [stderr]   --> Cargo.toml:88:12
[INFO] [stderr]    |
[INFO] [stderr] 86 | documentation = "https://terraphim.ai"
[INFO] [stderr]    |                 ----------------------
[INFO] [stderr] 87 | edition = "2024"
[INFO] [stderr] 88 | homepage = "https://terraphim.ai"
[INFO] [stderr]    |            ^^^^^^^^^^^^^^^^^^^^^^
[INFO] [stderr]    |
[INFO] [stderr]    = note: `cargo::redundant_homepage` is set to `warn` by default
[INFO] [stderr] help: consider removing `package.homepage`
[INFO] [stderr] warning: `terraphim_update` (manifest) generated 1 warning
[INFO] [stderr]    Compiling typenum v1.20.0
[INFO] [stderr]    Compiling memchr v2.8.0
[INFO] [stderr]    Compiling hashbrown v0.17.0
[INFO] [stderr]    Compiling http v1.4.0
[INFO] [stderr]    Compiling bitflags v2.11.1
[INFO] [stderr]    Compiling socket2 v0.6.3
[INFO] [stderr]    Compiling mio v1.2.0
[INFO] [stderr]    Compiling cc v1.2.61
[INFO] [stderr]    Compiling displaydoc v0.2.5
[INFO] [stderr]    Compiling zerofrom v0.1.7
[INFO] [stderr]    Compiling getrandom v0.4.2
[INFO] [stderr]    Compiling futures-io v0.3.32
[INFO] [stderr]    Compiling rustls v0.23.39
[INFO] [stderr]    Compiling curve25519-dalek v4.1.3
[INFO] [stderr]    Compiling tracing v0.1.44
[INFO] [stderr]    Compiling simd-adler32 v0.3.9
[INFO] [stderr]    Compiling yoke v0.8.2
[INFO] [stderr]    Compiling cmov v0.5.3
[INFO] [stderr]    Compiling zerovec v0.11.6
[INFO] [stderr]    Compiling rustix v1.1.4
[INFO] [stderr]    Compiling futures-util v0.3.32
[INFO] [stderr]    Compiling curve25519-dalek-derive v0.1.1
[INFO] [stderr]    Compiling futures-channel v0.3.32
[INFO] [stderr]    Compiling ctutils v0.4.2
[INFO] [stderr]    Compiling webpki-roots v1.0.7
[INFO] [stderr]    Compiling tokio v1.52.1
[INFO] [stderr]    Compiling unicode-width v0.2.2
[INFO] [stderr]    Compiling miniz_oxide v0.8.9
[INFO] [stderr]    Compiling serde v1.0.228
[INFO] [stderr]    Compiling zlib-rs v0.6.3
[INFO] [stderr]    Compiling zstd-safe v7.2.4
[INFO] [stderr]    Compiling indexmap v2.14.0
[INFO] [stderr]    Compiling fastrand v2.4.1
[INFO] [stderr]    Compiling aho-corasick v1.1.4
[INFO] [stderr]    Compiling typed-path v0.12.3
[INFO] [stderr]    Compiling regex-syntax v0.8.10
[INFO] [stderr]    Compiling generic-array v0.14.7
[INFO] [stderr]    Compiling tinystr v0.8.3
[INFO] [stderr]    Compiling hybrid-array v0.4.11
[INFO] [stderr]    Compiling icu_locale_core v2.2.0
[INFO] [stderr]    Compiling zerotrie v0.2.4
[INFO] [stderr]    Compiling potential_utf v0.1.5
[INFO] [stderr]    Compiling http-body v1.0.1
[INFO] [stderr]    Compiling iri-string v0.7.12
[INFO] [stderr]    Compiling icu_collections v2.2.0
[INFO] [stderr]    Compiling serde_urlencoded v0.7.1
[INFO] [stderr]    Compiling http-body-util v0.1.3
[INFO] [stderr]    Compiling serde_json v1.0.149
[INFO] [stderr]    Compiling crypto-common v0.2.1
[INFO] [stderr]    Compiling block-buffer v0.12.0
[INFO] [stderr]    Compiling crypto-common v0.1.7
[INFO] [stderr]    Compiling block-buffer v0.10.4
[INFO] [stderr]    Compiling inout v0.2.2
[INFO] [stderr]    Compiling digest v0.10.7
[INFO] [stderr]    Compiling console v0.15.11
[INFO] [stderr]    Compiling filetime v0.2.27
[INFO] [stderr]    Compiling icu_provider v2.2.0
[INFO] [stderr]    Compiling sha2 v0.10.9
[INFO] [stderr]    Compiling signature v2.2.0
[INFO] [stderr]    Compiling ed25519 v2.2.3
[INFO] [stderr]    Compiling ring v0.17.14
[INFO] [stderr]    Compiling zstd-sys v2.0.16+zstd.1.5.7
[INFO] [stderr]    Compiling icu_properties v2.2.0
[INFO] [stderr]    Compiling icu_normalizer v2.2.0
[INFO] [stderr]    Compiling digest v0.11.2
[INFO] [stderr]    Compiling tempfile v3.27.0
[INFO] [stderr]    Compiling hmac v0.13.0
[INFO] [stderr]    Compiling cipher v0.5.1
[INFO] [stderr]    Compiling xattr v1.6.1
[INFO] [stderr]    Compiling libbz2-rs-sys v0.2.3
[INFO] [stderr]    Compiling regex-automata v0.4.14
[INFO] [stderr]    Compiling number_prefix v0.4.0
[INFO] [stderr]    Compiling self_update v0.42.0
[INFO] [stderr]    Compiling num-conv v0.2.1
[INFO] [stderr]    Compiling bumpalo v3.20.2
[INFO] [stderr]    Compiling cpubits v0.1.0
[INFO] [stderr]    Compiling indicatif v0.17.11
[INFO] [stderr]    Compiling time v0.3.47
[INFO] [stderr]    Compiling aes v0.9.1
[INFO] [stderr]    Compiling zopfli v0.8.3
[INFO] [stderr]    Compiling bzip2 v0.6.1
[INFO] [stderr]    Compiling self-replace v1.5.0
[INFO] [stderr]    Compiling tar v0.4.45
[INFO] [stderr]    Compiling idna_adapter v1.2.1
[INFO] [stderr]    Compiling dirs-sys v0.4.1
[INFO] [stderr]    Compiling idna v1.1.0
[INFO] [stderr]    Compiling ed25519-dalek v2.2.0
[INFO] [stderr]    Compiling flate2 v1.1.9
[INFO] [stderr]    Compiling pbkdf2 v0.13.0
[INFO] [stderr]    Compiling sha1 v0.11.0
[INFO] [stderr]    Compiling lzma-rust2 v0.16.2
[INFO] [stderr]    Compiling zipsign-api v0.1.5
[INFO] [stderr]    Compiling url v2.5.8
[INFO] [stderr]    Compiling zip v7.2.0
[INFO] [stderr]    Compiling console v0.16.3
[INFO] [stderr]    Compiling webpki-roots v0.26.11
[INFO] [stderr]    Compiling quick-xml v0.37.5
[INFO] [stderr]    Compiling thiserror-impl v1.0.69
[INFO] [stderr]    Compiling shell-words v1.1.1
[INFO] [stderr]    Compiling constant_time_eq v0.4.2
[INFO] [stderr]    Compiling ppmd-rust v1.4.0
[INFO] [stderr]    Compiling deflate64 v0.1.12
[INFO] [stderr]    Compiling dialoguer v0.12.0
[INFO] [stderr]    Compiling chrono v0.4.44
[INFO] [stderr]    Compiling dirs v5.0.1
[INFO] [stderr]    Compiling jiff v0.2.24
[INFO] [stderr]    Compiling zipsign-api v0.2.1
[INFO] [stderr]    Compiling regex v1.12.3
[INFO] [stderr]    Compiling thiserror v1.0.69
[INFO] [stderr]    Compiling tokio-util v0.7.18
[INFO] [stderr]    Compiling tower v0.5.3
[INFO] [stderr]    Compiling h2 v0.4.13
[INFO] [stderr]    Compiling tower-http v0.6.8
[INFO] [stderr]    Compiling rustls-webpki v0.103.13
[INFO] [stderr]    Compiling hyper v1.9.0
[INFO] [stderr]    Compiling zstd v0.13.3
[INFO] [stderr]    Compiling zip v8.6.0
[INFO] [stderr]    Compiling hyper-util v0.1.20
[INFO] [stderr]    Compiling tokio-rustls v0.26.4
[INFO] [stderr]    Compiling ureq v2.12.1
[INFO] [stderr]    Compiling hyper-rustls v0.27.9
[INFO] [stderr]    Compiling reqwest v0.12.28
[INFO] [stderr]    Compiling terraphim_update v1.20.4 (/opt/rustwide/workdir)
[INFO] [stderr] warning: unused dependency `thiserror`
[INFO] [stderr]   --> Cargo.toml:48:15
[INFO] [stderr]    |
[INFO] [stderr] 48 | [dependencies.thiserror]
[INFO] [stderr]    |               ^^^^^^^^^^
[INFO] [stderr]    |
[INFO] [stderr]    = note: `cargo::unused_dependencies` is set to `warn` by default
[INFO] [stderr] help: consider removing the dependency on `thiserror`
[INFO] [stderr] warning: `terraphim_update` (manifest) generated 1 warning
[INFO] [stderr]     Finished `dev` profile [unoptimized + debuginfo] target(s) in 59.85s
[INFO] running `Command { std: "docker" "inspect" "81fbc173e4fc9f96965b27dcba367b59cb19be3970f0d24474ee90345de5f2ab", kill_on_drop: false }`
[INFO] running `Command { std: "docker" "exec" "-e" "SOURCE_DIR=/opt/rustwide/workdir" "-e" "CARGO_HOME=/opt/rustwide/cargo-home" "-e" "RUSTUP_HOME=/opt/rustwide/rustup-home" "-e" "CARGO_TARGET_DIR=/opt/rustwide/target" "-e" "CARGO_INCREMENTAL=0" "-e" "RUST_BACKTRACE=full" "-e" "RUSTFLAGS=--cap-lints=warn" "-e" "RUSTDOCFLAGS=--cap-lints=warn" "-w" "/opt/rustwide/workdir" "--user" "0:0" "81fbc173e4fc9f96965b27dcba367b59cb19be3970f0d24474ee90345de5f2ab" "/opt/rustwide/cargo-home/bin/cargo" "+1.100.0-beta.1" "test" "--frozen" "--no-run" "--message-format=json", kill_on_drop: false }`
[INFO] [stderr] warning: `package.homepage` is redundant with `package.documentation`
[INFO] [stderr]   --> Cargo.toml:88:12
[INFO] [stderr]    |
[INFO] [stderr] 86 | documentation = "https://terraphim.ai"
[INFO] [stderr]    |                 ----------------------
[INFO] [stderr] 87 | edition = "2024"
[INFO] [stderr] 88 | homepage = "https://terraphim.ai"
[INFO] [stderr]    |            ^^^^^^^^^^^^^^^^^^^^^^
[INFO] [stderr]    |
[INFO] [stderr]    = note: `cargo::redundant_homepage` is set to `warn` by default
[INFO] [stderr] help: consider removing `package.homepage`
[INFO] [stderr] warning: `terraphim_update` (manifest) generated 1 warning
[INFO] [stderr]    Compiling sdd v3.0.10
[INFO] [stderr]    Compiling futures-executor v0.3.32
[INFO] [stderr]    Compiling serial_test_derive v3.4.0
[INFO] [stderr]    Compiling scc v2.4.0
[INFO] [stderr]    Compiling serial_test v3.4.0
[INFO] [stderr]    Compiling terraphim_update v1.20.4 (/opt/rustwide/workdir)
[INFO] [stderr] warning: unused dependency `thiserror`
[INFO] [stderr]   --> Cargo.toml:48:15
[INFO] [stderr]    |
[INFO] [stderr] 48 | [dependencies.thiserror]
[INFO] [stderr]    |               ^^^^^^^^^^
[INFO] [stderr]    |
[INFO] [stderr]    = note: `cargo::unused_dependencies` is set to `warn` by default
[INFO] [stderr] help: consider removing the dependency on `thiserror`
[INFO] [stderr] warning: `terraphim_update` (manifest) generated 1 warning
[INFO] [stderr]     Finished `test` profile [unoptimized + debuginfo] target(s) in 8.64s
[INFO] running `Command { std: "docker" "inspect" "81fbc173e4fc9f96965b27dcba367b59cb19be3970f0d24474ee90345de5f2ab", kill_on_drop: false }`
[INFO] running `Command { std: "docker" "exec" "-e" "SOURCE_DIR=/opt/rustwide/workdir" "-e" "CARGO_HOME=/opt/rustwide/cargo-home" "-e" "RUSTUP_HOME=/opt/rustwide/rustup-home" "-e" "CARGO_TARGET_DIR=/opt/rustwide/target" "-e" "CARGO_INCREMENTAL=0" "-e" "RUST_BACKTRACE=full" "-e" "RUSTFLAGS=--cap-lints=warn" "-e" "RUSTDOCFLAGS=--cap-lints=warn" "-w" "/opt/rustwide/workdir" "--user" "0:0" "81fbc173e4fc9f96965b27dcba367b59cb19be3970f0d24474ee90345de5f2ab" "/opt/rustwide/cargo-home/bin/cargo" "+1.100.0-beta.1" "test" "--frozen", kill_on_drop: false }`
[INFO] [stderr] warning: `package.homepage` is redundant with `package.documentation`
[INFO] [stderr]   --> Cargo.toml:88:12
[INFO] [stderr]    |
[INFO] [stderr] 86 | documentation = "https://terraphim.ai"
[INFO] [stderr]    |                 ----------------------
[INFO] [stderr] 87 | edition = "2024"
[INFO] [stderr] 88 | homepage = "https://terraphim.ai"
[INFO] [stderr]    |            ^^^^^^^^^^^^^^^^^^^^^^
[INFO] [stderr]    |
[INFO] [stderr]    = note: `cargo::redundant_homepage` is set to `warn` by default
[INFO] [stderr] help: consider removing `package.homepage`
[INFO] [stderr] warning: `terraphim_update` (manifest) generated 1 warning
[INFO] [stderr] warning: unused dependency `thiserror`
[INFO] [stderr]   --> Cargo.toml:48:15
[INFO] [stderr]    |
[INFO] [stderr] 48 | [dependencies.thiserror]
[INFO] [stderr]    |               ^^^^^^^^^^
[INFO] [stderr]    |
[INFO] [stderr]    = note: `cargo::unused_dependencies` is set to `warn` by default
[INFO] [stderr] help: consider removing the dependency on `thiserror`
[INFO] [stderr] warning: `terraphim_update` (manifest) generated 1 warning
[INFO] [stderr]     Finished `test` profile [unoptimized + debuginfo] target(s) in 0.41s
[INFO] [stderr]      Running unittests src/lib.rs (/opt/rustwide/target/debug/build/terraphim_update/e8308519f2f838c4/out/terraphim_update-e8308519f2f838c4)
[INFO] [stdout] 
[INFO] [stdout] running 112 tests
[INFO] [stdout] test config::tests::test_update_check_entry_serialization ... ok
[INFO] [stdout] test config::tests::test_update_history_add_backup ... ok
[INFO] [stdout] test config::tests::test_update_history_limit_entries ... ok
[INFO] [stdout] test downloader::tests::test_calculate_backoff_delay_max_limit ... ok
[INFO] [stdout] test downloader::tests::test_calculate_backoff_delay_with_custom_multiplier ... ok
[INFO] [stdout] test downloader::tests::test_download_config_builder ... ok
[INFO] [stdout] test downloader::tests::test_download_config_default ... ok
[INFO] [stdout] test config::tests::test_update_config_default ... ok
[INFO] [stdout] test config::tests::test_update_history_default ... ok
[INFO] [stdout] test downloader::tests::test_calculate_backoff_delay ... ok
[INFO] [stdout] test config::tests::test_update_check_result_variants ... ok
[INFO] [stdout] test notification::tests::test_format_release_notes_empty ... ok
[INFO] [stdout] test notification::tests::test_format_release_notes_single_line ... ok
[INFO] [stdout] test notification::tests::test_format_release_notes_with_empty_lines ... ok
[INFO] [stdout] test notification::tests::test_emoji_helpers ... ok
[INFO] [stdout] test config::tests::test_update_history_add_entry ... ok
[INFO] [stdout] test config::tests::test_update_config_serialize ... ok
[INFO] [stdout] test notification::tests::test_get_update_notification_formatting ... ok
[INFO] [stdout] test config::tests::test_update_info_serialization ... ok
[INFO] [stdout] test notification::tests::test_get_update_notification_with_notes ... ok
[INFO] [stdout] test notification::tests::test_get_up_to_date_message_formatting ... ok
[INFO] [stdout] test notification::tests::test_get_update_failure_message ... ok
[INFO] [stdout] test notification::tests::test_get_update_notification_basic ... ok
[INFO] [stdout] test notification::tests::test_get_update_success_message ... ok
[INFO] [stdout] test notification::tests::test_update_action_variants ... ok
[INFO] [stdout] test downloader::tests::test_download_silent_local_file ... ok
[INFO] [stdout] test notification::tests::test_format_release_notes_multiple_lines ... ok
[INFO] [stdout] test platform::tests::test_check_write_permissions_nonexistent_path ... ok
[INFO] [stdout] test platform::tests::test_get_config_dir ... ok
[INFO] [stdout] test downloader::tests::test_download_result_success ... ok
[INFO] [stdout] test downloader::tests::test_download_creates_output_file ... ok
[INFO] [stdout] test notification::tests::test_get_up_to_date_message ... ok
[INFO] [stdout] test config::tests::test_update_history_latest_backup ... ok
[INFO] [stdout] test notification::tests::test_prompt_user_for_update_default_value ... ok
[INFO] [stdout] test notification::tests::test_update_failure_message_formatting ... ok
[INFO] [stdout] test platform::tests::test_get_binary_path_system_writable ... ok
[INFO] [stdout] test platform::tests::test_check_write_permissions_file ... ok
[INFO] [stdout] test platform::tests::test_binary_path_consistency ... ok
[INFO] [stdout] test platform::tests::test_check_write_permissions_writable_dir ... ok
[INFO] [stdout] test platform::tests::test_get_binary_path_custom_name ... ok
[INFO] [stdout] test platform::tests::test_get_config_dir_creates_parent ... ok
[INFO] [stdout] test platform::tests::test_show_manual_update_instructions ... ok
[INFO] [stdout] test platform::tests::test_show_manual_update_instructions_with_long_notes ... ok
[INFO] [stdout] test rollback::tests::test_backup_integrity_missing ... ok
[INFO] [stdout] test rollback::tests::test_backup_integrity_corrupt ... ok
[INFO] [stdout] test rollback::tests::test_backup_manager_creation ... ok
[INFO] [stdout] test rollback::tests::test_backup_integrity ... ok
[INFO] [stdout] test rollback::tests::test_create_backup ... ok
[INFO] [stdout] test rollback::tests::test_cleanup ... ok
[INFO] [stdout] test rollback::tests::test_backup_rotation_not_needed ... ok
[INFO] [stdout] test rollback::tests::test_get_backup ... ok
[INFO] [stdout] test rollback::tests::test_backup_rotation ... ok
[INFO] [stdout] test rollback::tests::test_delete_backup ... ok
[INFO] [stdout] test rollback::tests::test_list_backups ... ok
[INFO] [stdout] test scheduler::tests::test_scheduler_creation ... ok
[INFO] [stdout] test scheduler::tests::test_scheduler_already_running ... ok
[INFO] [stdout] test rollback::tests::test_rollback_to_latest ... ok
[INFO] [stdout] test rollback::tests::test_rollback_to_version ... ok
[INFO] [stdout] test scheduler::tests::test_should_check_when_disabled ... ok
[INFO] [stdout] test scheduler::tests::test_should_check_with_interval ... ok
[INFO] [stdout] test scheduler::tests::test_scheduler_disabled_does_not_start ... ok
[INFO] [stdout] test scheduler::tests::test_scheduler_stop_when_not_running ... ok
[INFO] [stdout] test signature::tests::test_get_signature_filename ... ok
[INFO] [stdout] test signature::tests::test_is_verification_available ... ok
[INFO] [stdout] test signature::tests::test_real_key_rejects_unsigned_file ... ok
[INFO] [stdout] test signature::tests::test_verification_result_display ... ok
[INFO] [stdout] test signature::tests::test_verification_result_equality ... ok
[INFO] [stdout] test signature::tests::test_verify_signature_detailed_nonexistent ... ok
[INFO] [stdout] test signature::tests::test_verify_signature_detailed_with_real_key ... ok
[INFO] [stdout] test signature::tests::test_verify_with_self_update ... ok
[INFO] [stdout] test platform::tests::test_check_write_permissions_readonly_dir ... FAILED
[INFO] [stdout] test rollback::tests::test_backup_manager_zero_max_backups ... ok
[INFO] [stdout] test rollback::tests::test_create_backup_nonexistent_binary ... ok
[INFO] [stdout] test rollback::tests::test_get_backup_not_found ... ok
[INFO] [stdout] test signature::tests::test_wrong_length_key_returns_invalid ... ok
[INFO] [stdout] test rollback::tests::test_rollback_to_latest_no_backups ... ok
[INFO] [stdout] test rollback::tests::test_rollback_to_version_not_found ... ok
[INFO] [stdout] test state::tests::test_delete_history ... ok
[INFO] [stdout] test signature::tests::test_invalid_base64_key_returns_error ... ok
[INFO] [stdout] test signature::tests::test_nonexistent_file_returns_error ... ok
[INFO] [stdout] test signature::tests::test_verify_with_self_update_missing_binary ... ok
[INFO] [stdout] test downloader::tests::test_download_with_timeout ... ok
[INFO] [stdout] test state::tests::test_get_history_path ... ok
[INFO] [stdout] test tests::test_backup_binary ... ok
[INFO] [stdout] test state::tests::test_history_with_check_entries ... ok
[INFO] [stdout] test tests::test_backup_binary_nonexistent ... ok
[INFO] [stdout] test state::tests::test_schema_migration_compatibility ... ok
[INFO] [stdout] test tests::test_backup_and_rollback_roundtrip ... ok
[INFO] [stdout] test tests::test_config_with_binary_version ... ok
[INFO] [stdout] test state::tests::test_invalid_json_fails_gracefully ... ok
[INFO] [stdout] test tests::test_is_newer_version_static ... ok
[INFO] [stdout] test tests::test_get_asset_names_for_universal_binary ... ok
[INFO] [stdout] test tests::test_get_asset_names_includes_binary_prefix ... ok
[INFO] [stdout] test tests::test_update_status_display ... ok
[INFO] [stdout] test tests::test_rollback ... ok
[INFO] [stdout] test tests::test_rollback_nonexistent ... ok
[INFO] [stdout] test tests::test_version_prefix_for_github_releases ... ok
[INFO] [stdout] test tests::test_updater_config ... ok
[INFO] [stdout] test tests::test_version_comparison ... ok
[INFO] [stdout] test tests::test_check_for_updates_auto ... ok
[INFO] [stdout] test scheduler::tests::test_scheduler_notification_update_available ... ok
[INFO] [stdout] test scheduler::tests::test_scheduler_notification_check_failed ... ok
[INFO] [stdout] test tests::test_macos_targets_include_universal_fallback ... ok
[INFO] [stdout] test scheduler::tests::test_scheduler_with_short_interval ... ok
[INFO] [stdout] test scheduler::tests::test_scheduler_starts_and_stops ... ok
[INFO] [stdout] test downloader::tests::test_download_max_retries ... ok
[INFO] [stdout] test downloader::tests::test_download_invalid_url ... ok
[INFO] [stdout] test state::tests::test_load_default_when_missing ... ok
[INFO] [stdout] test state::tests::test_save_and_load_history ... ok
[INFO] [stdout] test state::tests::test_history_with_backups ... ok
[INFO] [stdout] test state::tests::test_history_with_pending_update ... ok
[INFO] [stdout] test state::tests::test_delete_nonexistent_history ... ok
[INFO] [stdout] 
[INFO] [stdout] failures:
[INFO] [stdout] 
[INFO] [stdout] ---- platform::tests::test_check_write_permissions_readonly_dir stdout ----
[INFO] [stdout] 
[INFO] [stdout] thread 'platform::tests::test_check_write_permissions_readonly_dir' (1994) panicked at src/platform.rs:283:13:
[INFO] [stdout] Should not be able to write to readonly directory
[INFO] [stdout] stack backtrace:
[INFO] [stdout]    0:     0x5e4565d89fa1 - std[617be2ca0a6fd877]::backtrace_rs::backtrace::libunwind::trace
[INFO] [stdout]                                at /rustc/e3feeb59cd1bdd011a2bfcc0747b55125d9b8527/library/std/src/../../backtrace/src/backtrace/libunwind.rs:117:9
[INFO] [stdout]    1:     0x5e4565d89fa1 - std[617be2ca0a6fd877]::backtrace_rs::backtrace::trace_unsynchronized::<std[617be2ca0a6fd877]::sys::backtrace::_print_fmt::{closure#1}>
[INFO] [stdout]                                at /rustc/e3feeb59cd1bdd011a2bfcc0747b55125d9b8527/library/std/src/../../backtrace/src/backtrace/mod.rs:66:14
[INFO] [stdout]    2:     0x5e4565d89fa1 - std[617be2ca0a6fd877]::sys::backtrace::_print_fmt
[INFO] [stdout]                                at /rustc/e3feeb59cd1bdd011a2bfcc0747b55125d9b8527/library/std/src/sys/backtrace.rs:74:9
[INFO] [stdout]    3:     0x5e4565d89fa1 - <<std[617be2ca0a6fd877]::sys::backtrace::BacktraceLock>::print::DisplayBacktrace as core[a373ad73a504971]::fmt::Display>::fmt
[INFO] [stdout]                                at /rustc/e3feeb59cd1bdd011a2bfcc0747b55125d9b8527/library/std/src/sys/backtrace.rs:44:26
[INFO] [stdout]    4:     0x5e4565da3e2a - <core[a373ad73a504971]::fmt::rt::Argument>::fmt
[INFO] [stdout]                                at /rustc/e3feeb59cd1bdd011a2bfcc0747b55125d9b8527/library/core/src/fmt/rt.rs:152:76
[INFO] [stdout]    5:     0x5e4565da3e2a - core[a373ad73a504971]::fmt::write
[INFO] [stdout]    6:     0x5e4565d8fc7c - core[a373ad73a504971]::io::write::default_write_fmt::<alloc[2e1b2a31b91974c5]::vec::Vec<u8>>
[INFO] [stdout]                                at /rustc/e3feeb59cd1bdd011a2bfcc0747b55125d9b8527/library/core/src/io/write.rs:402:11
[INFO] [stdout]    7:     0x5e4565d8fc7c - <alloc[2e1b2a31b91974c5]::vec::Vec<u8> as core[a373ad73a504971]::io::write::Write>::write_fmt
[INFO] [stdout]                                at /rustc/e3feeb59cd1bdd011a2bfcc0747b55125d9b8527/library/core/src/io/write.rs:335:13
[INFO] [stdout]    8:     0x5e4565d5f306 - <std[617be2ca0a6fd877]::sys::backtrace::BacktraceLock>::print
[INFO] [stdout]                                at /rustc/e3feeb59cd1bdd011a2bfcc0747b55125d9b8527/library/std/src/sys/backtrace.rs:47:9
[INFO] [stdout]    9:     0x5e4565d5f306 - std[617be2ca0a6fd877]::panicking::default_hook::{closure#0}
[INFO] [stdout]                                at /rustc/e3feeb59cd1bdd011a2bfcc0747b55125d9b8527/library/std/src/panicking.rs:289:27
[INFO] [stdout]   10:     0x5e4565d7eff9 - std[617be2ca0a6fd877]::panicking::default_hook
[INFO] [stdout]                                at /rustc/e3feeb59cd1bdd011a2bfcc0747b55125d9b8527/library/std/src/panicking.rs:313:9
[INFO] [stdout]   11:     0x5e456532ffb0 - <alloc[2e1b2a31b91974c5]::boxed::Box<dyn for<'a, 'b> core[a373ad73a504971]::ops::function::Fn<(&'a std[617be2ca0a6fd877]::panic::PanicHookInfo<'b>,), Output = ()> + core[a373ad73a504971]::marker::Sync + core[a373ad73a504971]::marker::Send> as core[a373ad73a504971]::ops::function::Fn<(&std[617be2ca0a6fd877]::panic::PanicHookInfo,)>>::call
[INFO] [stdout]                                at /rustc/e3feeb59cd1bdd011a2bfcc0747b55125d9b8527/library/alloc/src/boxed.rs:2328:9
[INFO] [stdout]   12:     0x5e456532ffb0 - test[aada8e7e76ba119b]::test_main_inner::{closure#0}
[INFO] [stdout]                                at /rustc/e3feeb59cd1bdd011a2bfcc0747b55125d9b8527/library/test/src/lib.rs:137:21
[INFO] [stdout]   13:     0x5e4565d7f322 - <alloc[2e1b2a31b91974c5]::boxed::Box<dyn for<'a, 'b> core[a373ad73a504971]::ops::function::Fn<(&'a std[617be2ca0a6fd877]::panic::PanicHookInfo<'b>,), Output = ()> + core[a373ad73a504971]::marker::Sync + core[a373ad73a504971]::marker::Send> as core[a373ad73a504971]::ops::function::Fn<(&std[617be2ca0a6fd877]::panic::PanicHookInfo,)>>::call
[INFO] [stdout]                                at /rustc/e3feeb59cd1bdd011a2bfcc0747b55125d9b8527/library/alloc/src/boxed.rs:2328:9
[INFO] [stdout]   14:     0x5e4565d7f322 - std[617be2ca0a6fd877]::panicking::panic_with_hook
[INFO] [stdout]                                at /rustc/e3feeb59cd1bdd011a2bfcc0747b55125d9b8527/library/std/src/panicking.rs:819:13
[INFO] [stdout]   15:     0x5e4565d5f3e4 - std[617be2ca0a6fd877]::panicking::panic_handler::{closure#0}
[INFO] [stdout]                                at /rustc/e3feeb59cd1bdd011a2bfcc0747b55125d9b8527/library/std/src/panicking.rs:678:13
[INFO] [stdout]   16:     0x5e4565d573c9 - std[617be2ca0a6fd877]::sys::backtrace::__rust_end_short_backtrace::<std[617be2ca0a6fd877]::panicking::panic_handler::{closure#0}, !>
[INFO] [stdout]                                at /rustc/e3feeb59cd1bdd011a2bfcc0747b55125d9b8527/library/std/src/sys/backtrace.rs:182:18
[INFO] [stdout]   17:     0x5e4565d6076d - __rustc[ea4f61d10b84890b]::rust_begin_unwind
[INFO] [stdout]                                at /rustc/e3feeb59cd1bdd011a2bfcc0747b55125d9b8527/library/std/src/panicking.rs:676:5
[INFO] [stdout]   18:     0x5e4565da46fc - core[a373ad73a504971]::panicking::panic_fmt
[INFO] [stdout]                                at /rustc/e3feeb59cd1bdd011a2bfcc0747b55125d9b8527/library/core/src/panicking.rs:80:14
[INFO] [stdout]   19:     0x5e456523e170 - terraphim_update[526bc6e2462c5a42]::platform::tests::test_check_write_permissions_readonly_dir
[INFO] [stdout]                                at /opt/rustwide/workdir/src/platform.rs:283:13
[INFO] [stdout]   20:     0x5e456523caf7 - terraphim_update[526bc6e2462c5a42]::platform::tests::test_check_write_permissions_readonly_dir::{closure#0}
[INFO] [stdout]                                at /opt/rustwide/workdir/src/platform.rs:266:51
[INFO] [stdout]   21:     0x5e45652b29a6 - <terraphim_update[526bc6e2462c5a42]::platform::tests::test_check_write_permissions_readonly_dir::{closure#0} as core[a373ad73a504971]::ops::function::FnOnce<()>>::call_once
[INFO] [stdout]                                at /rustc/e3feeb59cd1bdd011a2bfcc0747b55125d9b8527/library/core/src/ops/function.rs:250:5
[INFO] [stdout]   22:     0x5e45653233fb - <fn() -> core[a373ad73a504971]::result::Result<(), alloc[2e1b2a31b91974c5]::string::String> as core[a373ad73a504971]::ops::function::FnOnce<()>>::call_once
[INFO] [stdout]                                at /rustc/e3feeb59cd1bdd011a2bfcc0747b55125d9b8527/library/core/src/ops/function.rs:250:5
[INFO] [stdout]   23:     0x5e45653233fb - test[aada8e7e76ba119b]::__rust_begin_short_backtrace::<core[a373ad73a504971]::result::Result<(), alloc[2e1b2a31b91974c5]::string::String>, fn() -> core[a373ad73a504971]::result::Result<(), alloc[2e1b2a31b91974c5]::string::String>>
[INFO] [stdout]                                at /rustc/e3feeb59cd1bdd011a2bfcc0747b55125d9b8527/library/test/src/lib.rs:701:18
[INFO] [stdout]   24:     0x5e45653305d5 - test[aada8e7e76ba119b]::run_test_in_process::{closure#0}
[INFO] [stdout]                                at /rustc/e3feeb59cd1bdd011a2bfcc0747b55125d9b8527/library/test/src/lib.rs:724:74
[INFO] [stdout]   25:     0x5e45653305d5 - <core[a373ad73a504971]::panic::unwind_safe::AssertUnwindSafe<test[aada8e7e76ba119b]::run_test_in_process::{closure#0}> as core[a373ad73a504971]::ops::function::FnOnce<()>>::call_once
[INFO] [stdout]                                at /rustc/e3feeb59cd1bdd011a2bfcc0747b55125d9b8527/library/core/src/panic/unwind_safe.rs:275:9
[INFO] [stdout]   26:     0x5e45653305d5 - std[617be2ca0a6fd877]::panicking::catch_unwind::do_call::<core[a373ad73a504971]::panic::unwind_safe::AssertUnwindSafe<test[aada8e7e76ba119b]::run_test_in_process::{closure#0}>, core[a373ad73a504971]::result::Result<(), alloc[2e1b2a31b91974c5]::string::String>>
[INFO] [stdout]                                at /rustc/e3feeb59cd1bdd011a2bfcc0747b55125d9b8527/library/std/src/panicking.rs:573:43
[INFO] [stdout]   27:     0x5e45653305d5 - std[617be2ca0a6fd877]::panicking::catch_unwind::<core[a373ad73a504971]::result::Result<(), alloc[2e1b2a31b91974c5]::string::String>, core[a373ad73a504971]::panic::unwind_safe::AssertUnwindSafe<test[aada8e7e76ba119b]::run_test_in_process::{closure#0}>>
[INFO] [stdout]                                at /rustc/e3feeb59cd1bdd011a2bfcc0747b55125d9b8527/library/std/src/panicking.rs:541:19
[INFO] [stdout]   28:     0x5e45653305d5 - std[617be2ca0a6fd877]::panic::catch_unwind::<core[a373ad73a504971]::panic::unwind_safe::AssertUnwindSafe<test[aada8e7e76ba119b]::run_test_in_process::{closure#0}>, core[a373ad73a504971]::result::Result<(), alloc[2e1b2a31b91974c5]::string::String>>
[INFO] [stdout]                                at /rustc/e3feeb59cd1bdd011a2bfcc0747b55125d9b8527/library/std/src/panic.rs:359:14
[INFO] [stdout]   29:     0x5e45653305d5 - test[aada8e7e76ba119b]::run_test_in_process
[INFO] [stdout]                                at /rustc/e3feeb59cd1bdd011a2bfcc0747b55125d9b8527/library/test/src/lib.rs:724:27
[INFO] [stdout]   30:     0x5e45653305d5 - test[aada8e7e76ba119b]::run_test::{closure#0}
[INFO] [stdout]                                at /rustc/e3feeb59cd1bdd011a2bfcc0747b55125d9b8527/library/test/src/lib.rs:645:43
[INFO] [stdout]   31:     0x5e4565329ec4 - test[aada8e7e76ba119b]::run_test::{closure#1}
[INFO] [stdout]                                at /rustc/e3feeb59cd1bdd011a2bfcc0747b55125d9b8527/library/test/src/lib.rs:675:41
[INFO] [stdout]   32:     0x5e4565329ec4 - std[617be2ca0a6fd877]::sys::backtrace::__rust_begin_short_backtrace::<test[aada8e7e76ba119b]::run_test::{closure#1}, ()>
[INFO] [stdout]                                at /rustc/e3feeb59cd1bdd011a2bfcc0747b55125d9b8527/library/std/src/sys/backtrace.rs:166:18
[INFO] [stdout]   33:     0x5e4565333662 - std[617be2ca0a6fd877]::thread::lifecycle::spawn_unchecked::<test[aada8e7e76ba119b]::run_test::{closure#1}, ()>::{closure#1}::{closure#0}
[INFO] [stdout]                                at /rustc/e3feeb59cd1bdd011a2bfcc0747b55125d9b8527/library/std/src/thread/lifecycle.rs:70:13
[INFO] [stdout]   34:     0x5e4565333662 - <core[a373ad73a504971]::panic::unwind_safe::AssertUnwindSafe<std[617be2ca0a6fd877]::thread::lifecycle::spawn_unchecked<test[aada8e7e76ba119b]::run_test::{closure#1}, ()>::{closure#1}::{closure#0}> as core[a373ad73a504971]::ops::function::FnOnce<()>>::call_once
[INFO] [stdout]                                at /rustc/e3feeb59cd1bdd011a2bfcc0747b55125d9b8527/library/core/src/panic/unwind_safe.rs:275:9
[INFO] [stdout]   35:     0x5e4565333662 - std[617be2ca0a6fd877]::panicking::catch_unwind::do_call::<core[a373ad73a504971]::panic::unwind_safe::AssertUnwindSafe<std[617be2ca0a6fd877]::thread::lifecycle::spawn_unchecked<test[aada8e7e76ba119b]::run_test::{closure#1}, ()>::{closure#1}::{closure#0}>, ()>
[INFO] [stdout]                                at /rustc/e3feeb59cd1bdd011a2bfcc0747b55125d9b8527/library/std/src/panicking.rs:573:43
[INFO] [stdout]   36:     0x5e4565333662 - std[617be2ca0a6fd877]::panicking::catch_unwind::<(), core[a373ad73a504971]::panic::unwind_safe::AssertUnwindSafe<std[617be2ca0a6fd877]::thread::lifecycle::spawn_unchecked<test[aada8e7e76ba119b]::run_test::{closure#1}, ()>::{closure#1}::{closure#0}>>
[INFO] [stdout]                                at /rustc/e3feeb59cd1bdd011a2bfcc0747b55125d9b8527/library/std/src/panicking.rs:541:19
[INFO] [stdout]   37:     0x5e4565333662 - std[617be2ca0a6fd877]::panic::catch_unwind::<core[a373ad73a504971]::panic::unwind_safe::AssertUnwindSafe<std[617be2ca0a6fd877]::thread::lifecycle::spawn_unchecked<test[aada8e7e76ba119b]::run_test::{closure#1}, ()>::{closure#1}::{closure#0}>, ()>
[INFO] [stdout]                                at /rustc/e3feeb59cd1bdd011a2bfcc0747b55125d9b8527/library/std/src/panic.rs:359:14
[INFO] [stdout]   38:     0x5e4565333662 - std[617be2ca0a6fd877]::thread::lifecycle::spawn_unchecked::<test[aada8e7e76ba119b]::run_test::{closure#1}, ()>::{closure#1}
[INFO] [stdout]                                at /rustc/e3feeb59cd1bdd011a2bfcc0747b55125d9b8527/library/std/src/thread/lifecycle.rs:68:26
[INFO] [stdout]   39:     0x5e4565333662 - <std[617be2ca0a6fd877]::thread::lifecycle::spawn_unchecked<test[aada8e7e76ba119b]::run_test::{closure#1}, ()>::{closure#1} as core[a373ad73a504971]::ops::function::FnOnce<()>>::call_once::{shim:vtable#0}
[INFO] [stdout]                                at /rustc/e3feeb59cd1bdd011a2bfcc0747b55125d9b8527/library/core/src/ops/function.rs:250:5
[INFO] [stdout]   40:     0x5e4565d8873f - <alloc[2e1b2a31b91974c5]::boxed::Box<dyn core[a373ad73a504971]::ops::function::FnOnce<(), Output = ()> + core[a373ad73a504971]::marker::Send> as core[a373ad73a504971]::ops::function::FnOnce<()>>::call_once
[INFO] [stdout]                                at /rustc/e3feeb59cd1bdd011a2bfcc0747b55125d9b8527/library/alloc/src/boxed.rs:2314:9
[INFO] [stdout]   41:     0x5e4565d8873f - <std[617be2ca0a6fd877]::sys::thread::unix::Thread>::new::thread_start
[INFO] [stdout]                                at /rustc/e3feeb59cd1bdd011a2bfcc0747b55125d9b8527/library/std/src/sys/thread/unix.rs:127:17
[INFO] [stdout]   42:     0x76e3ee17edfa - <unknown>
[INFO] [stdout]   43:     0x76e3ee2123d4 - clone
[INFO] [stdout]   44:                0x0 - <unknown>
[INFO] [stdout] 
[INFO] [stdout] 
[INFO] [stdout] failures:
[INFO] [stdout]     platform::tests::test_check_write_permissions_readonly_dir
[INFO] [stdout] 
[INFO] [stdout] test result: FAILED. 111 passed; 1 failed; 0 ignored; 0 measured; 0 filtered out; finished in 1.11s
[INFO] [stdout] 
[INFO] [stderr] error: test failed, to rerun pass `--lib`
[INFO] running `Command { std: "docker" "inspect" "81fbc173e4fc9f96965b27dcba367b59cb19be3970f0d24474ee90345de5f2ab", kill_on_drop: false }`
[INFO] running `Command { std: "docker" "rm" "-f" "81fbc173e4fc9f96965b27dcba367b59cb19be3970f0d24474ee90345de5f2ab", kill_on_drop: false }`
[INFO] [stdout] 81fbc173e4fc9f96965b27dcba367b59cb19be3970f0d24474ee90345de5f2ab
