[INFO] fetching crate term_render_macros 0.1.0...
[INFO] testing term_render_macros-0.1.0 against 1.100.0-beta.1 for beta-1.100-2
[INFO] extracting crate term_render_macros 0.1.0 into /workspace/builds/worker-0-tc2/source
[INFO] started tweaking crates.io crate term_render_macros 0.1.0
[INFO] finished tweaking crates.io crate term_render_macros 0.1.0
[INFO] tweaked toml for crates.io crate term_render_macros 0.1.0 written to /workspace/builds/worker-0-tc2/source/Cargo.toml
[INFO] validating manifest of crates.io crate term_render_macros 0.1.0 on toolchain 1.100.0-beta.1
[INFO] running `Command { std: CARGO_HOME="/workspace/cargo-home" RUSTUP_HOME="/workspace/rustup-home" "/workspace/cargo-home/bin/cargo" "+1.100.0-beta.1" "metadata" "--manifest-path" "Cargo.toml" "--no-deps", kill_on_drop: false }`
[INFO] crate crates.io crate term_render_macros 0.1.0 already has a lockfile, it will not be regenerated
[INFO] running `Command { std: CARGO_HOME="/workspace/cargo-home" RUSTUP_HOME="/workspace/rustup-home" "/workspace/cargo-home/bin/cargo" "+1.100.0-beta.1" "fetch" "--manifest-path" "Cargo.toml", kill_on_drop: false }`
[INFO] running `Command { std: "docker" "create" "-v" "/var/lib/crater-agent-workspace/builds/worker-0-tc2/source:/opt/rustwide/workdir:ro,Z" "-v" "/var/lib/crater-agent-workspace/builds/worker-0-tc2/target:/opt/rustwide/target:rw,Z" "-v" "/var/lib/crater-agent-workspace/cargo-home:/opt/rustwide/cargo-home:ro,Z" "-v" "/var/lib/crater-agent-workspace/rustup-home:/opt/rustwide/rustup-home:ro,Z" "-m" "1610612736" "--network" "none" "ghcr.io/rust-lang/crates-build-env/linux@sha256:3111399a4047eeb3a02b7a90e478d715f38a8c6669b5c4b49d30a17385265909" "sleep" "infinity", kill_on_drop: false }`
[INFO] [stdout] 7e5fb3aec9e12642740185f8e72430926468184072aca160eaad07e2b333ca15
[INFO] running `Command { std: "docker" "start" "7e5fb3aec9e12642740185f8e72430926468184072aca160eaad07e2b333ca15", kill_on_drop: false }`
[INFO] running `Command { std: "docker" "inspect" "7e5fb3aec9e12642740185f8e72430926468184072aca160eaad07e2b333ca15", kill_on_drop: false }`
[INFO] running `Command { std: "docker" "exec" "-e" "SOURCE_DIR=/opt/rustwide/workdir" "-e" "CARGO_HOME=/opt/rustwide/cargo-home" "-e" "RUSTUP_HOME=/opt/rustwide/rustup-home" "-e" "CARGO_TARGET_DIR=/opt/rustwide/target" "-w" "/opt/rustwide/workdir" "--user" "0:0" "7e5fb3aec9e12642740185f8e72430926468184072aca160eaad07e2b333ca15" "/opt/rustwide/cargo-home/bin/cargo" "+1.100.0-beta.1" "metadata" "--no-deps" "--format-version=1", kill_on_drop: false }`
[INFO] running `Command { std: "docker" "inspect" "7e5fb3aec9e12642740185f8e72430926468184072aca160eaad07e2b333ca15", kill_on_drop: false }`
[INFO] running `Command { std: "docker" "exec" "-e" "SOURCE_DIR=/opt/rustwide/workdir" "-e" "CARGO_HOME=/opt/rustwide/cargo-home" "-e" "RUSTUP_HOME=/opt/rustwide/rustup-home" "-e" "CARGO_TARGET_DIR=/opt/rustwide/target" "-e" "CARGO_INCREMENTAL=0" "-e" "RUST_BACKTRACE=full" "-e" "RUSTFLAGS=--cap-lints=warn" "-e" "RUSTDOCFLAGS=--cap-lints=warn" "-w" "/opt/rustwide/workdir" "--user" "0:0" "7e5fb3aec9e12642740185f8e72430926468184072aca160eaad07e2b333ca15" "/opt/rustwide/cargo-home/bin/cargo" "+1.100.0-beta.1" "build" "--frozen" "--message-format=json", kill_on_drop: false }`
[INFO] [stderr]    Compiling proc-macro2 v1.0.101
[INFO] [stderr]    Compiling unicode-ident v1.0.19
[INFO] [stderr]    Compiling quote v1.0.40
[INFO] [stderr]    Compiling syn v2.0.106
[INFO] [stderr]    Compiling term_render_macros v0.1.0 (/opt/rustwide/workdir)
[INFO] [stderr]     Finished `dev` profile [unoptimized + debuginfo] target(s) in 4.94s
[INFO] running `Command { std: "docker" "inspect" "7e5fb3aec9e12642740185f8e72430926468184072aca160eaad07e2b333ca15", kill_on_drop: false }`
[INFO] running `Command { std: "docker" "exec" "-e" "SOURCE_DIR=/opt/rustwide/workdir" "-e" "CARGO_HOME=/opt/rustwide/cargo-home" "-e" "RUSTUP_HOME=/opt/rustwide/rustup-home" "-e" "CARGO_TARGET_DIR=/opt/rustwide/target" "-e" "CARGO_INCREMENTAL=0" "-e" "RUST_BACKTRACE=full" "-e" "RUSTFLAGS=--cap-lints=warn" "-e" "RUSTDOCFLAGS=--cap-lints=warn" "-w" "/opt/rustwide/workdir" "--user" "0:0" "7e5fb3aec9e12642740185f8e72430926468184072aca160eaad07e2b333ca15" "/opt/rustwide/cargo-home/bin/cargo" "+1.100.0-beta.1" "test" "--frozen" "--no-run" "--message-format=json", kill_on_drop: false }`
[INFO] [stderr]    Compiling term_render_macros v0.1.0 (/opt/rustwide/workdir)
[INFO] [stderr]     Finished `test` profile [unoptimized + debuginfo] target(s) in 0.49s
[INFO] running `Command { std: "docker" "inspect" "7e5fb3aec9e12642740185f8e72430926468184072aca160eaad07e2b333ca15", kill_on_drop: false }`
[INFO] running `Command { std: "docker" "exec" "-e" "SOURCE_DIR=/opt/rustwide/workdir" "-e" "CARGO_HOME=/opt/rustwide/cargo-home" "-e" "RUSTUP_HOME=/opt/rustwide/rustup-home" "-e" "CARGO_TARGET_DIR=/opt/rustwide/target" "-e" "CARGO_INCREMENTAL=0" "-e" "RUST_BACKTRACE=full" "-e" "RUSTFLAGS=--cap-lints=warn" "-e" "RUSTDOCFLAGS=--cap-lints=warn" "-w" "/opt/rustwide/workdir" "--user" "0:0" "7e5fb3aec9e12642740185f8e72430926468184072aca160eaad07e2b333ca15" "/opt/rustwide/cargo-home/bin/cargo" "+1.100.0-beta.1" "test" "--frozen", kill_on_drop: false }`
[INFO] [stderr]     Finished `test` profile [unoptimized + debuginfo] target(s) in 0.05s
[INFO] [stderr]      Running unittests src/lib.rs (/opt/rustwide/target/debug/build/term_render_macros/730997cbe512aa2f/out/term_render_macros-730997cbe512aa2f)
[INFO] [stdout] 
[INFO] [stderr]    Doc-tests term_render_macros
[INFO] [stdout] running 0 tests
[INFO] [stdout] 
[INFO] [stdout] test result: ok. 0 passed; 0 failed; 0 ignored; 0 measured; 0 filtered out; finished in 0.00s
[INFO] [stdout] 
[INFO] [stdout] 
[INFO] [stdout] running 2 tests
[INFO] [stdout] test src/lib.rs - color (line 19) ... FAILED
[INFO] [stdout] test src/lib.rs - send_sync (line 46) ... FAILED
[INFO] [stdout] 
[INFO] [stdout] failures:
[INFO] [stdout] 
[INFO] [stdout] ---- src/lib.rs - color (line 19) stdout ----
[INFO] [stdout] error[E0433]: cannot find module or crate `term_render` in this scope
[INFO] [stdout]   --> src/lib.rs:21:1
[INFO] [stdout]    |
[INFO] [stdout] 21 | term_render::color!("Hello World");
[INFO] [stdout]    | ^^^^^^^^^^^ use of unresolved module or unlinked crate `term_render`
[INFO] [stdout] 
[INFO] [stdout] error[E0433]: cannot find module or crate `term_render` in this scope
[INFO] [stdout]   --> src/lib.rs:20:1
[INFO] [stdout]    |
[INFO] [stdout] 20 | term_render::color!("Hello World", White, Bold, Underline);
[INFO] [stdout]    | ^^^^^^^^^^^ use of unresolved module or unlinked crate `term_render`
[INFO] [stdout] 
[INFO] [stdout] error: aborting due to 2 previous errors
[INFO] [stdout] 
[INFO] [stdout] For more information about this error, try `rustc --explain E0433`.
[INFO] [stdout] Couldn't compile the test.
[INFO] [stdout] ---- src/lib.rs - send_sync (line 46) stdout ----
[INFO] [stdout] error: cannot find macro `send_sync` in this scope
[INFO] [stdout]   --> src/lib.rs:47:12
[INFO] [stdout]    |
[INFO] [stdout] 47 | let data = send_sync!(MyStruct { field1: 10, field2: String::from("Hello") });
[INFO] [stdout]    |            ^^^^^^^^^
[INFO] [stdout] 
[INFO] [stdout] error[E0433]: cannot find module or crate `parking_lot` in this scope
[INFO] [stdout]   --> src/lib.rs:49:32
[INFO] [stdout]    |
[INFO] [stdout] 49 | let data = std::sync::Arc::new(parking_lot::RwLock::new(MyStruct { field1: 10, field2: String::from("Hello") }));
[INFO] [stdout]    |                                ^^^^^^^^^^^ use of unresolved module or unlinked crate `parking_lot`
[INFO] [stdout]    |
[INFO] [stdout]    = help: if you wanted to use a crate named `parking_lot`, use `cargo add parking_lot` to add it to your `Cargo.toml`
[INFO] [stdout] help: consider importing this struct
[INFO] [stdout]    |
[INFO] [stdout] 46 + use std::sync::RwLock;
[INFO] [stdout]    |
[INFO] [stdout] help: if you import `RwLock`, refer to it directly
[INFO] [stdout]    |
[INFO] [stdout] 49 - let data = std::sync::Arc::new(parking_lot::RwLock::new(MyStruct { field1: 10, field2: String::from("Hello") }));
[INFO] [stdout] 49 + let data = std::sync::Arc::new(RwLock::new(MyStruct { field1: 10, field2: String::from("Hello") }));
[INFO] [stdout]    |
[INFO] [stdout] 
[INFO] [stdout] error[E0422]: cannot find struct, variant or union type `MyStruct` in this scope
[INFO] [stdout]   --> src/lib.rs:49:57
[INFO] [stdout]    |
[INFO] [stdout] 49 | let data = std::sync::Arc::new(parking_lot::RwLock::new(MyStruct { field1: 10, field2: String::from("Hello") }));
[INFO] [stdout]    |                                                         ^^^^^^^^ not found in this scope
[INFO] [stdout] 
[INFO] [stdout] error: aborting due to 3 previous errors
[INFO] [stdout] 
[INFO] [stdout] Some errors have detailed explanations: E0422, E0433.
[INFO] [stdout] For more information about an error, try `rustc --explain E0422`.
[INFO] [stdout] Couldn't compile the test.
[INFO] [stdout] 
[INFO] [stdout] failures:
[INFO] [stdout]     src/lib.rs - color (line 19)
[INFO] [stdout]     src/lib.rs - send_sync (line 46)
[INFO] [stdout] 
[INFO] [stdout] test result: FAILED. 0 passed; 2 failed; 0 ignored; 0 measured; 0 filtered out; finished in 0.13s
[INFO] [stdout] 
[INFO] [stdout] all doctests ran in 0.24s; merged doctests compilation took 0.11s
[INFO] [stderr] error: doctest failed, to rerun pass `--doc`
[INFO] running `Command { std: "docker" "inspect" "7e5fb3aec9e12642740185f8e72430926468184072aca160eaad07e2b333ca15", kill_on_drop: false }`
[INFO] running `Command { std: "docker" "rm" "-f" "7e5fb3aec9e12642740185f8e72430926468184072aca160eaad07e2b333ca15", kill_on_drop: false }`
[INFO] [stdout] 7e5fb3aec9e12642740185f8e72430926468184072aca160eaad07e2b333ca15
