[INFO] fetching crate tenvy_derive 1.0.1...
[INFO] testing tenvy_derive-1.0.1 against 1.100.0-beta.1 for beta-1.100-2
[INFO] extracting crate tenvy_derive 1.0.1 into /workspace/builds/worker-7-tc2/source
[INFO] started tweaking crates.io crate tenvy_derive 1.0.1
[INFO] finished tweaking crates.io crate tenvy_derive 1.0.1
[INFO] tweaked toml for crates.io crate tenvy_derive 1.0.1 written to /workspace/builds/worker-7-tc2/source/Cargo.toml
[INFO] validating manifest of crates.io crate tenvy_derive 1.0.1 on toolchain 1.100.0-beta.1
[INFO] running `Command { std: CARGO_HOME="/workspace/cargo-home" RUSTUP_HOME="/workspace/rustup-home" "/workspace/cargo-home/bin/cargo" "+1.100.0-beta.1" "metadata" "--manifest-path" "Cargo.toml" "--no-deps", kill_on_drop: false }`
[INFO] crate crates.io crate tenvy_derive 1.0.1 already has a lockfile, it will not be regenerated
[INFO] running `Command { std: CARGO_HOME="/workspace/cargo-home" RUSTUP_HOME="/workspace/rustup-home" "/workspace/cargo-home/bin/cargo" "+1.100.0-beta.1" "fetch" "--manifest-path" "Cargo.toml", kill_on_drop: false }`
[INFO] running `Command { std: "docker" "create" "-v" "/var/lib/crater-agent-workspace/builds/worker-7-tc2/source:/opt/rustwide/workdir:ro,Z" "-v" "/var/lib/crater-agent-workspace/builds/worker-7-tc2/target:/opt/rustwide/target:rw,Z" "-v" "/var/lib/crater-agent-workspace/cargo-home:/opt/rustwide/cargo-home:ro,Z" "-v" "/var/lib/crater-agent-workspace/rustup-home:/opt/rustwide/rustup-home:ro,Z" "-m" "1610612736" "--network" "none" "ghcr.io/rust-lang/crates-build-env/linux@sha256:3111399a4047eeb3a02b7a90e478d715f38a8c6669b5c4b49d30a17385265909" "sleep" "infinity", kill_on_drop: false }`
[INFO] [stdout] 872c866fdee3dbd039a4590cbdabaa52139e0063a61fa0c1e72fa1e6036c11fe
[INFO] running `Command { std: "docker" "start" "872c866fdee3dbd039a4590cbdabaa52139e0063a61fa0c1e72fa1e6036c11fe", kill_on_drop: false }`
[INFO] running `Command { std: "docker" "inspect" "872c866fdee3dbd039a4590cbdabaa52139e0063a61fa0c1e72fa1e6036c11fe", kill_on_drop: false }`
[INFO] running `Command { std: "docker" "exec" "-e" "SOURCE_DIR=/opt/rustwide/workdir" "-e" "CARGO_HOME=/opt/rustwide/cargo-home" "-e" "RUSTUP_HOME=/opt/rustwide/rustup-home" "-e" "CARGO_TARGET_DIR=/opt/rustwide/target" "-w" "/opt/rustwide/workdir" "--user" "0:0" "872c866fdee3dbd039a4590cbdabaa52139e0063a61fa0c1e72fa1e6036c11fe" "/opt/rustwide/cargo-home/bin/cargo" "+1.100.0-beta.1" "metadata" "--no-deps" "--format-version=1", kill_on_drop: false }`
[INFO] running `Command { std: "docker" "inspect" "872c866fdee3dbd039a4590cbdabaa52139e0063a61fa0c1e72fa1e6036c11fe", kill_on_drop: false }`
[INFO] running `Command { std: "docker" "exec" "-e" "SOURCE_DIR=/opt/rustwide/workdir" "-e" "CARGO_HOME=/opt/rustwide/cargo-home" "-e" "RUSTUP_HOME=/opt/rustwide/rustup-home" "-e" "CARGO_TARGET_DIR=/opt/rustwide/target" "-e" "CARGO_INCREMENTAL=0" "-e" "RUST_BACKTRACE=full" "-e" "RUSTFLAGS=--cap-lints=warn" "-e" "RUSTDOCFLAGS=--cap-lints=warn" "-w" "/opt/rustwide/workdir" "--user" "0:0" "872c866fdee3dbd039a4590cbdabaa52139e0063a61fa0c1e72fa1e6036c11fe" "/opt/rustwide/cargo-home/bin/cargo" "+1.100.0-beta.1" "build" "--frozen" "--message-format=json", kill_on_drop: false }`
[INFO] [stderr]    Compiling syn v3.0.3
[INFO] [stderr]    Compiling tenvy_derive v1.0.1 (/opt/rustwide/workdir)
[INFO] [stderr]     Finished `dev` profile [unoptimized + debuginfo] target(s) in 4.82s
[INFO] running `Command { std: "docker" "inspect" "872c866fdee3dbd039a4590cbdabaa52139e0063a61fa0c1e72fa1e6036c11fe", kill_on_drop: false }`
[INFO] running `Command { std: "docker" "exec" "-e" "SOURCE_DIR=/opt/rustwide/workdir" "-e" "CARGO_HOME=/opt/rustwide/cargo-home" "-e" "RUSTUP_HOME=/opt/rustwide/rustup-home" "-e" "CARGO_TARGET_DIR=/opt/rustwide/target" "-e" "CARGO_INCREMENTAL=0" "-e" "RUST_BACKTRACE=full" "-e" "RUSTFLAGS=--cap-lints=warn" "-e" "RUSTDOCFLAGS=--cap-lints=warn" "-w" "/opt/rustwide/workdir" "--user" "0:0" "872c866fdee3dbd039a4590cbdabaa52139e0063a61fa0c1e72fa1e6036c11fe" "/opt/rustwide/cargo-home/bin/cargo" "+1.100.0-beta.1" "test" "--frozen" "--no-run" "--message-format=json", kill_on_drop: false }`
[INFO] [stderr]    Compiling thiserror v2.0.19
[INFO] [stderr]    Compiling thiserror-impl v2.0.19
[INFO] [stderr]    Compiling tenvy_derive v1.0.1 (/opt/rustwide/workdir)
[INFO] [stderr]     Finished `test` profile [unoptimized + debuginfo] target(s) in 2.41s
[INFO] running `Command { std: "docker" "inspect" "872c866fdee3dbd039a4590cbdabaa52139e0063a61fa0c1e72fa1e6036c11fe", kill_on_drop: false }`
[INFO] running `Command { std: "docker" "exec" "-e" "SOURCE_DIR=/opt/rustwide/workdir" "-e" "CARGO_HOME=/opt/rustwide/cargo-home" "-e" "RUSTUP_HOME=/opt/rustwide/rustup-home" "-e" "CARGO_TARGET_DIR=/opt/rustwide/target" "-e" "CARGO_INCREMENTAL=0" "-e" "RUST_BACKTRACE=full" "-e" "RUSTFLAGS=--cap-lints=warn" "-e" "RUSTDOCFLAGS=--cap-lints=warn" "-w" "/opt/rustwide/workdir" "--user" "0:0" "872c866fdee3dbd039a4590cbdabaa52139e0063a61fa0c1e72fa1e6036c11fe" "/opt/rustwide/cargo-home/bin/cargo" "+1.100.0-beta.1" "test" "--frozen", kill_on_drop: false }`
[INFO] [stderr]     Finished `test` profile [unoptimized + debuginfo] target(s) in 0.13s
[INFO] [stderr]      Running unittests src/lib.rs (/opt/rustwide/target/debug/build/tenvy_derive/a193572b72f82b45/out/tenvy_derive-a193572b72f82b45)
[INFO] [stdout] 
[INFO] [stdout] running 0 tests
[INFO] [stdout] 
[INFO] [stdout] test result: ok. 0 passed; 0 failed; 0 ignored; 0 measured; 0 filtered out; finished in 0.00s
[INFO] [stdout] 
[INFO] [stderr]    Doc-tests tenvy_derive
[INFO] [stdout] 
[INFO] [stdout] running 15 tests
[INFO] [stdout] test src/lib.rs - my_macro (line 108) ... FAILED
[INFO] [stdout] test src/lib.rs - my_macro (line 100) ... FAILED
[INFO] [stdout] test src/lib.rs - my_macro (line 234) ... FAILED
[INFO] [stdout] test src/lib.rs - my_macro (line 36) ... FAILED
[INFO] [stdout] test src/lib.rs - my_macro (line 165) ... FAILED
[INFO] [stdout] test src/lib.rs - my_macro (line 123) ... FAILED
[INFO] [stdout] test src/lib.rs - my_macro (line 190) ... FAILED
[INFO] [stdout] test src/lib.rs - my_macro (line 66) ... FAILED
[INFO] [stdout] test src/lib.rs - my_macro (line 86) ... FAILED
[INFO] [stdout] test src/lib.rs - my_macro (line 58) ... FAILED
[INFO] [stdout] test src/lib.rs - my_macro (line 172) ... FAILED
[INFO] [stdout] test src/lib.rs - my_macro (line 246) ... FAILED
[INFO] [stdout] test src/lib.rs - my_macro (line 206) ... FAILED
[INFO] [stdout] test src/lib.rs - my_macro (line 78) ... FAILED
[INFO] [stdout] test src/lib.rs - my_macro (line 25) ... FAILED
[INFO] [stdout] 
[INFO] [stdout] failures:
[INFO] [stdout] 
[INFO] [stdout] ---- src/lib.rs - my_macro (line 108) stdout ----
[INFO] [stdout] error[E0432]: unresolved import `tenvy`
[INFO] [stdout]    --> src/lib.rs:109:5
[INFO] [stdout]     |
[INFO] [stdout] 109 | use tenvy::*;
[INFO] [stdout]     |     ^^^^^ use of unresolved module or unlinked crate `tenvy`
[INFO] [stdout]     |
[INFO] [stdout]     = help: if you wanted to use a crate named `tenvy`, use `cargo add tenvy` to add it to your `Cargo.toml`
[INFO] [stdout] 
[INFO] [stdout] error: aborting due to 1 previous error
[INFO] [stdout] 
[INFO] [stdout] For more information about this error, try `rustc --explain E0432`.
[INFO] [stdout] Couldn't compile the test.
[INFO] [stdout] ---- src/lib.rs - my_macro (line 100) stdout ----
[INFO] [stdout] error[E0433]: cannot find `tenvy` in the list of imported crates
[INFO] [stdout]    --> src/lib.rs:103:10
[INFO] [stdout]     |
[INFO] [stdout] 103 | #[derive(Tenvy)]
[INFO] [stdout]     |          ^^^^^ could not find `tenvy` in the list of imported crates
[INFO] [stdout]     |
[INFO] [stdout]     = note: this error originates in the derive macro `Tenvy` (in Nightly builds, run with -Z macro-backtrace for more info)
[INFO] [stdout] 
[INFO] [stdout] error: aborting due to 1 previous error
[INFO] [stdout] 
[INFO] [stdout] For more information about this error, try `rustc --explain E0433`.
[INFO] [stdout] Couldn't compile the test.
[INFO] [stdout] ---- src/lib.rs - my_macro (line 234) stdout ----
[INFO] [stdout] error[E0433]: cannot find `tenvy` in the list of imported crates
[INFO] [stdout]    --> src/lib.rs:238:10
[INFO] [stdout]     |
[INFO] [stdout] 238 | #[derive(Tenvy)]
[INFO] [stdout]     |          ^^^^^ could not find `tenvy` in the list of imported crates
[INFO] [stdout]     |
[INFO] [stdout]     = note: this error originates in the derive macro `Tenvy` (in Nightly builds, run with -Z macro-backtrace for more info)
[INFO] [stdout] 
[INFO] [stdout] error[E0433]: cannot find module or crate `tenvy` in this scope
[INFO] [stdout]    --> src/lib.rs:239:15
[INFO] [stdout]     |
[INFO] [stdout] 239 | #[tenvy(via = tenvy::TryFrom<u8>)]
[INFO] [stdout]     |               ^^^^^ use of unresolved module or unlinked crate `tenvy`
[INFO] [stdout]     |
[INFO] [stdout]     = help: if you wanted to use a crate named `tenvy`, use `cargo add tenvy` to add it to your `Cargo.toml`
[INFO] [stdout] 
[INFO] [stdout] error: aborting due to 2 previous errors
[INFO] [stdout] 
[INFO] [stdout] For more information about this error, try `rustc --explain E0433`.
[INFO] [stdout] Couldn't compile the test.
[INFO] [stdout] ---- src/lib.rs - my_macro (line 36) stdout ----
[INFO] [stdout] error[E0432]: unresolved import `tenvy`
[INFO] [stdout]   --> src/lib.rs:37:5
[INFO] [stdout]    |
[INFO] [stdout] 37 | use tenvy::*;
[INFO] [stdout]    |     ^^^^^ use of unresolved module or unlinked crate `tenvy`
[INFO] [stdout]    |
[INFO] [stdout]    = help: if you wanted to use a crate named `tenvy`, use `cargo add tenvy` to add it to your `Cargo.toml`
[INFO] [stdout] 
[INFO] [stdout] error: aborting due to 1 previous error
[INFO] [stdout] 
[INFO] [stdout] For more information about this error, try `rustc --explain E0432`.
[INFO] [stdout] Couldn't compile the test.
[INFO] [stdout] ---- src/lib.rs - my_macro (line 165) stdout ----
[INFO] [stdout] error[E0433]: cannot find `tenvy` in the list of imported crates
[INFO] [stdout]    --> src/lib.rs:168:10
[INFO] [stdout]     |
[INFO] [stdout] 168 | #[derive(Tenvy)]
[INFO] [stdout]     |          ^^^^^ could not find `tenvy` in the list of imported crates
[INFO] [stdout]     |
[INFO] [stdout]     = note: this error originates in the derive macro `Tenvy` (in Nightly builds, run with -Z macro-backtrace for more info)
[INFO] [stdout] 
[INFO] [stdout] error[E0433]: cannot find `tenvy` in the list of imported crates
[INFO] [stdout]    --> src/lib.rs:168:10
[INFO] [stdout]     |
[INFO] [stdout] 168 | #[derive(Tenvy)]
[INFO] [stdout]     |          ^^^^^ could not find `tenvy` in the list of imported crates
[INFO] [stdout]     |
[INFO] [stdout]     = note: this error originates in the derive macro `Tenvy` (in Nightly builds, run with -Z macro-backtrace for more info)
[INFO] [stdout] help: consider importing one of these items
[INFO] [stdout]     |
[INFO] [stdout] 164 + use std::error::Error;
[INFO] [stdout]     |
[INFO] [stdout] 164 + use std::fmt::Error;
[INFO] [stdout]     |
[INFO] [stdout] 164 + use std::io::Error;
[INFO] [stdout]     |
[INFO] [stdout] 164 + use core::error::Error;
[INFO] [stdout]     |
[INFO] [stdout]     = and 1 other candidate
[INFO] [stdout] 
[INFO] [stdout] error: aborting due to 2 previous errors
[INFO] [stdout] 
[INFO] [stdout] For more information about this error, try `rustc --explain E0433`.
[INFO] [stdout] Couldn't compile the test.
[INFO] [stdout] ---- src/lib.rs - my_macro (line 123) stdout ----
[INFO] [stdout] error[E0432]: unresolved import `tenvy`
[INFO] [stdout]    --> src/lib.rs:125:5
[INFO] [stdout]     |
[INFO] [stdout] 125 | use tenvy::*;
[INFO] [stdout]     |     ^^^^^ use of unresolved module or unlinked crate `tenvy`
[INFO] [stdout]     |
[INFO] [stdout]     = help: if you wanted to use a crate named `tenvy`, use `cargo add tenvy` to add it to your `Cargo.toml`
[INFO] [stdout] 
[INFO] [stdout] error: aborting due to 1 previous error
[INFO] [stdout] 
[INFO] [stdout] For more information about this error, try `rustc --explain E0432`.
[INFO] [stdout] Couldn't compile the test.
[INFO] [stdout] ---- src/lib.rs - my_macro (line 190) stdout ----
[INFO] [stdout] error[E0433]: cannot find `tenvy` in the list of imported crates
[INFO] [stdout]    --> src/lib.rs:193:10
[INFO] [stdout]     |
[INFO] [stdout] 193 | #[derive(Tenvy)]
[INFO] [stdout]     |          ^^^^^ could not find `tenvy` in the list of imported crates
[INFO] [stdout]     |
[INFO] [stdout]     = note: this error originates in the derive macro `Tenvy` (in Nightly builds, run with -Z macro-backtrace for more info)
[INFO] [stdout] 
[INFO] [stdout] error: aborting due to 1 previous error
[INFO] [stdout] 
[INFO] [stdout] For more information about this error, try `rustc --explain E0433`.
[INFO] [stdout] Couldn't compile the test.
[INFO] [stdout] ---- src/lib.rs - my_macro (line 66) stdout ----
[INFO] [stdout] error[E0432]: unresolved import `tenvy`
[INFO] [stdout]   --> src/lib.rs:67:5
[INFO] [stdout]    |
[INFO] [stdout] 67 | use tenvy::*;
[INFO] [stdout]    |     ^^^^^ use of unresolved module or unlinked crate `tenvy`
[INFO] [stdout]    |
[INFO] [stdout]    = help: if you wanted to use a crate named `tenvy`, use `cargo add tenvy` to add it to your `Cargo.toml`
[INFO] [stdout] 
[INFO] [stdout] error: aborting due to 1 previous error
[INFO] [stdout] 
[INFO] [stdout] For more information about this error, try `rustc --explain E0432`.
[INFO] [stdout] Couldn't compile the test.
[INFO] [stdout] ---- src/lib.rs - my_macro (line 86) stdout ----
[INFO] [stdout] error[E0432]: unresolved import `tenvy`
[INFO] [stdout]   --> src/lib.rs:87:5
[INFO] [stdout]    |
[INFO] [stdout] 87 | use tenvy::*;
[INFO] [stdout]    |     ^^^^^ use of unresolved module or unlinked crate `tenvy`
[INFO] [stdout]    |
[INFO] [stdout]    = help: if you wanted to use a crate named `tenvy`, use `cargo add tenvy` to add it to your `Cargo.toml`
[INFO] [stdout] 
[INFO] [stdout] error: aborting due to 1 previous error
[INFO] [stdout] 
[INFO] [stdout] For more information about this error, try `rustc --explain E0432`.
[INFO] [stdout] Couldn't compile the test.
[INFO] [stdout] ---- src/lib.rs - my_macro (line 58) stdout ----
[INFO] [stdout] error[E0433]: cannot find `tenvy` in the list of imported crates
[INFO] [stdout]   --> src/lib.rs:61:10
[INFO] [stdout]    |
[INFO] [stdout] 61 | #[derive(Tenvy)]
[INFO] [stdout]    |          ^^^^^ could not find `tenvy` in the list of imported crates
[INFO] [stdout]    |
[INFO] [stdout]    = note: this error originates in the derive macro `Tenvy` (in Nightly builds, run with -Z macro-backtrace for more info)
[INFO] [stdout] 
[INFO] [stdout] error: aborting due to 1 previous error
[INFO] [stdout] 
[INFO] [stdout] For more information about this error, try `rustc --explain E0433`.
[INFO] [stdout] Couldn't compile the test.
[INFO] [stdout] ---- src/lib.rs - my_macro (line 172) stdout ----
[INFO] [stdout] error[E0433]: cannot find `tenvy` in the list of imported crates
[INFO] [stdout]    --> src/lib.rs:175:10
[INFO] [stdout]     |
[INFO] [stdout] 175 | #[derive(Tenvy)]
[INFO] [stdout]     |          ^^^^^ could not find `tenvy` in the list of imported crates
[INFO] [stdout]     |
[INFO] [stdout]     = note: this error originates in the derive macro `Tenvy` (in Nightly builds, run with -Z macro-backtrace for more info)
[INFO] [stdout] 
[INFO] [stdout] error[E0433]: cannot find `tenvy` in the list of imported crates
[INFO] [stdout]    --> src/lib.rs:175:10
[INFO] [stdout]     |
[INFO] [stdout] 175 | #[derive(Tenvy)]
[INFO] [stdout]     |          ^^^^^ could not find `tenvy` in the list of imported crates
[INFO] [stdout]     |
[INFO] [stdout]     = note: this error originates in the derive macro `Tenvy` (in Nightly builds, run with -Z macro-backtrace for more info)
[INFO] [stdout] help: consider importing one of these items
[INFO] [stdout]     |
[INFO] [stdout] 171 + use std::error::Error;
[INFO] [stdout]     |
[INFO] [stdout] 171 + use std::fmt::Error;
[INFO] [stdout]     |
[INFO] [stdout] 171 + use std::io::Error;
[INFO] [stdout]     |
[INFO] [stdout] 171 + use core::error::Error;
[INFO] [stdout]     |
[INFO] [stdout]     = and 1 other candidate
[INFO] [stdout] 
[INFO] [stdout] error: aborting due to 2 previous errors
[INFO] [stdout] 
[INFO] [stdout] For more information about this error, try `rustc --explain E0433`.
[INFO] [stdout] Couldn't compile the test.
[INFO] [stdout] ---- src/lib.rs - my_macro (line 246) stdout ----
[INFO] [stdout] error[E0433]: cannot find `tenvy` in the list of imported crates
[INFO] [stdout]    --> src/lib.rs:251:10
[INFO] [stdout]     |
[INFO] [stdout] 251 | #[derive(Tenvy)]
[INFO] [stdout]     |          ^^^^^ could not find `tenvy` in the list of imported crates
[INFO] [stdout]     |
[INFO] [stdout]     = note: this error originates in the derive macro `Tenvy` (in Nightly builds, run with -Z macro-backtrace for more info)
[INFO] [stdout] 
[INFO] [stdout] error[E0433]: cannot find `tenvy` in the list of imported crates
[INFO] [stdout]    --> src/lib.rs:255:10
[INFO] [stdout]     |
[INFO] [stdout] 255 | #[derive(Tenvy)]
[INFO] [stdout]     |          ^^^^^ could not find `tenvy` in the list of imported crates
[INFO] [stdout]     |
[INFO] [stdout]     = note: this error originates in the derive macro `Tenvy` (in Nightly builds, run with -Z macro-backtrace for more info)
[INFO] [stdout] 
[INFO] [stdout] error[E0433]: cannot find module or crate `tenvy` in this scope
[INFO] [stdout]    --> src/lib.rs:258:19
[INFO] [stdout]     |
[INFO] [stdout] 258 |     #[tenvy(via = tenvy::From<Seconds>)]
[INFO] [stdout]     |                   ^^^^^ use of unresolved module or unlinked crate `tenvy`
[INFO] [stdout]     |
[INFO] [stdout]     = help: if you wanted to use a crate named `tenvy`, use `cargo add tenvy` to add it to your `Cargo.toml`
[INFO] [stdout] 
[INFO] [stdout] error: aborting due to 3 previous errors
[INFO] [stdout] 
[INFO] [stdout] For more information about this error, try `rustc --explain E0433`.
[INFO] [stdout] Couldn't compile the test.
[INFO] [stdout] ---- src/lib.rs - my_macro (line 206) stdout ----
[INFO] [stdout] error[E0433]: cannot find `tenvy` in the list of imported crates
[INFO] [stdout]    --> src/lib.rs:209:10
[INFO] [stdout]     |
[INFO] [stdout] 209 | #[derive(Tenvy)]
[INFO] [stdout]     |          ^^^^^ could not find `tenvy` in the list of imported crates
[INFO] [stdout]     |
[INFO] [stdout]     = note: this error originates in the derive macro `Tenvy` (in Nightly builds, run with -Z macro-backtrace for more info)
[INFO] [stdout] 
[INFO] [stdout] error[E0433]: cannot find `tenvy` in the list of imported crates
[INFO] [stdout]    --> src/lib.rs:214:10
[INFO] [stdout]     |
[INFO] [stdout] 214 | #[derive(Tenvy)]
[INFO] [stdout]     |          ^^^^^ could not find `tenvy` in the list of imported crates
[INFO] [stdout]     |
[INFO] [stdout]     = note: this error originates in the derive macro `Tenvy` (in Nightly builds, run with -Z macro-backtrace for more info)
[INFO] [stdout] 
[INFO] [stdout] error: aborting due to 2 previous errors
[INFO] [stdout] 
[INFO] [stdout] For more information about this error, try `rustc --explain E0433`.
[INFO] [stdout] Couldn't compile the test.
[INFO] [stdout] ---- src/lib.rs - my_macro (line 78) stdout ----
[INFO] [stdout] error[E0433]: cannot find `tenvy` in the list of imported crates
[INFO] [stdout]   --> src/lib.rs:81:10
[INFO] [stdout]    |
[INFO] [stdout] 81 | #[derive(Tenvy)]
[INFO] [stdout]    |          ^^^^^ could not find `tenvy` in the list of imported crates
[INFO] [stdout]    |
[INFO] [stdout]    = note: this error originates in the derive macro `Tenvy` (in Nightly builds, run with -Z macro-backtrace for more info)
[INFO] [stdout] 
[INFO] [stdout] error: aborting due to 1 previous error
[INFO] [stdout] 
[INFO] [stdout] For more information about this error, try `rustc --explain E0433`.
[INFO] [stdout] Couldn't compile the test.
[INFO] [stdout] ---- src/lib.rs - my_macro (line 25) stdout ----
[INFO] [stdout] error[E0433]: cannot find `tenvy` in the list of imported crates
[INFO] [stdout]   --> src/lib.rs:28:10
[INFO] [stdout]    |
[INFO] [stdout] 28 | #[derive(Tenvy)]
[INFO] [stdout]    |          ^^^^^ could not find `tenvy` in the list of imported crates
[INFO] [stdout]    |
[INFO] [stdout]    = note: this error originates in the derive macro `Tenvy` (in Nightly builds, run with -Z macro-backtrace for more info)
[INFO] [stdout] 
[INFO] [stdout] error: aborting due to 1 previous error
[INFO] [stdout] 
[INFO] [stdout] For more information about this error, try `rustc --explain E0433`.
[INFO] [stdout] Couldn't compile the test.
[INFO] [stdout] 
[INFO] [stdout] failures:
[INFO] [stdout]     src/lib.rs - my_macro (line 100)
[INFO] [stdout]     src/lib.rs - my_macro (line 108)
[INFO] [stdout]     src/lib.rs - my_macro (line 123)
[INFO] [stdout]     src/lib.rs - my_macro (line 165)
[INFO] [stdout]     src/lib.rs - my_macro (line 172)
[INFO] [stdout]     src/lib.rs - my_macro (line 190)
[INFO] [stdout]     src/lib.rs - my_macro (line 206)
[INFO] [stdout]     src/lib.rs - my_macro (line 234)
[INFO] [stdout]     src/lib.rs - my_macro (line 246)
[INFO] [stdout]     src/lib.rs - my_macro (line 25)
[INFO] [stdout]     src/lib.rs - my_macro (line 36)
[INFO] [stdout]     src/lib.rs - my_macro (line 58)
[INFO] [stdout]     src/lib.rs - my_macro (line 66)
[INFO] [stdout]     src/lib.rs - my_macro (line 78)
[INFO] [stdout]     src/lib.rs - my_macro (line 86)
[INFO] [stdout] 
[INFO] [stdout] test result: FAILED. 0 passed; 15 failed; 0 ignored; 0 measured; 0 filtered out; finished in 1.19s
[INFO] [stdout] 
[INFO] [stdout] all doctests ran in 1.82s; merged doctests compilation took 0.63s
[INFO] [stderr] error: doctest failed, to rerun pass `--doc`
[INFO] running `Command { std: "docker" "inspect" "872c866fdee3dbd039a4590cbdabaa52139e0063a61fa0c1e72fa1e6036c11fe", kill_on_drop: false }`
[INFO] running `Command { std: "docker" "rm" "-f" "872c866fdee3dbd039a4590cbdabaa52139e0063a61fa0c1e72fa1e6036c11fe", kill_on_drop: false }`
[INFO] [stdout] 872c866fdee3dbd039a4590cbdabaa52139e0063a61fa0c1e72fa1e6036c11fe
