[INFO] fetching crate tenvy 1.0.1...
[INFO] testing tenvy-1.0.1 against 1.99.0-beta.8 for beta-1.100-2
[INFO] extracting crate tenvy 1.0.1 into /workspace/builds/worker-3-tc1/source
[INFO] started tweaking crates.io crate tenvy 1.0.1
[INFO] finished tweaking crates.io crate tenvy 1.0.1
[INFO] tweaked toml for crates.io crate tenvy 1.0.1 written to /workspace/builds/worker-3-tc1/source/Cargo.toml
[INFO] validating manifest of crates.io crate tenvy 1.0.1 on toolchain 1.99.0-beta.8
[INFO] running `Command { std: CARGO_HOME="/workspace/cargo-home" RUSTUP_HOME="/workspace/rustup-home" "/workspace/cargo-home/bin/cargo" "+1.99.0-beta.8" "metadata" "--manifest-path" "Cargo.toml" "--no-deps", kill_on_drop: false }`
[INFO] crate crates.io crate tenvy 1.0.1 already has a lockfile, it will not be regenerated
[INFO] running `Command { std: CARGO_HOME="/workspace/cargo-home" RUSTUP_HOME="/workspace/rustup-home" "/workspace/cargo-home/bin/cargo" "+1.99.0-beta.8" "fetch" "--manifest-path" "Cargo.toml", kill_on_drop: false }`
[INFO] [stderr]     Updating crates.io index
[INFO] [stderr]  Downloading crates ...
[INFO] [stderr]   Downloaded tenvy_derive v1.0.1
[INFO] running `Command { std: "docker" "create" "-v" "/var/lib/crater-agent-workspace/builds/worker-3-tc1/source:/opt/rustwide/workdir:ro,Z" "-v" "/var/lib/crater-agent-workspace/builds/worker-3-tc1/target:/opt/rustwide/target:rw,Z" "-v" "/var/lib/crater-agent-workspace/cargo-home:/opt/rustwide/cargo-home:ro,Z" "-v" "/var/lib/crater-agent-workspace/rustup-home:/opt/rustwide/rustup-home:ro,Z" "-m" "1610612736" "--network" "none" "ghcr.io/rust-lang/crates-build-env/linux@sha256:3111399a4047eeb3a02b7a90e478d715f38a8c6669b5c4b49d30a17385265909" "sleep" "infinity", kill_on_drop: false }`
[INFO] [stdout] 14e663e1591e0c1fb83d8675fdd66ec8e70945d29aa64c4c71c807a3ed6de271
[INFO] running `Command { std: "docker" "start" "14e663e1591e0c1fb83d8675fdd66ec8e70945d29aa64c4c71c807a3ed6de271", kill_on_drop: false }`
[INFO] running `Command { std: "docker" "inspect" "14e663e1591e0c1fb83d8675fdd66ec8e70945d29aa64c4c71c807a3ed6de271", kill_on_drop: false }`
[INFO] running `Command { std: "docker" "exec" "-e" "SOURCE_DIR=/opt/rustwide/workdir" "-e" "CARGO_HOME=/opt/rustwide/cargo-home" "-e" "RUSTUP_HOME=/opt/rustwide/rustup-home" "-e" "CARGO_TARGET_DIR=/opt/rustwide/target" "-w" "/opt/rustwide/workdir" "--user" "0:0" "14e663e1591e0c1fb83d8675fdd66ec8e70945d29aa64c4c71c807a3ed6de271" "/opt/rustwide/cargo-home/bin/cargo" "+1.99.0-beta.8" "metadata" "--no-deps" "--format-version=1", kill_on_drop: false }`
[INFO] running `Command { std: "docker" "inspect" "14e663e1591e0c1fb83d8675fdd66ec8e70945d29aa64c4c71c807a3ed6de271", kill_on_drop: false }`
[INFO] running `Command { std: "docker" "exec" "-e" "SOURCE_DIR=/opt/rustwide/workdir" "-e" "CARGO_HOME=/opt/rustwide/cargo-home" "-e" "RUSTUP_HOME=/opt/rustwide/rustup-home" "-e" "CARGO_TARGET_DIR=/opt/rustwide/target" "-e" "CARGO_INCREMENTAL=0" "-e" "RUST_BACKTRACE=full" "-e" "RUSTFLAGS=--cap-lints=warn" "-e" "RUSTDOCFLAGS=--cap-lints=warn" "-w" "/opt/rustwide/workdir" "--user" "0:0" "14e663e1591e0c1fb83d8675fdd66ec8e70945d29aa64c4c71c807a3ed6de271" "/opt/rustwide/cargo-home/bin/cargo" "+1.99.0-beta.8" "build" "--frozen" "--message-format=json", kill_on_drop: false }`
[INFO] [stderr]    Compiling proc-macro2 v1.0.107
[INFO] [stderr]    Compiling thiserror v2.0.19
[INFO] [stderr]    Compiling quote v1.0.47
[INFO] [stderr]    Compiling syn v3.0.3
[INFO] [stderr]    Compiling thiserror-impl v2.0.19
[INFO] [stderr]    Compiling tenvy v1.0.1 (/opt/rustwide/workdir)
[INFO] [stderr]     Finished `dev` profile [unoptimized + debuginfo] target(s) in 4.24s
[INFO] running `Command { std: "docker" "inspect" "14e663e1591e0c1fb83d8675fdd66ec8e70945d29aa64c4c71c807a3ed6de271", kill_on_drop: false }`
[INFO] running `Command { std: "docker" "exec" "-e" "SOURCE_DIR=/opt/rustwide/workdir" "-e" "CARGO_HOME=/opt/rustwide/cargo-home" "-e" "RUSTUP_HOME=/opt/rustwide/rustup-home" "-e" "CARGO_TARGET_DIR=/opt/rustwide/target" "-e" "CARGO_INCREMENTAL=0" "-e" "RUST_BACKTRACE=full" "-e" "RUSTFLAGS=--cap-lints=warn" "-e" "RUSTDOCFLAGS=--cap-lints=warn" "-w" "/opt/rustwide/workdir" "--user" "0:0" "14e663e1591e0c1fb83d8675fdd66ec8e70945d29aa64c4c71c807a3ed6de271" "/opt/rustwide/cargo-home/bin/cargo" "+1.99.0-beta.8" "test" "--frozen" "--no-run" "--message-format=json", kill_on_drop: false }`
[INFO] [stderr]    Compiling tenvy v1.0.1 (/opt/rustwide/workdir)
[INFO] [stderr]     Finished `test` profile [unoptimized + debuginfo] target(s) in 0.21s
[INFO] running `Command { std: "docker" "inspect" "14e663e1591e0c1fb83d8675fdd66ec8e70945d29aa64c4c71c807a3ed6de271", kill_on_drop: false }`
[INFO] running `Command { std: "docker" "exec" "-e" "SOURCE_DIR=/opt/rustwide/workdir" "-e" "CARGO_HOME=/opt/rustwide/cargo-home" "-e" "RUSTUP_HOME=/opt/rustwide/rustup-home" "-e" "CARGO_TARGET_DIR=/opt/rustwide/target" "-e" "CARGO_INCREMENTAL=0" "-e" "RUST_BACKTRACE=full" "-e" "RUSTFLAGS=--cap-lints=warn" "-e" "RUSTDOCFLAGS=--cap-lints=warn" "-w" "/opt/rustwide/workdir" "--user" "0:0" "14e663e1591e0c1fb83d8675fdd66ec8e70945d29aa64c4c71c807a3ed6de271" "/opt/rustwide/cargo-home/bin/cargo" "+1.99.0-beta.8" "test" "--frozen", kill_on_drop: false }`
[INFO] [stderr]     Finished `test` profile [unoptimized + debuginfo] target(s) in 0.04s
[INFO] [stderr]      Running unittests src/lib.rs (/opt/rustwide/target/debug/deps/tenvy-0b71e4939945849e)
[INFO] [stdout] 
[INFO] [stdout] running 0 tests
[INFO] [stdout] 
[INFO] [stdout] test result: ok. 0 passed; 0 failed; 0 ignored; 0 measured; 0 filtered out; finished in 0.00s
[INFO] [stdout] 
[INFO] [stderr]    Doc-tests tenvy
[INFO] [stdout] 
[INFO] [stdout] running 12 tests
[INFO] [stdout] test src/lib.rs - FromStr (line 286) ... FAILED
[INFO] [stdout] test src/lib.rs - TryFrom (line 368) ... FAILED
[INFO] [stdout] test src/lib.rs - From (line 340) ... FAILED
[INFO] [stdout] test src/lib.rs - FromStr (line 318) ... ok
[INFO] [stdout] test src/lib.rs - Env::field (line 266) ... ok
[INFO] [stdout] test src/lib.rs - Error::invalid_value (line 157) ... ok
[INFO] [stdout] test src/lib.rs - from_env (line 129) - compile ... FAILED
[INFO] [stdout] test src/lib.rs - Tenvy (line 84) ... ok
[INFO] [stdout] test src/lib.rs - Tenvy (line 108) ... ok
[INFO] [stdout] test src/lib.rs - (line 3) - compile ... FAILED
[INFO] [stdout] test src/lib.rs - Error::replace_missing (line 192) ... ok
[INFO] [stdout] test src/lib.rs - Env::value (line 223) ... ok
[INFO] [stdout] 
[INFO] [stdout] failures:
[INFO] [stdout] 
[INFO] [stdout] ---- src/lib.rs - FromStr (line 286) stdout ----
[INFO] [stdout] error: cannot find derive macro `Tenvy` in this scope
[INFO] [stdout]    --> src/lib.rs:291:10
[INFO] [stdout]     |
[INFO] [stdout] 291 | #[derive(Tenvy)]
[INFO] [stdout]     |          ^^^^^
[INFO] [stdout]     |
[INFO] [stdout] note: `Tenvy` is a trait, not a derive macro
[INFO] [stdout]    --> src/lib.rs:119:1
[INFO] [stdout]     |
[INFO] [stdout] 119 | pub trait Tenvy<T = Self> {
[INFO] [stdout]     | ^^^^^^^^^^^^^^^^^^^^^^^^^
[INFO] [stdout]     = help: consider implementing `Tenvy` for your type manually
[INFO] [stdout] 
[INFO] [stdout] error: cannot find attribute `tenvy` in this scope
[INFO] [stdout]    --> src/lib.rs:292:3
[INFO] [stdout]     |
[INFO] [stdout] 292 | #[tenvy(via = tenvy::FromStr)]
[INFO] [stdout]     |   ^^^^^
[INFO] [stdout]     |
[INFO] [stdout] note: `tenvy` is imported here, but it is a crate, not an attribute
[INFO] [stdout]    --> src/lib.rs:286:1
[INFO] [stdout]     |
[INFO] [stdout] 286 | extern crate r#tenvy;
[INFO] [stdout]     | ^^^^^^^^^^^^^^^^^^^^^
[INFO] [stdout] 
[INFO] [stdout] error: aborting due to 2 previous errors
[INFO] [stdout] 
[INFO] [stdout] Couldn't compile the test.
[INFO] [stdout] ---- src/lib.rs - TryFrom (line 368) stdout ----
[INFO] [stdout] error: cannot find derive macro `Tenvy` in this scope
[INFO] [stdout]    --> src/lib.rs:371:10
[INFO] [stdout]     |
[INFO] [stdout] 371 | #[derive(Tenvy)]
[INFO] [stdout]     |          ^^^^^
[INFO] [stdout]     |
[INFO] [stdout] note: `Tenvy` is a trait, not a derive macro
[INFO] [stdout]    --> src/lib.rs:119:1
[INFO] [stdout]     |
[INFO] [stdout] 119 | pub trait Tenvy<T = Self> {
[INFO] [stdout]     | ^^^^^^^^^^^^^^^^^^^^^^^^^
[INFO] [stdout]     = help: consider implementing `Tenvy` for your type manually
[INFO] [stdout] 
[INFO] [stdout] error: cannot find attribute `tenvy` in this scope
[INFO] [stdout]    --> src/lib.rs:372:3
[INFO] [stdout]     |
[INFO] [stdout] 372 | #[tenvy(via = tenvy::TryFrom<u8>)]
[INFO] [stdout]     |   ^^^^^
[INFO] [stdout]     |
[INFO] [stdout] note: `tenvy` is imported here, but it is a crate, not an attribute
[INFO] [stdout]    --> src/lib.rs:368:1
[INFO] [stdout]     |
[INFO] [stdout] 368 | extern crate r#tenvy;
[INFO] [stdout]     | ^^^^^^^^^^^^^^^^^^^^^
[INFO] [stdout] 
[INFO] [stdout] error: aborting due to 2 previous errors
[INFO] [stdout] 
[INFO] [stdout] Couldn't compile the test.
[INFO] [stdout] ---- src/lib.rs - From (line 340) stdout ----
[INFO] [stdout] error: cannot find derive macro `Tenvy` in this scope
[INFO] [stdout]    --> src/lib.rs:354:10
[INFO] [stdout]     |
[INFO] [stdout] 354 | #[derive(Tenvy)]
[INFO] [stdout]     |          ^^^^^
[INFO] [stdout]     |
[INFO] [stdout] note: `Tenvy` is a trait, not a derive macro
[INFO] [stdout]    --> src/lib.rs:119:1
[INFO] [stdout]     |
[INFO] [stdout] 119 | pub trait Tenvy<T = Self> {
[INFO] [stdout]     | ^^^^^^^^^^^^^^^^^^^^^^^^^
[INFO] [stdout]     = help: consider implementing `Tenvy` for your type manually
[INFO] [stdout] 
[INFO] [stdout] error: cannot find attribute `tenvy` in this scope
[INFO] [stdout]    --> src/lib.rs:356:7
[INFO] [stdout]     |
[INFO] [stdout] 356 |     #[tenvy(rename = "TIMEOUT_SECONDS", via = tenvy::From<Seconds>)]
[INFO] [stdout]     |       ^^^^^
[INFO] [stdout]     |
[INFO] [stdout] note: `tenvy` is imported here, but it is a crate, not an attribute
[INFO] [stdout]    --> src/lib.rs:340:1
[INFO] [stdout]     |
[INFO] [stdout] 340 | extern crate r#tenvy;
[INFO] [stdout]     | ^^^^^^^^^^^^^^^^^^^^^
[INFO] [stdout] 
[INFO] [stdout] error: cannot find derive macro `Tenvy` in this scope
[INFO] [stdout]    --> src/lib.rs:345:10
[INFO] [stdout]     |
[INFO] [stdout] 345 | #[derive(Tenvy)]
[INFO] [stdout]     |          ^^^^^
[INFO] [stdout]     |
[INFO] [stdout] note: `Tenvy` is a trait, not a derive macro
[INFO] [stdout]    --> src/lib.rs:119:1
[INFO] [stdout]     |
[INFO] [stdout] 119 | pub trait Tenvy<T = Self> {
[INFO] [stdout]     | ^^^^^^^^^^^^^^^^^^^^^^^^^
[INFO] [stdout]     = help: consider implementing `Tenvy` for your type manually
[INFO] [stdout] 
[INFO] [stdout] error: aborting due to 3 previous errors
[INFO] [stdout] 
[INFO] [stdout] Couldn't compile the test.
[INFO] [stdout] ---- src/lib.rs - from_env (line 129) stdout ----
[INFO] [stdout] error: cannot find derive macro `Tenvy` in this scope
[INFO] [stdout]    --> src/lib.rs:132:17
[INFO] [stdout]     |
[INFO] [stdout] 132 | #[derive(Debug, Tenvy)]
[INFO] [stdout]     |                 ^^^^^
[INFO] [stdout]     |
[INFO] [stdout] note: `Tenvy` is a trait, not a derive macro
[INFO] [stdout]    --> src/lib.rs:119:1
[INFO] [stdout]     |
[INFO] [stdout] 119 | pub trait Tenvy<T = Self> {
[INFO] [stdout]     | ^^^^^^^^^^^^^^^^^^^^^^^^^
[INFO] [stdout]     = help: consider implementing `Tenvy` for your type manually
[INFO] [stdout] 
[INFO] [stdout] error[E0277]: the trait bound `Environment: tenvy::Tenvy` is not satisfied
[INFO] [stdout]    --> src/lib.rs:138:36
[INFO] [stdout]     |
[INFO] [stdout] 138 |     let environment: Environment = tenvy::from_env()?;
[INFO] [stdout]     |                                    ^^^^^^^^^^^^^^^^^ unsatisfied trait bound
[INFO] [stdout]     |
[INFO] [stdout] help: the trait `tenvy::Tenvy` is not implemented for `Environment`
[INFO] [stdout]    --> src/lib.rs:133:1
[INFO] [stdout]     |
[INFO] [stdout] 133 | struct Environment {
[INFO] [stdout]     | ^^^^^^^^^^^^^^^^^^
[INFO] [stdout]     = help: the following other types implement trait `tenvy::Tenvy<T>`:
[INFO] [stdout]               `()` implements `tenvy::Tenvy`
[INFO] [stdout]               `Arc<T>` implements `tenvy::Tenvy`
[INFO] [stdout]               `Box<T>` implements `tenvy::Tenvy`
[INFO] [stdout]               `Cell<T>` implements `tenvy::Tenvy`
[INFO] [stdout]               `Infallible` implements `tenvy::Tenvy`
[INFO] [stdout]               `IpAddr` implements `tenvy::Tenvy`
[INFO] [stdout]               `Ipv4Addr` implements `tenvy::Tenvy`
[INFO] [stdout]               `Ipv6Addr` implements `tenvy::Tenvy`
[INFO] [stdout]             and 47 others
[INFO] [stdout] note: required by a bound in `tenvy::from_env`
[INFO] [stdout]    --> src/lib.rs:143:20
[INFO] [stdout]     |
[INFO] [stdout] 143 | pub fn from_env<T: Tenvy>() -> Result<T, Error> {
[INFO] [stdout]     |                    ^^^^^ required by this bound in `from_env`
[INFO] [stdout] 
[INFO] [stdout] error: aborting due to 2 previous errors
[INFO] [stdout] 
[INFO] [stdout] For more information about this error, try `rustc --explain E0277`.
[INFO] [stdout] Couldn't compile the test.
[INFO] [stdout] ---- src/lib.rs - (line 3) stdout ----
[INFO] [stdout] error: cannot find derive macro `Tenvy` in this scope
[INFO] [stdout]    --> src/lib.rs:7:17
[INFO] [stdout]     |
[INFO] [stdout]   7 | #[derive(Debug, Tenvy)]
[INFO] [stdout]     |                 ^^^^^
[INFO] [stdout]     |
[INFO] [stdout] note: `Tenvy` is a trait, not a derive macro
[INFO] [stdout]    --> src/lib.rs:119:1
[INFO] [stdout]     |
[INFO] [stdout] 119 | pub trait Tenvy<T = Self> {
[INFO] [stdout]     | ^^^^^^^^^^^^^^^^^^^^^^^^^
[INFO] [stdout]     = help: consider implementing `Tenvy` for your type manually
[INFO] [stdout] 
[INFO] [stdout] error: cannot find derive macro `Tenvy` in this scope
[INFO] [stdout]    --> src/lib.rs:13:17
[INFO] [stdout]     |
[INFO] [stdout]  13 | #[derive(Debug, Tenvy)]
[INFO] [stdout]     |                 ^^^^^
[INFO] [stdout]     |
[INFO] [stdout] note: `Tenvy` is a trait, not a derive macro
[INFO] [stdout]    --> src/lib.rs:119:1
[INFO] [stdout]     |
[INFO] [stdout] 119 | pub trait Tenvy<T = Self> {
[INFO] [stdout]     | ^^^^^^^^^^^^^^^^^^^^^^^^^
[INFO] [stdout]     = help: consider implementing `Tenvy` for your type manually
[INFO] [stdout] 
[INFO] [stdout] error[E0277]: the trait bound `Environment: Tenvy` is not satisfied
[INFO] [stdout]    --> src/lib.rs:20:28
[INFO] [stdout]     |
[INFO] [stdout]  20 |     let env: Environment = tenvy::from_env()?;
[INFO] [stdout]     |                            ^^^^^^^^^^^^^^^^^ unsatisfied trait bound
[INFO] [stdout]     |
[INFO] [stdout] help: the trait `Tenvy` is not implemented for `Environment`
[INFO] [stdout]    --> src/lib.rs:8:1
[INFO] [stdout]     |
[INFO] [stdout]   8 | struct Environment {
[INFO] [stdout]     | ^^^^^^^^^^^^^^^^^^
[INFO] [stdout]     = help: the following other types implement trait `Tenvy<T>`:
[INFO] [stdout]               `()` implements `Tenvy`
[INFO] [stdout]               `Arc<T>` implements `Tenvy`
[INFO] [stdout]               `Box<T>` implements `Tenvy`
[INFO] [stdout]               `Cell<T>` implements `Tenvy`
[INFO] [stdout]               `Infallible` implements `Tenvy`
[INFO] [stdout]               `IpAddr` implements `Tenvy`
[INFO] [stdout]               `Ipv4Addr` implements `Tenvy`
[INFO] [stdout]               `Ipv6Addr` implements `Tenvy`
[INFO] [stdout]             and 47 others
[INFO] [stdout] note: required by a bound in `tenvy::from_env`
[INFO] [stdout]    --> src/lib.rs:143:20
[INFO] [stdout]     |
[INFO] [stdout] 143 | pub fn from_env<T: Tenvy>() -> Result<T, Error> {
[INFO] [stdout]     |                    ^^^^^ required by this bound in `from_env`
[INFO] [stdout] 
[INFO] [stdout] error: aborting due to 3 previous errors
[INFO] [stdout] 
[INFO] [stdout] For more information about this error, try `rustc --explain E0277`.
[INFO] [stdout] Couldn't compile the test.
[INFO] [stdout] 
[INFO] [stdout] failures:
[INFO] [stdout]     src/lib.rs - (line 3)
[INFO] [stdout]     src/lib.rs - From (line 340)
[INFO] [stdout]     src/lib.rs - FromStr (line 286)
[INFO] [stdout]     src/lib.rs - TryFrom (line 368)
[INFO] [stdout]     src/lib.rs - from_env (line 129)
[INFO] [stdout] 
[INFO] [stdout] test result: FAILED. 7 passed; 5 failed; 0 ignored; 0 measured; 0 filtered out; finished in 0.59s
[INFO] [stdout] 
[INFO] [stdout] all doctests ran in 0.76s; merged doctests compilation took 0.16s
[INFO] [stderr] error: doctest failed, to rerun pass `--doc`
[INFO] running `Command { std: "docker" "inspect" "14e663e1591e0c1fb83d8675fdd66ec8e70945d29aa64c4c71c807a3ed6de271", kill_on_drop: false }`
[INFO] running `Command { std: "docker" "rm" "-f" "14e663e1591e0c1fb83d8675fdd66ec8e70945d29aa64c4c71c807a3ed6de271", kill_on_drop: false }`
[INFO] [stdout] 14e663e1591e0c1fb83d8675fdd66ec8e70945d29aa64c4c71c807a3ed6de271
