[INFO] fetching crate tempo-cli 0.4.0...
[INFO] testing tempo-cli-0.4.0 against 1.100.0-beta.1 for beta-1.100-2
[INFO] extracting crate tempo-cli 0.4.0 into /workspace/builds/worker-3-tc2/source
[INFO] started tweaking crates.io crate tempo-cli 0.4.0
[INFO] removed 0 missing tests
[INFO] finished tweaking crates.io crate tempo-cli 0.4.0
[INFO] tweaked toml for crates.io crate tempo-cli 0.4.0 written to /workspace/builds/worker-3-tc2/source/Cargo.toml
[INFO] validating manifest of crates.io crate tempo-cli 0.4.0 on toolchain 1.100.0-beta.1
[INFO] running `Command { std: CARGO_HOME="/workspace/cargo-home" RUSTUP_HOME="/workspace/rustup-home" "/workspace/cargo-home/bin/cargo" "+1.100.0-beta.1" "metadata" "--manifest-path" "Cargo.toml" "--no-deps", kill_on_drop: false }`
[INFO] crate crates.io crate tempo-cli 0.4.0 already has a lockfile, it will not be regenerated
[INFO] running `Command { std: CARGO_HOME="/workspace/cargo-home" RUSTUP_HOME="/workspace/rustup-home" "/workspace/cargo-home/bin/cargo" "+1.100.0-beta.1" "fetch" "--manifest-path" "Cargo.toml", kill_on_drop: false }`
[INFO] [stderr] warning: `package.homepage` is redundant with `package.repository`
[INFO] [stderr]    --> Cargo.toml:114:12
[INFO] [stderr]     |
[INFO] [stderr] 114 | homepage = "https://github.com/own-path/tempo"
[INFO] [stderr]     |            ^^^^^^^^^^^^^^^^^^^^^^^^^^^^^^^^^^^
[INFO] [stderr] ...
[INFO] [stderr] 119 | repository = "https://github.com/own-path/tempo"
[INFO] [stderr]     |              -----------------------------------
[INFO] [stderr]     |
[INFO] [stderr]     = note: `cargo::redundant_homepage` is set to `warn` by default
[INFO] [stderr] help: consider removing `package.homepage`
[INFO] [stderr] warning: `tempo-cli` (manifest) generated 1 warning
[INFO] running `Command { std: "docker" "create" "-v" "/var/lib/crater-agent-workspace/builds/worker-3-tc2/source:/opt/rustwide/workdir:ro,Z" "-v" "/var/lib/crater-agent-workspace/builds/worker-3-tc2/target:/opt/rustwide/target:rw,Z" "-v" "/var/lib/crater-agent-workspace/cargo-home:/opt/rustwide/cargo-home:ro,Z" "-v" "/var/lib/crater-agent-workspace/rustup-home:/opt/rustwide/rustup-home:ro,Z" "-m" "1610612736" "--network" "none" "ghcr.io/rust-lang/crates-build-env/linux@sha256:3111399a4047eeb3a02b7a90e478d715f38a8c6669b5c4b49d30a17385265909" "sleep" "infinity", kill_on_drop: false }`
[INFO] [stdout] 47d246570d212e882d4d550b37acc3cb3100ae2d76a2b2e9652976b3a8bceb56
[INFO] running `Command { std: "docker" "start" "47d246570d212e882d4d550b37acc3cb3100ae2d76a2b2e9652976b3a8bceb56", kill_on_drop: false }`
[INFO] running `Command { std: "docker" "inspect" "47d246570d212e882d4d550b37acc3cb3100ae2d76a2b2e9652976b3a8bceb56", kill_on_drop: false }`
[INFO] running `Command { std: "docker" "exec" "-e" "SOURCE_DIR=/opt/rustwide/workdir" "-e" "CARGO_HOME=/opt/rustwide/cargo-home" "-e" "RUSTUP_HOME=/opt/rustwide/rustup-home" "-e" "CARGO_TARGET_DIR=/opt/rustwide/target" "-w" "/opt/rustwide/workdir" "--user" "0:0" "47d246570d212e882d4d550b37acc3cb3100ae2d76a2b2e9652976b3a8bceb56" "/opt/rustwide/cargo-home/bin/cargo" "+1.100.0-beta.1" "metadata" "--no-deps" "--format-version=1", kill_on_drop: false }`
[INFO] running `Command { std: "docker" "inspect" "47d246570d212e882d4d550b37acc3cb3100ae2d76a2b2e9652976b3a8bceb56", kill_on_drop: false }`
[INFO] running `Command { std: "docker" "exec" "-e" "SOURCE_DIR=/opt/rustwide/workdir" "-e" "CARGO_HOME=/opt/rustwide/cargo-home" "-e" "RUSTUP_HOME=/opt/rustwide/rustup-home" "-e" "CARGO_TARGET_DIR=/opt/rustwide/target" "-e" "CARGO_INCREMENTAL=0" "-e" "RUST_BACKTRACE=full" "-e" "RUSTFLAGS=--cap-lints=warn" "-e" "RUSTDOCFLAGS=--cap-lints=warn" "-w" "/opt/rustwide/workdir" "--user" "0:0" "47d246570d212e882d4d550b37acc3cb3100ae2d76a2b2e9652976b3a8bceb56" "/opt/rustwide/cargo-home/bin/cargo" "+1.100.0-beta.1" "build" "--frozen" "--message-format=json", kill_on_drop: false }`
[INFO] [stderr] warning: `package.homepage` is redundant with `package.repository`
[INFO] [stderr]    --> Cargo.toml:114:12
[INFO] [stderr]     |
[INFO] [stderr] 114 | homepage = "https://github.com/own-path/tempo"
[INFO] [stderr]     |            ^^^^^^^^^^^^^^^^^^^^^^^^^^^^^^^^^^^
[INFO] [stderr] ...
[INFO] [stderr] 119 | repository = "https://github.com/own-path/tempo"
[INFO] [stderr]     |              -----------------------------------
[INFO] [stderr]     |
[INFO] [stderr]     = note: `cargo::redundant_homepage` is set to `warn` by default
[INFO] [stderr] help: consider removing `package.homepage`
[INFO] [stderr] warning: `tempo-cli` (manifest) generated 1 warning
[INFO] [stderr]    Compiling proc-macro2 v1.0.103
[INFO] [stderr]    Compiling unicode-ident v1.0.22
[INFO] [stderr]    Compiling quote v1.0.42
[INFO] [stderr]    Compiling libc v0.2.177
[INFO] [stderr]    Compiling smallvec v1.15.1
[INFO] [stderr]    Compiling once_cell v1.21.3
[INFO] [stderr]    Compiling shlex v1.3.0
[INFO] [stderr]    Compiling find-msvc-tools v0.1.5
[INFO] [stderr]    Compiling stable_deref_trait v1.2.1
[INFO] [stderr]    Compiling pkg-config v0.3.32
[INFO] [stderr]    Compiling vcpkg v0.2.15
[INFO] [stderr]    Compiling serde_core v1.0.228
[INFO] [stderr]    Compiling pin-project-lite v0.2.16
[INFO] [stderr]    Compiling bytes v1.11.0
[INFO] [stderr]    Compiling bitflags v2.10.0
[INFO] [stderr]    Compiling futures-core v0.3.31
[INFO] [stderr]    Compiling serde v1.0.228
[INFO] [stderr]    Compiling log v0.4.28
[INFO] [stderr]    Compiling itoa v1.0.15
[INFO] [stderr]    Compiling zerocopy v0.8.30
[INFO] [stderr]    Compiling crossbeam-utils v0.8.21
[INFO] [stderr]    Compiling litemap v0.8.1
[INFO] [stderr]    Compiling cc v1.2.48
[INFO] [stderr]    Compiling writeable v0.6.2
[INFO] [stderr]    Compiling hashbrown v0.16.1
[INFO] [stderr]    Compiling icu_normalizer_data v2.1.1
[INFO] [stderr]    Compiling icu_properties_data v2.1.1
[INFO] [stderr]    Compiling pin-utils v0.1.0
[INFO] [stderr]    Compiling http v1.4.0
[INFO] [stderr]    Compiling tracing-core v0.1.35
[INFO] [stderr]    Compiling httparse v1.10.1
[INFO] [stderr]    Compiling signal-hook v0.3.18
[INFO] [stderr]    Compiling openssl v0.10.75
[INFO] [stderr]    Compiling rustversion v1.0.22
[INFO] [stderr]    Compiling futures-sink v0.3.31
[INFO] [stderr]    Compiling foreign-types-shared v0.1.1
[INFO] [stderr]    Compiling autocfg v1.5.0
[INFO] [stderr]    Compiling memchr v2.7.6
[INFO] [stderr]    Compiling futures-task v0.3.31
[INFO] [stderr]    Compiling percent-encoding v2.3.2
[INFO] [stderr]    Compiling indexmap v2.12.1
[INFO] [stderr]    Compiling foreign-types v0.3.2
[INFO] [stderr]    Compiling futures-util v0.3.31
[INFO] [stderr]    Compiling ahash v0.8.12
[INFO] [stderr]    Compiling native-tls v0.2.14
[INFO] [stderr]    Compiling either v1.15.0
[INFO] [stderr]    Compiling slab v0.4.11
[INFO] [stderr]    Compiling tower-service v0.3.3
[INFO] [stderr]    Compiling num-traits v0.2.19
[INFO] [stderr]    Compiling fnv v1.0.7
[INFO] [stderr]    Compiling atomic-waker v1.1.2
[INFO] [stderr]    Compiling try-lock v0.2.5
[INFO] [stderr]    Compiling tracing v0.1.43
[INFO] [stderr]    Compiling want v0.3.1
[INFO] [stderr]    Compiling anstyle-parse v0.2.7
[INFO] [stderr]    Compiling syn v2.0.111
[INFO] [stderr]    Compiling signal-hook-registry v1.4.7
[INFO] [stderr]    Compiling parking_lot_core v0.9.12
[INFO] [stderr]    Compiling socket2 v0.6.1
[INFO] [stderr]    Compiling mio v1.1.0
[INFO] [stderr]    Compiling mio v0.8.11
[INFO] [stderr]    Compiling crossbeam-epoch v0.9.18
[INFO] [stderr]    Compiling futures-channel v0.3.31
[INFO] [stderr]    Compiling parking_lot v0.12.5
[INFO] [stderr]    Compiling anstyle-query v1.1.5
[INFO] [stderr]    Compiling colorchoice v1.0.4
[INFO] [stderr]    Compiling paste v1.0.15
[INFO] [stderr]    Compiling openssl-probe v0.1.6
[INFO] [stderr]    Compiling foldhash v0.1.5
[INFO] [stderr]    Compiling anstyle v1.0.13
[INFO] [stderr]    Compiling crossbeam-deque v0.8.6
[INFO] [stderr]    Compiling hashbrown v0.15.5
[INFO] [stderr]    Compiling aho-corasick v1.1.4
[INFO] [stderr]    Compiling http-body v1.0.1
[INFO] [stderr]    Compiling anstream v0.6.21
[INFO] [stderr]    Compiling getrandom v0.2.16
[INFO] [stderr]    Compiling form_urlencoded v1.2.2
[INFO] [stderr]    Compiling slotmap v1.1.0
[INFO] [stderr]    Compiling sync_wrapper v1.0.2
[INFO] [stderr]    Compiling signal-hook-mio v0.2.5
[INFO] [stderr]    Compiling rustix v1.1.2
[INFO] [stderr]    Compiling clap_lex v0.7.6
[INFO] [stderr]    Compiling base64 v0.22.1
[INFO] [stderr]    Compiling tower-layer v0.3.3
[INFO] [stderr]    Compiling ryu v1.0.20
[INFO] [stderr]    Compiling utf8_iter v1.0.4
[INFO] [stderr]    Compiling ipnet v2.11.0
[INFO] [stderr]    Compiling serde_json v1.0.145
[INFO] [stderr]    Compiling openssl-sys v0.9.111
[INFO] [stderr]    Compiling libsqlite3-sys v0.27.0
[INFO] [stderr]    Compiling regex-syntax v0.8.8
[INFO] [stderr]    Compiling portable-atomic v1.11.1
[INFO] [stderr]    Compiling clap_builder v4.5.53
[INFO] [stderr]    Compiling crossterm v0.27.0
[INFO] [stderr]    Compiling http-body-util v0.1.3
[INFO] [stderr]    Compiling rand_core v0.6.4
[INFO] [stderr]    Compiling lru v0.12.5
[INFO] [stderr]    Compiling rayon-core v1.13.0
[INFO] [stderr]    Compiling getrandom v0.3.4
[INFO] [stderr]    Compiling inotify-sys v0.1.5
[INFO] [stderr]    Compiling itertools v0.11.0
[INFO] [stderr]    Compiling bitflags v1.3.2
[INFO] [stderr]    Compiling zeroize v1.8.2
[INFO] [stderr]    Compiling winnow v0.7.14
[INFO] [stderr]    Compiling iri-string v0.7.9
[INFO] [stderr]    Compiling anyhow v1.0.100
[INFO] [stderr]    Compiling unicode-segmentation v1.12.0
[INFO] [stderr]    Compiling ppv-lite86 v0.2.21
[INFO] [stderr]    Compiling cassowary v0.3.0
[INFO] [stderr]    Compiling option-ext v0.2.0
[INFO] [stderr]    Compiling iana-time-zone v0.1.64
[INFO] [stderr]    Compiling hashbrown v0.14.5
[INFO] [stderr]    Compiling unicode-width v0.2.2
[INFO] [stderr]    Compiling regex-automata v0.4.13
[INFO] [stderr]    Compiling unicode-width v0.1.14
[INFO] [stderr]    Compiling linux-raw-sys v0.11.0
[INFO] [stderr]    Compiling indoc v2.0.7
[INFO] [stderr]    Compiling console v0.15.11
[INFO] [stderr]    Compiling rand_chacha v0.3.1
[INFO] [stderr]    Compiling dirs-sys v0.4.1
[INFO] [stderr]    Compiling hashlink v0.8.4
[INFO] [stderr]    Compiling rayon v1.11.0
[INFO] [stderr]    Compiling rustls-pki-types v1.13.1
[INFO] [stderr]    Compiling inotify v0.9.6
[INFO] [stderr]    Compiling filetime v0.2.26
[INFO] [stderr]    Compiling is-terminal v0.4.17
[INFO] [stderr]    Compiling crossbeam-channel v0.5.15
[INFO] [stderr]    Compiling encoding_rs v0.8.35
[INFO] [stderr]    Compiling humantime v2.3.0
[INFO] [stderr]    Compiling arrayvec v0.7.6
[INFO] [stderr]    Compiling fallible-iterator v0.3.0
[INFO] [stderr]    Compiling fastrand v2.3.0
[INFO] [stderr]    Compiling fallible-streaming-iterator v0.1.9
[INFO] [stderr]    Compiling number_prefix v0.4.0
[INFO] [stderr]    Compiling grid v0.10.0
[INFO] [stderr]    Compiling termcolor v1.4.1
[INFO] [stderr]    Compiling mime v0.3.17
[INFO] [stderr]    Compiling notify v6.1.1
[INFO] [stderr]    Compiling taffy v0.3.19
[INFO] [stderr]    Compiling dirs v5.0.1
[INFO] [stderr]    Compiling indicatif v0.17.11
[INFO] [stderr]    Compiling rand v0.8.5
[INFO] [stderr]    Compiling uuid v1.18.1
[INFO] [stderr]    Compiling semver v1.0.27
[INFO] [stderr]    Compiling tempfile v3.23.0
[INFO] [stderr]    Compiling synstructure v0.13.2
[INFO] [stderr]    Compiling regex v1.12.2
[INFO] [stderr]    Compiling env_logger v0.10.2
[INFO] [stderr]    Compiling zerofrom-derive v0.1.6
[INFO] [stderr]    Compiling yoke-derive v0.8.1
[INFO] [stderr]    Compiling zerovec-derive v0.11.2
[INFO] [stderr]    Compiling displaydoc v0.2.5
[INFO] [stderr]    Compiling serde_derive v1.0.228
[INFO] [stderr]    Compiling tokio-macros v2.6.0
[INFO] [stderr]    Compiling openssl-macros v0.1.1
[INFO] [stderr]    Compiling strum_macros v0.25.3
[INFO] [stderr]    Compiling clap_derive v4.5.49
[INFO] [stderr]    Compiling thiserror-impl v1.0.69
[INFO] [stderr]    Compiling sysinfo v0.30.13
[INFO] [stderr]    Compiling tokio v1.48.0
[INFO] [stderr]    Compiling zerofrom v0.1.6
[INFO] [stderr]    Compiling yoke v0.8.1
[INFO] [stderr]    Compiling strum v0.25.0
[INFO] [stderr]    Compiling clap v4.5.53
[INFO] [stderr]    Compiling ratatui v0.24.0
[INFO] [stderr]    Compiling zerovec v0.11.5
[INFO] [stderr]    Compiling zerotrie v0.2.3
[INFO] [stderr]    Compiling clap_complete v4.5.61
[INFO] [stderr]    Compiling thiserror v1.0.69
[INFO] [stderr]    Compiling tinystr v0.8.2
[INFO] [stderr]    Compiling potential_utf v0.1.4
[INFO] [stderr]    Compiling icu_collections v2.1.1
[INFO] [stderr]    Compiling icu_locale_core v2.1.1
[INFO] [stderr]    Compiling serde_spanned v0.6.9
[INFO] [stderr]    Compiling toml_datetime v0.6.11
[INFO] [stderr]    Compiling serde_urlencoded v0.7.1
[INFO] [stderr]    Compiling chrono v0.4.42
[INFO] [stderr]    Compiling toml_edit v0.22.27
[INFO] [stderr]    Compiling ratatui-textarea v0.4.1
[INFO] [stderr]    Compiling icu_provider v2.1.1
[INFO] [stderr]    Compiling icu_properties v2.1.1
[INFO] [stderr]    Compiling icu_normalizer v2.1.1
[INFO] [stderr]    Compiling rusqlite v0.30.0
[INFO] [stderr]    Compiling idna_adapter v1.2.1
[INFO] [stderr]    Compiling idna v1.1.0
[INFO] [stderr]    Compiling url v2.5.7
[INFO] [stderr]    Compiling toml v0.8.23
[INFO] [stderr]    Compiling tokio-util v0.7.17
[INFO] [stderr]    Compiling tower v0.5.2
[INFO] [stderr]    Compiling tokio-native-tls v0.3.1
[INFO] [stderr]    Compiling h2 v0.4.12
[INFO] [stderr]    Compiling tower-http v0.6.7
[INFO] [stderr]    Compiling hyper v1.8.1
[INFO] [stderr]    Compiling hyper-util v0.1.18
[INFO] [stderr]    Compiling hyper-tls v0.6.0
[INFO] [stderr]    Compiling reqwest v0.12.24
[INFO] [stderr]    Compiling tempo-cli v0.4.0 (/opt/rustwide/workdir)
[INFO] [stdout] warning: hiding a lifetime that's elided elsewhere is confusing
[INFO] [stdout]   --> src/ui/formatter.rs:48:39
[INFO] [stdout]    |
[INFO] [stdout] 48 |     pub fn create_header_block(title: &str) -> Block {
[INFO] [stdout]    |                                       ^^^^     ^^^^^ the same lifetime is hidden here
[INFO] [stdout]    |                                       |
[INFO] [stdout]    |                                       the lifetime is elided here
[INFO] [stdout]    |
[INFO] [stdout]    = help: the same lifetime is referred to in inconsistent ways, making the signature confusing
[INFO] [stdout]    = note: `#[warn(mismatched_lifetime_syntaxes)]` on by default
[INFO] [stdout] help: use `'_` for type paths
[INFO] [stdout]    |
[INFO] [stdout] 48 |     pub fn create_header_block(title: &str) -> Block<'_> {
[INFO] [stdout]    |                                                     ++++
[INFO] [stdout] 
[INFO] [stdout] 
[INFO] [stdout] warning: hiding a lifetime that's elided elsewhere is confusing
[INFO] [stdout]   --> src/ui/formatter.rs:83:43
[INFO] [stdout]    |
[INFO] [stdout] 83 |     pub fn format_session_status(session: &Session) -> Text {
[INFO] [stdout]    |                                           ^^^^^^^^     ^^^^ the same lifetime is hidden here
[INFO] [stdout]    |                                           |
[INFO] [stdout]    |                                           the lifetime is elided here
[INFO] [stdout]    |
[INFO] [stdout]    = help: the same lifetime is referred to in inconsistent ways, making the signature confusing
[INFO] [stdout] help: use `'_` for type paths
[INFO] [stdout]    |
[INFO] [stdout] 83 |     pub fn format_session_status(session: &Session) -> Text<'_> {
[INFO] [stdout]    |                                                            ++++
[INFO] [stdout] 
[INFO] [stdout] 
[INFO] [stdout] warning: hiding a lifetime that's elided elsewhere is confusing
[INFO] [stdout]    --> src/ui/formatter.rs:138:41
[INFO] [stdout]     |
[INFO] [stdout] 138 |     pub fn format_project_info(project: &Project) -> Text {
[INFO] [stdout]     |                                         ^^^^^^^^     ^^^^ the same lifetime is hidden here
[INFO] [stdout]     |                                         |
[INFO] [stdout]     |                                         the lifetime is elided here
[INFO] [stdout]     |
[INFO] [stdout]     = help: the same lifetime is referred to in inconsistent ways, making the signature confusing
[INFO] [stdout] help: use `'_` for type paths
[INFO] [stdout]     |
[INFO] [stdout] 138 |     pub fn format_project_info(project: &Project) -> Text<'_> {
[INFO] [stdout]     |                                                          ++++
[INFO] [stdout] 
[INFO] [stdout] 
[INFO] [stdout] warning: hiding a lifetime that's elided elsewhere is confusing
[INFO] [stdout]    --> src/ui/widgets.rs:241:19
[INFO] [stdout]     |
[INFO] [stdout] 241 |     pub fn render(&self) -> Span {
[INFO] [stdout]     |                   ^^^^^     ^^^^ the same lifetime is hidden here
[INFO] [stdout]     |                   |
[INFO] [stdout]     |                   the lifetime is elided here
[INFO] [stdout]     |
[INFO] [stdout]     = help: the same lifetime is referred to in inconsistent ways, making the signature confusing
[INFO] [stdout] help: use `'_` for type paths
[INFO] [stdout]     |
[INFO] [stdout] 241 |     pub fn render(&self) -> Span<'_> {
[INFO] [stdout]     |                                 ++++
[INFO] [stdout] 
[INFO] [stdout] 
[INFO] [stdout] warning: fields `event_type` and `duration_delta` are never read
[INFO] [stdout]   --> src/daemon/state.rs:41:9
[INFO] [stdout]    |
[INFO] [stdout] 39 | pub struct ActivityEvent {
[INFO] [stdout]    |            ------------- fields in this struct
[INFO] [stdout] 40 |     pub timestamp: DateTime<Utc>,
[INFO] [stdout] 41 |     pub event_type: String,
[INFO] [stdout]    |         ^^^^^^^^^^
[INFO] [stdout] 42 |     pub duration_delta: i64,
[INFO] [stdout]    |         ^^^^^^^^^^^^^^
[INFO] [stdout]    |
[INFO] [stdout]    = note: `ActivityEvent` has derived impls for the traits `Clone` and `Debug`, but these are intentionally ignored during dead code analysis
[INFO] [stdout]    = note: `#[warn(dead_code)]` (part of `#[warn(unused)]`) on by default
[INFO] [stdout] 
[INFO] [stdout] 
[INFO] [stderr] warning: unused dependency `indicatif`
[INFO] [stderr]   --> Cargo.toml:32:15
[INFO] [stderr]    |
[INFO] [stderr] 32 | [dependencies.indicatif]
[INFO] [stderr]    |               ^^^^^^^^^^
[INFO] [stderr]    |
[INFO] [stderr]    = note: `cargo::unused_dependencies` is set to `warn` by default
[INFO] [stderr] help: consider removing the dependency on `indicatif`
[INFO] [stderr] warning: unused dependency `notify`
[INFO] [stderr]   --> Cargo.toml:41:15
[INFO] [stderr]    |
[INFO] [stderr] 41 | [dependencies.notify]
[INFO] [stderr]    |               ^^^^^^^
[INFO] [stderr]    |
[INFO] [stderr] help: consider removing the dependency on `notify`
[INFO] [stderr] warning: unused dependency `ratatui-textarea`
[INFO] [stderr]   --> Cargo.toml:50:15
[INFO] [stderr]    |
[INFO] [stderr] 50 | [dependencies.ratatui-textarea]
[INFO] [stderr]    |               ^^^^^^^^^^^^^^^^^
[INFO] [stderr]    |
[INFO] [stderr] help: consider removing the dependency on `ratatui-textarea`
[INFO] [stderr] warning: unused dependency `sysinfo`
[INFO] [stderr]   --> Cargo.toml:71:15
[INFO] [stderr]    |
[INFO] [stderr] 71 | [dependencies.sysinfo]
[INFO] [stderr]    |               ^^^^^^^^
[INFO] [stderr]    |
[INFO] [stderr] help: consider removing the dependency on `sysinfo`
[INFO] [stderr] warning: unused dependency `taffy`
[INFO] [stderr]   --> Cargo.toml:74:15
[INFO] [stderr]    |
[INFO] [stderr] 74 | [dependencies.taffy]
[INFO] [stderr]    |               ^^^^^^
[INFO] [stderr]    |
[INFO] [stderr] help: consider removing the dependency on `taffy`
[INFO] [stderr] warning: unused dependency `uuid`
[INFO] [stderr]   --> Cargo.toml:90:15
[INFO] [stderr]    |
[INFO] [stderr] 90 | [dependencies.uuid]
[INFO] [stderr]    |               ^^^^^
[INFO] [stderr]    |
[INFO] [stderr] help: consider removing the dependency on `uuid`
[INFO] [stderr] warning: `tempo-cli` (manifest) generated 6 warnings
[INFO] [stderr]     Finished `dev` profile [unoptimized + debuginfo] target(s) in 1m 06s
[INFO] running `Command { std: "docker" "inspect" "47d246570d212e882d4d550b37acc3cb3100ae2d76a2b2e9652976b3a8bceb56", kill_on_drop: false }`
[INFO] running `Command { std: "docker" "exec" "-e" "SOURCE_DIR=/opt/rustwide/workdir" "-e" "CARGO_HOME=/opt/rustwide/cargo-home" "-e" "RUSTUP_HOME=/opt/rustwide/rustup-home" "-e" "CARGO_TARGET_DIR=/opt/rustwide/target" "-e" "CARGO_INCREMENTAL=0" "-e" "RUST_BACKTRACE=full" "-e" "RUSTFLAGS=--cap-lints=warn" "-e" "RUSTDOCFLAGS=--cap-lints=warn" "-w" "/opt/rustwide/workdir" "--user" "0:0" "47d246570d212e882d4d550b37acc3cb3100ae2d76a2b2e9652976b3a8bceb56" "/opt/rustwide/cargo-home/bin/cargo" "+1.100.0-beta.1" "test" "--frozen" "--no-run" "--message-format=json", kill_on_drop: false }`
[INFO] [stderr] warning: `package.homepage` is redundant with `package.repository`
[INFO] [stderr]    --> Cargo.toml:114:12
[INFO] [stderr]     |
[INFO] [stderr] 114 | homepage = "https://github.com/own-path/tempo"
[INFO] [stderr]     |            ^^^^^^^^^^^^^^^^^^^^^^^^^^^^^^^^^^^
[INFO] [stderr] ...
[INFO] [stderr] 119 | repository = "https://github.com/own-path/tempo"
[INFO] [stderr]     |              -----------------------------------
[INFO] [stderr]     |
[INFO] [stderr]     = note: `cargo::redundant_homepage` is set to `warn` by default
[INFO] [stderr] help: consider removing `package.homepage`
[INFO] [stderr] warning: `tempo-cli` (manifest) generated 1 warning
[INFO] [stderr]    Compiling serde_core v1.0.228
[INFO] [stderr]    Compiling serde v1.0.228
[INFO] [stderr]    Compiling zerocopy v0.8.30
[INFO] [stderr]    Compiling num-traits v0.2.19
[INFO] [stderr]    Compiling zerocopy-derive v0.8.30
[INFO] [stderr]    Compiling ciborium-io v0.2.2
[INFO] [stderr]    Compiling plotters-backend v0.3.7
[INFO] [stderr]    Compiling itertools v0.10.5
[INFO] [stderr]    Compiling cast v0.3.0
[INFO] [stderr]    Compiling anes v0.1.6
[INFO] [stderr]    Compiling oorandom v11.1.5
[INFO] [stderr]    Compiling plotters-svg v0.3.7
[INFO] [stderr]    Compiling taffy v0.3.19
[INFO] [stderr]    Compiling plotters v0.3.7
[INFO] [stderr]    Compiling criterion-plot v0.5.0
[INFO] [stderr]    Compiling serde_json v1.0.145
[INFO] [stderr]    Compiling toml_datetime v0.6.11
[INFO] [stderr]    Compiling serde_spanned v0.6.9
[INFO] [stderr]    Compiling url v2.5.7
[INFO] [stderr]    Compiling chrono v0.4.42
[INFO] [stderr]    Compiling serde_urlencoded v0.7.1
[INFO] [stderr]    Compiling ahash v0.8.12
[INFO] [stderr]    Compiling ppv-lite86 v0.2.21
[INFO] [stderr]    Compiling half v2.7.1
[INFO] [stderr]    Compiling toml_edit v0.22.27
[INFO] [stderr]    Compiling hashbrown v0.14.5
[INFO] [stderr]    Compiling ciborium-ll v0.2.2
[INFO] [stderr]    Compiling tinytemplate v1.2.1
[INFO] [stderr]    Compiling ciborium v0.2.2
[INFO] [stderr]    Compiling reqwest v0.12.24
[INFO] [stderr]    Compiling rand_chacha v0.3.1
[INFO] [stderr]    Compiling rand v0.8.5
[INFO] [stderr]    Compiling criterion v0.5.1
[INFO] [stderr]    Compiling hashlink v0.8.4
[INFO] [stderr]    Compiling rusqlite v0.30.0
[INFO] [stderr]    Compiling toml v0.8.23
[INFO] [stderr]    Compiling tempo-cli v0.4.0 (/opt/rustwide/workdir)
[INFO] [stdout] warning: hiding a lifetime that's elided elsewhere is confusing
[INFO] [stdout]   --> src/ui/formatter.rs:48:39
[INFO] [stdout]    |
[INFO] [stdout] 48 |     pub fn create_header_block(title: &str) -> Block {
[INFO] [stdout]    |                                       ^^^^     ^^^^^ the same lifetime is hidden here
[INFO] [stdout]    |                                       |
[INFO] [stdout]    |                                       the lifetime is elided here
[INFO] [stdout]    |
[INFO] [stdout]    = help: the same lifetime is referred to in inconsistent ways, making the signature confusing
[INFO] [stdout]    = note: `#[warn(mismatched_lifetime_syntaxes)]` on by default
[INFO] [stdout] help: use `'_` for type paths
[INFO] [stdout]    |
[INFO] [stdout] 48 |     pub fn create_header_block(title: &str) -> Block<'_> {
[INFO] [stdout]    |                                                     ++++
[INFO] [stdout] 
[INFO] [stdout] 
[INFO] [stdout] warning: hiding a lifetime that's elided elsewhere is confusing
[INFO] [stdout]   --> src/ui/formatter.rs:83:43
[INFO] [stdout]    |
[INFO] [stdout] 83 |     pub fn format_session_status(session: &Session) -> Text {
[INFO] [stdout]    |                                           ^^^^^^^^     ^^^^ the same lifetime is hidden here
[INFO] [stdout]    |                                           |
[INFO] [stdout]    |                                           the lifetime is elided here
[INFO] [stdout]    |
[INFO] [stdout]    = help: the same lifetime is referred to in inconsistent ways, making the signature confusing
[INFO] [stdout] help: use `'_` for type paths
[INFO] [stdout]    |
[INFO] [stdout] 83 |     pub fn format_session_status(session: &Session) -> Text<'_> {
[INFO] [stdout]    |                                                            ++++
[INFO] [stdout] 
[INFO] [stdout] 
[INFO] [stdout] warning: hiding a lifetime that's elided elsewhere is confusing
[INFO] [stdout]    --> src/ui/formatter.rs:138:41
[INFO] [stdout]     |
[INFO] [stdout] 138 |     pub fn format_project_info(project: &Project) -> Text {
[INFO] [stdout]     |                                         ^^^^^^^^     ^^^^ the same lifetime is hidden here
[INFO] [stdout]     |                                         |
[INFO] [stdout]     |                                         the lifetime is elided here
[INFO] [stdout]     |
[INFO] [stdout]     = help: the same lifetime is referred to in inconsistent ways, making the signature confusing
[INFO] [stdout] help: use `'_` for type paths
[INFO] [stdout]     |
[INFO] [stdout] 138 |     pub fn format_project_info(project: &Project) -> Text<'_> {
[INFO] [stdout]     |                                                          ++++
[INFO] [stdout] 
[INFO] [stdout] 
[INFO] [stdout] warning: hiding a lifetime that's elided elsewhere is confusing
[INFO] [stdout]    --> src/ui/widgets.rs:241:19
[INFO] [stdout]     |
[INFO] [stdout] 241 |     pub fn render(&self) -> Span {
[INFO] [stdout]     |                   ^^^^^     ^^^^ the same lifetime is hidden here
[INFO] [stdout]     |                   |
[INFO] [stdout]     |                   the lifetime is elided here
[INFO] [stdout]     |
[INFO] [stdout]     = help: the same lifetime is referred to in inconsistent ways, making the signature confusing
[INFO] [stdout] help: use `'_` for type paths
[INFO] [stdout]     |
[INFO] [stdout] 241 |     pub fn render(&self) -> Span<'_> {
[INFO] [stdout]     |                                 ++++
[INFO] [stdout] 
[INFO] [stdout] 
[INFO] [stdout] warning: variable does not need to be mutable
[INFO] [stdout]    --> src/ui/animations.rs:368:13
[INFO] [stdout]     |
[INFO] [stdout] 368 |         let mut anim = Animation::new(0.0, 100.0, Duration::from_millis(100));
[INFO] [stdout]     |             ----^^^^
[INFO] [stdout]     |             |
[INFO] [stdout]     |             help: remove this `mut`
[INFO] [stdout]     |
[INFO] [stdout]     = note: `#[warn(unused_mut)]` (part of `#[warn(unused)]`) on by default
[INFO] [stdout] 
[INFO] [stdout] 
[INFO] [stdout] warning: hiding a lifetime that's elided elsewhere is confusing
[INFO] [stdout]   --> src/ui/formatter.rs:48:39
[INFO] [stdout]    |
[INFO] [stdout] 48 |     pub fn create_header_block(title: &str) -> Block {
[INFO] [stdout]    |                                       ^^^^     ^^^^^ the same lifetime is hidden here
[INFO] [stdout]    |                                       |
[INFO] [stdout]    |                                       the lifetime is elided here
[INFO] [stdout]    |
[INFO] [stdout]    = help: the same lifetime is referred to in inconsistent ways, making the signature confusing
[INFO] [stdout]    = note: `#[warn(mismatched_lifetime_syntaxes)]` on by default
[INFO] [stdout] help: use `'_` for type paths
[INFO] [stdout]    |
[INFO] [stdout] 48 |     pub fn create_header_block(title: &str) -> Block<'_> {
[INFO] [stdout]    |                                                     ++++
[INFO] [stdout] 
[INFO] [stdout] 
[INFO] [stdout] warning: hiding a lifetime that's elided elsewhere is confusing
[INFO] [stdout]   --> src/ui/formatter.rs:83:43
[INFO] [stdout]    |
[INFO] [stdout] 83 |     pub fn format_session_status(session: &Session) -> Text {
[INFO] [stdout]    |                                           ^^^^^^^^     ^^^^ the same lifetime is hidden here
[INFO] [stdout]    |                                           |
[INFO] [stdout]    |                                           the lifetime is elided here
[INFO] [stdout]    |
[INFO] [stdout]    = help: the same lifetime is referred to in inconsistent ways, making the signature confusing
[INFO] [stdout] help: use `'_` for type paths
[INFO] [stdout]    |
[INFO] [stdout] 83 |     pub fn format_session_status(session: &Session) -> Text<'_> {
[INFO] [stdout]    |                                                            ++++
[INFO] [stdout] 
[INFO] [stdout] 
[INFO] [stdout] warning: hiding a lifetime that's elided elsewhere is confusing
[INFO] [stdout]    --> src/ui/formatter.rs:138:41
[INFO] [stdout]     |
[INFO] [stdout] 138 |     pub fn format_project_info(project: &Project) -> Text {
[INFO] [stdout]     |                                         ^^^^^^^^     ^^^^ the same lifetime is hidden here
[INFO] [stdout]     |                                         |
[INFO] [stdout]     |                                         the lifetime is elided here
[INFO] [stdout]     |
[INFO] [stdout]     = help: the same lifetime is referred to in inconsistent ways, making the signature confusing
[INFO] [stdout] help: use `'_` for type paths
[INFO] [stdout]     |
[INFO] [stdout] 138 |     pub fn format_project_info(project: &Project) -> Text<'_> {
[INFO] [stdout]     |                                                          ++++
[INFO] [stdout] 
[INFO] [stdout] 
[INFO] [stdout] warning: hiding a lifetime that's elided elsewhere is confusing
[INFO] [stdout]    --> src/ui/widgets.rs:241:19
[INFO] [stdout]     |
[INFO] [stdout] 241 |     pub fn render(&self) -> Span {
[INFO] [stdout]     |                   ^^^^^     ^^^^ the same lifetime is hidden here
[INFO] [stdout]     |                   |
[INFO] [stdout]     |                   the lifetime is elided here
[INFO] [stdout]     |
[INFO] [stdout]     = help: the same lifetime is referred to in inconsistent ways, making the signature confusing
[INFO] [stdout] help: use `'_` for type paths
[INFO] [stdout]     |
[INFO] [stdout] 241 |     pub fn render(&self) -> Span<'_> {
[INFO] [stdout]     |                                 ++++
[INFO] [stdout] 
[INFO] [stdout] 
[INFO] [stdout] warning: fields `event_type` and `duration_delta` are never read
[INFO] [stdout]   --> src/daemon/state.rs:41:9
[INFO] [stdout]    |
[INFO] [stdout] 39 | pub struct ActivityEvent {
[INFO] [stdout]    |            ------------- fields in this struct
[INFO] [stdout] 40 |     pub timestamp: DateTime<Utc>,
[INFO] [stdout] 41 |     pub event_type: String,
[INFO] [stdout]    |         ^^^^^^^^^^
[INFO] [stdout] 42 |     pub duration_delta: i64,
[INFO] [stdout]    |         ^^^^^^^^^^^^^^
[INFO] [stdout]    |
[INFO] [stdout]    = note: `ActivityEvent` has derived impls for the traits `Clone` and `Debug`, but these are intentionally ignored during dead code analysis
[INFO] [stdout]    = note: `#[warn(dead_code)]` (part of `#[warn(unused)]`) on by default
[INFO] [stdout] 
[INFO] [stdout] 
[INFO] [stdout] warning: fields `event_type` and `duration_delta` are never read
[INFO] [stdout]   --> src/daemon/state.rs:41:9
[INFO] [stdout]    |
[INFO] [stdout] 39 | pub struct ActivityEvent {
[INFO] [stdout]    |            ------------- fields in this struct
[INFO] [stdout] 40 |     pub timestamp: DateTime<Utc>,
[INFO] [stdout] 41 |     pub event_type: String,
[INFO] [stdout]    |         ^^^^^^^^^^
[INFO] [stdout] 42 |     pub duration_delta: i64,
[INFO] [stdout]    |         ^^^^^^^^^^^^^^
[INFO] [stdout]    |
[INFO] [stdout]    = note: `ActivityEvent` has derived impls for the traits `Clone` and `Debug`, but these are intentionally ignored during dead code analysis
[INFO] [stdout]    = note: `#[warn(dead_code)]` (part of `#[warn(unused)]`) on by default
[INFO] [stdout] 
[INFO] [stdout] 
[INFO] [stderr]     Finished `test` profile [unoptimized + debuginfo] target(s) in 29.36s
[INFO] running `Command { std: "docker" "inspect" "47d246570d212e882d4d550b37acc3cb3100ae2d76a2b2e9652976b3a8bceb56", kill_on_drop: false }`
[INFO] running `Command { std: "docker" "exec" "-e" "SOURCE_DIR=/opt/rustwide/workdir" "-e" "CARGO_HOME=/opt/rustwide/cargo-home" "-e" "RUSTUP_HOME=/opt/rustwide/rustup-home" "-e" "CARGO_TARGET_DIR=/opt/rustwide/target" "-e" "CARGO_INCREMENTAL=0" "-e" "RUST_BACKTRACE=full" "-e" "RUSTFLAGS=--cap-lints=warn" "-e" "RUSTDOCFLAGS=--cap-lints=warn" "-w" "/opt/rustwide/workdir" "--user" "0:0" "47d246570d212e882d4d550b37acc3cb3100ae2d76a2b2e9652976b3a8bceb56" "/opt/rustwide/cargo-home/bin/cargo" "+1.100.0-beta.1" "test" "--frozen", kill_on_drop: false }`
[INFO] [stderr] warning: `package.homepage` is redundant with `package.repository`
[INFO] [stderr]    --> Cargo.toml:114:12
[INFO] [stderr]     |
[INFO] [stderr] 114 | homepage = "https://github.com/own-path/tempo"
[INFO] [stderr]     |            ^^^^^^^^^^^^^^^^^^^^^^^^^^^^^^^^^^^
[INFO] [stderr] ...
[INFO] [stderr] 119 | repository = "https://github.com/own-path/tempo"
[INFO] [stderr]     |              -----------------------------------
[INFO] [stderr]     |
[INFO] [stderr]     = note: `cargo::redundant_homepage` is set to `warn` by default
[INFO] [stderr] help: consider removing `package.homepage`
[INFO] [stderr] warning: `tempo-cli` (manifest) generated 1 warning
[INFO] [stderr] warning: hiding a lifetime that's elided elsewhere is confusing
[INFO] [stderr]   --> src/ui/formatter.rs:48:39
[INFO] [stderr]    |
[INFO] [stderr] 48 |     pub fn create_header_block(title: &str) -> Block {
[INFO] [stderr]    |                                       ^^^^     ^^^^^ the same lifetime is hidden here
[INFO] [stderr]    |                                       |
[INFO] [stderr]    |                                       the lifetime is elided here
[INFO] [stderr]    |
[INFO] [stderr]    = help: the same lifetime is referred to in inconsistent ways, making the signature confusing
[INFO] [stderr]    = note: `#[warn(mismatched_lifetime_syntaxes)]` on by default
[INFO] [stderr] help: use `'_` for type paths
[INFO] [stderr]    |
[INFO] [stderr] 48 |     pub fn create_header_block(title: &str) -> Block<'_> {
[INFO] [stderr]    |                                                     ++++
[INFO] [stderr] 
[INFO] [stderr] warning: hiding a lifetime that's elided elsewhere is confusing
[INFO] [stderr]   --> src/ui/formatter.rs:83:43
[INFO] [stderr]    |
[INFO] [stderr] 83 |     pub fn format_session_status(session: &Session) -> Text {
[INFO] [stderr]    |                                           ^^^^^^^^     ^^^^ the same lifetime is hidden here
[INFO] [stderr]    |                                           |
[INFO] [stderr]    |                                           the lifetime is elided here
[INFO] [stderr]    |
[INFO] [stderr]    = help: the same lifetime is referred to in inconsistent ways, making the signature confusing
[INFO] [stderr] help: use `'_` for type paths
[INFO] [stderr]    |
[INFO] [stderr] 83 |     pub fn format_session_status(session: &Session) -> Text<'_> {
[INFO] [stderr]    |                                                            ++++
[INFO] [stderr] 
[INFO] [stderr] warning: hiding a lifetime that's elided elsewhere is confusing
[INFO] [stderr]    --> src/ui/formatter.rs:138:41
[INFO] [stderr]     |
[INFO] [stderr] 138 |     pub fn format_project_info(project: &Project) -> Text {
[INFO] [stderr]     |                                         ^^^^^^^^     ^^^^ the same lifetime is hidden here
[INFO] [stderr]     |                                         |
[INFO] [stderr]     |                                         the lifetime is elided here
[INFO] [stderr]     |
[INFO] [stderr]     = help: the same lifetime is referred to in inconsistent ways, making the signature confusing
[INFO] [stderr] help: use `'_` for type paths
[INFO] [stderr]     |
[INFO] [stderr] 138 |     pub fn format_project_info(project: &Project) -> Text<'_> {
[INFO] [stderr]     |                                                          ++++
[INFO] [stderr] 
[INFO] [stderr] warning: hiding a lifetime that's elided elsewhere is confusing
[INFO] [stderr]    --> src/ui/widgets.rs:241:19
[INFO] [stderr]     |
[INFO] [stderr] 241 |     pub fn render(&self) -> Span {
[INFO] [stderr]     |                   ^^^^^     ^^^^ the same lifetime is hidden here
[INFO] [stderr]     |                   |
[INFO] [stderr]     |                   the lifetime is elided here
[INFO] [stderr]     |
[INFO] [stderr]     = help: the same lifetime is referred to in inconsistent ways, making the signature confusing
[INFO] [stderr] help: use `'_` for type paths
[INFO] [stderr]     |
[INFO] [stderr] 241 |     pub fn render(&self) -> Span<'_> {
[INFO] [stderr]     |                                 ++++
[INFO] [stderr] 
[INFO] [stderr] warning: `tempo-cli` (lib) generated 4 warnings (run `cargo fix --lib -p tempo-cli` to apply 4 suggestions)
[INFO] [stderr] warning: fields `event_type` and `duration_delta` are never read
[INFO] [stderr]   --> src/daemon/state.rs:41:9
[INFO] [stderr]    |
[INFO] [stderr] 39 | pub struct ActivityEvent {
[INFO] [stderr]    |            ------------- fields in this struct
[INFO] [stderr] 40 |     pub timestamp: DateTime<Utc>,
[INFO] [stderr] 41 |     pub event_type: String,
[INFO] [stderr]    |         ^^^^^^^^^^
[INFO] [stderr] 42 |     pub duration_delta: i64,
[INFO] [stderr]    |         ^^^^^^^^^^^^^^
[INFO] [stderr]    |
[INFO] [stderr]    = note: `ActivityEvent` has derived impls for the traits `Clone` and `Debug`, but these are intentionally ignored during dead code analysis
[INFO] [stderr]    = note: `#[warn(dead_code)]` (part of `#[warn(unused)]`) on by default
[INFO] [stderr] 
[INFO] [stderr] warning: `tempo-cli` (bin "tempo-daemon") generated 1 warning
[INFO] [stderr] warning: variable does not need to be mutable
[INFO] [stderr]    --> src/ui/animations.rs:368:13
[INFO] [stderr]     |
[INFO] [stderr] 368 |         let mut anim = Animation::new(0.0, 100.0, Duration::from_millis(100));
[INFO] [stderr]     |             ----^^^^
[INFO] [stderr]     |             |
[INFO] [stderr]     |             help: remove this `mut`
[INFO] [stderr]     |
[INFO] [stderr]     = note: `#[warn(unused_mut)]` (part of `#[warn(unused)]`) on by default
[INFO] [stderr] 
[INFO] [stderr] warning: `tempo-cli` (bin "tempo-daemon" test) generated 1 warning (1 duplicate)
[INFO] [stderr] warning: `tempo-cli` (lib test) generated 5 warnings (4 duplicates) (run `cargo fix --lib -p tempo-cli --tests` to apply 1 suggestion)
[INFO] [stderr]     Finished `test` profile [unoptimized + debuginfo] target(s) in 0.51s
[INFO] [stderr]      Running unittests src/lib.rs (/opt/rustwide/target/debug/build/tempo-cli/01fc9cffd1e76962/out/tempo_cli-01fc9cffd1e76962)
[INFO] [stdout] 
[INFO] [stdout] running 48 tests
[INFO] [stdout] test models::session::tests::test_session_validation ... ok
[INFO] [stdout] test models::project::tests::test_project_new ... ok
[INFO] [stdout] test models::project::tests::test_project_update_path ... ok
[INFO] [stdout] test services::daemon_service::tests::test_daemon_binary_search_paths ... ok
[INFO] [stdout] test models::project::tests::test_linked_project_management ... ok
[INFO] [stdout] test models::project::tests::test_project_archive_unarchive ... ok
[INFO] [stdout] test models::session::tests::test_session_end ... ok
[INFO] [stdout] test models::session::tests::test_session_duration ... ok
[INFO] [stdout] test models::session::tests::test_session_new ... ok
[INFO] [stdout] test services::daemon_service::tests::test_daemon_operations_when_not_running ... ok
[INFO] [stdout] test services::daemon_service::tests::test_daemon_status_structure ... ok
[INFO] [stdout] test services::daemon_service::tests::test_daemon_status_when_not_running ... ok
[INFO] [stdout] test services::daemon_service::tests::test_pool_stats_placeholder ... ok
[INFO] [stdout] test services::project_service::tests::test_path_validation ... ok
[INFO] [stdout] test services::daemon_service::tests::test_find_daemon_binary ... ok
[INFO] [stdout] test services::daemon_service::tests::test_version_info ... ok
[INFO] [stdout] test services::daemon_service::tests::test_pool_statistics_structure ... ok
[INFO] [stdout] test services::project_service::tests::test_project_name_detection ... ok
[INFO] [stdout] test db::migrations::tests::test_migrations ... ok
[INFO] [stdout] test services::session_service::tests::test_session_stats_calculation ... ok
[INFO] [stdout] test services::session_service::tests::test_empty_session_stats ... ok
[INFO] [stdout] test services::session_service::tests::test_session_context_variations ... ok
[INFO] [stdout] test services::session_service::tests::test_stats_with_only_active_sessions ... ok
[INFO] [stdout] test services::project_service::tests::test_create_project_with_auto_detection ... ok
[INFO] [stdout] test tests::it_works ... ok
[INFO] [stdout] test ui::animations::tests::test_animation ... ok
[INFO] [stdout] test ui::animations::tests::test_calc_progress ... ok
[INFO] [stdout] test ui::animations::tests::test_lerp ... ok
[INFO] [stdout] test utils::validation::tests::test_validate_date_range ... ok
[INFO] [stdout] test utils::validation::tests::test_validate_project_id ... ok
[INFO] [stdout] test utils::validation::tests::test_validate_project_name ... ok
[INFO] [stdout] test utils::validation::tests::test_validate_query_limit ... ok
[INFO] [stdout] test utils::validation::tests::test_validate_tag_name ... ok
[INFO] [stdout] test db::pool::tests::test_pool_creation ... ok
[INFO] [stdout] test db::pool::tests::test_get_connection ... ok
[INFO] [stdout] test services::project_service::tests::test_tempo_marker_detection ... ok
[INFO] [stdout] test test_utils::tests::test_with_test_db ... ok
[INFO] [stdout] test services::project_service::tests::test_git_repository_detection ... ok
[INFO] [stdout] test test_utils::tests::test_context_creation ... ok
[INFO] [stdout] test db::pool::tests::test_connection_return ... ok
[INFO] [stdout] test services::session_service::tests::test_session_filtering_by_project ... ok
[INFO] [stdout] test test_utils::tests::test_with_test_db_async ... ok
[INFO] [stdout] test test_utils::tests::test_temp_directories ... ok
[INFO] [stdout] test services::project_service::tests::test_project_update_operations ... FAILED
[INFO] [stdout] test services::project_service::tests::test_project_filtering ... FAILED
[INFO] [stdout] test services::session_service::tests::test_session_date_range_filtering ... FAILED
[INFO] [stdout] test services::project_service::tests::test_project_retrieval_edge_cases ... FAILED
[INFO] [stdout] test services::session_service::tests::test_daemon_fallback_logic ... FAILED
[INFO] [stdout] 
[INFO] [stdout] failures:
[INFO] [stdout] 
[INFO] [stdout] ---- services::project_service::tests::test_project_update_operations stdout ----
[INFO] [stdout] 
[INFO] [stdout] thread 'services::project_service::tests::test_project_update_operations' (3766) panicked at src/services/project_service.rs:382:9:
[INFO] [stdout] assertion failed: result.unwrap_err().to_string().contains("Project with ID 99999 not found")
[INFO] [stdout] stack backtrace:
[INFO] [stdout]    0:     0x619bfb9b1471 - std[617be2ca0a6fd877]::backtrace_rs::backtrace::libunwind::trace
[INFO] [stdout]                                at /rustc/e3feeb59cd1bdd011a2bfcc0747b55125d9b8527/library/std/src/../../backtrace/src/backtrace/libunwind.rs:117:9
[INFO] [stdout]    1:     0x619bfb9b1471 - std[617be2ca0a6fd877]::backtrace_rs::backtrace::trace_unsynchronized::<std[617be2ca0a6fd877]::sys::backtrace::_print_fmt::{closure#1}>
[INFO] [stdout]                                at /rustc/e3feeb59cd1bdd011a2bfcc0747b55125d9b8527/library/std/src/../../backtrace/src/backtrace/mod.rs:66:14
[INFO] [stdout]    2:     0x619bfb9b1471 - std[617be2ca0a6fd877]::sys::backtrace::_print_fmt
[INFO] [stdout]                                at /rustc/e3feeb59cd1bdd011a2bfcc0747b55125d9b8527/library/std/src/sys/backtrace.rs:74:9
[INFO] [stdout]    3:     0x619bfb9b1471 - <<std[617be2ca0a6fd877]::sys::backtrace::BacktraceLock>::print::DisplayBacktrace as core[a373ad73a504971]::fmt::Display>::fmt
[INFO] [stdout]                                at /rustc/e3feeb59cd1bdd011a2bfcc0747b55125d9b8527/library/std/src/sys/backtrace.rs:44:26
[INFO] [stdout]    4:     0x619bfb9c84ba - <core[a373ad73a504971]::fmt::rt::Argument>::fmt
[INFO] [stdout]                                at /rustc/e3feeb59cd1bdd011a2bfcc0747b55125d9b8527/library/core/src/fmt/rt.rs:152:76
[INFO] [stdout]    5:     0x619bfb9c84ba - core[a373ad73a504971]::fmt::write
[INFO] [stdout]    6:     0x619bfb9b604c - core[a373ad73a504971]::io::write::default_write_fmt::<alloc[2e1b2a31b91974c5]::vec::Vec<u8>>
[INFO] [stdout]                                at /rustc/e3feeb59cd1bdd011a2bfcc0747b55125d9b8527/library/core/src/io/write.rs:402:11
[INFO] [stdout]    7:     0x619bfb9b604c - <alloc[2e1b2a31b91974c5]::vec::Vec<u8> as core[a373ad73a504971]::io::write::Write>::write_fmt
[INFO] [stdout]                                at /rustc/e3feeb59cd1bdd011a2bfcc0747b55125d9b8527/library/core/src/io/write.rs:335:13
[INFO] [stdout]    8:     0x619bfb98acc6 - <std[617be2ca0a6fd877]::sys::backtrace::BacktraceLock>::print
[INFO] [stdout]                                at /rustc/e3feeb59cd1bdd011a2bfcc0747b55125d9b8527/library/std/src/sys/backtrace.rs:47:9
[INFO] [stdout]    9:     0x619bfb98acc6 - std[617be2ca0a6fd877]::panicking::default_hook::{closure#0}
[INFO] [stdout]                                at /rustc/e3feeb59cd1bdd011a2bfcc0747b55125d9b8527/library/std/src/panicking.rs:289:27
[INFO] [stdout]   10:     0x619bfb9a8929 - std[617be2ca0a6fd877]::panicking::default_hook
[INFO] [stdout]                                at /rustc/e3feeb59cd1bdd011a2bfcc0747b55125d9b8527/library/std/src/panicking.rs:313:9
[INFO] [stdout]   11:     0x619bfb711d90 - <alloc[2e1b2a31b91974c5]::boxed::Box<dyn for<'a, 'b> core[a373ad73a504971]::ops::function::Fn<(&'a std[617be2ca0a6fd877]::panic::PanicHookInfo<'b>,), Output = ()> + core[a373ad73a504971]::marker::Sync + core[a373ad73a504971]::marker::Send> as core[a373ad73a504971]::ops::function::Fn<(&std[617be2ca0a6fd877]::panic::PanicHookInfo,)>>::call
[INFO] [stdout]                                at /rustc/e3feeb59cd1bdd011a2bfcc0747b55125d9b8527/library/alloc/src/boxed.rs:2328:9
[INFO] [stdout]   12:     0x619bfb711d90 - test[aada8e7e76ba119b]::test_main_inner::{closure#0}
[INFO] [stdout]                                at /rustc/e3feeb59cd1bdd011a2bfcc0747b55125d9b8527/library/test/src/lib.rs:137:21
[INFO] [stdout]   13:     0x619bfb9a8c52 - <alloc[2e1b2a31b91974c5]::boxed::Box<dyn for<'a, 'b> core[a373ad73a504971]::ops::function::Fn<(&'a std[617be2ca0a6fd877]::panic::PanicHookInfo<'b>,), Output = ()> + core[a373ad73a504971]::marker::Sync + core[a373ad73a504971]::marker::Send> as core[a373ad73a504971]::ops::function::Fn<(&std[617be2ca0a6fd877]::panic::PanicHookInfo,)>>::call
[INFO] [stdout]                                at /rustc/e3feeb59cd1bdd011a2bfcc0747b55125d9b8527/library/alloc/src/boxed.rs:2328:9
[INFO] [stdout]   14:     0x619bfb9a8c52 - std[617be2ca0a6fd877]::panicking::panic_with_hook
[INFO] [stdout]                                at /rustc/e3feeb59cd1bdd011a2bfcc0747b55125d9b8527/library/std/src/panicking.rs:819:13
[INFO] [stdout]   15:     0x619bfb98ada4 - std[617be2ca0a6fd877]::panicking::panic_handler::{closure#0}
[INFO] [stdout]                                at /rustc/e3feeb59cd1bdd011a2bfcc0747b55125d9b8527/library/std/src/panicking.rs:678:13
[INFO] [stdout]   16:     0x619bfb983249 - std[617be2ca0a6fd877]::sys::backtrace::__rust_end_short_backtrace::<std[617be2ca0a6fd877]::panicking::panic_handler::{closure#0}, !>
[INFO] [stdout]                                at /rustc/e3feeb59cd1bdd011a2bfcc0747b55125d9b8527/library/std/src/sys/backtrace.rs:182:18
[INFO] [stdout]   17:     0x619bfb98bb4d - __rustc[ea4f61d10b84890b]::rust_begin_unwind
[INFO] [stdout]                                at /rustc/e3feeb59cd1bdd011a2bfcc0747b55125d9b8527/library/std/src/panicking.rs:676:5
[INFO] [stdout]   18:     0x619bfb9c8d0c - core[a373ad73a504971]::panicking::panic_fmt
[INFO] [stdout]                                at /rustc/e3feeb59cd1bdd011a2bfcc0747b55125d9b8527/library/core/src/panicking.rs:80:14
[INFO] [stdout]   19:     0x619bfb9c8cd2 - core[a373ad73a504971]::panicking::panic
[INFO] [stdout]                                at /rustc/e3feeb59cd1bdd011a2bfcc0747b55125d9b8527/library/core/src/panicking.rs:150:5
[INFO] [stdout]   20:     0x619bfb64f006 - tempo_cli[36b8727f42758389]::services::project_service::tests::test_project_update_operations::{closure#0}
[INFO] [stdout]                                at /opt/rustwide/workdir/src/services/project_service.rs:382:9
[INFO] [stdout]   21:     0x619bfb6ae022 - <core[a373ad73a504971]::pin::Pin<&mut dyn core[a373ad73a504971]::future::future::Future<Output = ()>> as core[a373ad73a504971]::future::future::Future>::poll
[INFO] [stdout]                                at /rustc/e3feeb59cd1bdd011a2bfcc0747b55125d9b8527/library/core/src/future/future.rs:133:9
[INFO] [stdout]   22:     0x619bfb6ae09d - <core[a373ad73a504971]::pin::Pin<&mut core[a373ad73a504971]::pin::Pin<&mut dyn core[a373ad73a504971]::future::future::Future<Output = ()>>> as core[a373ad73a504971]::future::future::Future>::poll
[INFO] [stdout]                                at /rustc/e3feeb59cd1bdd011a2bfcc0747b55125d9b8527/library/core/src/future/future.rs:133:9
[INFO] [stdout]   23:     0x619bfb6aad0d - <tokio[959fc0431ce64a68]::runtime::scheduler::current_thread::CoreGuard>::block_on::<core[a373ad73a504971]::pin::Pin<&mut core[a373ad73a504971]::pin::Pin<&mut dyn core[a373ad73a504971]::future::future::Future<Output = ()>>>>::{closure#0}::{closure#0}::{closure#0}
[INFO] [stdout]                                at /opt/rustwide/cargo-home/registry/src/index.crates.io-1949cf8c6b5b557f/tokio-1.48.0/src/runtime/scheduler/current_thread/mod.rs:742:70
[INFO] [stdout]   24:     0x619bfb6aac35 - tokio[959fc0431ce64a68]::task::coop::with_budget::<core[a373ad73a504971]::task::poll::Poll<()>, <tokio[959fc0431ce64a68]::runtime::scheduler::current_thread::CoreGuard>::block_on<core[a373ad73a504971]::pin::Pin<&mut core[a373ad73a504971]::pin::Pin<&mut dyn core[a373ad73a504971]::future::future::Future<Output = ()>>>>::{closure#0}::{closure#0}::{closure#0}>
[INFO] [stdout]                                at /opt/rustwide/cargo-home/registry/src/index.crates.io-1949cf8c6b5b557f/tokio-1.48.0/src/task/coop/mod.rs:167:5
[INFO] [stdout]   25:     0x619bfb6aac35 - tokio[959fc0431ce64a68]::task::coop::budget::<core[a373ad73a504971]::task::poll::Poll<()>, <tokio[959fc0431ce64a68]::runtime::scheduler::current_thread::CoreGuard>::block_on<core[a373ad73a504971]::pin::Pin<&mut core[a373ad73a504971]::pin::Pin<&mut dyn core[a373ad73a504971]::future::future::Future<Output = ()>>>>::{closure#0}::{closure#0}::{closure#0}>
[INFO] [stdout]                                at /opt/rustwide/cargo-home/registry/src/index.crates.io-1949cf8c6b5b557f/tokio-1.48.0/src/task/coop/mod.rs:133:5
[INFO] [stdout]   26:     0x619bfb6aac35 - <tokio[959fc0431ce64a68]::runtime::scheduler::current_thread::CoreGuard>::block_on::<core[a373ad73a504971]::pin::Pin<&mut core[a373ad73a504971]::pin::Pin<&mut dyn core[a373ad73a504971]::future::future::Future<Output = ()>>>>::{closure#0}::{closure#0}
[INFO] [stdout]                                at /opt/rustwide/cargo-home/registry/src/index.crates.io-1949cf8c6b5b557f/tokio-1.48.0/src/runtime/scheduler/current_thread/mod.rs:742:25
[INFO] [stdout]   27:     0x619bfb6a38f2 - <tokio[959fc0431ce64a68]::runtime::scheduler::current_thread::Context>::enter::<core[a373ad73a504971]::task::poll::Poll<()>, <tokio[959fc0431ce64a68]::runtime::scheduler::current_thread::CoreGuard>::block_on<core[a373ad73a504971]::pin::Pin<&mut core[a373ad73a504971]::pin::Pin<&mut dyn core[a373ad73a504971]::future::future::Future<Output = ()>>>>::{closure#0}::{closure#0}>
[INFO] [stdout]                                at /opt/rustwide/cargo-home/registry/src/index.crates.io-1949cf8c6b5b557f/tokio-1.48.0/src/runtime/scheduler/current_thread/mod.rs:432:19
[INFO] [stdout]   28:     0x619bfb6a9d8d - <tokio[959fc0431ce64a68]::runtime::scheduler::current_thread::CoreGuard>::block_on::<core[a373ad73a504971]::pin::Pin<&mut core[a373ad73a504971]::pin::Pin<&mut dyn core[a373ad73a504971]::future::future::Future<Output = ()>>>>::{closure#0}
[INFO] [stdout]                                at /opt/rustwide/cargo-home/registry/src/index.crates.io-1949cf8c6b5b557f/tokio-1.48.0/src/runtime/scheduler/current_thread/mod.rs:741:44
[INFO] [stdout]   29:     0x619bfb6a9084 - <tokio[959fc0431ce64a68]::runtime::scheduler::current_thread::CoreGuard>::enter::<<tokio[959fc0431ce64a68]::runtime::scheduler::current_thread::CoreGuard>::block_on<core[a373ad73a504971]::pin::Pin<&mut core[a373ad73a504971]::pin::Pin<&mut dyn core[a373ad73a504971]::future::future::Future<Output = ()>>>>::{closure#0}, core[a373ad73a504971]::option::Option<()>>::{closure#0}
[INFO] [stdout]                                at /opt/rustwide/cargo-home/registry/src/index.crates.io-1949cf8c6b5b557f/tokio-1.48.0/src/runtime/scheduler/current_thread/mod.rs:829:68
[INFO] [stdout]   30:     0x619bfb61b59b - <tokio[959fc0431ce64a68]::runtime::context::scoped::Scoped<tokio[959fc0431ce64a68]::runtime::scheduler::Context>>::set::<<tokio[959fc0431ce64a68]::runtime::scheduler::current_thread::CoreGuard>::enter<<tokio[959fc0431ce64a68]::runtime::scheduler::current_thread::CoreGuard>::block_on<core[a373ad73a504971]::pin::Pin<&mut core[a373ad73a504971]::pin::Pin<&mut dyn core[a373ad73a504971]::future::future::Future<Output = ()>>>>::{closure#0}, core[a373ad73a504971]::option::Option<()>>::{closure#0}, (alloc[2e1b2a31b91974c5]::boxed::Box<tokio[959fc0431ce64a68]::runtime::scheduler::current_thread::Core>, core[a373ad73a504971]::option::Option<()>)>
[INFO] [stdout]                                at /opt/rustwide/cargo-home/registry/src/index.crates.io-1949cf8c6b5b557f/tokio-1.48.0/src/runtime/context/scoped.rs:40:9
[INFO] [stdout]   31:     0x619bfb68ac29 - tokio[959fc0431ce64a68]::runtime::context::set_scheduler::<(alloc[2e1b2a31b91974c5]::boxed::Box<tokio[959fc0431ce64a68]::runtime::scheduler::current_thread::Core>, core[a373ad73a504971]::option::Option<()>), <tokio[959fc0431ce64a68]::runtime::scheduler::current_thread::CoreGuard>::enter<<tokio[959fc0431ce64a68]::runtime::scheduler::current_thread::CoreGuard>::block_on<core[a373ad73a504971]::pin::Pin<&mut core[a373ad73a504971]::pin::Pin<&mut dyn core[a373ad73a504971]::future::future::Future<Output = ()>>>>::{closure#0}, core[a373ad73a504971]::option::Option<()>>::{closure#0}>::{closure#0}
[INFO] [stdout]                                at /opt/rustwide/cargo-home/registry/src/index.crates.io-1949cf8c6b5b557f/tokio-1.48.0/src/runtime/context.rs:176:38
[INFO] [stdout]   32:     0x619bfb66ef2f - <std[617be2ca0a6fd877]::thread::local::LocalKey<tokio[959fc0431ce64a68]::runtime::context::Context>>::try_with::<tokio[959fc0431ce64a68]::runtime::context::set_scheduler<(alloc[2e1b2a31b91974c5]::boxed::Box<tokio[959fc0431ce64a68]::runtime::scheduler::current_thread::Core>, core[a373ad73a504971]::option::Option<()>), <tokio[959fc0431ce64a68]::runtime::scheduler::current_thread::CoreGuard>::enter<<tokio[959fc0431ce64a68]::runtime::scheduler::current_thread::CoreGuard>::block_on<core[a373ad73a504971]::pin::Pin<&mut core[a373ad73a504971]::pin::Pin<&mut dyn core[a373ad73a504971]::future::future::Future<Output = ()>>>>::{closure#0}, core[a373ad73a504971]::option::Option<()>>::{closure#0}>::{closure#0}, (alloc[2e1b2a31b91974c5]::boxed::Box<tokio[959fc0431ce64a68]::runtime::scheduler::current_thread::Core>, core[a373ad73a504971]::option::Option<()>)>
[INFO] [stdout]                                at /rustc/e3feeb59cd1bdd011a2bfcc0747b55125d9b8527/library/std/src/thread/local.rs:463:12
[INFO] [stdout]   33:     0x619bfb66eade - <std[617be2ca0a6fd877]::thread::local::LocalKey<tokio[959fc0431ce64a68]::runtime::context::Context>>::with::<tokio[959fc0431ce64a68]::runtime::context::set_scheduler<(alloc[2e1b2a31b91974c5]::boxed::Box<tokio[959fc0431ce64a68]::runtime::scheduler::current_thread::Core>, core[a373ad73a504971]::option::Option<()>), <tokio[959fc0431ce64a68]::runtime::scheduler::current_thread::CoreGuard>::enter<<tokio[959fc0431ce64a68]::runtime::scheduler::current_thread::CoreGuard>::block_on<core[a373ad73a504971]::pin::Pin<&mut core[a373ad73a504971]::pin::Pin<&mut dyn core[a373ad73a504971]::future::future::Future<Output = ()>>>>::{closure#0}, core[a373ad73a504971]::option::Option<()>>::{closure#0}>::{closure#0}, (alloc[2e1b2a31b91974c5]::boxed::Box<tokio[959fc0431ce64a68]::runtime::scheduler::current_thread::Core>, core[a373ad73a504971]::option::Option<()>)>
[INFO] [stdout]                                at /rustc/e3feeb59cd1bdd011a2bfcc0747b55125d9b8527/library/std/src/thread/local.rs:427:20
[INFO] [stdout]   34:     0x619bfb687b7d - tokio[959fc0431ce64a68]::runtime::context::set_scheduler::<(alloc[2e1b2a31b91974c5]::boxed::Box<tokio[959fc0431ce64a68]::runtime::scheduler::current_thread::Core>, core[a373ad73a504971]::option::Option<()>), <tokio[959fc0431ce64a68]::runtime::scheduler::current_thread::CoreGuard>::enter<<tokio[959fc0431ce64a68]::runtime::scheduler::current_thread::CoreGuard>::block_on<core[a373ad73a504971]::pin::Pin<&mut core[a373ad73a504971]::pin::Pin<&mut dyn core[a373ad73a504971]::future::future::Future<Output = ()>>>>::{closure#0}, core[a373ad73a504971]::option::Option<()>>::{closure#0}>
[INFO] [stdout]                                at /opt/rustwide/cargo-home/registry/src/index.crates.io-1949cf8c6b5b557f/tokio-1.48.0/src/runtime/context.rs:176:17
[INFO] [stdout]   35:     0x619bfb6a56d0 - <tokio[959fc0431ce64a68]::runtime::scheduler::current_thread::CoreGuard>::enter::<<tokio[959fc0431ce64a68]::runtime::scheduler::current_thread::CoreGuard>::block_on<core[a373ad73a504971]::pin::Pin<&mut core[a373ad73a504971]::pin::Pin<&mut dyn core[a373ad73a504971]::future::future::Future<Output = ()>>>>::{closure#0}, core[a373ad73a504971]::option::Option<()>>
[INFO] [stdout]                                at /opt/rustwide/cargo-home/registry/src/index.crates.io-1949cf8c6b5b557f/tokio-1.48.0/src/runtime/scheduler/current_thread/mod.rs:829:27
[INFO] [stdout]   36:     0x619bfb6a59c6 - <tokio[959fc0431ce64a68]::runtime::scheduler::current_thread::CoreGuard>::block_on::<core[a373ad73a504971]::pin::Pin<&mut core[a373ad73a504971]::pin::Pin<&mut dyn core[a373ad73a504971]::future::future::Future<Output = ()>>>>
[INFO] [stdout]                                at /opt/rustwide/cargo-home/registry/src/index.crates.io-1949cf8c6b5b557f/tokio-1.48.0/src/runtime/scheduler/current_thread/mod.rs:729:24
[INFO] [stdout]   37:     0x619bfb6a8b90 - <tokio[959fc0431ce64a68]::runtime::scheduler::current_thread::CurrentThread>::block_on::<core[a373ad73a504971]::pin::Pin<&mut dyn core[a373ad73a504971]::future::future::Future<Output = ()>>>::{closure#0}
[INFO] [stdout]                                at /opt/rustwide/cargo-home/registry/src/index.crates.io-1949cf8c6b5b557f/tokio-1.48.0/src/runtime/scheduler/current_thread/mod.rs:200:33
[INFO] [stdout]   38:     0x619bfb615668 - tokio[959fc0431ce64a68]::runtime::context::runtime::enter_runtime::<<tokio[959fc0431ce64a68]::runtime::scheduler::current_thread::CurrentThread>::block_on<core[a373ad73a504971]::pin::Pin<&mut dyn core[a373ad73a504971]::future::future::Future<Output = ()>>>::{closure#0}, ()>
[INFO] [stdout]                                at /opt/rustwide/cargo-home/registry/src/index.crates.io-1949cf8c6b5b557f/tokio-1.48.0/src/runtime/context/runtime.rs:65:16
[INFO] [stdout]   39:     0x619bfb6a2ff4 - <tokio[959fc0431ce64a68]::runtime::scheduler::current_thread::CurrentThread>::block_on::<core[a373ad73a504971]::pin::Pin<&mut dyn core[a373ad73a504971]::future::future::Future<Output = ()>>>
[INFO] [stdout]                                at /opt/rustwide/cargo-home/registry/src/index.crates.io-1949cf8c6b5b557f/tokio-1.48.0/src/runtime/scheduler/current_thread/mod.rs:188:9
[INFO] [stdout]   40:     0x619bfb65730f - <tokio[959fc0431ce64a68]::runtime::runtime::Runtime>::block_on_inner::<core[a373ad73a504971]::pin::Pin<&mut dyn core[a373ad73a504971]::future::future::Future<Output = ()>>>
[INFO] [stdout]                                at /opt/rustwide/cargo-home/registry/src/index.crates.io-1949cf8c6b5b557f/tokio-1.48.0/src/runtime/runtime.rs:368:52
[INFO] [stdout]   41:     0x619bfb65745b - <tokio[959fc0431ce64a68]::runtime::runtime::Runtime>::block_on::<core[a373ad73a504971]::pin::Pin<&mut dyn core[a373ad73a504971]::future::future::Future<Output = ()>>>
[INFO] [stdout]                                at /opt/rustwide/cargo-home/registry/src/index.crates.io-1949cf8c6b5b557f/tokio-1.48.0/src/runtime/runtime.rs:342:18
[INFO] [stdout]   42:     0x619bfb654b60 - tempo_cli[36b8727f42758389]::services::project_service::tests::test_project_update_operations
[INFO] [stdout]                                at /opt/rustwide/workdir/src/services/project_service.rs:401:58
[INFO] [stdout]   43:     0x619bfb64c7b7 - tempo_cli[36b8727f42758389]::services::project_service::tests::test_project_update_operations::{closure#0}
[INFO] [stdout]                                at /opt/rustwide/workdir/src/services/project_service.rs:372:46
[INFO] [stdout]   44:     0x619bfb614266 - <tempo_cli[36b8727f42758389]::services::project_service::tests::test_project_update_operations::{closure#0} as core[a373ad73a504971]::ops::function::FnOnce<()>>::call_once
[INFO] [stdout]                                at /rustc/e3feeb59cd1bdd011a2bfcc0747b55125d9b8527/library/core/src/ops/function.rs:250:5
[INFO] [stdout]   45:     0x619bfb7051db - <fn() -> core[a373ad73a504971]::result::Result<(), alloc[2e1b2a31b91974c5]::string::String> as core[a373ad73a504971]::ops::function::FnOnce<()>>::call_once
[INFO] [stdout]                                at /rustc/e3feeb59cd1bdd011a2bfcc0747b55125d9b8527/library/core/src/ops/function.rs:250:5
[INFO] [stdout]   46:     0x619bfb7051db - test[aada8e7e76ba119b]::__rust_begin_short_backtrace::<core[a373ad73a504971]::result::Result<(), alloc[2e1b2a31b91974c5]::string::String>, fn() -> core[a373ad73a504971]::result::Result<(), alloc[2e1b2a31b91974c5]::string::String>>
[INFO] [stdout]                                at /rustc/e3feeb59cd1bdd011a2bfcc0747b55125d9b8527/library/test/src/lib.rs:701:18
[INFO] [stdout]   47:     0x619bfb7123b5 - test[aada8e7e76ba119b]::run_test_in_process::{closure#0}
[INFO] [stdout]                                at /rustc/e3feeb59cd1bdd011a2bfcc0747b55125d9b8527/library/test/src/lib.rs:724:74
[INFO] [stdout]   48:     0x619bfb7123b5 - <core[a373ad73a504971]::panic::unwind_safe::AssertUnwindSafe<test[aada8e7e76ba119b]::run_test_in_process::{closure#0}> as core[a373ad73a504971]::ops::function::FnOnce<()>>::call_once
[INFO] [stdout]                                at /rustc/e3feeb59cd1bdd011a2bfcc0747b55125d9b8527/library/core/src/panic/unwind_safe.rs:275:9
[INFO] [stdout]   49:     0x619bfb7123b5 - std[617be2ca0a6fd877]::panicking::catch_unwind::do_call::<core[a373ad73a504971]::panic::unwind_safe::AssertUnwindSafe<test[aada8e7e76ba119b]::run_test_in_process::{closure#0}>, core[a373ad73a504971]::result::Result<(), alloc[2e1b2a31b91974c5]::string::String>>
[INFO] [stdout]                                at /rustc/e3feeb59cd1bdd011a2bfcc0747b55125d9b8527/library/std/src/panicking.rs:573:43
[INFO] [stdout]   50:     0x619bfb7123b5 - std[617be2ca0a6fd877]::panicking::catch_unwind::<core[a373ad73a504971]::result::Result<(), alloc[2e1b2a31b91974c5]::string::String>, core[a373ad73a504971]::panic::unwind_safe::AssertUnwindSafe<test[aada8e7e76ba119b]::run_test_in_process::{closure#0}>>
[INFO] [stdout]                                at /rustc/e3feeb59cd1bdd011a2bfcc0747b55125d9b8527/library/std/src/panicking.rs:541:19
[INFO] [stdout]   51:     0x619bfb7123b5 - std[617be2ca0a6fd877]::panic::catch_unwind::<core[a373ad73a504971]::panic::unwind_safe::AssertUnwindSafe<test[aada8e7e76ba119b]::run_test_in_process::{closure#0}>, core[a373ad73a504971]::result::Result<(), alloc[2e1b2a31b91974c5]::string::String>>
[INFO] [stdout]                                at /rustc/e3feeb59cd1bdd011a2bfcc0747b55125d9b8527/library/std/src/panic.rs:359:14
[INFO] [stdout]   52:     0x619bfb7123b5 - test[aada8e7e76ba119b]::run_test_in_process
[INFO] [stdout]                                at /rustc/e3feeb59cd1bdd011a2bfcc0747b55125d9b8527/library/test/src/lib.rs:724:27
[INFO] [stdout]   53:     0x619bfb7123b5 - test[aada8e7e76ba119b]::run_test::{closure#0}
[INFO] [stdout]                                at /rustc/e3feeb59cd1bdd011a2bfcc0747b55125d9b8527/library/test/src/lib.rs:645:43
[INFO] [stdout]   54:     0x619bfb70bca4 - test[aada8e7e76ba119b]::run_test::{closure#1}
[INFO] [stdout]                                at /rustc/e3feeb59cd1bdd011a2bfcc0747b55125d9b8527/library/test/src/lib.rs:675:41
[INFO] [stdout]   55:     0x619bfb70bca4 - std[617be2ca0a6fd877]::sys::backtrace::__rust_begin_short_backtrace::<test[aada8e7e76ba119b]::run_test::{closure#1}, ()>
[INFO] [stdout]                                at /rustc/e3feeb59cd1bdd011a2bfcc0747b55125d9b8527/library/std/src/sys/backtrace.rs:166:18
[INFO] [stdout]   56:     0x619bfb715442 - std[617be2ca0a6fd877]::thread::lifecycle::spawn_unchecked::<test[aada8e7e76ba119b]::run_test::{closure#1}, ()>::{closure#1}::{closure#0}
[INFO] [stdout]                                at /rustc/e3feeb59cd1bdd011a2bfcc0747b55125d9b8527/library/std/src/thread/lifecycle.rs:70:13
[INFO] [stdout]   57:     0x619bfb715442 - <core[a373ad73a504971]::panic::unwind_safe::AssertUnwindSafe<std[617be2ca0a6fd877]::thread::lifecycle::spawn_unchecked<test[aada8e7e76ba119b]::run_test::{closure#1}, ()>::{closure#1}::{closure#0}> as core[a373ad73a504971]::ops::function::FnOnce<()>>::call_once
[INFO] [stdout]                                at /rustc/e3feeb59cd1bdd011a2bfcc0747b55125d9b8527/library/core/src/panic/unwind_safe.rs:275:9
[INFO] [stdout]   58:     0x619bfb715442 - std[617be2ca0a6fd877]::panicking::catch_unwind::do_call::<core[a373ad73a504971]::panic::unwind_safe::AssertUnwindSafe<std[617be2ca0a6fd877]::thread::lifecycle::spawn_unchecked<test[aada8e7e76ba119b]::run_test::{closure#1}, ()>::{closure#1}::{closure#0}>, ()>
[INFO] [stdout]                                at /rustc/e3feeb59cd1bdd011a2bfcc0747b55125d9b8527/library/std/src/panicking.rs:573:43
[INFO] [stdout]   59:     0x619bfb715442 - std[617be2ca0a6fd877]::panicking::catch_unwind::<(), core[a373ad73a504971]::panic::unwind_safe::AssertUnwindSafe<std[617be2ca0a6fd877]::thread::lifecycle::spawn_unchecked<test[aada8e7e76ba119b]::run_test::{closure#1}, ()>::{closure#1}::{closure#0}>>
[INFO] [stdout]                                at /rustc/e3feeb59cd1bdd011a2bfcc0747b55125d9b8527/library/std/src/panicking.rs:541:19
[INFO] [stdout]   60:     0x619bfb715442 - std[617be2ca0a6fd877]::panic::catch_unwind::<core[a373ad73a504971]::panic::unwind_safe::AssertUnwindSafe<std[617be2ca0a6fd877]::thread::lifecycle::spawn_unchecked<test[aada8e7e76ba119b]::run_test::{closure#1}, ()>::{closure#1}::{closure#0}>, ()>
[INFO] [stdout]                                at /rustc/e3feeb59cd1bdd011a2bfcc0747b55125d9b8527/library/std/src/panic.rs:359:14
[INFO] [stdout]   61:     0x619bfb715442 - std[617be2ca0a6fd877]::thread::lifecycle::spawn_unchecked::<test[aada8e7e76ba119b]::run_test::{closure#1}, ()>::{closure#1}
[INFO] [stdout]                                at /rustc/e3feeb59cd1bdd011a2bfcc0747b55125d9b8527/library/std/src/thread/lifecycle.rs:68:26
[INFO] [stdout]   62:     0x619bfb715442 - <std[617be2ca0a6fd877]::thread::lifecycle::spawn_unchecked<test[aada8e7e76ba119b]::run_test::{closure#1}, ()>::{closure#1} as core[a373ad73a504971]::ops::function::FnOnce<()>>::call_once::{shim:vtable#0}
[INFO] [stdout]                                at /rustc/e3feeb59cd1bdd011a2bfcc0747b55125d9b8527/library/core/src/ops/function.rs:250:5
[INFO] [stdout]   63:     0x619bfb9b077f - <alloc[2e1b2a31b91974c5]::boxed::Box<dyn core[a373ad73a504971]::ops::function::FnOnce<(), Output = ()> + core[a373ad73a504971]::marker::Send> as core[a373ad73a504971]::ops::function::FnOnce<()>>::call_once
[INFO] [stdout]                                at /rustc/e3feeb59cd1bdd011a2bfcc0747b55125d9b8527/library/alloc/src/boxed.rs:2314:9
[INFO] [stdout]   64:     0x619bfb9b077f - <std[617be2ca0a6fd877]::sys::thread::unix::Thread>::new::thread_start
[INFO] [stdout]                                at /rustc/e3feeb59cd1bdd011a2bfcc0747b55125d9b8527/library/std/src/sys/thread/unix.rs:127:17
[INFO] [stdout]   65:     0x753dfafd3dfa - <unknown>
[INFO] [stdout]   66:     0x753dfb0673d4 - clone
[INFO] [stdout]   67:                0x0 - <unknown>
[INFO] [stdout] 
[INFO] [stdout] ---- services::project_service::tests::test_project_filtering stdout ----
[INFO] [stdout] 
[INFO] [stdout] thread 'services::project_service::tests::test_project_filtering' (3763) panicked at src/services/project_service.rs:342:9:
[INFO] [stdout] assertion failed: result.is_ok()
[INFO] [stdout] stack backtrace:
[INFO] [stdout]    0:     0x619bfb9b1471 - std[617be2ca0a6fd877]::backtrace_rs::backtrace::libunwind::trace
[INFO] [stdout]                                at /rustc/e3feeb59cd1bdd011a2bfcc0747b55125d9b8527/library/std/src/../../backtrace/src/backtrace/libunwind.rs:117:9
[INFO] [stdout]    1:     0x619bfb9b1471 - std[617be2ca0a6fd877]::backtrace_rs::backtrace::trace_unsynchronized::<std[617be2ca0a6fd877]::sys::backtrace::_print_fmt::{closure#1}>
[INFO] [stdout]                                at /rustc/e3feeb59cd1bdd011a2bfcc0747b55125d9b8527/library/std/src/../../backtrace/src/backtrace/mod.rs:66:14
[INFO] [stdout]    2:     0x619bfb9b1471 - std[617be2ca0a6fd877]::sys::backtrace::_print_fmt
[INFO] [stdout]                                at /rustc/e3feeb59cd1bdd011a2bfcc0747b55125d9b8527/library/std/src/sys/backtrace.rs:74:9
[INFO] [stdout]    3:     0x619bfb9b1471 - <<std[617be2ca0a6fd877]::sys::backtrace::BacktraceLock>::print::DisplayBacktrace as core[a373ad73a504971]::fmt::Display>::fmt
[INFO] [stdout]                                at /rustc/e3feeb59cd1bdd011a2bfcc0747b55125d9b8527/library/std/src/sys/backtrace.rs:44:26
[INFO] [stdout]    4:     0x619bfb9c84ba - <core[a373ad73a504971]::fmt::rt::Argument>::fmt
[INFO] [stdout]                                at /rustc/e3feeb59cd1bdd011a2bfcc0747b55125d9b8527/library/core/src/fmt/rt.rs:152:76
[INFO] [stdout]    5:     0x619bfb9c84ba - core[a373ad73a504971]::fmt::write
[INFO] [stdout]    6:     0x619bfb9b604c - core[a373ad73a504971]::io::write::default_write_fmt::<alloc[2e1b2a31b91974c5]::vec::Vec<u8>>
[INFO] [stdout]                                at /rustc/e3feeb59cd1bdd011a2bfcc0747b55125d9b8527/library/core/src/io/write.rs:402:11
[INFO] [stdout]    7:     0x619bfb9b604c - <alloc[2e1b2a31b91974c5]::vec::Vec<u8> as core[a373ad73a504971]::io::write::Write>::write_fmt
[INFO] [stdout]                                at /rustc/e3feeb59cd1bdd011a2bfcc0747b55125d9b8527/library/core/src/io/write.rs:335:13
[INFO] [stdout]    8:     0x619bfb98acc6 - <std[617be2ca0a6fd877]::sys::backtrace::BacktraceLock>::print
[INFO] [stdout]                                at /rustc/e3feeb59cd1bdd011a2bfcc0747b55125d9b8527/library/std/src/sys/backtrace.rs:47:9
[INFO] [stdout]    9:     0x619bfb98acc6 - std[617be2ca0a6fd877]::panicking::default_hook::{closure#0}
[INFO] [stdout]                                at /rustc/e3feeb59cd1bdd011a2bfcc0747b55125d9b8527/library/std/src/panicking.rs:289:27
[INFO] [stdout]   10:     0x619bfb9a8929 - std[617be2ca0a6fd877]::panicking::default_hook
[INFO] [stdout]                                at /rustc/e3feeb59cd1bdd011a2bfcc0747b55125d9b8527/library/std/src/panicking.rs:313:9
[INFO] [stdout]   11:     0x619bfb711d90 - <alloc[2e1b2a31b91974c5]::boxed::Box<dyn for<'a, 'b> core[a373ad73a504971]::ops::function::Fn<(&'a std[617be2ca0a6fd877]::panic::PanicHookInfo<'b>,), Output = ()> + core[a373ad73a504971]::marker::Sync + core[a373ad73a504971]::marker::Send> as core[a373ad73a504971]::ops::function::Fn<(&std[617be2ca0a6fd877]::panic::PanicHookInfo,)>>::call
[INFO] [stdout]                                at /rustc/e3feeb59cd1bdd011a2bfcc0747b55125d9b8527/library/alloc/src/boxed.rs:2328:9
[INFO] [stdout]   12:     0x619bfb711d90 - test[aada8e7e76ba119b]::test_main_inner::{closure#0}
[INFO] [stdout]                                at /rustc/e3feeb59cd1bdd011a2bfcc0747b55125d9b8527/library/test/src/lib.rs:137:21
[INFO] [stdout]   13:     0x619bfb9a8c52 - <alloc[2e1b2a31b91974c5]::boxed::Box<dyn for<'a, 'b> core[a373ad73a504971]::ops::function::Fn<(&'a std[617be2ca0a6fd877]::panic::PanicHookInfo<'b>,), Output = ()> + core[a373ad73a504971]::marker::Sync + core[a373ad73a504971]::marker::Send> as core[a373ad73a504971]::ops::function::Fn<(&std[617be2ca0a6fd877]::panic::PanicHookInfo,)>>::call
[INFO] [stdout]                                at /rustc/e3feeb59cd1bdd011a2bfcc0747b55125d9b8527/library/alloc/src/boxed.rs:2328:9
[INFO] [stdout]   14:     0x619bfb9a8c52 - std[617be2ca0a6fd877]::panicking::panic_with_hook
[INFO] [stdout]                                at /rustc/e3feeb59cd1bdd011a2bfcc0747b55125d9b8527/library/std/src/panicking.rs:819:13
[INFO] [stdout]   15:     0x619bfb98ada4 - std[617be2ca0a6fd877]::panicking::panic_handler::{closure#0}
[INFO] [stdout]                                at /rustc/e3feeb59cd1bdd011a2bfcc0747b55125d9b8527/library/std/src/panicking.rs:678:13
[INFO] [stdout]   16:     0x619bfb983249 - std[617be2ca0a6fd877]::sys::backtrace::__rust_end_short_backtrace::<std[617be2ca0a6fd877]::panicking::panic_handler::{closure#0}, !>
[INFO] [stdout]                                at /rustc/e3feeb59cd1bdd011a2bfcc0747b55125d9b8527/library/std/src/sys/backtrace.rs:182:18
[INFO] [stdout]   17:     0x619bfb98bb4d - __rustc[ea4f61d10b84890b]::rust_begin_unwind
[INFO] [stdout]                                at /rustc/e3feeb59cd1bdd011a2bfcc0747b55125d9b8527/library/std/src/panicking.rs:676:5
[INFO] [stdout]   18:     0x619bfb9c8d0c - core[a373ad73a504971]::panicking::panic_fmt
[INFO] [stdout]                                at /rustc/e3feeb59cd1bdd011a2bfcc0747b55125d9b8527/library/core/src/panicking.rs:80:14
[INFO] [stdout]   19:     0x619bfb9c8cd2 - core[a373ad73a504971]::panicking::panic
[INFO] [stdout]                                at /rustc/e3feeb59cd1bdd011a2bfcc0747b55125d9b8527/library/core/src/panicking.rs:150:5
[INFO] [stdout]   20:     0x619bfb64ce32 - tempo_cli[36b8727f42758389]::services::project_service::tests::test_project_filtering::{closure#0}
[INFO] [stdout]                                at /opt/rustwide/workdir/src/services/project_service.rs:342:9
[INFO] [stdout]   21:     0x619bfb6ae022 - <core[a373ad73a504971]::pin::Pin<&mut dyn core[a373ad73a504971]::future::future::Future<Output = ()>> as core[a373ad73a504971]::future::future::Future>::poll
[INFO] [stdout]                                at /rustc/e3feeb59cd1bdd011a2bfcc0747b55125d9b8527/library/core/src/future/future.rs:133:9
[INFO] [stdout]   22:     0x619bfb6ae09d - <core[a373ad73a504971]::pin::Pin<&mut core[a373ad73a504971]::pin::Pin<&mut dyn core[a373ad73a504971]::future::future::Future<Output = ()>>> as core[a373ad73a504971]::future::future::Future>::poll
[INFO] [stdout]                                at /rustc/e3feeb59cd1bdd011a2bfcc0747b55125d9b8527/library/core/src/future/future.rs:133:9
[INFO] [stdout]   23:     0x619bfb6aad0d - <tokio[959fc0431ce64a68]::runtime::scheduler::current_thread::CoreGuard>::block_on::<core[a373ad73a504971]::pin::Pin<&mut core[a373ad73a504971]::pin::Pin<&mut dyn core[a373ad73a504971]::future::future::Future<Output = ()>>>>::{closure#0}::{closure#0}::{closure#0}
[INFO] [stdout]                                at /opt/rustwide/cargo-home/registry/src/index.crates.io-1949cf8c6b5b557f/tokio-1.48.0/src/runtime/scheduler/current_thread/mod.rs:742:70
[INFO] [stdout]   24:     0x619bfb6aac35 - tokio[959fc0431ce64a68]::task::coop::with_budget::<core[a373ad73a504971]::task::poll::Poll<()>, <tokio[959fc0431ce64a68]::runtime::scheduler::current_thread::CoreGuard>::block_on<core[a373ad73a504971]::pin::Pin<&mut core[a373ad73a504971]::pin::Pin<&mut dyn core[a373ad73a504971]::future::future::Future<Output = ()>>>>::{closure#0}::{closure#0}::{closure#0}>
[INFO] [stdout]                                at /opt/rustwide/cargo-home/registry/src/index.crates.io-1949cf8c6b5b557f/tokio-1.48.0/src/task/coop/mod.rs:167:5
[INFO] [stdout]   25:     0x619bfb6aac35 - tokio[959fc0431ce64a68]::task::coop::budget::<core[a373ad73a504971]::task::poll::Poll<()>, <tokio[959fc0431ce64a68]::runtime::scheduler::current_thread::CoreGuard>::block_on<core[a373ad73a504971]::pin::Pin<&mut core[a373ad73a504971]::pin::Pin<&mut dyn core[a373ad73a504971]::future::future::Future<Output = ()>>>>::{closure#0}::{closure#0}::{closure#0}>
[INFO] [stdout]                                at /opt/rustwide/cargo-home/registry/src/index.crates.io-1949cf8c6b5b557f/tokio-1.48.0/src/task/coop/mod.rs:133:5
[INFO] [stdout]   26:     0x619bfb6aac35 - <tokio[959fc0431ce64a68]::runtime::scheduler::current_thread::CoreGuard>::block_on::<core[a373ad73a504971]::pin::Pin<&mut core[a373ad73a504971]::pin::Pin<&mut dyn core[a373ad73a504971]::future::future::Future<Output = ()>>>>::{closure#0}::{closure#0}
[INFO] [stdout]                                at /opt/rustwide/cargo-home/registry/src/index.crates.io-1949cf8c6b5b557f/tokio-1.48.0/src/runtime/scheduler/current_thread/mod.rs:742:25
[INFO] [stdout]   27:     0x619bfb6a38f2 - <tokio[959fc0431ce64a68]::runtime::scheduler::current_thread::Context>::enter::<core[a373ad73a504971]::task::poll::Poll<()>, <tokio[959fc0431ce64a68]::runtime::scheduler::current_thread::CoreGuard>::block_on<core[a373ad73a504971]::pin::Pin<&mut core[a373ad73a504971]::pin::Pin<&mut dyn core[a373ad73a504971]::future::future::Future<Output = ()>>>>::{closure#0}::{closure#0}>
[INFO] [stdout]                                at /opt/rustwide/cargo-home/registry/src/index.crates.io-1949cf8c6b5b557f/tokio-1.48.0/src/runtime/scheduler/current_thread/mod.rs:432:19
[INFO] [stdout]   28:     0x619bfb6a9d8d - <tokio[959fc0431ce64a68]::runtime::scheduler::current_thread::CoreGuard>::block_on::<core[a373ad73a504971]::pin::Pin<&mut core[a373ad73a504971]::pin::Pin<&mut dyn core[a373ad73a504971]::future::future::Future<Output = ()>>>>::{closure#0}
[INFO] [stdout]                                at /opt/rustwide/cargo-home/registry/src/index.crates.io-1949cf8c6b5b557f/tokio-1.48.0/src/runtime/scheduler/current_thread/mod.rs:741:44
[INFO] [stdout]   29:     0x619bfb6a9084 - <tokio[959fc0431ce64a68]::runtime::scheduler::current_thread::CoreGuard>::enter::<<tokio[959fc0431ce64a68]::runtime::scheduler::current_thread::CoreGuard>::block_on<core[a373ad73a504971]::pin::Pin<&mut core[a373ad73a504971]::pin::Pin<&mut dyn core[a373ad73a504971]::future::future::Future<Output = ()>>>>::{closure#0}, core[a373ad73a504971]::option::Option<()>>::{closure#0}
[INFO] [stdout]                                at /opt/rustwide/cargo-home/registry/src/index.crates.io-1949cf8c6b5b557f/tokio-1.48.0/src/runtime/scheduler/current_thread/mod.rs:829:68
[INFO] [stdout]   30:     0x619bfb61b59b - <tokio[959fc0431ce64a68]::runtime::context::scoped::Scoped<tokio[959fc0431ce64a68]::runtime::scheduler::Context>>::set::<<tokio[959fc0431ce64a68]::runtime::scheduler::current_thread::CoreGuard>::enter<<tokio[959fc0431ce64a68]::runtime::scheduler::current_thread::CoreGuard>::block_on<core[a373ad73a504971]::pin::Pin<&mut core[a373ad73a504971]::pin::Pin<&mut dyn core[a373ad73a504971]::future::future::Future<Output = ()>>>>::{closure#0}, core[a373ad73a504971]::option::Option<()>>::{closure#0}, (alloc[2e1b2a31b91974c5]::boxed::Box<tokio[959fc0431ce64a68]::runtime::scheduler::current_thread::Core>, core[a373ad73a504971]::option::Option<()>)>
[INFO] [stdout]                                at /opt/rustwide/cargo-home/registry/src/index.crates.io-1949cf8c6b5b557f/tokio-1.48.0/src/runtime/context/scoped.rs:40:9
[INFO] [stdout]   31:     0x619bfb68ac29 - tokio[959fc0431ce64a68]::runtime::context::set_scheduler::<(alloc[2e1b2a31b91974c5]::boxed::Box<tokio[959fc0431ce64a68]::runtime::scheduler::current_thread::Core>, core[a373ad73a504971]::option::Option<()>), <tokio[959fc0431ce64a68]::runtime::scheduler::current_thread::CoreGuard>::enter<<tokio[959fc0431ce64a68]::runtime::scheduler::current_thread::CoreGuard>::block_on<core[a373ad73a504971]::pin::Pin<&mut core[a373ad73a504971]::pin::Pin<&mut dyn core[a373ad73a504971]::future::future::Future<Output = ()>>>>::{closure#0}, core[a373ad73a504971]::option::Option<()>>::{closure#0}>::{closure#0}
[INFO] [stdout]                                at /opt/rustwide/cargo-home/registry/src/index.crates.io-1949cf8c6b5b557f/tokio-1.48.0/src/runtime/context.rs:176:38
[INFO] [stdout]   32:     0x619bfb66ef2f - <std[617be2ca0a6fd877]::thread::local::LocalKey<tokio[959fc0431ce64a68]::runtime::context::Context>>::try_with::<tokio[959fc0431ce64a68]::runtime::context::set_scheduler<(alloc[2e1b2a31b91974c5]::boxed::Box<tokio[959fc0431ce64a68]::runtime::scheduler::current_thread::Core>, core[a373ad73a504971]::option::Option<()>), <tokio[959fc0431ce64a68]::runtime::scheduler::current_thread::CoreGuard>::enter<<tokio[959fc0431ce64a68]::runtime::scheduler::current_thread::CoreGuard>::block_on<core[a373ad73a504971]::pin::Pin<&mut core[a373ad73a504971]::pin::Pin<&mut dyn core[a373ad73a504971]::future::future::Future<Output = ()>>>>::{closure#0}, core[a373ad73a504971]::option::Option<()>>::{closure#0}>::{closure#0}, (alloc[2e1b2a31b91974c5]::boxed::Box<tokio[959fc0431ce64a68]::runtime::scheduler::current_thread::Core>, core[a373ad73a504971]::option::Option<()>)>
[INFO] [stdout]                                at /rustc/e3feeb59cd1bdd011a2bfcc0747b55125d9b8527/library/std/src/thread/local.rs:463:12
[INFO] [stdout]   33:     0x619bfb66eade - <std[617be2ca0a6fd877]::thread::local::LocalKey<tokio[959fc0431ce64a68]::runtime::context::Context>>::with::<tokio[959fc0431ce64a68]::runtime::context::set_scheduler<(alloc[2e1b2a31b91974c5]::boxed::Box<tokio[959fc0431ce64a68]::runtime::scheduler::current_thread::Core>, core[a373ad73a504971]::option::Option<()>), <tokio[959fc0431ce64a68]::runtime::scheduler::current_thread::CoreGuard>::enter<<tokio[959fc0431ce64a68]::runtime::scheduler::current_thread::CoreGuard>::block_on<core[a373ad73a504971]::pin::Pin<&mut core[a373ad73a504971]::pin::Pin<&mut dyn core[a373ad73a504971]::future::future::Future<Output = ()>>>>::{closure#0}, core[a373ad73a504971]::option::Option<()>>::{closure#0}>::{closure#0}, (alloc[2e1b2a31b91974c5]::boxed::Box<tokio[959fc0431ce64a68]::runtime::scheduler::current_thread::Core>, core[a373ad73a504971]::option::Option<()>)>
[INFO] [stdout]                                at /rustc/e3feeb59cd1bdd011a2bfcc0747b55125d9b8527/library/std/src/thread/local.rs:427:20
[INFO] [stdout]   34:     0x619bfb687b7d - tokio[959fc0431ce64a68]::runtime::context::set_scheduler::<(alloc[2e1b2a31b91974c5]::boxed::Box<tokio[959fc0431ce64a68]::runtime::scheduler::current_thread::Core>, core[a373ad73a504971]::option::Option<()>), <tokio[959fc0431ce64a68]::runtime::scheduler::current_thread::CoreGuard>::enter<<tokio[959fc0431ce64a68]::runtime::scheduler::current_thread::CoreGuard>::block_on<core[a373ad73a504971]::pin::Pin<&mut core[a373ad73a504971]::pin::Pin<&mut dyn core[a373ad73a504971]::future::future::Future<Output = ()>>>>::{closure#0}, core[a373ad73a504971]::option::Option<()>>::{closure#0}>
[INFO] [stdout]                                at /opt/rustwide/cargo-home/registry/src/index.crates.io-1949cf8c6b5b557f/tokio-1.48.0/src/runtime/context.rs:176:17
[INFO] [stdout]   35:     0x619bfb6a56d0 - <tokio[959fc0431ce64a68]::runtime::scheduler::current_thread::CoreGuard>::enter::<<tokio[959fc0431ce64a68]::runtime::scheduler::current_thread::CoreGuard>::block_on<core[a373ad73a504971]::pin::Pin<&mut core[a373ad73a504971]::pin::Pin<&mut dyn core[a373ad73a504971]::future::future::Future<Output = ()>>>>::{closure#0}, core[a373ad73a504971]::option::Option<()>>
[INFO] [stdout]                                at /opt/rustwide/cargo-home/registry/src/index.crates.io-1949cf8c6b5b557f/tokio-1.48.0/src/runtime/scheduler/current_thread/mod.rs:829:27
[INFO] [stdout]   36:     0x619bfb6a59c6 - <tokio[959fc0431ce64a68]::runtime::scheduler::current_thread::CoreGuard>::block_on::<core[a373ad73a504971]::pin::Pin<&mut core[a373ad73a504971]::pin::Pin<&mut dyn core[a373ad73a504971]::future::future::Future<Output = ()>>>>
[INFO] [stdout]                                at /opt/rustwide/cargo-home/registry/src/index.crates.io-1949cf8c6b5b557f/tokio-1.48.0/src/runtime/scheduler/current_thread/mod.rs:729:24
[INFO] [stdout]   37:     0x619bfb6a8b90 - <tokio[959fc0431ce64a68]::runtime::scheduler::current_thread::CurrentThread>::block_on::<core[a373ad73a504971]::pin::Pin<&mut dyn core[a373ad73a504971]::future::future::Future<Output = ()>>>::{closure#0}
[INFO] [stdout]                                at /opt/rustwide/cargo-home/registry/src/index.crates.io-1949cf8c6b5b557f/tokio-1.48.0/src/runtime/scheduler/current_thread/mod.rs:200:33
[INFO] [stdout]   38:     0x619bfb615668 - tokio[959fc0431ce64a68]::runtime::context::runtime::enter_runtime::<<tokio[959fc0431ce64a68]::runtime::scheduler::current_thread::CurrentThread>::block_on<core[a373ad73a504971]::pin::Pin<&mut dyn core[a373ad73a504971]::future::future::Future<Output = ()>>>::{closure#0}, ()>
[INFO] [stdout]                                at /opt/rustwide/cargo-home/registry/src/index.crates.io-1949cf8c6b5b557f/tokio-1.48.0/src/runtime/context/runtime.rs:65:16
[INFO] [stdout]   39:     0x619bfb6a2ff4 - <tokio[959fc0431ce64a68]::runtime::scheduler::current_thread::CurrentThread>::block_on::<core[a373ad73a504971]::pin::Pin<&mut dyn core[a373ad73a504971]::future::future::Future<Output = ()>>>
[INFO] [stdout]                                at /opt/rustwide/cargo-home/registry/src/index.crates.io-1949cf8c6b5b557f/tokio-1.48.0/src/runtime/scheduler/current_thread/mod.rs:188:9
[INFO] [stdout]   40:     0x619bfb65730f - <tokio[959fc0431ce64a68]::runtime::runtime::Runtime>::block_on_inner::<core[a373ad73a504971]::pin::Pin<&mut dyn core[a373ad73a504971]::future::future::Future<Output = ()>>>
[INFO] [stdout]                                at /opt/rustwide/cargo-home/registry/src/index.crates.io-1949cf8c6b5b557f/tokio-1.48.0/src/runtime/runtime.rs:368:52
[INFO] [stdout]   41:     0x619bfb65745b - <tokio[959fc0431ce64a68]::runtime::runtime::Runtime>::block_on::<core[a373ad73a504971]::pin::Pin<&mut dyn core[a373ad73a504971]::future::future::Future<Output = ()>>>
[INFO] [stdout]                                at /opt/rustwide/cargo-home/registry/src/index.crates.io-1949cf8c6b5b557f/tokio-1.48.0/src/runtime/runtime.rs:342:18
[INFO] [stdout]   42:     0x619bfb654490 - tempo_cli[36b8727f42758389]::services::project_service::tests::test_project_filtering
[INFO] [stdout]                                at /opt/rustwide/workdir/src/services/project_service.rs:350:41
[INFO] [stdout]   43:     0x619bfb64c6f7 - tempo_cli[36b8727f42758389]::services::project_service::tests::test_project_filtering::{closure#0}
[INFO] [stdout]                                at /opt/rustwide/workdir/src/services/project_service.rs:339:38
[INFO] [stdout]   44:     0x619bfb6141e6 - <tempo_cli[36b8727f42758389]::services::project_service::tests::test_project_filtering::{closure#0} as core[a373ad73a504971]::ops::function::FnOnce<()>>::call_once
[INFO] [stdout]                                at /rustc/e3feeb59cd1bdd011a2bfcc0747b55125d9b8527/library/core/src/ops/function.rs:250:5
[INFO] [stdout]   45:     0x619bfb7051db - <fn() -> core[a373ad73a504971]::result::Result<(), alloc[2e1b2a31b91974c5]::string::String> as core[a373ad73a504971]::ops::function::FnOnce<()>>::call_once
[INFO] [stdout]                                at /rustc/e3feeb59cd1bdd011a2bfcc0747b55125d9b8527/library/core/src/ops/function.rs:250:5
[INFO] [stdout]   46:     0x619bfb7051db - test[aada8e7e76ba119b]::__rust_begin_short_backtrace::<core[a373ad73a504971]::result::Result<(), alloc[2e1b2a31b91974c5]::string::String>, fn() -> core[a373ad73a504971]::result::Result<(), alloc[2e1b2a31b91974c5]::string::String>>
[INFO] [stdout]                                at /rustc/e3feeb59cd1bdd011a2bfcc0747b55125d9b8527/library/test/src/lib.rs:701:18
[INFO] [stdout]   47:     0x619bfb7123b5 - test[aada8e7e76ba119b]::run_test_in_process::{closure#0}
[INFO] [stdout]                                at /rustc/e3feeb59cd1bdd011a2bfcc0747b55125d9b8527/library/test/src/lib.rs:724:74
[INFO] [stdout]   48:     0x619bfb7123b5 - <core[a373ad73a504971]::panic::unwind_safe::AssertUnwindSafe<test[aada8e7e76ba119b]::run_test_in_process::{closure#0}> as core[a373ad73a504971]::ops::function::FnOnce<()>>::call_once
[INFO] [stdout]                                at /rustc/e3feeb59cd1bdd011a2bfcc0747b55125d9b8527/library/core/src/panic/unwind_safe.rs:275:9
[INFO] [stdout]   49:     0x619bfb7123b5 - std[617be2ca0a6fd877]::panicking::catch_unwind::do_call::<core[a373ad73a504971]::panic::unwind_safe::AssertUnwindSafe<test[aada8e7e76ba119b]::run_test_in_process::{closure#0}>, core[a373ad73a504971]::result::Result<(), alloc[2e1b2a31b91974c5]::string::String>>
[INFO] [stdout]                                at /rustc/e3feeb59cd1bdd011a2bfcc0747b55125d9b8527/library/std/src/panicking.rs:573:43
[INFO] [stdout]   50:     0x619bfb7123b5 - std[617be2ca0a6fd877]::panicking::catch_unwind::<core[a373ad73a504971]::result::Result<(), alloc[2e1b2a31b91974c5]::string::String>, core[a373ad73a504971]::panic::unwind_safe::AssertUnwindSafe<test[aada8e7e76ba119b]::run_test_in_process::{closure#0}>>
[INFO] [stdout]                                at /rustc/e3feeb59cd1bdd011a2bfcc0747b55125d9b8527/library/std/src/panicking.rs:541:19
[INFO] [stdout]   51:     0x619bfb7123b5 - std[617be2ca0a6fd877]::panic::catch_unwind::<core[a373ad73a504971]::panic::unwind_safe::AssertUnwindSafe<test[aada8e7e76ba119b]::run_test_in_process::{closure#0}>, core[a373ad73a504971]::result::Result<(), alloc[2e1b2a31b91974c5]::string::String>>
[INFO] [stdout]                                at /rustc/e3feeb59cd1bdd011a2bfcc0747b55125d9b8527/library/std/src/panic.rs:359:14
[INFO] [stdout]   52:     0x619bfb7123b5 - test[aada8e7e76ba119b]::run_test_in_process
[INFO] [stdout]                                at /rustc/e3feeb59cd1bdd011a2bfcc0747b55125d9b8527/library/test/src/lib.rs:724:27
[INFO] [stdout]   53:     0x619bfb7123b5 - test[aada8e7e76ba119b]::run_test::{closure#0}
[INFO] [stdout]                                at /rustc/e3feeb59cd1bdd011a2bfcc0747b55125d9b8527/library/test/src/lib.rs:645:43
[INFO] [stdout]   54:     0x619bfb70bca4 - test[aada8e7e76ba119b]::run_test::{closure#1}
[INFO] [stdout]                                at /rustc/e3feeb59cd1bdd011a2bfcc0747b55125d9b8527/library/test/src/lib.rs:675:41
[INFO] [stdout]   55:     0x619bfb70bca4 - std[617be2ca0a6fd877]::sys::backtrace::__rust_begin_short_backtrace::<test[aada8e7e76ba119b]::run_test::{closure#1}, ()>
[INFO] [stdout]                                at /rustc/e3feeb59cd1bdd011a2bfcc0747b55125d9b8527/library/std/src/sys/backtrace.rs:166:18
[INFO] [stdout]   56:     0x619bfb715442 - std[617be2ca0a6fd877]::thread::lifecycle::spawn_unchecked::<test[aada8e7e76ba119b]::run_test::{closure#1}, ()>::{closure#1}::{closure#0}
[INFO] [stdout]                                at /rustc/e3feeb59cd1bdd011a2bfcc0747b55125d9b8527/library/std/src/thread/lifecycle.rs:70:13
[INFO] [stdout]   57:     0x619bfb715442 - <core[a373ad73a504971]::panic::unwind_safe::AssertUnwindSafe<std[617be2ca0a6fd877]::thread::lifecycle::spawn_unchecked<test[aada8e7e76ba119b]::run_test::{closure#1}, ()>::{closure#1}::{closure#0}> as core[a373ad73a504971]::ops::function::FnOnce<()>>::call_once
[INFO] [stdout]                                at /rustc/e3feeb59cd1bdd011a2bfcc0747b55125d9b8527/library/core/src/panic/unwind_safe.rs:275:9
[INFO] [stdout]   58:     0x619bfb715442 - std[617be2ca0a6fd877]::panicking::catch_unwind::do_call::<core[a373ad73a504971]::panic::unwind_safe::AssertUnwindSafe<std[617be2ca0a6fd877]::thread::lifecycle::spawn_unchecked<test[aada8e7e76ba119b]::run_test::{closure#1}, ()>::{closure#1}::{closure#0}>, ()>
[INFO] [stdout]                                at /rustc/e3feeb59cd1bdd011a2bfcc0747b55125d9b8527/library/std/src/panicking.rs:573:43
[INFO] [stdout]   59:     0x619bfb715442 - std[617be2ca0a6fd877]::panicking::catch_unwind::<(), core[a373ad73a504971]::panic::unwind_safe::AssertUnwindSafe<std[617be2ca0a6fd877]::thread::lifecycle::spawn_unchecked<test[aada8e7e76ba119b]::run_test::{closure#1}, ()>::{closure#1}::{closure#0}>>
[INFO] [stdout]                                at /rustc/e3feeb59cd1bdd011a2bfcc0747b55125d9b8527/library/std/src/panicking.rs:541:19
[INFO] [stdout]   60:     0x619bfb715442 - std[617be2ca0a6fd877]::panic::catch_unwind::<core[a373ad73a504971]::panic::unwind_safe::AssertUnwindSafe<std[617be2ca0a6fd877]::thread::lifecycle::spawn_unchecked<test[aada8e7e76ba119b]::run_test::{closure#1}, ()>::{closure#1}::{closure#0}>, ()>
[INFO] [stdout]                                at /rustc/e3feeb59cd1bdd011a2bfcc0747b55125d9b8527/library/std/src/panic.rs:359:14
[INFO] [stdout]   61:     0x619bfb715442 - std[617be2ca0a6fd877]::thread::lifecycle::spawn_unchecked::<test[aada8e7e76ba119b]::run_test::{closure#1}, ()>::{closure#1}
[INFO] [stdout]                                at /rustc/e3feeb59cd1bdd011a2bfcc0747b55125d9b8527/library/std/src/thread/lifecycle.rs:68:26
[INFO] [stdout]   62:     0x619bfb715442 - <std[617be2ca0a6fd877]::thread::lifecycle::spawn_unchecked<test[aada8e7e76ba119b]::run_test::{closure#1}, ()>::{closure#1} as core[a373ad73a504971]::ops::function::FnOnce<()>>::call_once::{shim:vtable#0}
[INFO] [stdout]                                at /rustc/e3feeb59cd1bdd011a2bfcc0747b55125d9b8527/library/core/src/ops/function.rs:250:5
[INFO] [stdout]   63:     0x619bfb9b077f - <alloc[2e1b2a31b91974c5]::boxed::Box<dyn core[a373ad73a504971]::ops::function::FnOnce<(), Output = ()> + core[a373ad73a504971]::marker::Send> as core[a373ad73a504971]::ops::function::FnOnce<()>>::call_once
[INFO] [stdout]                                at /rustc/e3feeb59cd1bdd011a2bfcc0747b55125d9b8527/library/alloc/src/boxed.rs:2314:9
[INFO] [stdout]   64:     0x619bfb9b077f - <std[617be2ca0a6fd877]::sys::thread::unix::Thread>::new::thread_start
[INFO] [stdout]                                at /rustc/e3feeb59cd1bdd011a2bfcc0747b55125d9b8527/library/std/src/sys/thread/unix.rs:127:17
[INFO] [stdout]   65:     0x753dfafd3dfa - <unknown>
[INFO] [stdout]   66:     0x753dfb0673d4 - clone
[INFO] [stdout]   67:                0x0 - <unknown>
[INFO] [stdout] 
[INFO] [stdout] ---- services::session_service::tests::test_session_date_range_filtering stdout ----
[INFO] [stdout] 
[INFO] [stdout] thread 'services::session_service::tests::test_session_date_range_filtering' (3777) panicked at src/services/session_service.rs:351:9:
[INFO] [stdout] assertion failed: result.is_ok()
[INFO] [stdout] stack backtrace:
[INFO] [stdout]    0:     0x619bfb9b1471 - std[617be2ca0a6fd877]::backtrace_rs::backtrace::libunwind::trace
[INFO] [stdout]                                at /rustc/e3feeb59cd1bdd011a2bfcc0747b55125d9b8527/library/std/src/../../backtrace/src/backtrace/libunwind.rs:117:9
[INFO] [stdout]    1:     0x619bfb9b1471 - std[617be2ca0a6fd877]::backtrace_rs::backtrace::trace_unsynchronized::<std[617be2ca0a6fd877]::sys::backtrace::_print_fmt::{closure#1}>
[INFO] [stdout]                                at /rustc/e3feeb59cd1bdd011a2bfcc0747b55125d9b8527/library/std/src/../../backtrace/src/backtrace/mod.rs:66:14
[INFO] [stdout]    2:     0x619bfb9b1471 - std[617be2ca0a6fd877]::sys::backtrace::_print_fmt
[INFO] [stdout]                                at /rustc/e3feeb59cd1bdd011a2bfcc0747b55125d9b8527/library/std/src/sys/backtrace.rs:74:9
[INFO] [stdout]    3:     0x619bfb9b1471 - <<std[617be2ca0a6fd877]::sys::backtrace::BacktraceLock>::print::DisplayBacktrace as core[a373ad73a504971]::fmt::Display>::fmt
[INFO] [stdout]                                at /rustc/e3feeb59cd1bdd011a2bfcc0747b55125d9b8527/library/std/src/sys/backtrace.rs:44:26
[INFO] [stdout]    4:     0x619bfb9c84ba - <core[a373ad73a504971]::fmt::rt::Argument>::fmt
[INFO] [stdout]                                at /rustc/e3feeb59cd1bdd011a2bfcc0747b55125d9b8527/library/core/src/fmt/rt.rs:152:76
[INFO] [stdout]    5:     0x619bfb9c84ba - core[a373ad73a504971]::fmt::write
[INFO] [stdout]    6:     0x619bfb9b604c - core[a373ad73a504971]::io::write::default_write_fmt::<alloc[2e1b2a31b91974c5]::vec::Vec<u8>>
[INFO] [stdout]                                at /rustc/e3feeb59cd1bdd011a2bfcc0747b55125d9b8527/library/core/src/io/write.rs:402:11
[INFO] [stdout]    7:     0x619bfb9b604c - <alloc[2e1b2a31b91974c5]::vec::Vec<u8> as core[a373ad73a504971]::io::write::Write>::write_fmt
[INFO] [stdout]                                at /rustc/e3feeb59cd1bdd011a2bfcc0747b55125d9b8527/library/core/src/io/write.rs:335:13
[INFO] [stdout]    8:     0x619bfb98acc6 - <std[617be2ca0a6fd877]::sys::backtrace::BacktraceLock>::print
[INFO] [stdout]                                at /rustc/e3feeb59cd1bdd011a2bfcc0747b55125d9b8527/library/std/src/sys/backtrace.rs:47:9
[INFO] [stdout]    9:     0x619bfb98acc6 - std[617be2ca0a6fd877]::panicking::default_hook::{closure#0}
[INFO] [stdout]                                at /rustc/e3feeb59cd1bdd011a2bfcc0747b55125d9b8527/library/std/src/panicking.rs:289:27
[INFO] [stdout]   10:     0x619bfb9a8929 - std[617be2ca0a6fd877]::panicking::default_hook
[INFO] [stdout]                                at /rustc/e3feeb59cd1bdd011a2bfcc0747b55125d9b8527/library/std/src/panicking.rs:313:9
[INFO] [stdout]   11:     0x619bfb711d90 - <alloc[2e1b2a31b91974c5]::boxed::Box<dyn for<'a, 'b> core[a373ad73a504971]::ops::function::Fn<(&'a std[617be2ca0a6fd877]::panic::PanicHookInfo<'b>,), Output = ()> + core[a373ad73a504971]::marker::Sync + core[a373ad73a504971]::marker::Send> as core[a373ad73a504971]::ops::function::Fn<(&std[617be2ca0a6fd877]::panic::PanicHookInfo,)>>::call
[INFO] [stdout]                                at /rustc/e3feeb59cd1bdd011a2bfcc0747b55125d9b8527/library/alloc/src/boxed.rs:2328:9
[INFO] [stdout]   12:     0x619bfb711d90 - test[aada8e7e76ba119b]::test_main_inner::{closure#0}
[INFO] [stdout]                                at /rustc/e3feeb59cd1bdd011a2bfcc0747b55125d9b8527/library/test/src/lib.rs:137:21
[INFO] [stdout]   13:     0x619bfb9a8c52 - <alloc[2e1b2a31b91974c5]::boxed::Box<dyn for<'a, 'b> core[a373ad73a504971]::ops::function::Fn<(&'a std[617be2ca0a6fd877]::panic::PanicHookInfo<'b>,), Output = ()> + core[a373ad73a504971]::marker::Sync + core[a373ad73a504971]::marker::Send> as core[a373ad73a504971]::ops::function::Fn<(&std[617be2ca0a6fd877]::panic::PanicHookInfo,)>>::call
[INFO] [stdout]                                at /rustc/e3feeb59cd1bdd011a2bfcc0747b55125d9b8527/library/alloc/src/boxed.rs:2328:9
[INFO] [stdout]   14:     0x619bfb9a8c52 - std[617be2ca0a6fd877]::panicking::panic_with_hook
[INFO] [stdout]                                at /rustc/e3feeb59cd1bdd011a2bfcc0747b55125d9b8527/library/std/src/panicking.rs:819:13
[INFO] [stdout]   15:     0x619bfb98ada4 - std[617be2ca0a6fd877]::panicking::panic_handler::{closure#0}
[INFO] [stdout]                                at /rustc/e3feeb59cd1bdd011a2bfcc0747b55125d9b8527/library/std/src/panicking.rs:678:13
[INFO] [stdout]   16:     0x619bfb983249 - std[617be2ca0a6fd877]::sys::backtrace::__rust_end_short_backtrace::<std[617be2ca0a6fd877]::panicking::panic_handler::{closure#0}, !>
[INFO] [stdout]                                at /rustc/e3feeb59cd1bdd011a2bfcc0747b55125d9b8527/library/std/src/sys/backtrace.rs:182:18
[INFO] [stdout]   17:     0x619bfb98bb4d - __rustc[ea4f61d10b84890b]::rust_begin_unwind
[INFO] [stdout]                                at /rustc/e3feeb59cd1bdd011a2bfcc0747b55125d9b8527/library/std/src/panicking.rs:676:5
[INFO] [stdout]   18:     0x619bfb9c8d0c - core[a373ad73a504971]::panicking::panic_fmt
[INFO] [stdout]                                at /rustc/e3feeb59cd1bdd011a2bfcc0747b55125d9b8527/library/core/src/panicking.rs:80:14
[INFO] [stdout]   19:     0x619bfb9c8cd2 - core[a373ad73a504971]::panicking::panic
[INFO] [stdout]                                at /rustc/e3feeb59cd1bdd011a2bfcc0747b55125d9b8527/library/core/src/panicking.rs:150:5
[INFO] [stdout]   20:     0x619bfb669bd1 - tempo_cli[36b8727f42758389]::services::session_service::tests::test_session_date_range_filtering::{closure#0}
[INFO] [stdout]                                at /opt/rustwide/workdir/src/services/session_service.rs:351:9
[INFO] [stdout]   21:     0x619bfb6ae022 - <core[a373ad73a504971]::pin::Pin<&mut dyn core[a373ad73a504971]::future::future::Future<Output = ()>> as core[a373ad73a504971]::future::future::Future>::poll
[INFO] [stdout]                                at /rustc/e3feeb59cd1bdd011a2bfcc0747b55125d9b8527/library/core/src/future/future.rs:133:9
[INFO] [stdout]   22:     0x619bfb6ae09d - <core[a373ad73a504971]::pin::Pin<&mut core[a373ad73a504971]::pin::Pin<&mut dyn core[a373ad73a504971]::future::future::Future<Output = ()>>> as core[a373ad73a504971]::future::future::Future>::poll
[INFO] [stdout]                                at /rustc/e3feeb59cd1bdd011a2bfcc0747b55125d9b8527/library/core/src/future/future.rs:133:9
[INFO] [stdout]   23:     0x619bfb6aad0d - <tokio[959fc0431ce64a68]::runtime::scheduler::current_thread::CoreGuard>::block_on::<core[a373ad73a504971]::pin::Pin<&mut core[a373ad73a504971]::pin::Pin<&mut dyn core[a373ad73a504971]::future::future::Future<Output = ()>>>>::{closure#0}::{closure#0}::{closure#0}
[INFO] [stdout]                                at /opt/rustwide/cargo-home/registry/src/index.crates.io-1949cf8c6b5b557f/tokio-1.48.0/src/runtime/scheduler/current_thread/mod.rs:742:70
[INFO] [stdout]   24:     0x619bfb6aac35 - tokio[959fc0431ce64a68]::task::coop::with_budget::<core[a373ad73a504971]::task::poll::Poll<()>, <tokio[959fc0431ce64a68]::runtime::scheduler::current_thread::CoreGuard>::block_on<core[a373ad73a504971]::pin::Pin<&mut core[a373ad73a504971]::pin::Pin<&mut dyn core[a373ad73a504971]::future::future::Future<Output = ()>>>>::{closure#0}::{closure#0}::{closure#0}>
[INFO] [stdout]                                at /opt/rustwide/cargo-home/registry/src/index.crates.io-1949cf8c6b5b557f/tokio-1.48.0/src/task/coop/mod.rs:167:5
[INFO] [stdout]   25:     0x619bfb6aac35 - tokio[959fc0431ce64a68]::task::coop::budget::<core[a373ad73a504971]::task::poll::Poll<()>, <tokio[959fc0431ce64a68]::runtime::scheduler::current_thread::CoreGuard>::block_on<core[a373ad73a504971]::pin::Pin<&mut core[a373ad73a504971]::pin::Pin<&mut dyn core[a373ad73a504971]::future::future::Future<Output = ()>>>>::{closure#0}::{closure#0}::{closure#0}>
[INFO] [stdout]                                at /opt/rustwide/cargo-home/registry/src/index.crates.io-1949cf8c6b5b557f/tokio-1.48.0/src/task/coop/mod.rs:133:5
[INFO] [stdout]   26:     0x619bfb6aac35 - <tokio[959fc0431ce64a68]::runtime::scheduler::current_thread::CoreGuard>::block_on::<core[a373ad73a504971]::pin::Pin<&mut core[a373ad73a504971]::pin::Pin<&mut dyn core[a373ad73a504971]::future::future::Future<Output = ()>>>>::{closure#0}::{closure#0}
[INFO] [stdout]                                at /opt/rustwide/cargo-home/registry/src/index.crates.io-1949cf8c6b5b557f/tokio-1.48.0/src/runtime/scheduler/current_thread/mod.rs:742:25
[INFO] [stdout]   27:     0x619bfb6a38f2 - <tokio[959fc0431ce64a68]::runtime::scheduler::current_thread::Context>::enter::<core[a373ad73a504971]::task::poll::Poll<()>, <tokio[959fc0431ce64a68]::runtime::scheduler::current_thread::CoreGuard>::block_on<core[a373ad73a504971]::pin::Pin<&mut core[a373ad73a504971]::pin::Pin<&mut dyn core[a373ad73a504971]::future::future::Future<Output = ()>>>>::{closure#0}::{closure#0}>
[INFO] [stdout]                                at /opt/rustwide/cargo-home/registry/src/index.crates.io-1949cf8c6b5b557f/tokio-1.48.0/src/runtime/scheduler/current_thread/mod.rs:432:19
[INFO] [stdout]   28:     0x619bfb6a9d8d - <tokio[959fc0431ce64a68]::runtime::scheduler::current_thread::CoreGuard>::block_on::<core[a373ad73a504971]::pin::Pin<&mut core[a373ad73a504971]::pin::Pin<&mut dyn core[a373ad73a504971]::future::future::Future<Output = ()>>>>::{closure#0}
[INFO] [stdout]                                at /opt/rustwide/cargo-home/registry/src/index.crates.io-1949cf8c6b5b557f/tokio-1.48.0/src/runtime/scheduler/current_thread/mod.rs:741:44
[INFO] [stdout]   29:     0x619bfb6a9084 - <tokio[959fc0431ce64a68]::runtime::scheduler::current_thread::CoreGuard>::enter::<<tokio[959fc0431ce64a68]::runtime::scheduler::current_thread::CoreGuard>::block_on<core[a373ad73a504971]::pin::Pin<&mut core[a373ad73a504971]::pin::Pin<&mut dyn core[a373ad73a504971]::future::future::Future<Output = ()>>>>::{closure#0}, core[a373ad73a504971]::option::Option<()>>::{closure#0}
[INFO] [stdout]                                at /opt/rustwide/cargo-home/registry/src/index.crates.io-1949cf8c6b5b557f/tokio-1.48.0/src/runtime/scheduler/current_thread/mod.rs:829:68
[INFO] [stdout]   30:     0x619bfb61b59b - <tokio[959fc0431ce64a68]::runtime::context::scoped::Scoped<tokio[959fc0431ce64a68]::runtime::scheduler::Context>>::set::<<tokio[959fc0431ce64a68]::runtime::scheduler::current_thread::CoreGuard>::enter<<tokio[959fc0431ce64a68]::runtime::scheduler::current_thread::CoreGuard>::block_on<core[a373ad73a504971]::pin::Pin<&mut core[a373ad73a504971]::pin::Pin<&mut dyn core[a373ad73a504971]::future::future::Future<Output = ()>>>>::{closure#0}, core[a373ad73a504971]::option::Option<()>>::{closure#0}, (alloc[2e1b2a31b91974c5]::boxed::Box<tokio[959fc0431ce64a68]::runtime::scheduler::current_thread::Core>, core[a373ad73a504971]::option::Option<()>)>
[INFO] [stdout]                                at /opt/rustwide/cargo-home/registry/src/index.crates.io-1949cf8c6b5b557f/tokio-1.48.0/src/runtime/context/scoped.rs:40:9
[INFO] [stdout]   31:     0x619bfb68ac29 - tokio[959fc0431ce64a68]::runtime::context::set_scheduler::<(alloc[2e1b2a31b91974c5]::boxed::Box<tokio[959fc0431ce64a68]::runtime::scheduler::current_thread::Core>, core[a373ad73a504971]::option::Option<()>), <tokio[959fc0431ce64a68]::runtime::scheduler::current_thread::CoreGuard>::enter<<tokio[959fc0431ce64a68]::runtime::scheduler::current_thread::CoreGuard>::block_on<core[a373ad73a504971]::pin::Pin<&mut core[a373ad73a504971]::pin::Pin<&mut dyn core[a373ad73a504971]::future::future::Future<Output = ()>>>>::{closure#0}, core[a373ad73a504971]::option::Option<()>>::{closure#0}>::{closure#0}
[INFO] [stdout]                                at /opt/rustwide/cargo-home/registry/src/index.crates.io-1949cf8c6b5b557f/tokio-1.48.0/src/runtime/context.rs:176:38
[INFO] [stdout]   32:     0x619bfb66ef2f - <std[617be2ca0a6fd877]::thread::local::LocalKey<tokio[959fc0431ce64a68]::runtime::context::Context>>::try_with::<tokio[959fc0431ce64a68]::runtime::context::set_scheduler<(alloc[2e1b2a31b91974c5]::boxed::Box<tokio[959fc0431ce64a68]::runtime::scheduler::current_thread::Core>, core[a373ad73a504971]::option::Option<()>), <tokio[959fc0431ce64a68]::runtime::scheduler::current_thread::CoreGuard>::enter<<tokio[959fc0431ce64a68]::runtime::scheduler::current_thread::CoreGuard>::block_on<core[a373ad73a504971]::pin::Pin<&mut core[a373ad73a504971]::pin::Pin<&mut dyn core[a373ad73a504971]::future::future::Future<Output = ()>>>>::{closure#0}, core[a373ad73a504971]::option::Option<()>>::{closure#0}>::{closure#0}, (alloc[2e1b2a31b91974c5]::boxed::Box<tokio[959fc0431ce64a68]::runtime::scheduler::current_thread::Core>, core[a373ad73a504971]::option::Option<()>)>
[INFO] [stdout]                                at /rustc/e3feeb59cd1bdd011a2bfcc0747b55125d9b8527/library/std/src/thread/local.rs:463:12
[INFO] [stdout]   33:     0x619bfb66eade - <std[617be2ca0a6fd877]::thread::local::LocalKey<tokio[959fc0431ce64a68]::runtime::context::Context>>::with::<tokio[959fc0431ce64a68]::runtime::context::set_scheduler<(alloc[2e1b2a31b91974c5]::boxed::Box<tokio[959fc0431ce64a68]::runtime::scheduler::current_thread::Core>, core[a373ad73a504971]::option::Option<()>), <tokio[959fc0431ce64a68]::runtime::scheduler::current_thread::CoreGuard>::enter<<tokio[959fc0431ce64a68]::runtime::scheduler::current_thread::CoreGuard>::block_on<core[a373ad73a504971]::pin::Pin<&mut core[a373ad73a504971]::pin::Pin<&mut dyn core[a373ad73a504971]::future::future::Future<Output = ()>>>>::{closure#0}, core[a373ad73a504971]::option::Option<()>>::{closure#0}>::{closure#0}, (alloc[2e1b2a31b91974c5]::boxed::Box<tokio[959fc0431ce64a68]::runtime::scheduler::current_thread::Core>, core[a373ad73a504971]::option::Option<()>)>
[INFO] [stdout]                                at /rustc/e3feeb59cd1bdd011a2bfcc0747b55125d9b8527/library/std/src/thread/local.rs:427:20
[INFO] [stdout]   34:     0x619bfb687b7d - tokio[959fc0431ce64a68]::runtime::context::set_scheduler::<(alloc[2e1b2a31b91974c5]::boxed::Box<tokio[959fc0431ce64a68]::runtime::scheduler::current_thread::Core>, core[a373ad73a504971]::option::Option<()>), <tokio[959fc0431ce64a68]::runtime::scheduler::current_thread::CoreGuard>::enter<<tokio[959fc0431ce64a68]::runtime::scheduler::current_thread::CoreGuard>::block_on<core[a373ad73a504971]::pin::Pin<&mut core[a373ad73a504971]::pin::Pin<&mut dyn core[a373ad73a504971]::future::future::Future<Output = ()>>>>::{closure#0}, core[a373ad73a504971]::option::Option<()>>::{closure#0}>
[INFO] [stdout]                                at /opt/rustwide/cargo-home/registry/src/index.crates.io-1949cf8c6b5b557f/tokio-1.48.0/src/runtime/context.rs:176:17
[INFO] [stdout]   35:     0x619bfb6a56d0 - <tokio[959fc0431ce64a68]::runtime::scheduler::current_thread::CoreGuard>::enter::<<tokio[959fc0431ce64a68]::runtime::scheduler::current_thread::CoreGuard>::block_on<core[a373ad73a504971]::pin::Pin<&mut core[a373ad73a504971]::pin::Pin<&mut dyn core[a373ad73a504971]::future::future::Future<Output = ()>>>>::{closure#0}, core[a373ad73a504971]::option::Option<()>>
[INFO] [stdout]                                at /opt/rustwide/cargo-home/registry/src/index.crates.io-1949cf8c6b5b557f/tokio-1.48.0/src/runtime/scheduler/current_thread/mod.rs:829:27
[INFO] [stdout]   36:     0x619bfb6a59c6 - <tokio[959fc0431ce64a68]::runtime::scheduler::current_thread::CoreGuard>::block_on::<core[a373ad73a504971]::pin::Pin<&mut core[a373ad73a504971]::pin::Pin<&mut dyn core[a373ad73a504971]::future::future::Future<Output = ()>>>>
[INFO] [stdout]                                at /opt/rustwide/cargo-home/registry/src/index.crates.io-1949cf8c6b5b557f/tokio-1.48.0/src/runtime/scheduler/current_thread/mod.rs:729:24
[INFO] [stdout]   37:     0x619bfb6a8b90 - <tokio[959fc0431ce64a68]::runtime::scheduler::current_thread::CurrentThread>::block_on::<core[a373ad73a504971]::pin::Pin<&mut dyn core[a373ad73a504971]::future::future::Future<Output = ()>>>::{closure#0}
[INFO] [stdout]                                at /opt/rustwide/cargo-home/registry/src/index.crates.io-1949cf8c6b5b557f/tokio-1.48.0/src/runtime/scheduler/current_thread/mod.rs:200:33
[INFO] [stdout]   38:     0x619bfb615668 - tokio[959fc0431ce64a68]::runtime::context::runtime::enter_runtime::<<tokio[959fc0431ce64a68]::runtime::scheduler::current_thread::CurrentThread>::block_on<core[a373ad73a504971]::pin::Pin<&mut dyn core[a373ad73a504971]::future::future::Future<Output = ()>>>::{closure#0}, ()>
[INFO] [stdout]                                at /opt/rustwide/cargo-home/registry/src/index.crates.io-1949cf8c6b5b557f/tokio-1.48.0/src/runtime/context/runtime.rs:65:16
[INFO] [stdout]   39:     0x619bfb6a2ff4 - <tokio[959fc0431ce64a68]::runtime::scheduler::current_thread::CurrentThread>::block_on::<core[a373ad73a504971]::pin::Pin<&mut dyn core[a373ad73a504971]::future::future::Future<Output = ()>>>
[INFO] [stdout]                                at /opt/rustwide/cargo-home/registry/src/index.crates.io-1949cf8c6b5b557f/tokio-1.48.0/src/runtime/scheduler/current_thread/mod.rs:188:9
[INFO] [stdout]   40:     0x619bfb65730f - <tokio[959fc0431ce64a68]::runtime::runtime::Runtime>::block_on_inner::<core[a373ad73a504971]::pin::Pin<&mut dyn core[a373ad73a504971]::future::future::Future<Output = ()>>>
[INFO] [stdout]                                at /opt/rustwide/cargo-home/registry/src/index.crates.io-1949cf8c6b5b557f/tokio-1.48.0/src/runtime/runtime.rs:368:52
[INFO] [stdout]   41:     0x619bfb65745b - <tokio[959fc0431ce64a68]::runtime::runtime::Runtime>::block_on::<core[a373ad73a504971]::pin::Pin<&mut dyn core[a373ad73a504971]::future::future::Future<Output = ()>>>
[INFO] [stdout]                                at /opt/rustwide/cargo-home/registry/src/index.crates.io-1949cf8c6b5b557f/tokio-1.48.0/src/runtime/runtime.rs:342:18
[INFO] [stdout]   42:     0x619bfb66d360 - tempo_cli[36b8727f42758389]::services::session_service::tests::test_session_date_range_filtering
[INFO] [stdout]                                at /opt/rustwide/workdir/src/services/session_service.rs:361:45
[INFO] [stdout]   43:     0x619bfb668337 - tempo_cli[36b8727f42758389]::services::session_service::tests::test_session_date_range_filtering::{closure#0}
[INFO] [stdout]                                at /opt/rustwide/workdir/src/services/session_service.rs:344:49
[INFO] [stdout]   44:     0x619bfb614346 - <tempo_cli[36b8727f42758389]::services::session_service::tests::test_session_date_range_filtering::{closure#0} as core[a373ad73a504971]::ops::function::FnOnce<()>>::call_once
[INFO] [stdout]                                at /rustc/e3feeb59cd1bdd011a2bfcc0747b55125d9b8527/library/core/src/ops/function.rs:250:5
[INFO] [stdout]   45:     0x619bfb7051db - <fn() -> core[a373ad73a504971]::result::Result<(), alloc[2e1b2a31b91974c5]::string::String> as core[a373ad73a504971]::ops::function::FnOnce<()>>::call_once
[INFO] [stdout]                                at /rustc/e3feeb59cd1bdd011a2bfcc0747b55125d9b8527/library/core/src/ops/function.rs:250:5
[INFO] [stdout]   46:     0x619bfb7051db - test[aada8e7e76ba119b]::__rust_begin_short_backtrace::<core[a373ad73a504971]::result::Result<(), alloc[2e1b2a31b91974c5]::string::String>, fn() -> core[a373ad73a504971]::result::Result<(), alloc[2e1b2a31b91974c5]::string::String>>
[INFO] [stdout]                                at /rustc/e3feeb59cd1bdd011a2bfcc0747b55125d9b8527/library/test/src/lib.rs:701:18
[INFO] [stdout]   47:     0x619bfb7123b5 - test[aada8e7e76ba119b]::run_test_in_process::{closure#0}
[INFO] [stdout]                                at /rustc/e3feeb59cd1bdd011a2bfcc0747b55125d9b8527/library/test/src/lib.rs:724:74
[INFO] [stdout]   48:     0x619bfb7123b5 - <core[a373ad73a504971]::panic::unwind_safe::AssertUnwindSafe<test[aada8e7e76ba119b]::run_test_in_process::{closure#0}> as core[a373ad73a504971]::ops::function::FnOnce<()>>::call_once
[INFO] [stdout]                                at /rustc/e3feeb59cd1bdd011a2bfcc0747b55125d9b8527/library/core/src/panic/unwind_safe.rs:275:9
[INFO] [stdout]   49:     0x619bfb7123b5 - std[617be2ca0a6fd877]::panicking::catch_unwind::do_call::<core[a373ad73a504971]::panic::unwind_safe::AssertUnwindSafe<test[aada8e7e76ba119b]::run_test_in_process::{closure#0}>, core[a373ad73a504971]::result::Result<(), alloc[2e1b2a31b91974c5]::string::String>>
[INFO] [stdout]                                at /rustc/e3feeb59cd1bdd011a2bfcc0747b55125d9b8527/library/std/src/panicking.rs:573:43
[INFO] [stdout]   50:     0x619bfb7123b5 - std[617be2ca0a6fd877]::panicking::catch_unwind::<core[a373ad73a504971]::result::Result<(), alloc[2e1b2a31b91974c5]::string::String>, core[a373ad73a504971]::panic::unwind_safe::AssertUnwindSafe<test[aada8e7e76ba119b]::run_test_in_process::{closure#0}>>
[INFO] [stdout]                                at /rustc/e3feeb59cd1bdd011a2bfcc0747b55125d9b8527/library/std/src/panicking.rs:541:19
[INFO] [stdout]   51:     0x619bfb7123b5 - std[617be2ca0a6fd877]::panic::catch_unwind::<core[a373ad73a504971]::panic::unwind_safe::AssertUnwindSafe<test[aada8e7e76ba119b]::run_test_in_process::{closure#0}>, core[a373ad73a504971]::result::Result<(), alloc[2e1b2a31b91974c5]::string::String>>
[INFO] [stdout]                                at /rustc/e3feeb59cd1bdd011a2bfcc0747b55125d9b8527/library/std/src/panic.rs:359:14
[INFO] [stdout]   52:     0x619bfb7123b5 - test[aada8e7e76ba119b]::run_test_in_process
[INFO] [stdout]                                at /rustc/e3feeb59cd1bdd011a2bfcc0747b55125d9b8527/library/test/src/lib.rs:724:27
[INFO] [stdout]   53:     0x619bfb7123b5 - test[aada8e7e76ba119b]::run_test::{closure#0}
[INFO] [stdout]                                at /rustc/e3feeb59cd1bdd011a2bfcc0747b55125d9b8527/library/test/src/lib.rs:645:43
[INFO] [stdout]   54:     0x619bfb70bca4 - test[aada8e7e76ba119b]::run_test::{closure#1}
[INFO] [stdout]                                at /rustc/e3feeb59cd1bdd011a2bfcc0747b55125d9b8527/library/test/src/lib.rs:675:41
[INFO] [stdout]   55:     0x619bfb70bca4 - std[617be2ca0a6fd877]::sys::backtrace::__rust_begin_short_backtrace::<test[aada8e7e76ba119b]::run_test::{closure#1}, ()>
[INFO] [stdout]                                at /rustc/e3feeb59cd1bdd011a2bfcc0747b55125d9b8527/library/std/src/sys/backtrace.rs:166:18
[INFO] [stdout]   56:     0x619bfb715442 - std[617be2ca0a6fd877]::thread::lifecycle::spawn_unchecked::<test[aada8e7e76ba119b]::run_test::{closure#1}, ()>::{closure#1}::{closure#0}
[INFO] [stdout]                                at /rustc/e3feeb59cd1bdd011a2bfcc0747b55125d9b8527/library/std/src/thread/lifecycle.rs:70:13
[INFO] [stdout]   57:     0x619bfb715442 - <core[a373ad73a504971]::panic::unwind_safe::AssertUnwindSafe<std[617be2ca0a6fd877]::thread::lifecycle::spawn_unchecked<test[aada8e7e76ba119b]::run_test::{closure#1}, ()>::{closure#1}::{closure#0}> as core[a373ad73a504971]::ops::function::FnOnce<()>>::call_once
[INFO] [stdout]                                at /rustc/e3feeb59cd1bdd011a2bfcc0747b55125d9b8527/library/core/src/panic/unwind_safe.rs:275:9
[INFO] [stdout]   58:     0x619bfb715442 - std[617be2ca0a6fd877]::panicking::catch_unwind::do_call::<core[a373ad73a504971]::panic::unwind_safe::AssertUnwindSafe<std[617be2ca0a6fd877]::thread::lifecycle::spawn_unchecked<test[aada8e7e76ba119b]::run_test::{closure#1}, ()>::{closure#1}::{closure#0}>, ()>
[INFO] [stdout]                                at /rustc/e3feeb59cd1bdd011a2bfcc0747b55125d9b8527/library/std/src/panicking.rs:573:43
[INFO] [stdout]   59:     0x619bfb715442 - std[617be2ca0a6fd877]::panicking::catch_unwind::<(), core[a373ad73a504971]::panic::unwind_safe::AssertUnwindSafe<std[617be2ca0a6fd877]::thread::lifecycle::spawn_unchecked<test[aada8e7e76ba119b]::run_test::{closure#1}, ()>::{closure#1}::{closure#0}>>
[INFO] [stdout]                                at /rustc/e3feeb59cd1bdd011a2bfcc0747b55125d9b8527/library/std/src/panicking.rs:541:19
[INFO] [stdout]   60:     0x619bfb715442 - std[617be2ca0a6fd877]::panic::catch_unwind::<core[a373ad73a504971]::panic::unwind_safe::AssertUnwindSafe<std[617be2ca0a6fd877]::thread::lifecycle::spawn_unchecked<test[aada8e7e76ba119b]::run_test::{closure#1}, ()>::{closure#1}::{closure#0}>, ()>
[INFO] [stdout]                                at /rustc/e3feeb59cd1bdd011a2bfcc0747b55125d9b8527/library/std/src/panic.rs:359:14
[INFO] [stdout]   61:     0x619bfb715442 - std[617be2ca0a6fd877]::thread::lifecycle::spawn_unchecked::<test[aada8e7e76ba119b]::run_test::{closure#1}, ()>::{closure#1}
[INFO] [stdout]                                at /rustc/e3feeb59cd1bdd011a2bfcc0747b55125d9b8527/library/std/src/thread/lifecycle.rs:68:26
[INFO] [stdout]   62:     0x619bfb715442 - <std[617be2ca0a6fd877]::thread::lifecycle::spawn_unchecked<test[aada8e7e76ba119b]::run_test::{closure#1}, ()>::{closure#1} as core[a373ad73a504971]::ops::function::FnOnce<()>>::call_once::{shim:vtable#0}
[INFO] [stdout]                                at /rustc/e3feeb59cd1bdd011a2bfcc0747b55125d9b8527/library/core/src/ops/function.rs:250:5
[INFO] [stdout]   63:     0x619bfb9b077f - <alloc[2e1b2a31b91974c5]::boxed::Box<dyn core[a373ad73a504971]::ops::function::FnOnce<(), Output = ()> + core[a373ad73a504971]::marker::Send> as core[a373ad73a504971]::ops::function::FnOnce<()>>::call_once
[INFO] [stdout]                                at /rustc/e3feeb59cd1bdd011a2bfcc0747b55125d9b8527/library/alloc/src/boxed.rs:2314:9
[INFO] [stdout]   64:     0x619bfb9b077f - <std[617be2ca0a6fd877]::sys::thread::unix::Thread>::new::thread_start
[INFO] [stdout]                                at /rustc/e3feeb59cd1bdd011a2bfcc0747b55125d9b8527/library/std/src/sys/thread/unix.rs:127:17
[INFO] [stdout]   65:     0x753dfafd3dfa - <unknown>
[INFO] [stdout]   66:     0x753dfb0673d4 - clone
[INFO] [stdout]   67:                0x0 - <unknown>
[INFO] [stdout] 
[INFO] [stdout] ---- services::project_service::tests::test_project_retrieval_edge_cases stdout ----
[INFO] [stdout] 
[INFO] [stdout] thread 'services::project_service::tests::test_project_retrieval_edge_cases' (3765) panicked at src/services/project_service.rs:357:9:
[INFO] [stdout] assertion failed: result.is_ok()
[INFO] [stdout] stack backtrace:
[INFO] [stdout]    0:     0x619bfb9b1471 - std[617be2ca0a6fd877]::backtrace_rs::backtrace::libunwind::trace
[INFO] [stdout]                                at /rustc/e3feeb59cd1bdd011a2bfcc0747b55125d9b8527/library/std/src/../../backtrace/src/backtrace/libunwind.rs:117:9
[INFO] [stdout]    1:     0x619bfb9b1471 - std[617be2ca0a6fd877]::backtrace_rs::backtrace::trace_unsynchronized::<std[617be2ca0a6fd877]::sys::backtrace::_print_fmt::{closure#1}>
[INFO] [stdout]                                at /rustc/e3feeb59cd1bdd011a2bfcc0747b55125d9b8527/library/std/src/../../backtrace/src/backtrace/mod.rs:66:14
[INFO] [stdout]    2:     0x619bfb9b1471 - std[617be2ca0a6fd877]::sys::backtrace::_print_fmt
[INFO] [stdout]                                at /rustc/e3feeb59cd1bdd011a2bfcc0747b55125d9b8527/library/std/src/sys/backtrace.rs:74:9
[INFO] [stdout]    3:     0x619bfb9b1471 - <<std[617be2ca0a6fd877]::sys::backtrace::BacktraceLock>::print::DisplayBacktrace as core[a373ad73a504971]::fmt::Display>::fmt
[INFO] [stdout]                                at /rustc/e3feeb59cd1bdd011a2bfcc0747b55125d9b8527/library/std/src/sys/backtrace.rs:44:26
[INFO] [stdout]    4:     0x619bfb9c84ba - <core[a373ad73a504971]::fmt::rt::Argument>::fmt
[INFO] [stdout]                                at /rustc/e3feeb59cd1bdd011a2bfcc0747b55125d9b8527/library/core/src/fmt/rt.rs:152:76
[INFO] [stdout]    5:     0x619bfb9c84ba - core[a373ad73a504971]::fmt::write
[INFO] [stdout]    6:     0x619bfb9b604c - core[a373ad73a504971]::io::write::default_write_fmt::<alloc[2e1b2a31b91974c5]::vec::Vec<u8>>
[INFO] [stdout]                                at /rustc/e3feeb59cd1bdd011a2bfcc0747b55125d9b8527/library/core/src/io/write.rs:402:11
[INFO] [stdout]    7:     0x619bfb9b604c - <alloc[2e1b2a31b91974c5]::vec::Vec<u8> as core[a373ad73a504971]::io::write::Write>::write_fmt
[INFO] [stdout]                                at /rustc/e3feeb59cd1bdd011a2bfcc0747b55125d9b8527/library/core/src/io/write.rs:335:13
[INFO] [stdout]    8:     0x619bfb98acc6 - <std[617be2ca0a6fd877]::sys::backtrace::BacktraceLock>::print
[INFO] [stdout]                                at /rustc/e3feeb59cd1bdd011a2bfcc0747b55125d9b8527/library/std/src/sys/backtrace.rs:47:9
[INFO] [stdout]    9:     0x619bfb98acc6 - std[617be2ca0a6fd877]::panicking::default_hook::{closure#0}
[INFO] [stdout]                                at /rustc/e3feeb59cd1bdd011a2bfcc0747b55125d9b8527/library/std/src/panicking.rs:289:27
[INFO] [stdout]   10:     0x619bfb9a8929 - std[617be2ca0a6fd877]::panicking::default_hook
[INFO] [stdout]                                at /rustc/e3feeb59cd1bdd011a2bfcc0747b55125d9b8527/library/std/src/panicking.rs:313:9
[INFO] [stdout]   11:     0x619bfb711d90 - <alloc[2e1b2a31b91974c5]::boxed::Box<dyn for<'a, 'b> core[a373ad73a504971]::ops::function::Fn<(&'a std[617be2ca0a6fd877]::panic::PanicHookInfo<'b>,), Output = ()> + core[a373ad73a504971]::marker::Sync + core[a373ad73a504971]::marker::Send> as core[a373ad73a504971]::ops::function::Fn<(&std[617be2ca0a6fd877]::panic::PanicHookInfo,)>>::call
[INFO] [stdout]                                at /rustc/e3feeb59cd1bdd011a2bfcc0747b55125d9b8527/library/alloc/src/boxed.rs:2328:9
[INFO] [stdout]   12:     0x619bfb711d90 - test[aada8e7e76ba119b]::test_main_inner::{closure#0}
[INFO] [stdout]                                at /rustc/e3feeb59cd1bdd011a2bfcc0747b55125d9b8527/library/test/src/lib.rs:137:21
[INFO] [stdout]   13:     0x619bfb9a8c52 - <alloc[2e1b2a31b91974c5]::boxed::Box<dyn for<'a, 'b> core[a373ad73a504971]::ops::function::Fn<(&'a std[617be2ca0a6fd877]::panic::PanicHookInfo<'b>,), Output = ()> + core[a373ad73a504971]::marker::Sync + core[a373ad73a504971]::marker::Send> as core[a373ad73a504971]::ops::function::Fn<(&std[617be2ca0a6fd877]::panic::PanicHookInfo,)>>::call
[INFO] [stdout]                                at /rustc/e3feeb59cd1bdd011a2bfcc0747b55125d9b8527/library/alloc/src/boxed.rs:2328:9
[INFO] [stdout]   14:     0x619bfb9a8c52 - std[617be2ca0a6fd877]::panicking::panic_with_hook
[INFO] [stdout]                                at /rustc/e3feeb59cd1bdd011a2bfcc0747b55125d9b8527/library/std/src/panicking.rs:819:13
[INFO] [stdout]   15:     0x619bfb98ada4 - std[617be2ca0a6fd877]::panicking::panic_handler::{closure#0}
[INFO] [stdout]                                at /rustc/e3feeb59cd1bdd011a2bfcc0747b55125d9b8527/library/std/src/panicking.rs:678:13
[INFO] [stdout]   16:     0x619bfb983249 - std[617be2ca0a6fd877]::sys::backtrace::__rust_end_short_backtrace::<std[617be2ca0a6fd877]::panicking::panic_handler::{closure#0}, !>
[INFO] [stdout]                                at /rustc/e3feeb59cd1bdd011a2bfcc0747b55125d9b8527/library/std/src/sys/backtrace.rs:182:18
[INFO] [stdout]   17:     0x619bfb98bb4d - __rustc[ea4f61d10b84890b]::rust_begin_unwind
[INFO] [stdout]                                at /rustc/e3feeb59cd1bdd011a2bfcc0747b55125d9b8527/library/std/src/panicking.rs:676:5
[INFO] [stdout]   18:     0x619bfb9c8d0c - core[a373ad73a504971]::panicking::panic_fmt
[INFO] [stdout]                                at /rustc/e3feeb59cd1bdd011a2bfcc0747b55125d9b8527/library/core/src/panicking.rs:80:14
[INFO] [stdout]   19:     0x619bfb9c8cd2 - core[a373ad73a504971]::panicking::panic
[INFO] [stdout]                                at /rustc/e3feeb59cd1bdd011a2bfcc0747b55125d9b8527/library/core/src/panicking.rs:150:5
[INFO] [stdout]   20:     0x619bfb64f9f2 - tempo_cli[36b8727f42758389]::services::project_service::tests::test_project_retrieval_edge_cases::{closure#0}
[INFO] [stdout]                                at /opt/rustwide/workdir/src/services/project_service.rs:357:9
[INFO] [stdout]   21:     0x619bfb6ae022 - <core[a373ad73a504971]::pin::Pin<&mut dyn core[a373ad73a504971]::future::future::Future<Output = ()>> as core[a373ad73a504971]::future::future::Future>::poll
[INFO] [stdout]                                at /rustc/e3feeb59cd1bdd011a2bfcc0747b55125d9b8527/library/core/src/future/future.rs:133:9
[INFO] [stdout]   22:     0x619bfb6ae09d - <core[a373ad73a504971]::pin::Pin<&mut core[a373ad73a504971]::pin::Pin<&mut dyn core[a373ad73a504971]::future::future::Future<Output = ()>>> as core[a373ad73a504971]::future::future::Future>::poll
[INFO] [stdout]                                at /rustc/e3feeb59cd1bdd011a2bfcc0747b55125d9b8527/library/core/src/future/future.rs:133:9
[INFO] [stdout]   23:     0x619bfb6aad0d - <tokio[959fc0431ce64a68]::runtime::scheduler::current_thread::CoreGuard>::block_on::<core[a373ad73a504971]::pin::Pin<&mut core[a373ad73a504971]::pin::Pin<&mut dyn core[a373ad73a504971]::future::future::Future<Output = ()>>>>::{closure#0}::{closure#0}::{closure#0}
[INFO] [stdout]                                at /opt/rustwide/cargo-home/registry/src/index.crates.io-1949cf8c6b5b557f/tokio-1.48.0/src/runtime/scheduler/current_thread/mod.rs:742:70
[INFO] [stdout]   24:     0x619bfb6aac35 - tokio[959fc0431ce64a68]::task::coop::with_budget::<core[a373ad73a504971]::task::poll::Poll<()>, <tokio[959fc0431ce64a68]::runtime::scheduler::current_thread::CoreGuard>::block_on<core[a373ad73a504971]::pin::Pin<&mut core[a373ad73a504971]::pin::Pin<&mut dyn core[a373ad73a504971]::future::future::Future<Output = ()>>>>::{closure#0}::{closure#0}::{closure#0}>
[INFO] [stdout]                                at /opt/rustwide/cargo-home/registry/src/index.crates.io-1949cf8c6b5b557f/tokio-1.48.0/src/task/coop/mod.rs:167:5
[INFO] [stdout]   25:     0x619bfb6aac35 - tokio[959fc0431ce64a68]::task::coop::budget::<core[a373ad73a504971]::task::poll::Poll<()>, <tokio[959fc0431ce64a68]::runtime::scheduler::current_thread::CoreGuard>::block_on<core[a373ad73a504971]::pin::Pin<&mut core[a373ad73a504971]::pin::Pin<&mut dyn core[a373ad73a504971]::future::future::Future<Output = ()>>>>::{closure#0}::{closure#0}::{closure#0}>
[INFO] [stdout]                                at /opt/rustwide/cargo-home/registry/src/index.crates.io-1949cf8c6b5b557f/tokio-1.48.0/src/task/coop/mod.rs:133:5
[INFO] [stdout]   26:     0x619bfb6aac35 - <tokio[959fc0431ce64a68]::runtime::scheduler::current_thread::CoreGuard>::block_on::<core[a373ad73a504971]::pin::Pin<&mut core[a373ad73a504971]::pin::Pin<&mut dyn core[a373ad73a504971]::future::future::Future<Output = ()>>>>::{closure#0}::{closure#0}
[INFO] [stdout]                                at /opt/rustwide/cargo-home/registry/src/index.crates.io-1949cf8c6b5b557f/tokio-1.48.0/src/runtime/scheduler/current_thread/mod.rs:742:25
[INFO] [stdout]   27:     0x619bfb6a38f2 - <tokio[959fc0431ce64a68]::runtime::scheduler::current_thread::Context>::enter::<core[a373ad73a504971]::task::poll::Poll<()>, <tokio[959fc0431ce64a68]::runtime::scheduler::current_thread::CoreGuard>::block_on<core[a373ad73a504971]::pin::Pin<&mut core[a373ad73a504971]::pin::Pin<&mut dyn core[a373ad73a504971]::future::future::Future<Output = ()>>>>::{closure#0}::{closure#0}>
[INFO] [stdout]                                at /opt/rustwide/cargo-home/registry/src/index.crates.io-1949cf8c6b5b557f/tokio-1.48.0/src/runtime/scheduler/current_thread/mod.rs:432:19
[INFO] [stdout]   28:     0x619bfb6a9d8d - <tokio[959fc0431ce64a68]::runtime::scheduler::current_thread::CoreGuard>::block_on::<core[a373ad73a504971]::pin::Pin<&mut core[a373ad73a504971]::pin::Pin<&mut dyn core[a373ad73a504971]::future::future::Future<Output = ()>>>>::{closure#0}
[INFO] [stdout]                                at /opt/rustwide/cargo-home/registry/src/index.crates.io-1949cf8c6b5b557f/tokio-1.48.0/src/runtime/scheduler/current_thread/mod.rs:741:44
[INFO] [stdout]   29:     0x619bfb6a9084 - <tokio[959fc0431ce64a68]::runtime::scheduler::current_thread::CoreGuard>::enter::<<tokio[959fc0431ce64a68]::runtime::scheduler::current_thread::CoreGuard>::block_on<core[a373ad73a504971]::pin::Pin<&mut core[a373ad73a504971]::pin::Pin<&mut dyn core[a373ad73a504971]::future::future::Future<Output = ()>>>>::{closure#0}, core[a373ad73a504971]::option::Option<()>>::{closure#0}
[INFO] [stdout]                                at /opt/rustwide/cargo-home/registry/src/index.crates.io-1949cf8c6b5b557f/tokio-1.48.0/src/runtime/scheduler/current_thread/mod.rs:829:68
[INFO] [stdout]   30:     0x619bfb61b59b - <tokio[959fc0431ce64a68]::runtime::context::scoped::Scoped<tokio[959fc0431ce64a68]::runtime::scheduler::Context>>::set::<<tokio[959fc0431ce64a68]::runtime::scheduler::current_thread::CoreGuard>::enter<<tokio[959fc0431ce64a68]::runtime::scheduler::current_thread::CoreGuard>::block_on<core[a373ad73a504971]::pin::Pin<&mut core[a373ad73a504971]::pin::Pin<&mut dyn core[a373ad73a504971]::future::future::Future<Output = ()>>>>::{closure#0}, core[a373ad73a504971]::option::Option<()>>::{closure#0}, (alloc[2e1b2a31b91974c5]::boxed::Box<tokio[959fc0431ce64a68]::runtime::scheduler::current_thread::Core>, core[a373ad73a504971]::option::Option<()>)>
[INFO] [stdout]                                at /opt/rustwide/cargo-home/registry/src/index.crates.io-1949cf8c6b5b557f/tokio-1.48.0/src/runtime/context/scoped.rs:40:9
[INFO] [stdout]   31:     0x619bfb68ac29 - tokio[959fc0431ce64a68]::runtime::context::set_scheduler::<(alloc[2e1b2a31b91974c5]::boxed::Box<tokio[959fc0431ce64a68]::runtime::scheduler::current_thread::Core>, core[a373ad73a504971]::option::Option<()>), <tokio[959fc0431ce64a68]::runtime::scheduler::current_thread::CoreGuard>::enter<<tokio[959fc0431ce64a68]::runtime::scheduler::current_thread::CoreGuard>::block_on<core[a373ad73a504971]::pin::Pin<&mut core[a373ad73a504971]::pin::Pin<&mut dyn core[a373ad73a504971]::future::future::Future<Output = ()>>>>::{closure#0}, core[a373ad73a504971]::option::Option<()>>::{closure#0}>::{closure#0}
[INFO] [stdout]                                at /opt/rustwide/cargo-home/registry/src/index.crates.io-1949cf8c6b5b557f/tokio-1.48.0/src/runtime/context.rs:176:38
[INFO] [stdout]   32:     0x619bfb66ef2f - <std[617be2ca0a6fd877]::thread::local::LocalKey<tokio[959fc0431ce64a68]::runtime::context::Context>>::try_with::<tokio[959fc0431ce64a68]::runtime::context::set_scheduler<(alloc[2e1b2a31b91974c5]::boxed::Box<tokio[959fc0431ce64a68]::runtime::scheduler::current_thread::Core>, core[a373ad73a504971]::option::Option<()>), <tokio[959fc0431ce64a68]::runtime::scheduler::current_thread::CoreGuard>::enter<<tokio[959fc0431ce64a68]::runtime::scheduler::current_thread::CoreGuard>::block_on<core[a373ad73a504971]::pin::Pin<&mut core[a373ad73a504971]::pin::Pin<&mut dyn core[a373ad73a504971]::future::future::Future<Output = ()>>>>::{closure#0}, core[a373ad73a504971]::option::Option<()>>::{closure#0}>::{closure#0}, (alloc[2e1b2a31b91974c5]::boxed::Box<tokio[959fc0431ce64a68]::runtime::scheduler::current_thread::Core>, core[a373ad73a504971]::option::Option<()>)>
[INFO] [stdout]                                at /rustc/e3feeb59cd1bdd011a2bfcc0747b55125d9b8527/library/std/src/thread/local.rs:463:12
[INFO] [stdout]   33:     0x619bfb66eade - <std[617be2ca0a6fd877]::thread::local::LocalKey<tokio[959fc0431ce64a68]::runtime::context::Context>>::with::<tokio[959fc0431ce64a68]::runtime::context::set_scheduler<(alloc[2e1b2a31b91974c5]::boxed::Box<tokio[959fc0431ce64a68]::runtime::scheduler::current_thread::Core>, core[a373ad73a504971]::option::Option<()>), <tokio[959fc0431ce64a68]::runtime::scheduler::current_thread::CoreGuard>::enter<<tokio[959fc0431ce64a68]::runtime::scheduler::current_thread::CoreGuard>::block_on<core[a373ad73a504971]::pin::Pin<&mut core[a373ad73a504971]::pin::Pin<&mut dyn core[a373ad73a504971]::future::future::Future<Output = ()>>>>::{closure#0}, core[a373ad73a504971]::option::Option<()>>::{closure#0}>::{closure#0}, (alloc[2e1b2a31b91974c5]::boxed::Box<tokio[959fc0431ce64a68]::runtime::scheduler::current_thread::Core>, core[a373ad73a504971]::option::Option<()>)>
[INFO] [stdout]                                at /rustc/e3feeb59cd1bdd011a2bfcc0747b55125d9b8527/library/std/src/thread/local.rs:427:20
[INFO] [stdout]   34:     0x619bfb687b7d - tokio[959fc0431ce64a68]::runtime::context::set_scheduler::<(alloc[2e1b2a31b91974c5]::boxed::Box<tokio[959fc0431ce64a68]::runtime::scheduler::current_thread::Core>, core[a373ad73a504971]::option::Option<()>), <tokio[959fc0431ce64a68]::runtime::scheduler::current_thread::CoreGuard>::enter<<tokio[959fc0431ce64a68]::runtime::scheduler::current_thread::CoreGuard>::block_on<core[a373ad73a504971]::pin::Pin<&mut core[a373ad73a504971]::pin::Pin<&mut dyn core[a373ad73a504971]::future::future::Future<Output = ()>>>>::{closure#0}, core[a373ad73a504971]::option::Option<()>>::{closure#0}>
[INFO] [stdout]                                at /opt/rustwide/cargo-home/registry/src/index.crates.io-1949cf8c6b5b557f/tokio-1.48.0/src/runtime/context.rs:176:17
[INFO] [stdout]   35:     0x619bfb6a56d0 - <tokio[959fc0431ce64a68]::runtime::scheduler::current_thread::CoreGuard>::enter::<<tokio[959fc0431ce64a68]::runtime::scheduler::current_thread::CoreGuard>::block_on<core[a373ad73a504971]::pin::Pin<&mut core[a373ad73a504971]::pin::Pin<&mut dyn core[a373ad73a504971]::future::future::Future<Output = ()>>>>::{closure#0}, core[a373ad73a504971]::option::Option<()>>
[INFO] [stdout]                                at /opt/rustwide/cargo-home/registry/src/index.crates.io-1949cf8c6b5b557f/tokio-1.48.0/src/runtime/scheduler/current_thread/mod.rs:829:27
[INFO] [stdout]   36:     0x619bfb6a59c6 - <tokio[959fc0431ce64a68]::runtime::scheduler::current_thread::CoreGuard>::block_on::<core[a373ad73a504971]::pin::Pin<&mut core[a373ad73a504971]::pin::Pin<&mut dyn core[a373ad73a504971]::future::future::Future<Output = ()>>>>
[INFO] [stdout]                                at /opt/rustwide/cargo-home/registry/src/index.crates.io-1949cf8c6b5b557f/tokio-1.48.0/src/runtime/scheduler/current_thread/mod.rs:729:24
[INFO] [stdout]   37:     0x619bfb6a8b90 - <tokio[959fc0431ce64a68]::runtime::scheduler::current_thread::CurrentThread>::block_on::<core[a373ad73a504971]::pin::Pin<&mut dyn core[a373ad73a504971]::future::future::Future<Output = ()>>>::{closure#0}
[INFO] [stdout]                                at /opt/rustwide/cargo-home/registry/src/index.crates.io-1949cf8c6b5b557f/tokio-1.48.0/src/runtime/scheduler/current_thread/mod.rs:200:33
[INFO] [stdout]   38:     0x619bfb615668 - tokio[959fc0431ce64a68]::runtime::context::runtime::enter_runtime::<<tokio[959fc0431ce64a68]::runtime::scheduler::current_thread::CurrentThread>::block_on<core[a373ad73a504971]::pin::Pin<&mut dyn core[a373ad73a504971]::future::future::Future<Output = ()>>>::{closure#0}, ()>
[INFO] [stdout]                                at /opt/rustwide/cargo-home/registry/src/index.crates.io-1949cf8c6b5b557f/tokio-1.48.0/src/runtime/context/runtime.rs:65:16
[INFO] [stdout]   39:     0x619bfb6a2ff4 - <tokio[959fc0431ce64a68]::runtime::scheduler::current_thread::CurrentThread>::block_on::<core[a373ad73a504971]::pin::Pin<&mut dyn core[a373ad73a504971]::future::future::Future<Output = ()>>>
[INFO] [stdout]                                at /opt/rustwide/cargo-home/registry/src/index.crates.io-1949cf8c6b5b557f/tokio-1.48.0/src/runtime/scheduler/current_thread/mod.rs:188:9
[INFO] [stdout]   40:     0x619bfb65730f - <tokio[959fc0431ce64a68]::runtime::runtime::Runtime>::block_on_inner::<core[a373ad73a504971]::pin::Pin<&mut dyn core[a373ad73a504971]::future::future::Future<Output = ()>>>
[INFO] [stdout]                                at /opt/rustwide/cargo-home/registry/src/index.crates.io-1949cf8c6b5b557f/tokio-1.48.0/src/runtime/runtime.rs:368:52
[INFO] [stdout]   41:     0x619bfb65745b - <tokio[959fc0431ce64a68]::runtime::runtime::Runtime>::block_on::<core[a373ad73a504971]::pin::Pin<&mut dyn core[a373ad73a504971]::future::future::Future<Output = ()>>>
[INFO] [stdout]                                at /opt/rustwide/cargo-home/registry/src/index.crates.io-1949cf8c6b5b557f/tokio-1.48.0/src/runtime/runtime.rs:342:18
[INFO] [stdout]   42:     0x619bfb654d23 - tempo_cli[36b8727f42758389]::services::project_service::tests::test_project_retrieval_edge_cases
[INFO] [stdout]                                at /opt/rustwide/workdir/src/services/project_service.rs:368:43
[INFO] [stdout]   43:     0x619bfb64c7e7 - tempo_cli[36b8727f42758389]::services::project_service::tests::test_project_retrieval_edge_cases::{closure#0}
[INFO] [stdout]                                at /opt/rustwide/workdir/src/services/project_service.rs:354:49
[INFO] [stdout]   44:     0x619bfb614286 - <tempo_cli[36b8727f42758389]::services::project_service::tests::test_project_retrieval_edge_cases::{closure#0} as core[a373ad73a504971]::ops::function::FnOnce<()>>::call_once
[INFO] [stdout]                                at /rustc/e3feeb59cd1bdd011a2bfcc0747b55125d9b8527/library/core/src/ops/function.rs:250:5
[INFO] [stdout]   45:     0x619bfb7051db - <fn() -> core[a373ad73a504971]::result::Result<(), alloc[2e1b2a31b91974c5]::string::String> as core[a373ad73a504971]::ops::function::FnOnce<()>>::call_once
[INFO] [stdout]                                at /rustc/e3feeb59cd1bdd011a2bfcc0747b55125d9b8527/library/core/src/ops/function.rs:250:5
[INFO] [stdout]   46:     0x619bfb7051db - test[aada8e7e76ba119b]::__rust_begin_short_backtrace::<core[a373ad73a504971]::result::Result<(), alloc[2e1b2a31b91974c5]::string::String>, fn() -> core[a373ad73a504971]::result::Result<(), alloc[2e1b2a31b91974c5]::string::String>>
[INFO] [stdout]                                at /rustc/e3feeb59cd1bdd011a2bfcc0747b55125d9b8527/library/test/src/lib.rs:701:18
[INFO] [stdout]   47:     0x619bfb7123b5 - test[aada8e7e76ba119b]::run_test_in_process::{closure#0}
[INFO] [stdout]                                at /rustc/e3feeb59cd1bdd011a2bfcc0747b55125d9b8527/library/test/src/lib.rs:724:74
[INFO] [stdout]   48:     0x619bfb7123b5 - <core[a373ad73a504971]::panic::unwind_safe::AssertUnwindSafe<test[aada8e7e76ba119b]::run_test_in_process::{closure#0}> as core[a373ad73a504971]::ops::function::FnOnce<()>>::call_once
[INFO] [stdout]                                at /rustc/e3feeb59cd1bdd011a2bfcc0747b55125d9b8527/library/core/src/panic/unwind_safe.rs:275:9
[INFO] [stdout]   49:     0x619bfb7123b5 - std[617be2ca0a6fd877]::panicking::catch_unwind::do_call::<core[a373ad73a504971]::panic::unwind_safe::AssertUnwindSafe<test[aada8e7e76ba119b]::run_test_in_process::{closure#0}>, core[a373ad73a504971]::result::Result<(), alloc[2e1b2a31b91974c5]::string::String>>
[INFO] [stdout]                                at /rustc/e3feeb59cd1bdd011a2bfcc0747b55125d9b8527/library/std/src/panicking.rs:573:43
[INFO] [stdout]   50:     0x619bfb7123b5 - std[617be2ca0a6fd877]::panicking::catch_unwind::<core[a373ad73a504971]::result::Result<(), alloc[2e1b2a31b91974c5]::string::String>, core[a373ad73a504971]::panic::unwind_safe::AssertUnwindSafe<test[aada8e7e76ba119b]::run_test_in_process::{closure#0}>>
[INFO] [stdout]                                at /rustc/e3feeb59cd1bdd011a2bfcc0747b55125d9b8527/library/std/src/panicking.rs:541:19
[INFO] [stdout]   51:     0x619bfb7123b5 - std[617be2ca0a6fd877]::panic::catch_unwind::<core[a373ad73a504971]::panic::unwind_safe::AssertUnwindSafe<test[aada8e7e76ba119b]::run_test_in_process::{closure#0}>, core[a373ad73a504971]::result::Result<(), alloc[2e1b2a31b91974c5]::string::String>>
[INFO] [stdout]                                at /rustc/e3feeb59cd1bdd011a2bfcc0747b55125d9b8527/library/std/src/panic.rs:359:14
[INFO] [stdout]   52:     0x619bfb7123b5 - test[aada8e7e76ba119b]::run_test_in_process
[INFO] [stdout]                                at /rustc/e3feeb59cd1bdd011a2bfcc0747b55125d9b8527/library/test/src/lib.rs:724:27
[INFO] [stdout]   53:     0x619bfb7123b5 - test[aada8e7e76ba119b]::run_test::{closure#0}
[INFO] [stdout]                                at /rustc/e3feeb59cd1bdd011a2bfcc0747b55125d9b8527/library/test/src/lib.rs:645:43
[INFO] [stdout]   54:     0x619bfb70bca4 - test[aada8e7e76ba119b]::run_test::{closure#1}
[INFO] [stdout]                                at /rustc/e3feeb59cd1bdd011a2bfcc0747b55125d9b8527/library/test/src/lib.rs:675:41
[INFO] [stdout]   55:     0x619bfb70bca4 - std[617be2ca0a6fd877]::sys::backtrace::__rust_begin_short_backtrace::<test[aada8e7e76ba119b]::run_test::{closure#1}, ()>
[INFO] [stdout]                                at /rustc/e3feeb59cd1bdd011a2bfcc0747b55125d9b8527/library/std/src/sys/backtrace.rs:166:18
[INFO] [stdout]   56:     0x619bfb715442 - std[617be2ca0a6fd877]::thread::lifecycle::spawn_unchecked::<test[aada8e7e76ba119b]::run_test::{closure#1}, ()>::{closure#1}::{closure#0}
[INFO] [stdout]                                at /rustc/e3feeb59cd1bdd011a2bfcc0747b55125d9b8527/library/std/src/thread/lifecycle.rs:70:13
[INFO] [stdout]   57:     0x619bfb715442 - <core[a373ad73a504971]::panic::unwind_safe::AssertUnwindSafe<std[617be2ca0a6fd877]::thread::lifecycle::spawn_unchecked<test[aada8e7e76ba119b]::run_test::{closure#1}, ()>::{closure#1}::{closure#0}> as core[a373ad73a504971]::ops::function::FnOnce<()>>::call_once
[INFO] [stdout]                                at /rustc/e3feeb59cd1bdd011a2bfcc0747b55125d9b8527/library/core/src/panic/unwind_safe.rs:275:9
[INFO] [stdout]   58:     0x619bfb715442 - std[617be2ca0a6fd877]::panicking::catch_unwind::do_call::<core[a373ad73a504971]::panic::unwind_safe::AssertUnwindSafe<std[617be2ca0a6fd877]::thread::lifecycle::spawn_unchecked<test[aada8e7e76ba119b]::run_test::{closure#1}, ()>::{closure#1}::{closure#0}>, ()>
[INFO] [stdout]                                at /rustc/e3feeb59cd1bdd011a2bfcc0747b55125d9b8527/library/std/src/panicking.rs:573:43
[INFO] [stdout]   59:     0x619bfb715442 - std[617be2ca0a6fd877]::panicking::catch_unwind::<(), core[a373ad73a504971]::panic::unwind_safe::AssertUnwindSafe<std[617be2ca0a6fd877]::thread::lifecycle::spawn_unchecked<test[aada8e7e76ba119b]::run_test::{closure#1}, ()>::{closure#1}::{closure#0}>>
[INFO] [stdout]                                at /rustc/e3feeb59cd1bdd011a2bfcc0747b55125d9b8527/library/std/src/panicking.rs:541:19
[INFO] [stdout]   60:     0x619bfb715442 - std[617be2ca0a6fd877]::panic::catch_unwind::<core[a373ad73a504971]::panic::unwind_safe::AssertUnwindSafe<std[617be2ca0a6fd877]::thread::lifecycle::spawn_unchecked<test[aada8e7e76ba119b]::run_test::{closure#1}, ()>::{closure#1}::{closure#0}>, ()>
[INFO] [stdout]                                at /rustc/e3feeb59cd1bdd011a2bfcc0747b55125d9b8527/library/std/src/panic.rs:359:14
[INFO] [stdout]   61:     0x619bfb715442 - std[617be2ca0a6fd877]::thread::lifecycle::spawn_unchecked::<test[aada8e7e76ba119b]::run_test::{closure#1}, ()>::{closure#1}
[INFO] [stdout]                                at /rustc/e3feeb59cd1bdd011a2bfcc0747b55125d9b8527/library/std/src/thread/lifecycle.rs:68:26
[INFO] [stdout]   62:     0x619bfb715442 - <std[617be2ca0a6fd877]::thread::lifecycle::spawn_unchecked<test[aada8e7e76ba119b]::run_test::{closure#1}, ()>::{closure#1} as core[a373ad73a504971]::ops::function::FnOnce<()>>::call_once::{shim:vtable#0}
[INFO] [stdout]                                at /rustc/e3feeb59cd1bdd011a2bfcc0747b55125d9b8527/library/core/src/ops/function.rs:250:5
[INFO] [stdout]   63:     0x619bfb9b077f - <alloc[2e1b2a31b91974c5]::boxed::Box<dyn core[a373ad73a504971]::ops::function::FnOnce<(), Output = ()> + core[a373ad73a504971]::marker::Send> as core[a373ad73a504971]::ops::function::FnOnce<()>>::call_once
[INFO] [stdout]                                at /rustc/e3feeb59cd1bdd011a2bfcc0747b55125d9b8527/library/alloc/src/boxed.rs:2314:9
[INFO] [stdout]   64:     0x619bfb9b077f - <std[617be2ca0a6fd877]::sys::thread::unix::Thread>::new::thread_start
[INFO] [stdout]                                at /rustc/e3feeb59cd1bdd011a2bfcc0747b55125d9b8527/library/std/src/sys/thread/unix.rs:127:17
[INFO] [stdout]   65:     0x753dfafd3dfa - <unknown>
[INFO] [stdout]   66:     0x753dfb0673d4 - clone
[INFO] [stdout]   67:                0x0 - <unknown>
[INFO] [stdout] 
[INFO] [stdout] ---- services::session_service::tests::test_daemon_fallback_logic stdout ----
[INFO] [stdout] 
[INFO] [stdout] thread 'services::session_service::tests::test_daemon_fallback_logic' (3774) panicked at src/services/session_service.rs:372:9:
[INFO] [stdout] assertion failed: active_result.is_ok()
[INFO] [stdout] stack backtrace:
[INFO] [stdout]    0:     0x619bfb9b1471 - std[617be2ca0a6fd877]::backtrace_rs::backtrace::libunwind::trace
[INFO] [stdout]                                at /rustc/e3feeb59cd1bdd011a2bfcc0747b55125d9b8527/library/std/src/../../backtrace/src/backtrace/libunwind.rs:117:9
[INFO] [stdout]    1:     0x619bfb9b1471 - std[617be2ca0a6fd877]::backtrace_rs::backtrace::trace_unsynchronized::<std[617be2ca0a6fd877]::sys::backtrace::_print_fmt::{closure#1}>
[INFO] [stdout]                                at /rustc/e3feeb59cd1bdd011a2bfcc0747b55125d9b8527/library/std/src/../../backtrace/src/backtrace/mod.rs:66:14
[INFO] [stdout]    2:     0x619bfb9b1471 - std[617be2ca0a6fd877]::sys::backtrace::_print_fmt
[INFO] [stdout]                                at /rustc/e3feeb59cd1bdd011a2bfcc0747b55125d9b8527/library/std/src/sys/backtrace.rs:74:9
[INFO] [stdout]    3:     0x619bfb9b1471 - <<std[617be2ca0a6fd877]::sys::backtrace::BacktraceLock>::print::DisplayBacktrace as core[a373ad73a504971]::fmt::Display>::fmt
[INFO] [stdout]                                at /rustc/e3feeb59cd1bdd011a2bfcc0747b55125d9b8527/library/std/src/sys/backtrace.rs:44:26
[INFO] [stdout]    4:     0x619bfb9c84ba - <core[a373ad73a504971]::fmt::rt::Argument>::fmt
[INFO] [stdout]                                at /rustc/e3feeb59cd1bdd011a2bfcc0747b55125d9b8527/library/core/src/fmt/rt.rs:152:76
[INFO] [stdout]    5:     0x619bfb9c84ba - core[a373ad73a504971]::fmt::write
[INFO] [stdout]    6:     0x619bfb9b604c - core[a373ad73a504971]::io::write::default_write_fmt::<alloc[2e1b2a31b91974c5]::vec::Vec<u8>>
[INFO] [stdout]                                at /rustc/e3feeb59cd1bdd011a2bfcc0747b55125d9b8527/library/core/src/io/write.rs:402:11
[INFO] [stdout]    7:     0x619bfb9b604c - <alloc[2e1b2a31b91974c5]::vec::Vec<u8> as core[a373ad73a504971]::io::write::Write>::write_fmt
[INFO] [stdout]                                at /rustc/e3feeb59cd1bdd011a2bfcc0747b55125d9b8527/library/core/src/io/write.rs:335:13
[INFO] [stdout]    8:     0x619bfb98acc6 - <std[617be2ca0a6fd877]::sys::backtrace::BacktraceLock>::print
[INFO] [stdout]                                at /rustc/e3feeb59cd1bdd011a2bfcc0747b55125d9b8527/library/std/src/sys/backtrace.rs:47:9
[INFO] [stdout]    9:     0x619bfb98acc6 - std[617be2ca0a6fd877]::panicking::default_hook::{closure#0}
[INFO] [stdout]                                at /rustc/e3feeb59cd1bdd011a2bfcc0747b55125d9b8527/library/std/src/panicking.rs:289:27
[INFO] [stdout]   10:     0x619bfb9a8929 - std[617be2ca0a6fd877]::panicking::default_hook
[INFO] [stdout]                                at /rustc/e3feeb59cd1bdd011a2bfcc0747b55125d9b8527/library/std/src/panicking.rs:313:9
[INFO] [stdout]   11:     0x619bfb711d90 - <alloc[2e1b2a31b91974c5]::boxed::Box<dyn for<'a, 'b> core[a373ad73a504971]::ops::function::Fn<(&'a std[617be2ca0a6fd877]::panic::PanicHookInfo<'b>,), Output = ()> + core[a373ad73a504971]::marker::Sync + core[a373ad73a504971]::marker::Send> as core[a373ad73a504971]::ops::function::Fn<(&std[617be2ca0a6fd877]::panic::PanicHookInfo,)>>::call
[INFO] [stdout]                                at /rustc/e3feeb59cd1bdd011a2bfcc0747b55125d9b8527/library/alloc/src/boxed.rs:2328:9
[INFO] [stdout]   12:     0x619bfb711d90 - test[aada8e7e76ba119b]::test_main_inner::{closure#0}
[INFO] [stdout]                                at /rustc/e3feeb59cd1bdd011a2bfcc0747b55125d9b8527/library/test/src/lib.rs:137:21
[INFO] [stdout]   13:     0x619bfb9a8c52 - <alloc[2e1b2a31b91974c5]::boxed::Box<dyn for<'a, 'b> core[a373ad73a504971]::ops::function::Fn<(&'a std[617be2ca0a6fd877]::panic::PanicHookInfo<'b>,), Output = ()> + core[a373ad73a504971]::marker::Sync + core[a373ad73a504971]::marker::Send> as core[a373ad73a504971]::ops::function::Fn<(&std[617be2ca0a6fd877]::panic::PanicHookInfo,)>>::call
[INFO] [stdout]                                at /rustc/e3feeb59cd1bdd011a2bfcc0747b55125d9b8527/library/alloc/src/boxed.rs:2328:9
[INFO] [stdout]   14:     0x619bfb9a8c52 - std[617be2ca0a6fd877]::panicking::panic_with_hook
[INFO] [stdout]                                at /rustc/e3feeb59cd1bdd011a2bfcc0747b55125d9b8527/library/std/src/panicking.rs:819:13
[INFO] [stdout]   15:     0x619bfb98ada4 - std[617be2ca0a6fd877]::panicking::panic_handler::{closure#0}
[INFO] [stdout]                                at /rustc/e3feeb59cd1bdd011a2bfcc0747b55125d9b8527/library/std/src/panicking.rs:678:13
[INFO] [stdout]   16:     0x619bfb983249 - std[617be2ca0a6fd877]::sys::backtrace::__rust_end_short_backtrace::<std[617be2ca0a6fd877]::panicking::panic_handler::{closure#0}, !>
[INFO] [stdout]                                at /rustc/e3feeb59cd1bdd011a2bfcc0747b55125d9b8527/library/std/src/sys/backtrace.rs:182:18
[INFO] [stdout]   17:     0x619bfb98bb4d - __rustc[ea4f61d10b84890b]::rust_begin_unwind
[INFO] [stdout]                                at /rustc/e3feeb59cd1bdd011a2bfcc0747b55125d9b8527/library/std/src/panicking.rs:676:5
[INFO] [stdout]   18:     0x619bfb9c8d0c - core[a373ad73a504971]::panicking::panic_fmt
[INFO] [stdout]                                at /rustc/e3feeb59cd1bdd011a2bfcc0747b55125d9b8527/library/core/src/panicking.rs:80:14
[INFO] [stdout]   19:     0x619bfb9c8cd2 - core[a373ad73a504971]::panicking::panic
[INFO] [stdout]                                at /rustc/e3feeb59cd1bdd011a2bfcc0747b55125d9b8527/library/core/src/panicking.rs:150:5
[INFO] [stdout]   20:     0x619bfb6688e8 - tempo_cli[36b8727f42758389]::services::session_service::tests::test_daemon_fallback_logic::{closure#0}
[INFO] [stdout]                                at /opt/rustwide/workdir/src/services/session_service.rs:372:9
[INFO] [stdout]   21:     0x619bfb6ae022 - <core[a373ad73a504971]::pin::Pin<&mut dyn core[a373ad73a504971]::future::future::Future<Output = ()>> as core[a373ad73a504971]::future::future::Future>::poll
[INFO] [stdout]                                at /rustc/e3feeb59cd1bdd011a2bfcc0747b55125d9b8527/library/core/src/future/future.rs:133:9
[INFO] [stdout]   22:     0x619bfb6ae09d - <core[a373ad73a504971]::pin::Pin<&mut core[a373ad73a504971]::pin::Pin<&mut dyn core[a373ad73a504971]::future::future::Future<Output = ()>>> as core[a373ad73a504971]::future::future::Future>::poll
[INFO] [stdout]                                at /rustc/e3feeb59cd1bdd011a2bfcc0747b55125d9b8527/library/core/src/future/future.rs:133:9
[INFO] [stdout]   23:     0x619bfb6aad0d - <tokio[959fc0431ce64a68]::runtime::scheduler::current_thread::CoreGuard>::block_on::<core[a373ad73a504971]::pin::Pin<&mut core[a373ad73a504971]::pin::Pin<&mut dyn core[a373ad73a504971]::future::future::Future<Output = ()>>>>::{closure#0}::{closure#0}::{closure#0}
[INFO] [stdout]                                at /opt/rustwide/cargo-home/registry/src/index.crates.io-1949cf8c6b5b557f/tokio-1.48.0/src/runtime/scheduler/current_thread/mod.rs:742:70
[INFO] [stdout]   24:     0x619bfb6aac35 - tokio[959fc0431ce64a68]::task::coop::with_budget::<core[a373ad73a504971]::task::poll::Poll<()>, <tokio[959fc0431ce64a68]::runtime::scheduler::current_thread::CoreGuard>::block_on<core[a373ad73a504971]::pin::Pin<&mut core[a373ad73a504971]::pin::Pin<&mut dyn core[a373ad73a504971]::future::future::Future<Output = ()>>>>::{closure#0}::{closure#0}::{closure#0}>
[INFO] [stdout]                                at /opt/rustwide/cargo-home/registry/src/index.crates.io-1949cf8c6b5b557f/tokio-1.48.0/src/task/coop/mod.rs:167:5
[INFO] [stdout]   25:     0x619bfb6aac35 - tokio[959fc0431ce64a68]::task::coop::budget::<core[a373ad73a504971]::task::poll::Poll<()>, <tokio[959fc0431ce64a68]::runtime::scheduler::current_thread::CoreGuard>::block_on<core[a373ad73a504971]::pin::Pin<&mut core[a373ad73a504971]::pin::Pin<&mut dyn core[a373ad73a504971]::future::future::Future<Output = ()>>>>::{closure#0}::{closure#0}::{closure#0}>
[INFO] [stdout]                                at /opt/rustwide/cargo-home/registry/src/index.crates.io-1949cf8c6b5b557f/tokio-1.48.0/src/task/coop/mod.rs:133:5
[INFO] [stdout]   26:     0x619bfb6aac35 - <tokio[959fc0431ce64a68]::runtime::scheduler::current_thread::CoreGuard>::block_on::<core[a373ad73a504971]::pin::Pin<&mut core[a373ad73a504971]::pin::Pin<&mut dyn core[a373ad73a504971]::future::future::Future<Output = ()>>>>::{closure#0}::{closure#0}
[INFO] [stdout]                                at /opt/rustwide/cargo-home/registry/src/index.crates.io-1949cf8c6b5b557f/tokio-1.48.0/src/runtime/scheduler/current_thread/mod.rs:742:25
[INFO] [stdout]   27:     0x619bfb6a38f2 - <tokio[959fc0431ce64a68]::runtime::scheduler::current_thread::Context>::enter::<core[a373ad73a504971]::task::poll::Poll<()>, <tokio[959fc0431ce64a68]::runtime::scheduler::current_thread::CoreGuard>::block_on<core[a373ad73a504971]::pin::Pin<&mut core[a373ad73a504971]::pin::Pin<&mut dyn core[a373ad73a504971]::future::future::Future<Output = ()>>>>::{closure#0}::{closure#0}>
[INFO] [stdout]                                at /opt/rustwide/cargo-home/registry/src/index.crates.io-1949cf8c6b5b557f/tokio-1.48.0/src/runtime/scheduler/current_thread/mod.rs:432:19
[INFO] [stdout]   28:     0x619bfb6a9d8d - <tokio[959fc0431ce64a68]::runtime::scheduler::current_thread::CoreGuard>::block_on::<core[a373ad73a504971]::pin::Pin<&mut core[a373ad73a504971]::pin::Pin<&mut dyn core[a373ad73a504971]::future::future::Future<Output = ()>>>>::{closure#0}
[INFO] [stdout]                                at /opt/rustwide/cargo-home/registry/src/index.crates.io-1949cf8c6b5b557f/tokio-1.48.0/src/runtime/scheduler/current_thread/mod.rs:741:44
[INFO] [stdout]   29:     0x619bfb6a9084 - <tokio[959fc0431ce64a68]::runtime::scheduler::current_thread::CoreGuard>::enter::<<tokio[959fc0431ce64a68]::runtime::scheduler::current_thread::CoreGuard>::block_on<core[a373ad73a504971]::pin::Pin<&mut core[a373ad73a504971]::pin::Pin<&mut dyn core[a373ad73a504971]::future::future::Future<Output = ()>>>>::{closure#0}, core[a373ad73a504971]::option::Option<()>>::{closure#0}
[INFO] [stdout]                                at /opt/rustwide/cargo-home/registry/src/index.crates.io-1949cf8c6b5b557f/tokio-1.48.0/src/runtime/scheduler/current_thread/mod.rs:829:68
[INFO] [stdout]   30:     0x619bfb61b59b - <tokio[959fc0431ce64a68]::runtime::context::scoped::Scoped<tokio[959fc0431ce64a68]::runtime::scheduler::Context>>::set::<<tokio[959fc0431ce64a68]::runtime::scheduler::current_thread::CoreGuard>::enter<<tokio[959fc0431ce64a68]::runtime::scheduler::current_thread::CoreGuard>::block_on<core[a373ad73a504971]::pin::Pin<&mut core[a373ad73a504971]::pin::Pin<&mut dyn core[a373ad73a504971]::future::future::Future<Output = ()>>>>::{closure#0}, core[a373ad73a504971]::option::Option<()>>::{closure#0}, (alloc[2e1b2a31b91974c5]::boxed::Box<tokio[959fc0431ce64a68]::runtime::scheduler::current_thread::Core>, core[a373ad73a504971]::option::Option<()>)>
[INFO] [stdout]                                at /opt/rustwide/cargo-home/registry/src/index.crates.io-1949cf8c6b5b557f/tokio-1.48.0/src/runtime/context/scoped.rs:40:9
[INFO] [stdout]   31:     0x619bfb68ac29 - tokio[959fc0431ce64a68]::runtime::context::set_scheduler::<(alloc[2e1b2a31b91974c5]::boxed::Box<tokio[959fc0431ce64a68]::runtime::scheduler::current_thread::Core>, core[a373ad73a504971]::option::Option<()>), <tokio[959fc0431ce64a68]::runtime::scheduler::current_thread::CoreGuard>::enter<<tokio[959fc0431ce64a68]::runtime::scheduler::current_thread::CoreGuard>::block_on<core[a373ad73a504971]::pin::Pin<&mut core[a373ad73a504971]::pin::Pin<&mut dyn core[a373ad73a504971]::future::future::Future<Output = ()>>>>::{closure#0}, core[a373ad73a504971]::option::Option<()>>::{closure#0}>::{closure#0}
[INFO] [stdout]                                at /opt/rustwide/cargo-home/registry/src/index.crates.io-1949cf8c6b5b557f/tokio-1.48.0/src/runtime/context.rs:176:38
[INFO] [stdout]   32:     0x619bfb66ef2f - <std[617be2ca0a6fd877]::thread::local::LocalKey<tokio[959fc0431ce64a68]::runtime::context::Context>>::try_with::<tokio[959fc0431ce64a68]::runtime::context::set_scheduler<(alloc[2e1b2a31b91974c5]::boxed::Box<tokio[959fc0431ce64a68]::runtime::scheduler::current_thread::Core>, core[a373ad73a504971]::option::Option<()>), <tokio[959fc0431ce64a68]::runtime::scheduler::current_thread::CoreGuard>::enter<<tokio[959fc0431ce64a68]::runtime::scheduler::current_thread::CoreGuard>::block_on<core[a373ad73a504971]::pin::Pin<&mut core[a373ad73a504971]::pin::Pin<&mut dyn core[a373ad73a504971]::future::future::Future<Output = ()>>>>::{closure#0}, core[a373ad73a504971]::option::Option<()>>::{closure#0}>::{closure#0}, (alloc[2e1b2a31b91974c5]::boxed::Box<tokio[959fc0431ce64a68]::runtime::scheduler::current_thread::Core>, core[a373ad73a504971]::option::Option<()>)>
[INFO] [stdout]                                at /rustc/e3feeb59cd1bdd011a2bfcc0747b55125d9b8527/library/std/src/thread/local.rs:463:12
[INFO] [stdout]   33:     0x619bfb66eade - <std[617be2ca0a6fd877]::thread::local::LocalKey<tokio[959fc0431ce64a68]::runtime::context::Context>>::with::<tokio[959fc0431ce64a68]::runtime::context::set_scheduler<(alloc[2e1b2a31b91974c5]::boxed::Box<tokio[959fc0431ce64a68]::runtime::scheduler::current_thread::Core>, core[a373ad73a504971]::option::Option<()>), <tokio[959fc0431ce64a68]::runtime::scheduler::current_thread::CoreGuard>::enter<<tokio[959fc0431ce64a68]::runtime::scheduler::current_thread::CoreGuard>::block_on<core[a373ad73a504971]::pin::Pin<&mut core[a373ad73a504971]::pin::Pin<&mut dyn core[a373ad73a504971]::future::future::Future<Output = ()>>>>::{closure#0}, core[a373ad73a504971]::option::Option<()>>::{closure#0}>::{closure#0}, (alloc[2e1b2a31b91974c5]::boxed::Box<tokio[959fc0431ce64a68]::runtime::scheduler::current_thread::Core>, core[a373ad73a504971]::option::Option<()>)>
[INFO] [stdout]                                at /rustc/e3feeb59cd1bdd011a2bfcc0747b55125d9b8527/library/std/src/thread/local.rs:427:20
[INFO] [stdout]   34:     0x619bfb687b7d - tokio[959fc0431ce64a68]::runtime::context::set_scheduler::<(alloc[2e1b2a31b91974c5]::boxed::Box<tokio[959fc0431ce64a68]::runtime::scheduler::current_thread::Core>, core[a373ad73a504971]::option::Option<()>), <tokio[959fc0431ce64a68]::runtime::scheduler::current_thread::CoreGuard>::enter<<tokio[959fc0431ce64a68]::runtime::scheduler::current_thread::CoreGuard>::block_on<core[a373ad73a504971]::pin::Pin<&mut core[a373ad73a504971]::pin::Pin<&mut dyn core[a373ad73a504971]::future::future::Future<Output = ()>>>>::{closure#0}, core[a373ad73a504971]::option::Option<()>>::{closure#0}>
[INFO] [stdout]                                at /opt/rustwide/cargo-home/registry/src/index.crates.io-1949cf8c6b5b557f/tokio-1.48.0/src/runtime/context.rs:176:17
[INFO] [stdout]   35:     0x619bfb6a56d0 - <tokio[959fc0431ce64a68]::runtime::scheduler::current_thread::CoreGuard>::enter::<<tokio[959fc0431ce64a68]::runtime::scheduler::current_thread::CoreGuard>::block_on<core[a373ad73a504971]::pin::Pin<&mut core[a373ad73a504971]::pin::Pin<&mut dyn core[a373ad73a504971]::future::future::Future<Output = ()>>>>::{closure#0}, core[a373ad73a504971]::option::Option<()>>
[INFO] [stdout]                                at /opt/rustwide/cargo-home/registry/src/index.crates.io-1949cf8c6b5b557f/tokio-1.48.0/src/runtime/scheduler/current_thread/mod.rs:829:27
[INFO] [stdout]   36:     0x619bfb6a59c6 - <tokio[959fc0431ce64a68]::runtime::scheduler::current_thread::CoreGuard>::block_on::<core[a373ad73a504971]::pin::Pin<&mut core[a373ad73a504971]::pin::Pin<&mut dyn core[a373ad73a504971]::future::future::Future<Output = ()>>>>
[INFO] [stdout]                                at /opt/rustwide/cargo-home/registry/src/index.crates.io-1949cf8c6b5b557f/tokio-1.48.0/src/runtime/scheduler/current_thread/mod.rs:729:24
[INFO] [stdout]   37:     0x619bfb6a8b90 - <tokio[959fc0431ce64a68]::runtime::scheduler::current_thread::CurrentThread>::block_on::<core[a373ad73a504971]::pin::Pin<&mut dyn core[a373ad73a504971]::future::future::Future<Output = ()>>>::{closure#0}
[INFO] [stdout]                                at /opt/rustwide/cargo-home/registry/src/index.crates.io-1949cf8c6b5b557f/tokio-1.48.0/src/runtime/scheduler/current_thread/mod.rs:200:33
[INFO] [stdout]   38:     0x619bfb615668 - tokio[959fc0431ce64a68]::runtime::context::runtime::enter_runtime::<<tokio[959fc0431ce64a68]::runtime::scheduler::current_thread::CurrentThread>::block_on<core[a373ad73a504971]::pin::Pin<&mut dyn core[a373ad73a504971]::future::future::Future<Output = ()>>>::{closure#0}, ()>
[INFO] [stdout]                                at /opt/rustwide/cargo-home/registry/src/index.crates.io-1949cf8c6b5b557f/tokio-1.48.0/src/runtime/context/runtime.rs:65:16
[INFO] [stdout]   39:     0x619bfb6a2ff4 - <tokio[959fc0431ce64a68]::runtime::scheduler::current_thread::CurrentThread>::block_on::<core[a373ad73a504971]::pin::Pin<&mut dyn core[a373ad73a504971]::future::future::Future<Output = ()>>>
[INFO] [stdout]                                at /opt/rustwide/cargo-home/registry/src/index.crates.io-1949cf8c6b5b557f/tokio-1.48.0/src/runtime/scheduler/current_thread/mod.rs:188:9
[INFO] [stdout]   40:     0x619bfb65730f - <tokio[959fc0431ce64a68]::runtime::runtime::Runtime>::block_on_inner::<core[a373ad73a504971]::pin::Pin<&mut dyn core[a373ad73a504971]::future::future::Future<Output = ()>>>
[INFO] [stdout]                                at /opt/rustwide/cargo-home/registry/src/index.crates.io-1949cf8c6b5b557f/tokio-1.48.0/src/runtime/runtime.rs:368:52
[INFO] [stdout]   41:     0x619bfb65745b - <tokio[959fc0431ce64a68]::runtime::runtime::Runtime>::block_on::<core[a373ad73a504971]::pin::Pin<&mut dyn core[a373ad73a504971]::future::future::Future<Output = ()>>>
[INFO] [stdout]                                at /opt/rustwide/cargo-home/registry/src/index.crates.io-1949cf8c6b5b557f/tokio-1.48.0/src/runtime/runtime.rs:342:18
[INFO] [stdout]   42:     0x619bfb66ce83 - tempo_cli[36b8727f42758389]::services::session_service::tests::test_daemon_fallback_logic
[INFO] [stdout]                                at /opt/rustwide/workdir/src/services/session_service.rs:379:40
[INFO] [stdout]   43:     0x619bfb6682a7 - tempo_cli[36b8727f42758389]::services::session_service::tests::test_daemon_fallback_logic::{closure#0}
[INFO] [stdout]                                at /opt/rustwide/workdir/src/services/session_service.rs:365:42
[INFO] [stdout]   44:     0x619bfb6142e6 - <tempo_cli[36b8727f42758389]::services::session_service::tests::test_daemon_fallback_logic::{closure#0} as core[a373ad73a504971]::ops::function::FnOnce<()>>::call_once
[INFO] [stdout]                                at /rustc/e3feeb59cd1bdd011a2bfcc0747b55125d9b8527/library/core/src/ops/function.rs:250:5
[INFO] [stdout]   45:     0x619bfb7051db - <fn() -> core[a373ad73a504971]::result::Result<(), alloc[2e1b2a31b91974c5]::string::String> as core[a373ad73a504971]::ops::function::FnOnce<()>>::call_once
[INFO] [stdout]                                at /rustc/e3feeb59cd1bdd011a2bfcc0747b55125d9b8527/library/core/src/ops/function.rs:250:5
[INFO] [stdout]   46:     0x619bfb7051db - test[aada8e7e76ba119b]::__rust_begin_short_backtrace::<core[a373ad73a504971]::result::Result<(), alloc[2e1b2a31b91974c5]::string::String>, fn() -> core[a373ad73a504971]::result::Result<(), alloc[2e1b2a31b91974c5]::string::String>>
[INFO] [stdout]                                at /rustc/e3feeb59cd1bdd011a2bfcc0747b55125d9b8527/library/test/src/lib.rs:701:18
[INFO] [stdout]   47:     0x619bfb7123b5 - test[aada8e7e76ba119b]::run_test_in_process::{closure#0}
[INFO] [stdout]                                at /rustc/e3feeb59cd1bdd011a2bfcc0747b55125d9b8527/library/test/src/lib.rs:724:74
[INFO] [stdout]   48:     0x619bfb7123b5 - <core[a373ad73a504971]::panic::unwind_safe::AssertUnwindSafe<test[aada8e7e76ba119b]::run_test_in_process::{closure#0}> as core[a373ad73a504971]::ops::function::FnOnce<()>>::call_once
[INFO] [stdout]                                at /rustc/e3feeb59cd1bdd011a2bfcc0747b55125d9b8527/library/core/src/panic/unwind_safe.rs:275:9
[INFO] [stdout]   49:     0x619bfb7123b5 - std[617be2ca0a6fd877]::panicking::catch_unwind::do_call::<core[a373ad73a504971]::panic::unwind_safe::AssertUnwindSafe<test[aada8e7e76ba119b]::run_test_in_process::{closure#0}>, core[a373ad73a504971]::result::Result<(), alloc[2e1b2a31b91974c5]::string::String>>
[INFO] [stdout]                                at /rustc/e3feeb59cd1bdd011a2bfcc0747b55125d9b8527/library/std/src/panicking.rs:573:43
[INFO] [stdout]   50:     0x619bfb7123b5 - std[617be2ca0a6fd877]::panicking::catch_unwind::<core[a373ad73a504971]::result::Result<(), alloc[2e1b2a31b91974c5]::string::String>, core[a373ad73a504971]::panic::unwind_safe::AssertUnwindSafe<test[aada8e7e76ba119b]::run_test_in_process::{closure#0}>>
[INFO] [stdout]                                at /rustc/e3feeb59cd1bdd011a2bfcc0747b55125d9b8527/library/std/src/panicking.rs:541:19
[INFO] [stdout]   51:     0x619bfb7123b5 - std[617be2ca0a6fd877]::panic::catch_unwind::<core[a373ad73a504971]::panic::unwind_safe::AssertUnwindSafe<test[aada8e7e76ba119b]::run_test_in_process::{closure#0}>, core[a373ad73a504971]::result::Result<(), alloc[2e1b2a31b91974c5]::string::String>>
[INFO] [stdout]                                at /rustc/e3feeb59cd1bdd011a2bfcc0747b55125d9b8527/library/std/src/panic.rs:359:14
[INFO] [stdout]   52:     0x619bfb7123b5 - test[aada8e7e76ba119b]::run_test_in_process
[INFO] [stdout]                                at /rustc/e3feeb59cd1bdd011a2bfcc0747b55125d9b8527/library/test/src/lib.rs:724:27
[INFO] [stdout]   53:     0x619bfb7123b5 - test[aada8e7e76ba119b]::run_test::{closure#0}
[INFO] [stdout]                                at /rustc/e3feeb59cd1bdd011a2bfcc0747b55125d9b8527/library/test/src/lib.rs:645:43
[INFO] [stdout]   54:     0x619bfb70bca4 - test[aada8e7e76ba119b]::run_test::{closure#1}
[INFO] [stdout]                                at /rustc/e3feeb59cd1bdd011a2bfcc0747b55125d9b8527/library/test/src/lib.rs:675:41
[INFO] [stdout]   55:     0x619bfb70bca4 - std[617be2ca0a6fd877]::sys::backtrace::__rust_begin_short_backtrace::<test[aada8e7e76ba119b]::run_test::{closure#1}, ()>
[INFO] [stdout]                                at /rustc/e3feeb59cd1bdd011a2bfcc0747b55125d9b8527/library/std/src/sys/backtrace.rs:166:18
[INFO] [stdout]   56:     0x619bfb715442 - std[617be2ca0a6fd877]::thread::lifecycle::spawn_unchecked::<test[aada8e7e76ba119b]::run_test::{closure#1}, ()>::{closure#1}::{closure#0}
[INFO] [stdout]                                at /rustc/e3feeb59cd1bdd011a2bfcc0747b55125d9b8527/library/std/src/thread/lifecycle.rs:70:13
[INFO] [stdout]   57:     0x619bfb715442 - <core[a373ad73a504971]::panic::unwind_safe::AssertUnwindSafe<std[617be2ca0a6fd877]::thread::lifecycle::spawn_unchecked<test[aada8e7e76ba119b]::run_test::{closure#1}, ()>::{closure#1}::{closure#0}> as core[a373ad73a504971]::ops::function::FnOnce<()>>::call_once
[INFO] [stdout]                                at /rustc/e3feeb59cd1bdd011a2bfcc0747b55125d9b8527/library/core/src/panic/unwind_safe.rs:275:9
[INFO] [stdout]   58:     0x619bfb715442 - std[617be2ca0a6fd877]::panicking::catch_unwind::do_call::<core[a373ad73a504971]::panic::unwind_safe::AssertUnwindSafe<std[617be2ca0a6fd877]::thread::lifecycle::spawn_unchecked<test[aada8e7e76ba119b]::run_test::{closure#1}, ()>::{closure#1}::{closure#0}>, ()>
[INFO] [stdout]                                at /rustc/e3feeb59cd1bdd011a2bfcc0747b55125d9b8527/library/std/src/panicking.rs:573:43
[INFO] [stdout]   59:     0x619bfb715442 - std[617be2ca0a6fd877]::panicking::catch_unwind::<(), core[a373ad73a504971]::panic::unwind_safe::AssertUnwindSafe<std[617be2ca0a6fd877]::thread::lifecycle::spawn_unchecked<test[aada8e7e76ba119b]::run_test::{closure#1}, ()>::{closure#1}::{closure#0}>>
[INFO] [stdout]                                at /rustc/e3feeb59cd1bdd011a2bfcc0747b55125d9b8527/library/std/src/panicking.rs:541:19
[INFO] [stdout]   60:     0x619bfb715442 - std[617be2ca0a6fd877]::panic::catch_unwind::<core[a373ad73a504971]::panic::unwind_safe::AssertUnwindSafe<std[617be2ca0a6fd877]::thread::lifecycle::spawn_unchecked<test[aada8e7e76ba119b]::run_test::{closure#1}, ()>::{closure#1}::{closure#0}>, ()>
[INFO] [stdout]                                at /rustc/e3feeb59cd1bdd011a2bfcc0747b55125d9b8527/library/std/src/panic.rs:359:14
[INFO] [stdout]   61:     0x619bfb715442 - std[617be2ca0a6fd877]::thread::lifecycle::spawn_unchecked::<test[aada8e7e76ba119b]::run_test::{closure#1}, ()>::{closure#1}
[INFO] [stdout]                                at /rustc/e3feeb59cd1bdd011a2bfcc0747b55125d9b8527/library/std/src/thread/lifecycle.rs:68:26
[INFO] [stdout]   62:     0x619bfb715442 - <std[617be2ca0a6fd877]::thread::lifecycle::spawn_unchecked<test[aada8e7e76ba119b]::run_test::{closure#1}, ()>::{closure#1} as core[a373ad73a504971]::ops::function::FnOnce<()>>::call_once::{shim:vtable#0}
[INFO] [stdout]                                at /rustc/e3feeb59cd1bdd011a2bfcc0747b55125d9b8527/library/core/src/ops/function.rs:250:5
[INFO] [stdout]   63:     0x619bfb9b077f - <alloc[2e1b2a31b91974c5]::boxed::Box<dyn core[a373ad73a504971]::ops::function::FnOnce<(), Output = ()> + core[a373ad73a504971]::marker::Send> as core[a373ad73a504971]::ops::function::FnOnce<()>>::call_once
[INFO] [stdout]                                at /rustc/e3feeb59cd1bdd011a2bfcc0747b55125d9b8527/library/alloc/src/boxed.rs:2314:9
[INFO] [stdout]   64:     0x619bfb9b077f - <std[617be2ca0a6fd877]::sys::thread::unix::Thread>::new::thread_start
[INFO] [stdout]                                at /rustc/e3feeb59cd1bdd011a2bfcc0747b55125d9b8527/library/std/src/sys/thread/unix.rs:127:17
[INFO] [stdout]   65:     0x753dfafd3dfa - <unknown>
[INFO] [stdout]   66:     0x753dfb0673d4 - clone
[INFO] [stdout]   67:                0x0 - <unknown>
[INFO] [stdout] 
[INFO] [stdout] 
[INFO] [stdout] failures:
[INFO] [stdout]     services::project_service::tests::test_project_filtering
[INFO] [stdout]     services::project_service::tests::test_project_retrieval_edge_cases
[INFO] [stdout]     services::project_service::tests::test_project_update_operations
[INFO] [stdout]     services::session_service::tests::test_daemon_fallback_logic
[INFO] [stdout]     services::session_service::tests::test_session_date_range_filtering
[INFO] [stdout] 
[INFO] [stdout] test result: FAILED. 43 passed; 5 failed; 0 ignored; 0 measured; 0 filtered out; finished in 0.49s
[INFO] [stdout] 
[INFO] [stderr] error: test failed, to rerun pass `--lib`
[INFO] running `Command { std: "docker" "inspect" "47d246570d212e882d4d550b37acc3cb3100ae2d76a2b2e9652976b3a8bceb56", kill_on_drop: false }`
[INFO] running `Command { std: "docker" "rm" "-f" "47d246570d212e882d4d550b37acc3cb3100ae2d76a2b2e9652976b3a8bceb56", kill_on_drop: false }`
[INFO] [stdout] 47d246570d212e882d4d550b37acc3cb3100ae2d76a2b2e9652976b3a8bceb56
