[INFO] fetching crate tempfile-fast 0.3.6...
[INFO] testing tempfile-fast-0.3.6 against 1.100.0-beta.1 for beta-1.100-2
[INFO] extracting crate tempfile-fast 0.3.6 into /workspace/builds/worker-5-tc2/source
[INFO] started tweaking crates.io crate tempfile-fast 0.3.6
[INFO] removed 0 missing tests
[INFO] finished tweaking crates.io crate tempfile-fast 0.3.6
[INFO] tweaked toml for crates.io crate tempfile-fast 0.3.6 written to /workspace/builds/worker-5-tc2/source/Cargo.toml
[INFO] validating manifest of crates.io crate tempfile-fast 0.3.6 on toolchain 1.100.0-beta.1
[INFO] running `Command { std: CARGO_HOME="/workspace/cargo-home" RUSTUP_HOME="/workspace/rustup-home" "/workspace/cargo-home/bin/cargo" "+1.100.0-beta.1" "metadata" "--manifest-path" "Cargo.toml" "--no-deps", kill_on_drop: false }`
[INFO] crate crates.io crate tempfile-fast 0.3.6 already has a lockfile, it will not be regenerated
[INFO] running `Command { std: CARGO_HOME="/workspace/cargo-home" RUSTUP_HOME="/workspace/rustup-home" "/workspace/cargo-home/bin/cargo" "+1.100.0-beta.1" "fetch" "--manifest-path" "Cargo.toml", kill_on_drop: false }`
[INFO] running `Command { std: "docker" "create" "-v" "/var/lib/crater-agent-workspace/builds/worker-5-tc2/source:/opt/rustwide/workdir:ro,Z" "-v" "/var/lib/crater-agent-workspace/builds/worker-5-tc2/target:/opt/rustwide/target:rw,Z" "-v" "/var/lib/crater-agent-workspace/cargo-home:/opt/rustwide/cargo-home:ro,Z" "-v" "/var/lib/crater-agent-workspace/rustup-home:/opt/rustwide/rustup-home:ro,Z" "-m" "1610612736" "--network" "none" "ghcr.io/rust-lang/crates-build-env/linux@sha256:3111399a4047eeb3a02b7a90e478d715f38a8c6669b5c4b49d30a17385265909" "sleep" "infinity", kill_on_drop: false }`
[INFO] [stdout] 931463d2f98d9681ad9f301b95b1c98a47cba75087b21f632a9385e7667dae9a
[INFO] running `Command { std: "docker" "start" "931463d2f98d9681ad9f301b95b1c98a47cba75087b21f632a9385e7667dae9a", kill_on_drop: false }`
[INFO] running `Command { std: "docker" "inspect" "931463d2f98d9681ad9f301b95b1c98a47cba75087b21f632a9385e7667dae9a", kill_on_drop: false }`
[INFO] running `Command { std: "docker" "exec" "-e" "SOURCE_DIR=/opt/rustwide/workdir" "-e" "CARGO_HOME=/opt/rustwide/cargo-home" "-e" "RUSTUP_HOME=/opt/rustwide/rustup-home" "-e" "CARGO_TARGET_DIR=/opt/rustwide/target" "-w" "/opt/rustwide/workdir" "--user" "0:0" "931463d2f98d9681ad9f301b95b1c98a47cba75087b21f632a9385e7667dae9a" "/opt/rustwide/cargo-home/bin/cargo" "+1.100.0-beta.1" "metadata" "--no-deps" "--format-version=1", kill_on_drop: false }`
[INFO] running `Command { std: "docker" "inspect" "931463d2f98d9681ad9f301b95b1c98a47cba75087b21f632a9385e7667dae9a", kill_on_drop: false }`
[INFO] running `Command { std: "docker" "exec" "-e" "SOURCE_DIR=/opt/rustwide/workdir" "-e" "CARGO_HOME=/opt/rustwide/cargo-home" "-e" "RUSTUP_HOME=/opt/rustwide/rustup-home" "-e" "CARGO_TARGET_DIR=/opt/rustwide/target" "-e" "CARGO_INCREMENTAL=0" "-e" "RUST_BACKTRACE=full" "-e" "RUSTFLAGS=--cap-lints=warn" "-e" "RUSTDOCFLAGS=--cap-lints=warn" "-w" "/opt/rustwide/workdir" "--user" "0:0" "931463d2f98d9681ad9f301b95b1c98a47cba75087b21f632a9385e7667dae9a" "/opt/rustwide/cargo-home/bin/cargo" "+1.100.0-beta.1" "build" "--frozen" "--message-format=json", kill_on_drop: false }`
[INFO] [stderr]    Compiling getrandom v0.4.1
[INFO] [stderr]    Compiling bitflags v2.11.0
[INFO] [stderr]    Compiling once_cell v1.21.3
[INFO] [stderr]    Compiling rustix v1.1.3
[INFO] [stderr]    Compiling rand v0.10.0
[INFO] [stderr]    Compiling tempfile v3.25.0
[INFO] [stderr]    Compiling tempfile-fast v0.3.6 (/opt/rustwide/workdir)
[INFO] [stderr]     Finished `dev` profile [unoptimized + debuginfo] target(s) in 3.15s
[INFO] running `Command { std: "docker" "inspect" "931463d2f98d9681ad9f301b95b1c98a47cba75087b21f632a9385e7667dae9a", kill_on_drop: false }`
[INFO] running `Command { std: "docker" "exec" "-e" "SOURCE_DIR=/opt/rustwide/workdir" "-e" "CARGO_HOME=/opt/rustwide/cargo-home" "-e" "RUSTUP_HOME=/opt/rustwide/rustup-home" "-e" "CARGO_TARGET_DIR=/opt/rustwide/target" "-e" "CARGO_INCREMENTAL=0" "-e" "RUST_BACKTRACE=full" "-e" "RUSTFLAGS=--cap-lints=warn" "-e" "RUSTDOCFLAGS=--cap-lints=warn" "-w" "/opt/rustwide/workdir" "--user" "0:0" "931463d2f98d9681ad9f301b95b1c98a47cba75087b21f632a9385e7667dae9a" "/opt/rustwide/cargo-home/bin/cargo" "+1.100.0-beta.1" "test" "--frozen" "--no-run" "--message-format=json", kill_on_drop: false }`
[INFO] [stderr]    Compiling tempfile-fast v0.3.6 (/opt/rustwide/workdir)
[INFO] [stderr]     Finished `test` profile [unoptimized + debuginfo] target(s) in 0.64s
[INFO] running `Command { std: "docker" "inspect" "931463d2f98d9681ad9f301b95b1c98a47cba75087b21f632a9385e7667dae9a", kill_on_drop: false }`
[INFO] running `Command { std: "docker" "exec" "-e" "SOURCE_DIR=/opt/rustwide/workdir" "-e" "CARGO_HOME=/opt/rustwide/cargo-home" "-e" "RUSTUP_HOME=/opt/rustwide/rustup-home" "-e" "CARGO_TARGET_DIR=/opt/rustwide/target" "-e" "CARGO_INCREMENTAL=0" "-e" "RUST_BACKTRACE=full" "-e" "RUSTFLAGS=--cap-lints=warn" "-e" "RUSTDOCFLAGS=--cap-lints=warn" "-w" "/opt/rustwide/workdir" "--user" "0:0" "931463d2f98d9681ad9f301b95b1c98a47cba75087b21f632a9385e7667dae9a" "/opt/rustwide/cargo-home/bin/cargo" "+1.100.0-beta.1" "test" "--frozen", kill_on_drop: false }`
[INFO] [stderr]     Finished `test` profile [unoptimized + debuginfo] target(s) in 0.05s
[INFO] [stderr]      Running unittests src/lib.rs (/opt/rustwide/target/debug/build/tempfile-fast/c45393ec2a403a51/out/tempfile_fast-c45393ec2a403a51)
[INFO] [stdout] 
[INFO] [stdout] running 0 tests
[INFO] [stdout] 
[INFO] [stdout] test result: ok. 0 passed; 0 failed; 0 ignored; 0 measured; 0 filtered out; finished in 0.00s
[INFO] [stdout] 
[INFO] [stderr]      Running tests/persist.rs (/opt/rustwide/target/debug/build/tempfile-fast/618779d19e86d1f3/out/persist-618779d19e86d1f3)
[INFO] [stdout] 
[INFO] [stdout] running 3 tests
[INFO] [stdout] test read_write ... ok
[INFO] [stdout] test empty_on_linux ... ok
[INFO] [stdout] test overwrite ... ok
[INFO] [stdout] 
[INFO] [stdout] test result: ok. 3 passed; 0 failed; 0 ignored; 0 measured; 0 filtered out; finished in 0.01s
[INFO] [stdout] 
[INFO] [stderr]      Running tests/sponge.rs (/opt/rustwide/target/debug/build/tempfile-fast/ab63dc32c91816cd/out/sponge-ab63dc32c91816cd)
[INFO] [stdout] 
[INFO] [stdout] running 1 test
[INFO] [stderr]    Doc-tests tempfile_fast
[INFO] [stdout] test sponge ... ok
[INFO] [stdout] 
[INFO] [stdout] test result: ok. 1 passed; 0 failed; 0 ignored; 0 measured; 0 filtered out; finished in 0.01s
[INFO] [stdout] 
[INFO] [stdout] 
[INFO] [stdout] running 3 tests
[INFO] [stdout] test src/lib.rs - (line 27) - compile ... ok
[INFO] [stdout] test src/lib.rs - (line 11) ... FAILED
[INFO] [stdout] test src/sponge.rs - sponge::Sponge (line 28) ... FAILED
[INFO] [stdout] 
[INFO] [stdout] failures:
[INFO] [stdout] 
[INFO] [stdout] ---- src/lib.rs - (line 11) stdout ----
[INFO] [stdout] Test executable failed (exit status: 101).
[INFO] [stdout] 
[INFO] [stdout] stderr:
[INFO] [stdout] 
[INFO] [stdout] thread 'main' (316) panicked at /tmp/rustdoctestidIAVK/doctest_bundle_2024.rs:7:62:
[INFO] [stdout] called `Result::unwrap()` on an `Err` value: Custom { kind: ReadOnlyFilesystem, error: PathError { path: "/opt/rustwide/workdir/.tmpjA2VeP", err: Os { code: 30, kind: ReadOnlyFilesystem, message: "Read-only file system" } } }
[INFO] [stdout] stack backtrace:
[INFO] [stdout]    0:     0x574eda3a35d1 - std[617be2ca0a6fd877]::backtrace_rs::backtrace::libunwind::trace
[INFO] [stdout]                                at /rustc/e3feeb59cd1bdd011a2bfcc0747b55125d9b8527/library/std/src/../../backtrace/src/backtrace/libunwind.rs:117:9
[INFO] [stdout]    1:     0x574eda3a35d1 - std[617be2ca0a6fd877]::backtrace_rs::backtrace::trace_unsynchronized::<std[617be2ca0a6fd877]::sys::backtrace::_print_fmt::{closure#1}>
[INFO] [stdout]                                at /rustc/e3feeb59cd1bdd011a2bfcc0747b55125d9b8527/library/std/src/../../backtrace/src/backtrace/mod.rs:66:14
[INFO] [stdout]    2:     0x574eda3a35d1 - std[617be2ca0a6fd877]::sys::backtrace::_print_fmt
[INFO] [stdout]                                at /rustc/e3feeb59cd1bdd011a2bfcc0747b55125d9b8527/library/std/src/sys/backtrace.rs:74:9
[INFO] [stdout]    3:     0x574eda3a35d1 - <<std[617be2ca0a6fd877]::sys::backtrace::BacktraceLock>::print::DisplayBacktrace as core[a373ad73a504971]::fmt::Display>::fmt
[INFO] [stdout]                                at /rustc/e3feeb59cd1bdd011a2bfcc0747b55125d9b8527/library/std/src/sys/backtrace.rs:44:26
[INFO] [stdout]    4:     0x574eda3b77aa - <core[a373ad73a504971]::fmt::rt::Argument>::fmt
[INFO] [stdout]                                at /rustc/e3feeb59cd1bdd011a2bfcc0747b55125d9b8527/library/core/src/fmt/rt.rs:152:76
[INFO] [stdout]    5:     0x574eda3b77aa - core[a373ad73a504971]::fmt::write
[INFO] [stdout]    6:     0x574eda3a85fc - core[a373ad73a504971]::io::write::default_write_fmt::<std[617be2ca0a6fd877]::sys::stdio::unix::Stderr>
[INFO] [stdout]                                at /rustc/e3feeb59cd1bdd011a2bfcc0747b55125d9b8527/library/core/src/io/write.rs:402:11
[INFO] [stdout]    7:     0x574eda3a85fc - <std[617be2ca0a6fd877]::sys::stdio::unix::Stderr as core[a373ad73a504971]::io::write::Write>::write_fmt
[INFO] [stdout]                                at /rustc/e3feeb59cd1bdd011a2bfcc0747b55125d9b8527/library/core/src/io/write.rs:335:13
[INFO] [stdout]    8:     0x574eda37e526 - <std[617be2ca0a6fd877]::sys::backtrace::BacktraceLock>::print
[INFO] [stdout]                                at /rustc/e3feeb59cd1bdd011a2bfcc0747b55125d9b8527/library/std/src/sys/backtrace.rs:47:9
[INFO] [stdout]    9:     0x574eda37e526 - std[617be2ca0a6fd877]::panicking::default_hook::{closure#0}
[INFO] [stdout]                                at /rustc/e3feeb59cd1bdd011a2bfcc0747b55125d9b8527/library/std/src/panicking.rs:289:27
[INFO] [stdout]   10:     0x574eda39b721 - std[617be2ca0a6fd877]::panicking::default_hook
[INFO] [stdout]                                at /rustc/e3feeb59cd1bdd011a2bfcc0747b55125d9b8527/library/std/src/panicking.rs:316:9
[INFO] [stdout]   11:     0x574eda39b8db - std[617be2ca0a6fd877]::panicking::panic_with_hook
[INFO] [stdout]                                at /rustc/e3feeb59cd1bdd011a2bfcc0747b55125d9b8527/library/std/src/panicking.rs:811:13
[INFO] [stdout]   12:     0x574eda37e5d2 - std[617be2ca0a6fd877]::panicking::panic_handler::{closure#0}
[INFO] [stdout]                                at /rustc/e3feeb59cd1bdd011a2bfcc0747b55125d9b8527/library/std/src/panicking.rs:685:13
[INFO] [stdout]   13:     0x574eda3770f9 - std[617be2ca0a6fd877]::sys::backtrace::__rust_end_short_backtrace::<std[617be2ca0a6fd877]::panicking::panic_handler::{closure#0}, !>
[INFO] [stdout]                                at /rustc/e3feeb59cd1bdd011a2bfcc0747b55125d9b8527/library/std/src/sys/backtrace.rs:182:18
[INFO] [stdout]   14:     0x574eda37f53d - __rustc[ea4f61d10b84890b]::rust_begin_unwind
[INFO] [stdout]                                at /rustc/e3feeb59cd1bdd011a2bfcc0747b55125d9b8527/library/std/src/panicking.rs:676:5
[INFO] [stdout]   15:     0x574eda3b7f7c - core[a373ad73a504971]::panicking::panic_fmt
[INFO] [stdout]                                at /rustc/e3feeb59cd1bdd011a2bfcc0747b55125d9b8527/library/core/src/panicking.rs:80:14
[INFO] [stdout]   16:     0x574eda3b7cf2 - core[a373ad73a504971]::result::unwrap_failed
[INFO] [stdout]                                at /rustc/e3feeb59cd1bdd011a2bfcc0747b55125d9b8527/library/core/src/result.rs:1870:5
[INFO] [stdout]   17:     0x574eda30be30 - doctest_bundle_2024[8cc95805e96201d2]::__doctest_0::main
[INFO] [stdout]   18:     0x574eda30c176 - doctest_bundle_2024[8cc95805e96201d2]::__doctest_0::__main_fn
[INFO] [stdout]   19:     0x574eda306e50 - doctest_runner_2024[a5234fb354d81c5]::__doctest_0::TEST::{closure#0}
[INFO] [stdout]   20:     0x574eda30a476 - <doctest_runner_2024[a5234fb354d81c5]::__doctest_0::TEST::{closure#0} as core[a373ad73a504971]::ops::function::FnOnce<()>>::call_once
[INFO] [stdout]   21:     0x574eda307300 - doctest_runner_2024[a5234fb354d81c5]::main
[INFO] [stdout]   22:     0x574eda30a403 - <fn() -> std[617be2ca0a6fd877]::process::ExitCode as core[a373ad73a504971]::ops::function::FnOnce<()>>::call_once
[INFO] [stdout]   23:     0x574eda306786 - std[617be2ca0a6fd877]::sys::backtrace::__rust_begin_short_backtrace::<fn() -> std[617be2ca0a6fd877]::process::ExitCode, std[617be2ca0a6fd877]::process::ExitCode>
[INFO] [stdout]   24:     0x574eda306c89 - std[617be2ca0a6fd877]::rt::lang_start::<std[617be2ca0a6fd877]::process::ExitCode>::{closure#0}
[INFO] [stdout]   25:     0x574eda39a758 - <&dyn core[a373ad73a504971]::ops::function::Fn<(), Output = i32> + core[a373ad73a504971]::marker::Sync + core[a373ad73a504971]::panic::unwind_safe::RefUnwindSafe as core[a373ad73a504971]::ops::function::FnOnce<()>>::call_once
[INFO] [stdout]                                at /rustc/e3feeb59cd1bdd011a2bfcc0747b55125d9b8527/library/core/src/ops/function.rs:287:21
[INFO] [stdout]   26:     0x574eda39a758 - std[617be2ca0a6fd877]::panicking::catch_unwind::do_call::<&dyn core[a373ad73a504971]::ops::function::Fn<(), Output = i32> + core[a373ad73a504971]::marker::Sync + core[a373ad73a504971]::panic::unwind_safe::RefUnwindSafe, i32>
[INFO] [stdout]                                at /rustc/e3feeb59cd1bdd011a2bfcc0747b55125d9b8527/library/std/src/panicking.rs:573:43
[INFO] [stdout]   27:     0x574eda39a758 - std[617be2ca0a6fd877]::panicking::catch_unwind::<i32, &dyn core[a373ad73a504971]::ops::function::Fn<(), Output = i32> + core[a373ad73a504971]::marker::Sync + core[a373ad73a504971]::panic::unwind_safe::RefUnwindSafe>
[INFO] [stdout]                                at /rustc/e3feeb59cd1bdd011a2bfcc0747b55125d9b8527/library/std/src/panicking.rs:541:19
[INFO] [stdout]   28:     0x574eda39a758 - std[617be2ca0a6fd877]::panic::catch_unwind::<&dyn core[a373ad73a504971]::ops::function::Fn<(), Output = i32> + core[a373ad73a504971]::marker::Sync + core[a373ad73a504971]::panic::unwind_safe::RefUnwindSafe, i32>
[INFO] [stdout]                                at /rustc/e3feeb59cd1bdd011a2bfcc0747b55125d9b8527/library/std/src/panic.rs:359:14
[INFO] [stdout]   29:     0x574eda39a758 - std[617be2ca0a6fd877]::rt::lang_start_internal::{closure#0}
[INFO] [stdout]                                at /rustc/e3feeb59cd1bdd011a2bfcc0747b55125d9b8527/library/std/src/rt.rs:175:24
[INFO] [stdout]   30:     0x574eda39a758 - std[617be2ca0a6fd877]::panicking::catch_unwind::do_call::<std[617be2ca0a6fd877]::rt::lang_start_internal::{closure#0}, isize>
[INFO] [stdout]                                at /rustc/e3feeb59cd1bdd011a2bfcc0747b55125d9b8527/library/std/src/panicking.rs:573:43
[INFO] [stdout]   31:     0x574eda39a758 - std[617be2ca0a6fd877]::panicking::catch_unwind::<isize, std[617be2ca0a6fd877]::rt::lang_start_internal::{closure#0}>
[INFO] [stdout]                                at /rustc/e3feeb59cd1bdd011a2bfcc0747b55125d9b8527/library/std/src/panicking.rs:541:19
[INFO] [stdout]   32:     0x574eda39a758 - std[617be2ca0a6fd877]::panic::catch_unwind::<std[617be2ca0a6fd877]::rt::lang_start_internal::{closure#0}, isize>
[INFO] [stdout]                                at /rustc/e3feeb59cd1bdd011a2bfcc0747b55125d9b8527/library/std/src/panic.rs:359:14
[INFO] [stdout]   33:     0x574eda39a758 - std[617be2ca0a6fd877]::rt::lang_start_internal
[INFO] [stdout]                                at /rustc/e3feeb59cd1bdd011a2bfcc0747b55125d9b8527/library/std/src/rt.rs:171:5
[INFO] [stdout]   34:     0x574eda305e71 - std[617be2ca0a6fd877]::rt::lang_start::<std[617be2ca0a6fd877]::process::ExitCode>
[INFO] [stdout]   35:     0x574eda30a595 - main
[INFO] [stdout]   36:     0x7302cf696601 - <unknown>
[INFO] [stdout]   37:     0x7302cf696718 - __libc_start_main
[INFO] [stdout]   38:     0x574eda305035 - _start
[INFO] [stdout]   39:                0x0 - <unknown>
[INFO] [stdout] 
[INFO] [stdout] 
[INFO] [stdout] ---- src/sponge.rs - sponge::Sponge (line 28) stdout ----
[INFO] [stdout] Test executable failed (exit status: 101).
[INFO] [stdout] 
[INFO] [stdout] stderr:
[INFO] [stdout] 
[INFO] [stdout] thread 'main' (317) panicked at /tmp/rustdoctestidIAVK/doctest_bundle_2024.rs:29:62:
[INFO] [stdout] called `Result::unwrap()` on an `Err` value: Custom { kind: ReadOnlyFilesystem, error: PathError { path: "/opt/rustwide/workdir/.tmpByteUy", err: Os { code: 30, kind: ReadOnlyFilesystem, message: "Read-only file system" } } }
[INFO] [stdout] stack backtrace:
[INFO] [stdout]    0:     0x565b6fbc25d1 - std[617be2ca0a6fd877]::backtrace_rs::backtrace::libunwind::trace
[INFO] [stdout]                                at /rustc/e3feeb59cd1bdd011a2bfcc0747b55125d9b8527/library/std/src/../../backtrace/src/backtrace/libunwind.rs:117:9
[INFO] [stdout]    1:     0x565b6fbc25d1 - std[617be2ca0a6fd877]::backtrace_rs::backtrace::trace_unsynchronized::<std[617be2ca0a6fd877]::sys::backtrace::_print_fmt::{closure#1}>
[INFO] [stdout]                                at /rustc/e3feeb59cd1bdd011a2bfcc0747b55125d9b8527/library/std/src/../../backtrace/src/backtrace/mod.rs:66:14
[INFO] [stdout]    2:     0x565b6fbc25d1 - std[617be2ca0a6fd877]::sys::backtrace::_print_fmt
[INFO] [stdout]                                at /rustc/e3feeb59cd1bdd011a2bfcc0747b55125d9b8527/library/std/src/sys/backtrace.rs:74:9
[INFO] [stdout]    3:     0x565b6fbc25d1 - <<std[617be2ca0a6fd877]::sys::backtrace::BacktraceLock>::print::DisplayBacktrace as core[a373ad73a504971]::fmt::Display>::fmt
[INFO] [stdout]                                at /rustc/e3feeb59cd1bdd011a2bfcc0747b55125d9b8527/library/std/src/sys/backtrace.rs:44:26
[INFO] [stdout]    4:     0x565b6fbd67aa - <core[a373ad73a504971]::fmt::rt::Argument>::fmt
[INFO] [stdout]                                at /rustc/e3feeb59cd1bdd011a2bfcc0747b55125d9b8527/library/core/src/fmt/rt.rs:152:76
[INFO] [stdout]    5:     0x565b6fbd67aa - core[a373ad73a504971]::fmt::write
[INFO] [stdout]    6:     0x565b6fbc75fc - core[a373ad73a504971]::io::write::default_write_fmt::<std[617be2ca0a6fd877]::sys::stdio::unix::Stderr>
[INFO] [stdout]                                at /rustc/e3feeb59cd1bdd011a2bfcc0747b55125d9b8527/library/core/src/io/write.rs:402:11
[INFO] [stdout]    7:     0x565b6fbc75fc - <std[617be2ca0a6fd877]::sys::stdio::unix::Stderr as core[a373ad73a504971]::io::write::Write>::write_fmt
[INFO] [stdout]                                at /rustc/e3feeb59cd1bdd011a2bfcc0747b55125d9b8527/library/core/src/io/write.rs:335:13
[INFO] [stdout]    8:     0x565b6fb9d526 - <std[617be2ca0a6fd877]::sys::backtrace::BacktraceLock>::print
[INFO] [stdout]                                at /rustc/e3feeb59cd1bdd011a2bfcc0747b55125d9b8527/library/std/src/sys/backtrace.rs:47:9
[INFO] [stdout]    9:     0x565b6fb9d526 - std[617be2ca0a6fd877]::panicking::default_hook::{closure#0}
[INFO] [stdout]                                at /rustc/e3feeb59cd1bdd011a2bfcc0747b55125d9b8527/library/std/src/panicking.rs:289:27
[INFO] [stdout]   10:     0x565b6fbba721 - std[617be2ca0a6fd877]::panicking::default_hook
[INFO] [stdout]                                at /rustc/e3feeb59cd1bdd011a2bfcc0747b55125d9b8527/library/std/src/panicking.rs:316:9
[INFO] [stdout]   11:     0x565b6fbba8db - std[617be2ca0a6fd877]::panicking::panic_with_hook
[INFO] [stdout]                                at /rustc/e3feeb59cd1bdd011a2bfcc0747b55125d9b8527/library/std/src/panicking.rs:811:13
[INFO] [stdout]   12:     0x565b6fb9d5d2 - std[617be2ca0a6fd877]::panicking::panic_handler::{closure#0}
[INFO] [stdout]                                at /rustc/e3feeb59cd1bdd011a2bfcc0747b55125d9b8527/library/std/src/panicking.rs:685:13
[INFO] [stdout]   13:     0x565b6fb960f9 - std[617be2ca0a6fd877]::sys::backtrace::__rust_end_short_backtrace::<std[617be2ca0a6fd877]::panicking::panic_handler::{closure#0}, !>
[INFO] [stdout]                                at /rustc/e3feeb59cd1bdd011a2bfcc0747b55125d9b8527/library/std/src/sys/backtrace.rs:182:18
[INFO] [stdout]   14:     0x565b6fb9e53d - __rustc[ea4f61d10b84890b]::rust_begin_unwind
[INFO] [stdout]                                at /rustc/e3feeb59cd1bdd011a2bfcc0747b55125d9b8527/library/std/src/panicking.rs:676:5
[INFO] [stdout]   15:     0x565b6fbd6f7c - core[a373ad73a504971]::panicking::panic_fmt
[INFO] [stdout]                                at /rustc/e3feeb59cd1bdd011a2bfcc0747b55125d9b8527/library/core/src/panicking.rs:80:14
[INFO] [stdout]   16:     0x565b6fbd6cf2 - core[a373ad73a504971]::result::unwrap_failed
[INFO] [stdout]                                at /rustc/e3feeb59cd1bdd011a2bfcc0747b55125d9b8527/library/core/src/result.rs:1870:5
[INFO] [stdout]   17:     0x565b6fb2b200 - doctest_bundle_2024[8cc95805e96201d2]::__doctest_2::main
[INFO] [stdout]   18:     0x565b6fb2b546 - doctest_bundle_2024[8cc95805e96201d2]::__doctest_2::__main_fn
[INFO] [stdout]   19:     0x565b6fb25f01 - doctest_runner_2024[a5234fb354d81c5]::__doctest_2::TEST::{closure#0}
[INFO] [stdout]   20:     0x565b6fb294b6 - <doctest_runner_2024[a5234fb354d81c5]::__doctest_2::TEST::{closure#0} as core[a373ad73a504971]::ops::function::FnOnce<()>>::call_once
[INFO] [stdout]   21:     0x565b6fb26300 - doctest_runner_2024[a5234fb354d81c5]::main
[INFO] [stdout]   22:     0x565b6fb29403 - <fn() -> std[617be2ca0a6fd877]::process::ExitCode as core[a373ad73a504971]::ops::function::FnOnce<()>>::call_once
[INFO] [stdout]   23:     0x565b6fb25786 - std[617be2ca0a6fd877]::sys::backtrace::__rust_begin_short_backtrace::<fn() -> std[617be2ca0a6fd877]::process::ExitCode, std[617be2ca0a6fd877]::process::ExitCode>
[INFO] [stdout]   24:     0x565b6fb25c89 - std[617be2ca0a6fd877]::rt::lang_start::<std[617be2ca0a6fd877]::process::ExitCode>::{closure#0}
[INFO] [stdout]   25:     0x565b6fbb9758 - <&dyn core[a373ad73a504971]::ops::function::Fn<(), Output = i32> + core[a373ad73a504971]::marker::Sync + core[a373ad73a504971]::panic::unwind_safe::RefUnwindSafe as core[a373ad73a504971]::ops::function::FnOnce<()>>::call_once
[INFO] [stdout]                                at /rustc/e3feeb59cd1bdd011a2bfcc0747b55125d9b8527/library/core/src/ops/function.rs:287:21
[INFO] [stdout]   26:     0x565b6fbb9758 - std[617be2ca0a6fd877]::panicking::catch_unwind::do_call::<&dyn core[a373ad73a504971]::ops::function::Fn<(), Output = i32> + core[a373ad73a504971]::marker::Sync + core[a373ad73a504971]::panic::unwind_safe::RefUnwindSafe, i32>
[INFO] [stdout]                                at /rustc/e3feeb59cd1bdd011a2bfcc0747b55125d9b8527/library/std/src/panicking.rs:573:43
[INFO] [stdout]   27:     0x565b6fbb9758 - std[617be2ca0a6fd877]::panicking::catch_unwind::<i32, &dyn core[a373ad73a504971]::ops::function::Fn<(), Output = i32> + core[a373ad73a504971]::marker::Sync + core[a373ad73a504971]::panic::unwind_safe::RefUnwindSafe>
[INFO] [stdout]                                at /rustc/e3feeb59cd1bdd011a2bfcc0747b55125d9b8527/library/std/src/panicking.rs:541:19
[INFO] [stdout]   28:     0x565b6fbb9758 - std[617be2ca0a6fd877]::panic::catch_unwind::<&dyn core[a373ad73a504971]::ops::function::Fn<(), Output = i32> + core[a373ad73a504971]::marker::Sync + core[a373ad73a504971]::panic::unwind_safe::RefUnwindSafe, i32>
[INFO] [stdout]                                at /rustc/e3feeb59cd1bdd011a2bfcc0747b55125d9b8527/library/std/src/panic.rs:359:14
[INFO] [stdout]   29:     0x565b6fbb9758 - std[617be2ca0a6fd877]::rt::lang_start_internal::{closure#0}
[INFO] [stdout]                                at /rustc/e3feeb59cd1bdd011a2bfcc0747b55125d9b8527/library/std/src/rt.rs:175:24
[INFO] [stdout]   30:     0x565b6fbb9758 - std[617be2ca0a6fd877]::panicking::catch_unwind::do_call::<std[617be2ca0a6fd877]::rt::lang_start_internal::{closure#0}, isize>
[INFO] [stdout]                                at /rustc/e3feeb59cd1bdd011a2bfcc0747b55125d9b8527/library/std/src/panicking.rs:573:43
[INFO] [stdout]   31:     0x565b6fbb9758 - std[617be2ca0a6fd877]::panicking::catch_unwind::<isize, std[617be2ca0a6fd877]::rt::lang_start_internal::{closure#0}>
[INFO] [stdout]                                at /rustc/e3feeb59cd1bdd011a2bfcc0747b55125d9b8527/library/std/src/panicking.rs:541:19
[INFO] [stdout]   32:     0x565b6fbb9758 - std[617be2ca0a6fd877]::panic::catch_unwind::<std[617be2ca0a6fd877]::rt::lang_start_internal::{closure#0}, isize>
[INFO] [stdout]                                at /rustc/e3feeb59cd1bdd011a2bfcc0747b55125d9b8527/library/std/src/panic.rs:359:14
[INFO] [stdout]   33:     0x565b6fbb9758 - std[617be2ca0a6fd877]::rt::lang_start_internal
[INFO] [stdout]                                at /rustc/e3feeb59cd1bdd011a2bfcc0747b55125d9b8527/library/std/src/rt.rs:171:5
[INFO] [stdout]   34:     0x565b6fb24e71 - std[617be2ca0a6fd877]::rt::lang_start::<std[617be2ca0a6fd877]::process::ExitCode>
[INFO] [stdout]   35:     0x565b6fb29595 - main
[INFO] [stdout]   36:     0x7a5caae96601 - <unknown>
[INFO] [stdout]   37:     0x7a5caae96718 - __libc_start_main
[INFO] [stdout]   38:     0x565b6fb24035 - _start
[INFO] [stdout]   39:                0x0 - <unknown>
[INFO] [stdout] 
[INFO] [stdout] 
[INFO] [stdout] 
[INFO] [stdout] failures:
[INFO] [stdout]     src/lib.rs - (line 11)
[INFO] [stdout]     src/sponge.rs - sponge::Sponge (line 28)
[INFO] [stdout] 
[INFO] [stdout] test result: FAILED. 1 passed; 2 failed; 0 ignored; 0 measured; 0 filtered out; finished in 0.05s
[INFO] [stdout] 
[INFO] [stdout] all doctests ran in 0.48s; merged doctests compilation took 0.43s
[INFO] [stderr] error: doctest failed, to rerun pass `--doc`
[INFO] running `Command { std: "docker" "inspect" "931463d2f98d9681ad9f301b95b1c98a47cba75087b21f632a9385e7667dae9a", kill_on_drop: false }`
[INFO] running `Command { std: "docker" "rm" "-f" "931463d2f98d9681ad9f301b95b1c98a47cba75087b21f632a9385e7667dae9a", kill_on_drop: false }`
[INFO] [stdout] 931463d2f98d9681ad9f301b95b1c98a47cba75087b21f632a9385e7667dae9a
