[INFO] fetching crate temperkb-core 0.5.4...
[INFO] testing temperkb-core-0.5.4 against 1.100.0-beta.1 for beta-1.100-2
[INFO] extracting crate temperkb-core 0.5.4 into /workspace/builds/worker-2-tc2/source
[INFO] started tweaking crates.io crate temperkb-core 0.5.4
[INFO] removed 0 missing tests
[INFO] finished tweaking crates.io crate temperkb-core 0.5.4
[INFO] tweaked toml for crates.io crate temperkb-core 0.5.4 written to /workspace/builds/worker-2-tc2/source/Cargo.toml
[INFO] validating manifest of crates.io crate temperkb-core 0.5.4 on toolchain 1.100.0-beta.1
[INFO] running `Command { std: CARGO_HOME="/workspace/cargo-home" RUSTUP_HOME="/workspace/rustup-home" "/workspace/cargo-home/bin/cargo" "+1.100.0-beta.1" "metadata" "--manifest-path" "Cargo.toml" "--no-deps", kill_on_drop: false }`
[INFO] crate crates.io crate temperkb-core 0.5.4 already has a lockfile, it will not be regenerated
[INFO] running `Command { std: CARGO_HOME="/workspace/cargo-home" RUSTUP_HOME="/workspace/rustup-home" "/workspace/cargo-home/bin/cargo" "+1.100.0-beta.1" "fetch" "--manifest-path" "Cargo.toml", kill_on_drop: false }`
[INFO] running `Command { std: "docker" "create" "-v" "/var/lib/crater-agent-workspace/builds/worker-2-tc2/source:/opt/rustwide/workdir:ro,Z" "-v" "/var/lib/crater-agent-workspace/builds/worker-2-tc2/target:/opt/rustwide/target:rw,Z" "-v" "/var/lib/crater-agent-workspace/cargo-home:/opt/rustwide/cargo-home:ro,Z" "-v" "/var/lib/crater-agent-workspace/rustup-home:/opt/rustwide/rustup-home:ro,Z" "-m" "1610612736" "--network" "none" "ghcr.io/rust-lang/crates-build-env/linux@sha256:3111399a4047eeb3a02b7a90e478d715f38a8c6669b5c4b49d30a17385265909" "sleep" "infinity", kill_on_drop: false }`
[INFO] [stdout] 334c50309eee9b016bb12ade583a5ec012fc24529946b1874951b0ea02e8ac9d
[INFO] running `Command { std: "docker" "start" "334c50309eee9b016bb12ade583a5ec012fc24529946b1874951b0ea02e8ac9d", kill_on_drop: false }`
[INFO] running `Command { std: "docker" "inspect" "334c50309eee9b016bb12ade583a5ec012fc24529946b1874951b0ea02e8ac9d", kill_on_drop: false }`
[INFO] running `Command { std: "docker" "exec" "-e" "SOURCE_DIR=/opt/rustwide/workdir" "-e" "CARGO_HOME=/opt/rustwide/cargo-home" "-e" "RUSTUP_HOME=/opt/rustwide/rustup-home" "-e" "CARGO_TARGET_DIR=/opt/rustwide/target" "-w" "/opt/rustwide/workdir" "--user" "0:0" "334c50309eee9b016bb12ade583a5ec012fc24529946b1874951b0ea02e8ac9d" "/opt/rustwide/cargo-home/bin/cargo" "+1.100.0-beta.1" "metadata" "--no-deps" "--format-version=1", kill_on_drop: false }`
[INFO] running `Command { std: "docker" "inspect" "334c50309eee9b016bb12ade583a5ec012fc24529946b1874951b0ea02e8ac9d", kill_on_drop: false }`
[INFO] running `Command { std: "docker" "exec" "-e" "SOURCE_DIR=/opt/rustwide/workdir" "-e" "CARGO_HOME=/opt/rustwide/cargo-home" "-e" "RUSTUP_HOME=/opt/rustwide/rustup-home" "-e" "CARGO_TARGET_DIR=/opt/rustwide/target" "-e" "CARGO_INCREMENTAL=0" "-e" "RUST_BACKTRACE=full" "-e" "RUSTFLAGS=--cap-lints=warn" "-e" "RUSTDOCFLAGS=--cap-lints=warn" "-w" "/opt/rustwide/workdir" "--user" "0:0" "334c50309eee9b016bb12ade583a5ec012fc24529946b1874951b0ea02e8ac9d" "/opt/rustwide/cargo-home/bin/cargo" "+1.100.0-beta.1" "build" "--frozen" "--message-format=json", kill_on_drop: false }`
[INFO] [stderr]    Compiling libc v0.2.184
[INFO] [stderr]    Compiling num-traits v0.2.19
[INFO] [stderr]    Compiling crossbeam-utils v0.8.21
[INFO] [stderr]    Compiling hashbrown v0.16.1
[INFO] [stderr]    Compiling serde_json v1.0.149
[INFO] [stderr]    Compiling ring v0.17.14
[INFO] [stderr]    Compiling serde v1.0.228
[INFO] [stderr]    Compiling digest v0.10.7
[INFO] [stderr]    Compiling futures-sink v0.3.32
[INFO] [stderr]    Compiling zerofrom v0.1.7
[INFO] [stderr]    Compiling hashbrown v0.15.5
[INFO] [stderr]    Compiling webpki-roots v1.0.6
[INFO] [stderr]    Compiling crc-catalog v2.4.0
[INFO] [stderr]    Compiling tracing v0.1.44
[INFO] [stderr]    Compiling thiserror v2.0.18
[INFO] [stderr]    Compiling unicode-properties v0.1.4
[INFO] [stderr]    Compiling futures-util v0.3.32
[INFO] [stderr]    Compiling crc v3.4.0
[INFO] [stderr]    Compiling webpki-roots v0.26.11
[INFO] [stderr]    Compiling yoke v0.8.2
[INFO] [stderr]    Compiling unicode-bidi v0.3.18
[INFO] [stderr]    Compiling futures-channel v0.3.32
[INFO] [stderr]    Compiling whoami v1.6.1
[INFO] [stderr]    Compiling bitflags v2.11.0
[INFO] [stderr]    Compiling zerovec v0.11.6
[INFO] [stderr]    Compiling zerotrie v0.2.4
[INFO] [stderr]    Compiling sha2 v0.10.9
[INFO] [stderr]    Compiling hmac v0.12.1
[INFO] [stderr]    Compiling md-5 v0.10.6
[INFO] [stderr]    Compiling uuid v1.23.0
[INFO] [stderr]    Compiling hkdf v0.12.4
[INFO] [stderr]    Compiling concurrent-queue v2.5.0
[INFO] [stderr]    Compiling crossbeam-queue v0.3.12
[INFO] [stderr]    Compiling home v0.5.12
[INFO] [stderr]    Compiling base64 v0.22.1
[INFO] [stderr]    Compiling dotenvy v0.15.7
[INFO] [stderr]    Compiling darling_core v0.23.0
[INFO] [stderr]    Compiling smallvec v1.15.1
[INFO] [stderr]    Compiling either v1.15.0
[INFO] [stderr]    Compiling event-listener v5.4.1
[INFO] [stderr]    Compiling indexmap v2.13.1
[INFO] [stderr]    Compiling stringprep v0.1.5
[INFO] [stderr]    Compiling hashlink v0.10.0
[INFO] [stderr]    Compiling proc-macro-error-attr3 v3.1.1
[INFO] [stderr]    Compiling syn v3.0.6
[INFO] [stderr]    Compiling regex-syntax v0.8.10
[INFO] [stderr]    Compiling toml_datetime v0.6.11
[INFO] [stderr]    Compiling serde_spanned v0.6.9
[INFO] [stderr]    Compiling unsafe-libyaml v0.2.11
[INFO] [stderr]    Compiling chrono v0.4.44
[INFO] [stderr]    Compiling tinystr v0.8.3
[INFO] [stderr]    Compiling icu_locale_core v2.2.0
[INFO] [stderr]    Compiling potential_utf v0.1.5
[INFO] [stderr]    Compiling atoi v2.0.0
[INFO] [stderr]    Compiling icu_collections v2.2.0
[INFO] [stderr]    Compiling rmp v0.8.15
[INFO] [stderr]    Compiling temperkb-principal v0.5.4
[INFO] [stderr]    Compiling proc-macro-error3 v3.1.1
[INFO] [stderr]    Compiling getrandom v0.2.17
[INFO] [stderr]    Compiling socket2 v0.6.3
[INFO] [stderr]    Compiling mio v1.2.0
[INFO] [stderr]    Compiling parking_lot_core v0.9.12
[INFO] [stderr]    Compiling rand_core v0.6.4
[INFO] [stderr]    Compiling getrandom v0.4.2
[INFO] [stderr]    Compiling toml_edit v0.22.27
[INFO] [stderr]    Compiling dirs-sys v0.4.1
[INFO] [stderr]    Compiling parking_lot v0.12.5
[INFO] [stderr]    Compiling rand_chacha v0.3.1
[INFO] [stderr]    Compiling dirs v5.0.1
[INFO] [stderr]    Compiling rand v0.8.5
[INFO] [stderr]    Compiling tokio v1.53.1
[INFO] [stderr]    Compiling serde_yaml v0.9.34+deprecated
[INFO] [stderr]    Compiling icu_provider v2.2.0
[INFO] [stderr]    Compiling futures-intrusive v0.5.0
[INFO] [stderr]    Compiling regex-automata v0.4.14
[INFO] [stderr]    Compiling rmp-serde v1.3.1
[INFO] [stderr]    Compiling icu_normalizer v2.2.0
[INFO] [stderr]    Compiling icu_properties v2.2.0
[INFO] [stderr]    Compiling rustls v0.23.45
[INFO] [stderr]    Compiling darling_macro v0.23.0
[INFO] [stderr]    Compiling darling v0.23.0
[INFO] [stderr]    Compiling validator_derive v0.20.1
[INFO] [stderr]    Compiling idna_adapter v1.2.1
[INFO] [stderr]    Compiling idna v1.1.0
[INFO] [stderr]    Compiling toml v0.8.23
[INFO] [stderr]    Compiling url v2.5.8
[INFO] [stderr]    Compiling regex v1.12.3
[INFO] [stderr]    Compiling rustls-webpki v0.103.15
[INFO] [stderr]    Compiling validator v0.20.0
[INFO] [stderr]    Compiling tokio-stream v0.1.18
[INFO] [stderr]    Compiling sqlx-core v0.8.6
[INFO] [stderr]    Compiling sqlx-postgres v0.8.6
[INFO] [stderr]    Compiling sqlx-macros-core v0.8.6
[INFO] [stderr]    Compiling sqlx-macros v0.8.6
[INFO] [stderr]    Compiling sqlx v0.8.6
[INFO] [stderr]    Compiling temperkb-core v0.5.4 (/opt/rustwide/workdir)
[INFO] [stderr] warning: unused dependency `async-trait`
[INFO] [stderr]  --> Cargo.toml:1:15
[INFO] [stderr]   |
[INFO] [stderr] 1 | [dependencies.async-trait]
[INFO] [stderr]   |               ^^^^^^^^^^^^
[INFO] [stderr]   |
[INFO] [stderr]   = note: `cargo::unused_dependencies` is set to `warn` by default
[INFO] [stderr] help: consider removing the dependency on `async-trait`
[INFO] [stderr] warning: `temperkb-core` (manifest) generated 1 warning
[INFO] [stderr]     Finished `dev` profile [unoptimized + debuginfo] target(s) in 1m 03s
[INFO] running `Command { std: "docker" "inspect" "334c50309eee9b016bb12ade583a5ec012fc24529946b1874951b0ea02e8ac9d", kill_on_drop: false }`
[INFO] running `Command { std: "docker" "exec" "-e" "SOURCE_DIR=/opt/rustwide/workdir" "-e" "CARGO_HOME=/opt/rustwide/cargo-home" "-e" "RUSTUP_HOME=/opt/rustwide/rustup-home" "-e" "CARGO_TARGET_DIR=/opt/rustwide/target" "-e" "CARGO_INCREMENTAL=0" "-e" "RUST_BACKTRACE=full" "-e" "RUSTFLAGS=--cap-lints=warn" "-e" "RUSTDOCFLAGS=--cap-lints=warn" "-w" "/opt/rustwide/workdir" "--user" "0:0" "334c50309eee9b016bb12ade583a5ec012fc24529946b1874951b0ea02e8ac9d" "/opt/rustwide/cargo-home/bin/cargo" "+1.100.0-beta.1" "test" "--frozen" "--no-run" "--message-format=json", kill_on_drop: false }`
[INFO] [stderr]    Compiling tokio v1.53.1
[INFO] [stderr]    Compiling tokio-stream v0.1.18
[INFO] [stderr]    Compiling sqlx-core v0.8.6
[INFO] [stderr]    Compiling sqlx-postgres v0.8.6
[INFO] [stderr]    Compiling sqlx-macros-core v0.8.6
[INFO] [stderr]    Compiling sqlx-macros v0.8.6
[INFO] [stderr]    Compiling sqlx v0.8.6
[INFO] [stderr]    Compiling temperkb-core v0.5.4 (/opt/rustwide/workdir)
[INFO] [stderr] warning: unused dependency `async-trait`
[INFO] [stderr]  --> Cargo.toml:1:15
[INFO] [stderr]   |
[INFO] [stderr] 1 | [dependencies.async-trait]
[INFO] [stderr]   |               ^^^^^^^^^^^^
[INFO] [stderr]   |
[INFO] [stderr]   = note: `cargo::unused_dependencies` is set to `warn` by default
[INFO] [stderr] help: consider removing the dependency on `async-trait`
[INFO] [stderr] warning: `temperkb-core` (manifest) generated 1 warning
[INFO] [stderr]     Finished `test` profile [unoptimized + debuginfo] target(s) in 50.89s
[INFO] running `Command { std: "docker" "inspect" "334c50309eee9b016bb12ade583a5ec012fc24529946b1874951b0ea02e8ac9d", kill_on_drop: false }`
[INFO] running `Command { std: "docker" "exec" "-e" "SOURCE_DIR=/opt/rustwide/workdir" "-e" "CARGO_HOME=/opt/rustwide/cargo-home" "-e" "RUSTUP_HOME=/opt/rustwide/rustup-home" "-e" "CARGO_TARGET_DIR=/opt/rustwide/target" "-e" "CARGO_INCREMENTAL=0" "-e" "RUST_BACKTRACE=full" "-e" "RUSTFLAGS=--cap-lints=warn" "-e" "RUSTDOCFLAGS=--cap-lints=warn" "-w" "/opt/rustwide/workdir" "--user" "0:0" "334c50309eee9b016bb12ade583a5ec012fc24529946b1874951b0ea02e8ac9d" "/opt/rustwide/cargo-home/bin/cargo" "+1.100.0-beta.1" "test" "--frozen", kill_on_drop: false }`
[INFO] [stderr] warning: unused dependency `async-trait`
[INFO] [stderr]  --> Cargo.toml:1:15
[INFO] [stderr]   |
[INFO] [stderr] 1 | [dependencies.async-trait]
[INFO] [stderr]   |               ^^^^^^^^^^^^
[INFO] [stderr]   |
[INFO] [stderr]   = note: `cargo::unused_dependencies` is set to `warn` by default
[INFO] [stderr] help: consider removing the dependency on `async-trait`
[INFO] [stderr] warning: `temperkb-core` (manifest) generated 1 warning
[INFO] [stderr]     Finished `test` profile [unoptimized + debuginfo] target(s) in 0.35s
[INFO] [stderr]      Running unittests src/lib.rs (/opt/rustwide/target/debug/build/temperkb-core/64e8fd63d03ccdc8/out/temper_core-64e8fd63d03ccdc8)
[INFO] [stdout] 
[INFO] [stdout] running 479 tests
[INFO] [stdout] test context_ref::tests::rejects_bad_owner ... ok
[INFO] [stdout] test context_ref::tests::parses_team_slug ... ok
[INFO] [stdout] test context_ref::tests::rejects_bare_name ... ok
[INFO] [stdout] test context_ref::tests::rejects_empty_slug ... ok
[INFO] [stdout] test hash::tests::body_hash_deterministic ... ok
[INFO] [stdout] test charter::tests::assembles_statement_questions_framing_in_order ... ok
[INFO] [stdout] test context_ref::tests::parses_handle_slug ... ok
[INFO] [stdout] test hash::tests::canonicalize_sorts_nested_keys ... ok
[INFO] [stdout] test hash::tests::doc_type_from_vault_path_valid ... ok
[INFO] [stdout] test internal_sig::tests::freshness_window_is_symmetric ... ok
[INFO] [stdout] test hash::tests::body_hash_differs_for_different_content ... ok
[INFO] [stdout] test hash::tests::hash_canonical_json_empty_object ... ok
[INFO] [stdout] test hash::tests::doc_type_from_vault_path_invalid ... ok
[INFO] [stdout] test context_ref::tests::rejects_owner_without_slug ... ok
[INFO] [stdout] test hash::tests::canonicalize_sorts_keys ... ok
[INFO] [stdout] test context_ref::tests::parses_bare_uuid ... ok
[INFO] [stdout] test context_ref::tests::decorates_profile_and_team ... ok
[INFO] [stdout] test context_ref::tests::parses_me_slug ... ok
[INFO] [stdout] test internal_sig::tests::sign_matches_known_answer_vector ... ok
[INFO] [stdout] test hash::tests::hash_canonical_json_deterministic ... ok
[INFO] [stdout] test context_ref::tests::trims_whitespace ... ok
[INFO] [stdout] test internal_sig::tests::verify_rejects_tampered_body ... ok
[INFO] [stdout] test projection::tests::scalar_value_returns_input_unchanged ... ok
[INFO] [stdout] test projection::tests::object_preserves_anchor_plus_requested_keys ... ok
[INFO] [stdout] test redact::tests::a_token_that_starts_with_mine_is_still_redacted ... ok
[INFO] [stdout] test projection::tests::dotted_path_returns_error_with_jq_hint ... ok
[INFO] [stdout] test projection::tests::empty_field_name_returns_error ... ok
[INFO] [stdout] test projection::tests::explicit_anchor_in_fields_is_harmless ... ok
[INFO] [stdout] test internal_sig::tests::verify_accepts_matching_signature ... ok
[INFO] [stdout] test internal_sig::tests::verify_rejects_wrong_secret ... ok
[INFO] [stdout] test refs::tests::a_bounded_ref_still_resolves_to_its_resource ... ok
[INFO] [stdout] test internal_sig::tests::verify_rejects_wrong_timestamp ... ok
[INFO] [stdout] test internal_sig::tests::verify_rejects_malformed_hex ... ok
[INFO] [stdout] test refs::tests::a_slug_that_empties_yields_the_bare_uuid_not_a_leading_hyphen ... ok
[INFO] [stdout] test refs::tests::a_cut_inside_a_hyphen_run_leaves_no_trailing_hyphen ... ok
[INFO] [stdout] test refs::tests::parse_ref_accepts_bare_uuid ... ok
[INFO] [stdout] test redact::tests::an_invitation_token_never_survives_into_a_span_attribute ... ok
[INFO] [stdout] test redact::tests::the_live_invitation_routes_are_not_mistaken_for_tokens ... ok
[INFO] [stdout] test projection::tests::array_of_objects_filters_each_element ... ok
[INFO] [stdout] test projection::tests::empty_fields_returns_input_unchanged ... ok
[INFO] [stdout] test redact::tests::every_other_path_is_returned_untouched_and_unallocated ... ok
[INFO] [stdout] test projection::tests::object_drops_unknown_keys_silently ... ok
[INFO] [stdout] test refs::tests::parse_ref_rejects_fragments_and_garbage ... ok
[INFO] [stdout] test refs::tests::bounded_ref_is_unchanged_when_the_slug_already_fits ... ok
[INFO] [stdout] test refs::tests::parse_ref_accepts_decorated_and_ignores_slug_half ... ok
[INFO] [stdout] test refs::tests::bounded_ref_caps_the_slug_half_and_keeps_the_whole_uuid ... ok
[INFO] [stdout] test refs::tests::decorated_ref_is_slug_dash_uuid ... ok
[INFO] [stdout] test refs::tests::resolve_provenance_source_classifies_file_uri_as_remote ... ok
[INFO] [stdout] test refs::tests::resolve_provenance_source_rejects_non_url_non_ref ... ok
[INFO] [stdout] test refs::tests::resolve_provenance_source_classifies_url_as_remote ... ok
[INFO] [stdout] test refs::tests::sluggify_lowercases_and_dashes ... ok
[INFO] [stdout] test refs::tests::file_uri_is_a_provenance_source_but_not_network_remote ... ok
[INFO] [stdout] test types::admin::tests::matched_email_is_absent_from_json_when_unset ... ok
[INFO] [stdout] test refs::tests::parse_ref_round_trips_decorated_ref ... ok
[INFO] [stdout] test refs::tests::resolve_provenance_source_classifies_ref_as_resource ... ok
[INFO] [stdout] test types::admin::tests::profile_card_serializes_no_token_anywhere ... ok
[INFO] [stdout] test types::api::tests::search_params_deserializes_both ... ok
[INFO] [stdout] test types::auth::tests::null_groups_and_empty_groups_are_different_payloads ... ok
[INFO] [stdout] test types::authorship::tests::act_input_confidence_assembles_authorship ... ok
[INFO] [stdout] test types::authorship::tests::act_input_confidence_alone_is_valid_authorship ... ok
[INFO] [stdout] test refs::tests::sluggify_transliterates_non_ascii_to_ascii ... ok
[INFO] [stdout] test types::authorship::tests::act_context_with_only_correlation_is_not_empty ... ok
[INFO] [stdout] test types::api::tests::search_params_deserializes_query_only ... ok
[INFO] [stdout] test types::authorship::tests::act_input_default_assembles_empty_context ... ok
[INFO] [stdout] test types::authorship::tests::act_input_authorship_field_without_confidence_is_rejected ... ok
[INFO] [stdout] test types::authorship::tests::act_input_invocation_only_assembles_correlation_without_authorship ... ok
[INFO] [stdout] test types::authorship::tests::act_input_correlation_only_assembles_without_authorship_or_invocation ... ok
[INFO] [stdout] test types::api::cursor_tests::event_cursor_response_round_trips_some_and_none ... ok
[INFO] [stdout] test types::authorship::tests::act_context_default_is_empty ... ok
[INFO] [stdout] test types::authorship::tests::correlation_serializes_as_a_bare_uuid_string ... ok
[INFO] [stdout] test types::admin::tests::promote_request_roundtrips_through_json ... ok
[INFO] [stdout] test types::audit::tests::resource_audit_row_serde_roundtrip ... ok
[INFO] [stdout] test types::api::tests::search_params_carries_no_graph_or_wayfind_knob ... ok
[INFO] [stdout] test types::auth::tests::an_omitted_groups_key_is_read_as_no_signal_rather_than_refused ... ok
[INFO] [stdout] test types::authorship::tests::confidence_is_required_when_authorship_supplied ... ok
[INFO] [stdout] test types::api::tests::search_params_deserializes_embedding_only ... ok
[INFO] [stdout] test types::authorship::tests::empty_act_context_to_act_input_is_empty ... ok
[INFO] [stdout] test types::authorship::tests::act_context_round_trips_invocation_correlation_and_authorship ... ok
[INFO] [stdout] test types::authorship::tests::authorship_serializes_confidence_band ... ok
[INFO] [stdout] test types::authorship::tests::act_context_to_act_input_roundtrips ... ok
[INFO] [stdout] test types::citation_audit::tests::trail_row_names_its_auditor_on_the_wire ... ok
[INFO] [stdout] test types::citation_audit::tests::request_carries_the_tagged_source_shape ... ok
[INFO] [stdout] test types::citation_audit::tests::block_request_flattens_the_act_and_keeps_the_tagged_source_shape ... ok
[INFO] [stdout] test types::admin::tests::update_settings_is_empty_detects_no_fields ... ok
[INFO] [stdout] test types::cognitive_maps::tests::bind_team_outcome_serde_roundtrip ... ok
[INFO] [stdout] test types::cognitive_maps::tests::cogmap_region_metrics_row_serde_roundtrip_preserves_nullables ... ok
[INFO] [stdout] test types::cognitive_maps::tests::bind_team_request_serde_roundtrip ... ok
[INFO] [stdout] test types::cognitive_maps::tests::cogmap_shape_input_serde_roundtrip ... ok
[INFO] [stdout] test types::cognitive_maps::tests::cogmap_region_row_serde_roundtrip_preserves_nullables ... ok
[INFO] [stdout] test types::config::tests::a_shared_index_path_without_shared_contexts_is_refused ... ok
[INFO] [stdout] test types::config::tests::auth_providers_parse_as_array_of_tables ... ok
[INFO] [stdout] test types::config::tests::default_vault_path_is_documents_temper_vault ... ok
[INFO] [stdout] test types::config::tests::cli_section_absent_yields_none_fields ... ok
[INFO] [stdout] test types::config::tests::memory_section_is_absent_by_default ... ok
[INFO] [stdout] test types::config::tests::cli_section_default_has_none_fields ... ok
[INFO] [stdout] test types::config::tests::default_config_is_unconfigured_for_cloud ... ok
[INFO] [stdout] test types::config::tests::default_config_validates ... ok
[INFO] [stdout] test types::config::tests::memory_section_parses_context_lists ... ok
[INFO] [stdout] test types::cognitive_maps::tests::unbind_team_outcome_serde_roundtrip ... ok
[INFO] [stdout] test types::config::tests::a_configured_threshold_is_read_as_written ... ok
[INFO] [stdout] test types::config::tests::memory_section_requires_at_least_one_context ... ok
[INFO] [stdout] test types::config::tests::temper_config_default_cli_has_none_fields ... ok
[INFO] [stdout] test types::config::tests::stale_cli_section_and_skill_framework_parse_without_error ... ok
[INFO] [stdout] test types::config::tests::test_cloud_config_minimal_toml ... ok
[INFO] [stdout] test types::config::tests::validate_accepts_default_config ... ok
[INFO] [stdout] test types::config::tests::test_merge_policy_serde ... ok
[INFO] [stdout] test types::config::tests::a_memory_section_omitting_the_threshold_leaves_it_absent_never_defaulted ... ok
[INFO] [stdout] test types::config::tests::test_temper_config_minimal ... ok
[INFO] [stdout] test types::config::tests::a_shared_index_path_is_read_as_written ... ok
[INFO] [stdout] test types::config::tests::test_cloud_config_toml_roundtrip ... ok
[INFO] [stdout] test types::config::tests::test_merge_policy_default ... ok
[INFO] [stdout] test types::config::tests::an_absent_shared_index_path_parses_as_none ... ok
[INFO] [stdout] test types::cognitive_maps::tests::cogmap_analytics_row_nests_staleness_and_regulation ... ok
[INFO] [stdout] test types::config::tests::cli_section_parses_format_and_color ... ok
[INFO] [stdout] test types::config::tests::validate_rejects_empty_vault_path ... ok
[INFO] [stdout] test types::config::tests::test_subscription_context_only ... ok
[INFO] [stdout] test types::config::tests::all_contexts_dedupes_a_context_named_in_both_lists_preserving_order ... ok
[INFO] [stdout] test types::config::tests::validate_rejects_empty_provider_client_id ... ok
[INFO] [stdout] test types::config::tests::validate_rejects_malformed_api_url ... ok
[INFO] [stdout] test types::device::tests::test_device_sync_state_serde_roundtrip ... ok
[INFO] [stdout] test types::conflict::tests::test_conflict_record_serde ... ok
[INFO] [stdout] test types::error_details::tests::each_arm_round_trips_to_its_own_variant ... ok
[INFO] [stdout] test types::event::tests::test_event_query_minimal ... ok
[INFO] [stdout] test types::conflict::tests::test_temper_system_annotation_serde ... ok
[INFO] [stdout] test types::error_details::tests::the_access_arm_serializes_exactly_as_the_bare_type_did ... ok
[INFO] [stdout] test types::config::tests::validate_rejects_malformed_authorize_url_in_provider_vec ... ok
[INFO] [stdout] test types::event::tests::test_event_response_serde ... ok
[INFO] [stdout] test types::facet_requests::tests::anchor_verdict_round_trips_by_name ... ok
[INFO] [stdout] test types::facet_requests::tests::anchor_resolution_round_trips_the_block_read_state_names ... ok
[INFO] [stdout] test types::facet_requests::tests::facet_ack_reports_every_row_a_multi_key_assert_wrote ... ok
[INFO] [stdout] test types::facet_requests::tests::edge_facet_row_states_resolution_and_verdict_null_never_absent ... ok
[INFO] [stdout] test types::facet_requests::tests::facet_set_request_defaults_weight_when_omitted ... ok
[INFO] [stdout] test types::facet_requests::tests::facet_retract_ack_round_trips ... ok
[INFO] [stdout] test types::facet_requests::tests::facet_ack_round_trips ... ok
[INFO] [stdout] test types::facet_requests::tests::facet_set_request_round_trips_with_flattened_act ... ok
[INFO] [stdout] test types::facet_requests::tests::facet_set_request_rejects_scalar_values_payloads ... ok
[INFO] [stdout] test types::graph_atlas::tests::a_depth_below_the_floor_is_raised_to_it ... ok
[INFO] [stdout] test types::graph_atlas::tests::a_depth_inside_the_range_is_returned_unchanged ... ok
[INFO] [stdout] test types::graph_atlas::tests::atlas_node_doc_type_is_optional ... ok
[INFO] [stdout] test types::graph::tests::polarity_serializes_snake_case ... ok
[INFO] [stdout] test types::graph_atlas::tests::a_depth_above_the_ceiling_is_lowered_to_it ... ok
[INFO] [stdout] test types::graph_context::tests::empty_residual_serializes_as_empty_array_not_null ... ok
[INFO] [stdout] test types::graph_context::tests::residual_bucket_round_trips ... ok
[INFO] [stdout] test types::ingest::tests::append_payload_round_trips_without_packed_chunks ... ok
[INFO] [stdout] test types::ingest::tests::chunk_row_jsonb_from_packed ... ok
[INFO] [stdout] test types::ingest::tests::chunks_to_jsonb_produces_array ... ok
[INFO] [stdout] test types::home::tests::home_anchor_serde_roundtrip ... ok
[INFO] [stdout] test types::ingest::tests::finalize_payload_round_trips ... ok
[INFO] [stdout] test types::ingest::tests::format_embedding_basic ... ok
[INFO] [stdout] test types::graph::tests::edge_kind_serializes_snake_case ... ok
[INFO] [stdout] test types::ids::tests::distinct_newtypes_stay_independent_and_orderable ... ok
[INFO] [stdout] test types::graph_atlas::tests::the_clamp_never_leaves_the_declared_range ... ok
[INFO] [stdout] test types::facet_requests::tests::facet_set_request_round_trips_without_act ... ok
[INFO] [stdout] test types::ids::tests::newtype_roundtrips_through_uuid_and_serde ... ok
[INFO] [stdout] test types::ingest::tests::payload_serializes_with_optional_chunks_absent ... ok
[INFO] [stdout] test types::home::tests::table_and_uuid_round_trip_through_from_parts ... ok
[INFO] [stdout] test types::ingest::tests::ingest_payload_segmented_absent_by_default ... ok
[INFO] [stdout] test types::ingest::tests::ingest_payload_segmented_field_round_trips_when_present ... ok
[INFO] [stdout] test types::ingest::tests::append_payload_round_trips_with_sources ... ok
[INFO] [stdout] test types::ingest::tests::a_new_cli_payload_still_decodes_into_the_old_chunk_shape ... ok
[INFO] [stdout] test types::ingest::tests::an_old_cli_positional_payload_still_decodes_on_the_new_server ... ok
[INFO] [stdout] test types::ingest::tests::append_payload_round_trips ... ok
[INFO] [stdout] test types::ingest::tests::blocks_response_round_trips ... ok
[INFO] [stdout] test types::ingest::tests::payload_with_chunks_present_roundtrips ... ok
[INFO] [stdout] test types::ingest::tests::format_embedding_empty ... ok
[INFO] [stdout] test types::ingest::tests::pack_unpack_roundtrip ... ok
[INFO] [stdout] test types::ingest::tests::segmented_begin_response_round_trips ... ok
[INFO] [stdout] test types::ingest::tests::payload_deserializes_with_optional_chunks_absent ... ok
[INFO] [stdout] test types::ingest::tests::unpack_invalid_base64_errors ... ok
[INFO] [stdout] test types::invocation::disposition_tests::disposition_parses_every_terminal_status ... ok
[INFO] [stdout] test types::invocation::tests::invocation_close_input_deserializes ... ok
[INFO] [stdout] test types::invocation::disposition_tests::disposition_rejects_open_and_unknown ... ok
[INFO] [stdout] test types::invocation::tests::disposition_serializes_snake_case ... ok
[INFO] [stdout] test types::ingest::tests::pack_produces_valid_base64 ... ok
[INFO] [stdout] test types::ingest::tests::segment_info_round_trips ... ok
[INFO] [stdout] test types::invocation::tests::invocation_show_input_deserializes ... ok
[INFO] [stdout] test types::invitation::tests::invitee_invitation_serde_roundtrip ... ok
[INFO] [stdout] test types::invocation::tests::invocation_act_row_omits_empty_authorship ... ok
[INFO] [stdout] test types::invocation::tests::invocation_view_carries_the_tick_correlation_as_a_bare_uuid ... ok
[INFO] [stdout] test types::invocation::tests::invocation_open_input_omits_parent ... ok
[INFO] [stdout] test types::invocation::tests::invocation_view_serializes_disposition_when_closed ... ok
[INFO] [stdout] test types::ingest::tests::payload_serialization_roundtrip ... ok
[INFO] [stdout] test types::managed_meta::tests::managed_meta_accepts_the_closed_vocabulary ... ok
[INFO] [stdout] test types::managed_meta::tests::managed_meta_rejects_unknown_keys ... ok
[INFO] [stdout] test types::property_owner::tests::owner_table_matches_the_ddl_spelling ... ok
[INFO] [stdout] test types::property_owner::tests::round_trips_tagged_so_the_kind_survives_the_wire ... ok
[INFO] [stdout] test types::invocation::tests::invocation_close_input_omits_outcome ... ok
[INFO] [stdout] test types::managed_meta::tests::managed_meta_serde_roundtrip ... ok
[INFO] [stdout] test types::invocation::tests::invocation_view_serde_roundtrip ... ok
[INFO] [stdout] test types::invocation::tests::invocation_list_input_all_optional ... ok
[INFO] [stdout] test types::provenance::tests::provenance_source_event_variant_roundtrips ... ok
[INFO] [stdout] test types::invocation::tests::invocation_list_input_deserializes_filters ... ok
[INFO] [stdout] test types::invocation::tests::invocation_open_input_deserializes ... ok
[INFO] [stdout] test types::invocation::tests::invocation_view_omits_correlation_for_a_manual_open ... ok
[INFO] [stdout] test types::invocation_requests::ack_tests::invocation_ack_carries_both_id_and_invocation_id ... ok
[INFO] [stdout] test types::managed_meta::tests::managed_meta_llm_fields_roundtrip ... ok
[INFO] [stdout] test types::managed_meta::tests::managed_meta_rejects_former_identity_keys ... ok
[INFO] [stdout] test types::managed_meta::tests::meta_update_payload_serde ... ok
[INFO] [stdout] test types::managed_meta::tests::managed_meta_yaml_roundtrip ... ok
[INFO] [stdout] test types::property_owner::tests::uuid_survives_the_wrapper_in_both_arms ... ok
[INFO] [stdout] test types::provenance::tests::provenance_source_is_tagged_kind_value ... ok
[INFO] [stdout] test types::query::act::tests::a_door_can_fall_short_on_a_kind_or_a_filter_and_not_only_on_a_term ... ok
[INFO] [stdout] test types::query::act::tests::a_door_that_serves_nothing_is_distinguishable_from_one_that_serves_everything ... ok
[INFO] [stdout] test types::query::act::tests::a_quantity_states_a_scale_that_is_not_assumed_to_be_zero_to_one ... ok
[INFO] [stdout] test types::query::act::tests::act_names_are_asker_shaped_on_the_wire ... ok
[INFO] [stdout] test types::query::act::tests::a_declaration_cannot_omit_what_the_asker_holds ... ok
[INFO] [stdout] test types::query::act::tests::act_discriminator_is_open_unknown_acts_parse ... ok
[INFO] [stdout] test types::query::act::tests::build_state_host_is_exhaustive_over_the_enum ... ok
[INFO] [stdout] test types::query::act::tests::fused_build_state_names_its_host ... ok
[INFO] [stdout] test types::query::composition::tests::a_combinator_is_its_own_node_kind_because_no_act_takes_two_inputs ... ok
[INFO] [stdout] test types::query::composition::tests::a_difference_reports_both_arms_upstream_so_the_dag_sees_the_subtrahend ... ok
[INFO] [stdout] test types::provenance::tests::provenance_source_remote_carries_the_url_verbatim ... ok
[INFO] [stdout] test types::query::composition::tests::an_act_node_reports_its_single_upstream_and_a_caller_fed_one_reports_none ... ok
[INFO] [stdout] test types::query::composition::tests::an_empty_section_list_means_the_default_projection_and_serializes_to_nothing ... ok
[INFO] [stdout] test types::query::composition::tests::a_section_this_door_refuses_still_deserializes_so_validation_can_refuse_it ... ok
[INFO] [stdout] test types::query::composition::tests::an_outcome_declares_which_stages_come_back_and_nothing_about_why ... ok
[INFO] [stdout] test types::query::composition::tests::hydration_sections_ride_the_wire_in_the_same_words_show_and_list_use ... ok
[INFO] [stdout] test types::query::composition::tests::a_composition_no_longer_declares_one_produced_kind ... ok
[INFO] [stdout] test types::query::composition::tests::a_composition_carries_nodes_and_no_longer_claims_a_single_sequence ... ok
[INFO] [stdout] test types::query::composition::tests::shape::repeated_members_counts_returns_combinators_and_edge_kinds ... ok
[INFO] [stdout] test types::query::composition::tests::a_composition_no_longer_declares_what_to_do_when_a_stage_refuses ... ok
[INFO] [stdout] test types::query::composition::tests::a_composition_that_still_carries_bounds_or_meta_detail_is_accepted_and_both_ignored ... ok
[INFO] [stdout] test types::query::composition::tests::a_composition_that_still_carries_on_stage_refusal_is_accepted_and_the_field_ignored ... ok
[INFO] [stdout] test types::query::composition::tests::a_difference_is_ordered_and_names_the_set_it_subtracts_from_first ... ok
[INFO] [stdout] test types::query::composition::tests::an_absent_intention_is_representable_so_a_stage_can_refuse_rather_than_substitute ... ok
[INFO] [stdout] test types::query::composition::tests::an_intention_carries_the_query_and_the_callers_vector_and_asserts_nothing_about_it ... ok
[INFO] [stdout] test types::query::composition::tests::shape::the_embedded_subset_is_distinct_text_on_stages_carrying_no_vector ... ok
[INFO] [stdout] test types::query::composition::tests::shape::a_plan_with_nothing_in_it_measures_zero ... ok
[INFO] [stdout] test types::query::composition::tests::the_intention_is_a_per_stage_field_and_two_stages_may_ask_different_questions ... ok
[INFO] [stdout] test types::query::composition::tests::shape::the_size_fields_report_the_largest_single_stage_and_the_id_total_beside_it ... ok
[INFO] [stdout] test types::query::disposition::deleted_reason_skew::a_reason_this_binary_no_longer_names_degrades_rather_than_failing_the_parse ... ok
[INFO] [stdout] test types::query::composition::tests::the_admitted_sections_are_a_subset_of_the_shared_vocabulary_never_a_parallel_one ... ok
[INFO] [stdout] test types::query::disposition::tests::a_missing_question_and_a_failed_embedding_are_different_refusals ... ok
[INFO] [stdout] test types::query::disposition::tests::a_promoted_reason_round_trips_in_snake_case ... ok
[INFO] [stdout] test types::query::disposition::tests::empty_and_refused_are_distinguishable ... ok
[INFO] [stdout] test types::query::disposition::tests::exactly_one_refusal_reason_is_runtime_and_the_rest_are_static ... ok
[INFO] [stdout] test types::query::disposition::tests::other_still_carries_a_reason_from_a_newer_producer ... ok
[INFO] [stdout] test types::query::disposition::tests::every_refusal_this_crate_raises_is_a_known_reason ... ok
[INFO] [stdout] test types::query::disposition::tests::the_removed_refusal_disposition_degrades_rather_than_failing_for_an_old_producer ... ok
[INFO] [stdout] test types::query::disposition::tests::disposition_is_closed_unknown_values_fail_to_parse ... ok
[INFO] [stdout] test types::query::envelope::tests::a_mistyped_field_name_is_refused_rather_than_ignored ... ok
[INFO] [stdout] test types::query::envelope::tests::a_narrowing_echoes_back_without_requiring_counts ... ok
[INFO] [stdout] test types::query::disposition::tests::refusal_reason_is_open_so_a_new_way_to_decline_is_additive ... ok
[INFO] [stdout] test types::query::disposition::tests::refusal_carries_a_reason_and_round_trips ... ok
[INFO] [stdout] test types::query::disposition::tests::the_disposition_enum_stays_closed_while_refusals_open ... ok
[INFO] [stdout] test types::query::disposition::tests::the_removed_expression_reason_is_no_longer_a_known_variant ... ok
[INFO] [stdout] test types::query::disposition::tests::there_are_exactly_four_dispositions ... ok
[INFO] [stdout] test types::query::envelope::tests::a_result_round_trips_through_the_wire ... ok
[INFO] [stdout] test types::query::envelope::tests::a_returned_stage_is_hydrated_and_can_no_longer_be_a_bare_id_set ... ok
[INFO] [stdout] test types::query::envelope::tests::a_query_response_keys_its_arms_by_the_callers_own_stage_names ... ok
[INFO] [stdout] test types::query::envelope::tests::a_refused_stage_carries_its_reason_and_an_answered_stage_omits_the_field ... ok
[INFO] [stdout] test types::query::envelope::tests::a_result_still_declares_the_kind_it_produced_through_the_union ... ok
[INFO] [stdout] test types::query::envelope::tests::the_arms_are_keyed_separately_with_no_merged_ordered_list ... ok
[INFO] [stdout] test types::query::envelope::tests::an_invocation_without_input_or_terms_omits_them ... ok
[INFO] [stdout] test types::query::envelope::tests::the_score_kind_a_row_carries_is_the_one_its_act_declared ... ok
[INFO] [stdout] test types::query::envelope::tests::the_dropped_input_count_is_reported_without_saying_why ... ok
[INFO] [stdout] test types::query::filter::tests::a_label_cannot_be_passed_as_an_edge_kind ... ok
[INFO] [stdout] test types::query::filter::tests::a_resource_filter_with_no_properties_still_serializes_to_nothing ... ok
[INFO] [stdout] test types::query::filter::tests::a_resource_property_predicate_names_no_subject_because_its_container_is_one ... ok
[INFO] [stdout] test types::query::envelope::tests::the_retired_singular_input_key_is_refused_rather_than_dropped ... ok
[INFO] [stdout] test types::query::filter::tests::a_stale_body_still_carrying_a_subject_parses_so_the_redirect_can_fire ... ok
[INFO] [stdout] test types::query::filter::tests::an_edge_filter_with_no_properties_still_serializes_to_nothing ... ok
[INFO] [stdout] test types::query::filter::tests::both_containers_carry_the_same_predicate_type_so_contains_cannot_diverge ... ok
[INFO] [stdout] test types::query::filter::tests::compare_serializes_internally_tagged_and_round_trips_all_four_directions ... ok
[INFO] [stdout] test types::query::filter::tests::filter_fields_name_the_two_slots_an_act_may_admit ... ok
[INFO] [stdout] test types::query::filter::tests::resource_filters_compose_and_round_trip ... ok
[INFO] [stdout] test types::query::filter::tests::an_edge_property_predicate_names_no_subject_because_its_container_is_one ... ok
[INFO] [stdout] test types::query::filter::tests::an_empty_filter_serializes_to_nothing ... ok
[INFO] [stdout] test types::query::filter::tests::contains_carries_a_list_so_one_predicate_spans_several_values ... ok
[INFO] [stdout] test types::query::filter::tests::has_key_contains_and_compare_are_the_whole_vocabulary ... ok
[INFO] [stdout] test types::query::filter::tests::labels_and_edge_kinds_are_separate_fields_on_the_filter ... ok
[INFO] [stdout] test types::query::hits::score_rendering_tests::a_measured_zero_serializes_with_the_signal_naming_it_measured ... ok
[INFO] [stdout] test types::query::filter::tests::edge_kind_is_closed_at_the_four_the_ddl_declares ... ok
[INFO] [stdout] test types::query::hits::score_rendering_tests::a_scored_payload_round_trips_through_the_legacy_rendering ... ok
[INFO] [stdout] test types::query::id_set::tests::kind_serializes_domain_named_not_table_named ... ok
[INFO] [stdout] test types::query::id_set::tests::id_set_round_trips_without_provenance ... ok
[INFO] [stdout] test types::query::id_set::tests::provenance_distinguishes_the_two_region_anchors ... ok
[INFO] [stdout] test types::query::hits::score_rendering_tests::an_absent_quantity_serializes_as_zero_beside_its_absence_signal ... ok
[INFO] [stdout] test types::query::id_set::tests::unknown_kind_deserializes_rather_than_erroring ... ok
[INFO] [stdout] test types::query::registry::tests::a_requested_limit_above_the_ceiling_still_clamps_to_it ... ok
[INFO] [stdout] test types::query::registry::tests::an_act_that_does_not_admit_limit_acquires_no_default ... ok
[INFO] [stdout] test types::query::registry::tests::an_act_that_orders_nothing_classifies_no_ordering_fragment ... ok
[INFO] [stdout] test types::query::id_set::tests::region_set_carries_its_anchor_provenance ... ok
[INFO] [stdout] test types::query::registry::tests::an_act_that_selects_nothing_predicts_no_response_shape ... ok
[INFO] [stdout] test types::query::registry::tests::an_act_that_selects_nothing_declares_no_disclosure ... ok
[INFO] [stdout] test types::query::registry::tests::an_omitted_limit_defaults_to_the_published_ceiling_and_is_reported ... ok
[INFO] [stdout] test types::query::registry::tests::an_omitted_offset_stays_absent ... ok
[INFO] [stdout] test types::query::registry::tests::every_ceiling_is_published_for_a_term_the_act_admits ... ok
[INFO] [stdout] test types::query::registry::tests::every_ordering_act_declares_a_known_score_kind ... ok
[INFO] [stdout] test types::query::registry::tests::every_selecting_act_predicts_a_response_shape ... ok
[INFO] [stdout] test types::query::registry::tests::every_door_can_now_supply_the_resource_bound_the_find_acts_accept ... ok
[INFO] [stdout] test types::query::registry::tests::every_declaration_accounts_for_every_door ... ok
[INFO] [stdout] test types::query::registry::tests::an_unreachable_term_is_always_a_term_the_act_admits ... ok
[INFO] [stdout] test types::query::registry::tests::follow_from_reaches_the_composing_doors_and_not_mcp ... ok
[INFO] [stdout] test types::query::registry::tests::every_declaration_states_what_the_asker_holds ... ok
[INFO] [stdout] test types::query::registry::tests::exactly_survey_and_follow_from_are_relative_in_domain ... ok
[INFO] [stdout] test types::query::registry::tests::filter_counts_are_declared_by_nothing_because_no_fragment_computes_them ... ok
[INFO] [stdout] test types::query::registry::tests::match_location_is_declared_by_no_act_until_the_wide_fragments_carry_the_chunk_out ... ok
[INFO] [stdout] test types::query::registry::tests::follow_from_takes_resource_seeds_and_a_resource_bound ... ok
[INFO] [stdout] test types::query::registry::tests::find_about_anywhere_accepts_no_bounds_by_definition ... ok
[INFO] [stdout] test types::query::registry::tests::no_two_acts_order_by_the_same_name_and_none_of_them_is_a_bare_score ... ok
[INFO] [stdout] test types::query::registry::tests::follow_from_filters_edges_and_the_find_acts_filter_resources ... ok
[INFO] [stdout] test types::query::registry::tests::graph_score_is_unbounded_because_the_schema_does_not_bound_edge_weight ... ok
[INFO] [stdout] test types::query::registry::tests::substantiate_is_absent_from_the_door_agents_use ... ok
[INFO] [stdout] test types::query::registry::tests::the_cli_can_now_page_the_find_acts_and_that_is_declared ... ok
[INFO] [stdout] test types::query::registry::tests::the_anti_act_is_declared_unbuilt_and_produces_nothing ... ok
[INFO] [stdout] test types::query::registry::tests::the_acts_that_select_without_ordering_are_exactly_these ... ok
[INFO] [stdout] test types::query::registry::tests::survey_accepts_anchor_kinds_as_bounds ... ok
[INFO] [stdout] test types::query::registry::tests::the_survey_act_reaches_every_door ... ok
[INFO] [stdout] test types::query::registry::tests::the_survey_quantity_declares_a_range_that_exceeds_one ... ok
[INFO] [stdout] test types::query::registry::tests::the_served_set_is_the_five_query_acts_plus_substantiate ... ok
[INFO] [stdout] test types::query::registry::tests::survey_admits_regions_and_refuses_limit ... ok
[INFO] [stdout] test types::query::registry::tests::the_two_find_acts_order_by_a_principal_agnostic_quantity ... ok
[INFO] [stdout] test types::query::registry::tests::the_walk_pages_like_the_find_acts_and_keeps_their_ceiling ... ok
[INFO] [stdout] test types::query::registry::tests::the_search_family_declares_eight_acts_including_the_anti_act ... ok
[INFO] [stdout] test types::query::scalars::tests::bound_term_is_closed_unknown_terms_fail_to_parse ... ok
[INFO] [stdout] test types::query::scalars::tests::extent_distinguishes_complete_from_partial_from_uncountable ... ok
[INFO] [stdout] test types::query::scalars::tests::extent_never_serializes_as_bare_null ... ok
[INFO] [stdout] test types::query::stage::tests::a_hit_says_what_kind_of_score_it_carries_without_reference_to_its_envelope ... ok
[INFO] [stdout] test types::query::stage::tests::a_region_hit_has_no_match_location_field_at_all ... ok
[INFO] [stdout] test types::query::stage::tests::a_stage_is_homogeneous_in_its_score_kind ... ok
[INFO] [stdout] test types::query::stage::tests::an_input_with_no_declared_relation_does_not_deserialize ... ok
[INFO] [stdout] test types::query::registry::tests::unbuilt_acts_name_no_serving_function_and_built_ones_do ... ok
[INFO] [stdout] test types::query::registry::tests::the_two_quantities_built_from_one_cosine_distance_do_not_share_a_scale ... ok
[INFO] [stdout] test types::query::scalars::tests::bound_terms_each_have_exactly_one_meaning ... ok
[INFO] [stdout] test types::query::stage::tests::an_input_distinguishes_caller_ids_from_an_upstream_reference ... ok
[INFO] [stdout] test types::query::stage::tests::an_unknown_score_kind_degrades_rather_than_failing_to_parse ... ok
[INFO] [stdout] test types::query::stage::tests::the_relation_rides_the_wire_as_the_edge_word_callers_write ... ok
[INFO] [stdout] test types::query::stage::tests::a_stage_name_is_a_safe_sql_identifier_or_it_does_not_exist ... ok
[INFO] [stdout] test types::query::stage::tests::the_relation_is_readable_without_asking_where_the_set_came_from ... ok
[INFO] [stdout] test types::query::stage::tests::the_envelope_tag_names_the_currency_and_nothing_about_scoring ... ok
[INFO] [stdout] test types::query::stage::tests::a_stage_name_round_trips_through_the_wire_as_a_bare_string ... ok
[INFO] [stdout] test types::query::stage::tests::there_is_no_returnable_bare_id_set ... ok
[INFO] [stdout] test types::query::stage::tests::two_acts_over_the_same_currency_are_still_told_apart_by_their_score_kind ... ok
[INFO] [stdout] test types::query::trace::tests::a_composition_trace_round_trips ... ok
[INFO] [stdout] test types::query::trace::tests::a_refused_stage_still_has_a_trace_entry ... ok
[INFO] [stdout] test types::query::trace::tests::a_stage_with_two_inputs_discloses_both_relations_and_the_total ... ok
[INFO] [stdout] test types::query::trace::tests::a_disclosed_region_carries_its_score_raw_and_unclamped ... ok
[INFO] [stdout] test types::query::trace::tests::a_refused_trace_entry_carries_its_reason_and_an_answered_one_omits_the_key ... ok
[INFO] [stdout] test types::query::trace::tests::a_trace_discloses_no_regions_until_a_survey_puts_some_there ... ok
[INFO] [stdout] test types::query::trace::tests::input_source_distinguishes_upstream_from_the_caller_and_reserves_expression ... ok
[INFO] [stdout] test types::query::trace::tests::a_trace_names_the_stage_the_caller_named_rather_than_its_position ... ok
[INFO] [stdout] test types::query::validate::tests::a_combinator_naming_one_input_twice_is_refused ... ok
[INFO] [stdout] test types::query::validate::tests::a_combinator_with_one_input_is_refused ... ok
[INFO] [stdout] test types::query::trace::tests::a_trace_entry_discloses_the_page_it_ran_and_whether_that_page_was_truncated ... ok
[INFO] [stdout] test types::query::validate::tests::a_composition_with_no_returns_is_refused ... ok
[INFO] [stdout] test types::query::validate::tests::a_cycle_is_refused_rather_than_compiled ... ok
[INFO] [stdout] test types::query::validate::tests::a_composition_with_no_stages_is_refused ... ok
[INFO] [stdout] test types::query::validate::tests::a_composition_above_the_embed_budget_is_refused ... ok
[INFO] [stdout] test types::query::validate::tests::a_cyclic_plan_still_hears_about_a_section_this_door_does_not_hydrate ... ok
[INFO] [stdout] test types::query::trace::tests::the_trace_echoes_whether_a_stage_narrowed_or_reached ... ok
[INFO] [stdout] test types::query::validate::tests::a_composition_above_the_stage_cap_is_refused ... ok
[INFO] [stdout] test types::query::validate::tests::a_combinator_that_is_not_returned_stays_legal ... ok
[INFO] [stdout] test types::query::validate::tests::a_difference_produces_its_minuends_kind_and_never_its_subtrahends ... ok
[INFO] [stdout] test types::query::validate::tests::a_kind_changing_hop_is_expressible_so_the_region_phase_is_not_foreclosed ... ok
[INFO] [stdout] test types::query::validate::tests::a_find_about_stage_without_a_threaded_intention_refuses_rather_than_substituting ... ok
[INFO] [stdout] test types::query::validate::tests::a_long_value_list_is_capped_even_when_the_predicate_count_is_tiny ... ok
[INFO] [stdout] test types::query::validate::tests::a_composition_exactly_at_the_stage_cap_is_not_refused_for_its_size ... ok
[INFO] [stdout] test types::query::validate::tests::a_multi_id_anchor_bound_is_refused_here_rather_than_costing_the_whole_composition ... ok
[INFO] [stdout] test types::query::validate::tests::a_malformed_predicate_refusal_names_which_container_it_came_from ... ok
[INFO] [stdout] test types::query::validate::tests::a_kind_the_act_does_not_accept_is_refused_against_the_registry ... ok
[INFO] [stdout] test types::query::validate::tests::a_narrowing_list_above_the_cap_is_refused_and_says_which ... ok
[INFO] [stdout] test types::query::validate::tests::a_narrowing_list_exactly_at_the_cap_is_not_refused_for_its_size ... ok
[INFO] [stdout] test types::query::validate::tests::a_negative_paging_term_is_refused_rather_than_handed_to_postgres ... ok
[INFO] [stdout] test types::query::validate::tests::a_predicate_on_the_invocation_is_redirected_to_both_containers ... ok
[INFO] [stdout] test types::query::validate::tests::a_malformed_predicate_inside_a_container_is_refused_too ... ok
[INFO] [stdout] test types::query::validate::tests::a_paging_term_beyond_the_slots_range_is_refused_rather_than_truncated ... ok
[INFO] [stdout] test types::query::validate::tests::a_refused_section_comes_back_alongside_every_other_refusal_not_instead_of_them ... ok
[INFO] [stdout] test types::query::validate::tests::a_section_named_once_is_admitted ... ok
[INFO] [stdout] test types::query::validate::tests::a_query_vector_with_non_finite_or_absurd_values_is_refused ... ok
[INFO] [stdout] test types::query::validate::tests::a_query_vector_of_the_wrong_dimension_is_refused_in_both_directions ... ok
[INFO] [stdout] test types::query::validate::tests::a_served_act_this_builder_has_no_fragment_for_refuses_honestly ... ok
[INFO] [stdout] test types::query::validate::tests::a_question_exactly_at_the_byte_cap_is_not_refused_for_its_length ... ok
[INFO] [stdout] test types::query::validate::tests::a_selection_caps_the_facet_predicates_that_multiply_per_row_cost ... ok
[INFO] [stdout] test types::query::validate::tests::a_section_named_twice_is_refused_rather_than_collapsed ... ok
[INFO] [stdout] test types::query::validate::tests::a_returned_combinator_is_refused_rather_than_silently_omitted_from_the_promise ... ok
[INFO] [stdout] test types::query::validate::tests::a_section_this_door_does_not_hydrate_is_refused_with_somewhere_to_go ... ok
[INFO] [stdout] test types::query::validate::tests::a_seed_and_a_bound_on_one_stage_are_not_a_duplicate ... ok
[INFO] [stdout] test types::query::validate::tests::a_single_id_anchor_bound_is_exactly_what_the_slot_holds_and_validates ... ok
[INFO] [stdout] test types::query::validate::tests::a_region_set_without_provenance_is_refused ... ok
[INFO] [stdout] test types::query::validate::tests::a_question_above_the_byte_cap_is_refused ... ok
[INFO] [stdout] test types::query::validate::tests::a_small_anchor_set_still_meets_the_cardinality_arm_and_not_the_size_cap ... ok
[INFO] [stdout] test types::query::validate::tests::a_reference_to_an_undeclared_stage_is_refused ... ok
[INFO] [stdout] test types::query::validate::tests::a_returns_entry_naming_no_stage_is_refused ... ok
[INFO] [stdout] test types::query::validate::tests::a_stage_named_twice_in_returns_is_refused_rather_than_answered_twice ... ok
[INFO] [stdout] test types::query::validate::tests::a_three_input_difference_is_refused_because_the_union_it_folds_would_have_no_stage ... ok
[INFO] [stdout] test types::query::validate::tests::a_two_input_difference_is_admitted ... ok
[INFO] [stdout] test types::query::validate::tests::a_three_input_union_stays_legal_so_the_arity_rule_is_per_op ... ok
[INFO] [stdout] test types::query::validate::tests::a_valid_plan_comes_back_in_dependency_order ... ok
[INFO] [stdout] test types::query::validate::tests::an_empty_property_key_is_refused_rather_than_matching_everything ... ok
[INFO] [stdout] test types::query::validate::tests::an_unbuilt_act_is_refused_as_not_implemented ... ok
[INFO] [stdout] test types::query::validate::tests::an_offset_on_an_act_that_does_not_admit_it_is_refused_before_execution ... ok
[INFO] [stdout] test types::query::validate::tests::an_open_key_predicate_is_still_refused_on_an_act_that_does_not_select ... ok
[INFO] [stdout] test types::query::validate::tests::an_id_set_above_the_cap_is_refused ... ok
[INFO] [stdout] test types::query::validate::tests::every_refusal_is_reported_not_just_the_first ... ok
[INFO] [stdout] test types::query::validate::tests::follow_from_is_no_longer_refused_as_unreachable ... ok
[INFO] [stdout] test types::query::validate::tests::an_unknown_act_name_is_refused_from_the_type_rather_than_from_the_registry ... ok
[INFO] [stdout] test types::query::validate::tests::an_edge_filter_on_a_resource_only_act_is_declined_not_ignored ... ok
[INFO] [stdout] test types::query::validate::tests::an_empty_anchor_set_is_refused_rather_than_read_as_unscoped ... ok
[INFO] [stdout] test types::query::validate::tests::the_byte_cap_binds_before_the_published_character_count_on_multibyte_text ... ok
[INFO] [stdout] test types::query::validate::tests::an_edge_kind_named_twice_is_refused ... ok
[INFO] [stdout] test types::query::validate::tests::a_walk_caps_the_edge_property_predicates_that_multiply_per_edge_cost ... ok
[INFO] [stdout] test types::query::validate::tests::every_narrowing_this_door_cannot_apply_is_refused_and_none_is_silently_dropped ... ok
[INFO] [stdout] test types::query::validate::tests::a_stale_subject_tagged_predicate_still_reaches_a_named_refusal ... ok
[INFO] [stdout] test types::query::validate::tests::the_act_that_walks_edges_admits_a_property_predicate_in_its_edge_filter ... ok
[INFO] [stdout] test types::query::validate::tests::asking_an_act_to_reach_beyond_a_set_it_can_only_narrow_within_is_refused ... ok
[INFO] [stdout] test types::query::validate::tests::the_outcome_carries_exactly_the_keys_returns_asked_for_no_more_no_fewer ... ok
[INFO] [stdout] test types::query::validate::tests::an_id_set_exactly_at_the_cap_is_not_refused_for_its_size ... ok
[INFO] [stdout] test types::query::validate::tests::contains_with_no_values_is_refused_because_it_narrows_nothing ... ok
[INFO] [stdout] test types::query::validate::tests::the_budget_charges_for_the_embed_set_and_not_for_every_intention ... ok
[INFO] [stdout] test types::query::validate::tests::survey_declines_limit_because_its_bound_is_a_funnel_width ... ok
[INFO] [stdout] test types::query::validate::tests::shape_refuses_an_empty_anchor_and_leaves_the_multi_id_one_to_capability ... ok
[INFO] [stdout] test types::query::validate::tests::survey_no_longer_refuses_statically ... ok
[INFO] [stdout] test types::query::validate::tests::the_narrowings_a_find_act_refuses_are_admitted_on_find_resources_with ... ok
[INFO] [stdout] test types::query::validate::tests::the_gate_and_the_seal_agree_across_the_embed ... ok
[INFO] [stdout] test types::query::validate::tests::the_same_stage_with_the_relation_its_act_accepts_is_legal ... ok
[INFO] [stdout] test types::query::validate::tests::the_outcome_tells_a_caller_which_optional_fields_will_be_null ... ok
[INFO] [stdout] test types::query::validate::tests::the_per_candidate_cap_counts_facets_and_open_key_predicates_together ... ok
[INFO] [stdout] test types::query::validate::tests::the_shape_pass_answers_without_consulting_any_declaration ... ok
[INFO] [stdout] test types::query::validate::tests::the_shape_pass_still_refuses_a_malformed_plan ... ok
[INFO] [stdout] test types::query::validate::tests::the_outcome_names_the_currency_and_the_score_kind_of_each_returned_stage ... ok
[INFO] [stdout] test types::query::validate::tests::the_relation_is_read_from_the_edge_rather_than_from_a_sibling_of_the_input ... ok
[INFO] [stdout] test types::query::validate::tests::the_promised_score_kind_and_the_promised_range_name_the_same_quantity ... ok
[INFO] [stdout] test types::query::validate::tests::the_promised_variant_is_the_one_a_real_output_reports ... ok
[INFO] [stdout] test types::query::validate::tests::the_selection_act_admits_a_property_predicate_in_its_resource_filter ... ok
[INFO] [stdout] test types::query::validate::tests::the_section_this_door_does_hydrate_passes ... ok
[INFO] [stdout] test types::query::validate::tests::the_register_coverage_question_is_expressible_as_a_composition ... ok
[INFO] [stdout] test types::query::validate::tests::two_inputs_in_the_same_relation_are_refused_rather_than_merged ... ok
[INFO] [stdout] test types::resource_view::tests::derived_refs_are_computed_from_the_columns_beside_them ... ok
[INFO] [stdout] test types::query::validate::tests::two_stages_may_not_share_a_name ... ok
[INFO] [stdout] test types::relationship_events::tests::asserted_round_trips_with_slug_target ... ok
[INFO] [stdout] test types::relationship_events::tests::folded_reason_is_optional ... ok
[INFO] [stdout] test types::reconcile::tests::charter_disposition_defaults_absent_and_serializes_snake_case ... ok
[INFO] [stdout] test types::reconcile::tests::create_request_round_trips_with_optional_ids_and_telos ... ok
[INFO] [stdout] test types::resource_view::tests::body_absent_is_distinguishable_from_body_empty ... ok
[INFO] [stdout] test types::resource_view::tests::section_set_contains_only_its_members ... ok
[INFO] [stdout] test types::resource_view::tests::section_set_csv_round_trips_and_the_empty_set_is_absent ... ok
[INFO] [stdout] test types::reconcile::tests::outcome_default_is_all_zero ... ok
[INFO] [stdout] test types::relationship_events::tests::target_endpoint_resource_round_trips ... ok
[INFO] [stdout] test types::reconcile::tests::request_carries_optional_telos ... ok
[INFO] [stdout] test types::resource_view::tests::anchor_is_id_not_resource_id ... ok
[INFO] [stdout] test types::resource_grant::tests::resource_grant_body_roundtrips ... ok
[INFO] [stdout] test types::resource_view::tests::the_list_door_refuses_body_and_names_only_what_it_accepts ... ok
[INFO] [stdout] test types::resource_view::tests::unknown_section_name_is_rejected_naming_the_valid_set ... ok
[INFO] [stdout] test types::resource_view::tests::ref_serializes_under_the_bare_name ... ok
[INFO] [stdout] test types::resource_view::tests::section_names_are_kebab_case ... ok
[INFO] [stdout] test types::slack::idp_revocation_tests::as_str_matches_the_serde_rename ... ok
[INFO] [stdout] test types::reconcile::tests::create_outcome_round_trips ... ok
[INFO] [stdout] test types::vault::tests::test_frontmatter_with_ingestion_source ... ok
[INFO] [stdout] test types::query::validate::tests::precomputed_vectors_are_not_charged_against_the_embed_budget ... ok
[INFO] [stdout] test types::reconcile::tests::request_round_trips_through_json ... ok
[INFO] [stdout] test types::upload::tests::test_upload_processing_status_serde ... ok
[INFO] [stdout] test types::vault::tests::test_ingestion_source_url_serde ... ok
[INFO] [stdout] test types::resource_view::tests::no_workflow_field_is_hoisted ... ok
[INFO] [stdout] test types::resource_view::tests::the_show_door_refuses_edges_and_names_only_what_it_serves ... ok
[INFO] [stdout] test types::resource_view::tests::the_show_door_still_accepts_every_section ... ok
[INFO] [stdout] test types::vault::tests::test_ingestion_source_file_serde ... ok
[INFO] [stdout] test types::vault::tests::test_frontmatter_yaml_roundtrip ... ok
[INFO] [stdout] test types::upload::tests::test_upload_response_serde ... ok
[INFO] [stdout] test types::vault_config::tests::full_config_round_trips ... ok
[INFO] [stdout] test types::vault_config::tests::default_serializes_to_empty_object ... ok
[INFO] [stdout] test types::resource_view::tests::managed_meta_is_always_present ... ok
[INFO] [stdout] test types::vault_config::tests::empty_json_deserializes_to_default ... ok
[INFO] [stdout] test types::vault_config::tests::resolved_owner_uses_explicit_owner ... ok
[INFO] [stdout] test types::vault_config::tests::resolved_owner_defaults_to_at_me ... ok
[INFO] [stdout] test types::vault::tests::test_vault_add_result_serde ... ok
[INFO] [stdout] test types::vault_config::tests::resolved_owner_falls_back_to_team ... ok
[INFO] [stdout] test types::workflow_job::cap_tests::a_cap_past_i32_is_clamped_to_the_ceiling_not_wrapped ... ok
[INFO] [stdout] test types::workflow_job::cap_tests::a_non_positive_cap_is_clamped_to_one ... ok
[INFO] [stdout] test types::vault_config::tests::subscription_skips_none_fields ... ok
[INFO] [stdout] test types::workflow_job::cap_tests::an_in_range_cap_and_the_default_pass_through ... ok
[INFO] [stdout] test validation::tests::rejects_empty ... ok
[INFO] [stdout] test validation::tests::rejects_empty_handle ... ok
[INFO] [stdout] test validation::tests::rejects_uppercase ... ok
[INFO] [stdout] test validation::tests::rejects_handle_starting_with_hyphen ... ok
[INFO] [stdout] test validation::tests::valid_personal_owner ... ok
[INFO] [stdout] test validation::tests::rejects_no_sigil ... ok
[INFO] [stdout] test validation::tests::valid_team_owner ... ok
[INFO] [stdout] test types::query::validate::tests::a_long_list_of_undeclared_names_yields_a_bounded_refusal_list ... ok
[INFO] [stdout] 
[INFO] [stdout] test result: ok. 479 passed; 0 failed; 0 ignored; 0 measured; 0 filtered out; finished in 0.19s
[INFO] [stdout] 
[INFO] [stderr]      Running tests/act_door_coverage_reachability.rs (/opt/rustwide/target/debug/build/temperkb-core/64aebc6a8d5a7b82/out/act_door_coverage_reachability-64aebc6a8d5a7b82)
[INFO] [stdout] 
[INFO] [stdout] running 8 tests
[INFO] [stdout] test the_shared_params_doors_declare_exactly_the_terms_that_type_carries ... ok
[INFO] [stdout] test the_shared_params_doors_declare_exactly_the_bound_kinds_that_type_carries ... ok
[INFO] [stdout] test the_sqlx_cache_never_contradicts_the_source_scan ... FAILED
[INFO] [stdout] test the_two_oracles_disagree_exactly_where_the_vector_cast_forces_it ... FAILED
[INFO] [stdout] test every_declared_reach_has_a_production_call_site ... FAILED
[INFO] [stdout] test the_cells_tier_one_cannot_discriminate_are_exactly_these ... FAILED
[INFO] [stdout] test the_partition_between_production_and_test_sources_is_load_bearing ... FAILED
[INFO] [stdout] test the_scanner_separates_live_mechanics_from_names_that_merely_appear ... FAILED
[INFO] [stdout] 
[INFO] [stdout] failures:
[INFO] [stdout] 
[INFO] [stdout] ---- the_sqlx_cache_never_contradicts_the_source_scan stdout ----
[INFO] [stdout] 
[INFO] [stdout] thread 'the_sqlx_cache_never_contradicts_the_source_scan' (2261) panicked at tests/act_door_coverage_reachability.rs:147:41:
[INFO] [stdout] crates/ is readable: Os { code: 2, kind: NotFound, message: "No such file or directory" }
[INFO] [stdout] stack backtrace:
[INFO] [stdout]    0:     0x647cd24c0851 - std[617be2ca0a6fd877]::backtrace_rs::backtrace::libunwind::trace
[INFO] [stdout]                                at /rustc/e3feeb59cd1bdd011a2bfcc0747b55125d9b8527/library/std/src/../../backtrace/src/backtrace/libunwind.rs:117:9
[INFO] [stdout]    1:     0x647cd24c0851 - std[617be2ca0a6fd877]::backtrace_rs::backtrace::trace_unsynchronized::<std[617be2ca0a6fd877]::sys::backtrace::_print_fmt::{closure#1}>
[INFO] [stdout]                                at /rustc/e3feeb59cd1bdd011a2bfcc0747b55125d9b8527/library/std/src/../../backtrace/src/backtrace/mod.rs:66:14
[INFO] [stdout]    2:     0x647cd24c0851 - std[617be2ca0a6fd877]::sys::backtrace::_print_fmt
[INFO] [stdout]                                at /rustc/e3feeb59cd1bdd011a2bfcc0747b55125d9b8527/library/std/src/sys/backtrace.rs:74:9
[INFO] [stdout]    3:     0x647cd24c0851 - <<std[617be2ca0a6fd877]::sys::backtrace::BacktraceLock>::print::DisplayBacktrace as core[a373ad73a504971]::fmt::Display>::fmt
[INFO] [stdout]                                at /rustc/e3feeb59cd1bdd011a2bfcc0747b55125d9b8527/library/std/src/sys/backtrace.rs:44:26
[INFO] [stdout]    4:     0x647cd24d57fa - <core[a373ad73a504971]::fmt::rt::Argument>::fmt
[INFO] [stdout]                                at /rustc/e3feeb59cd1bdd011a2bfcc0747b55125d9b8527/library/core/src/fmt/rt.rs:152:76
[INFO] [stdout]    5:     0x647cd24d57fa - core[a373ad73a504971]::fmt::write
[INFO] [stdout]    6:     0x647cd24c4d5c - core[a373ad73a504971]::io::write::default_write_fmt::<alloc[2e1b2a31b91974c5]::vec::Vec<u8>>
[INFO] [stdout]                                at /rustc/e3feeb59cd1bdd011a2bfcc0747b55125d9b8527/library/core/src/io/write.rs:402:11
[INFO] [stdout]    7:     0x647cd24c4d5c - <alloc[2e1b2a31b91974c5]::vec::Vec<u8> as core[a373ad73a504971]::io::write::Write>::write_fmt
[INFO] [stdout]                                at /rustc/e3feeb59cd1bdd011a2bfcc0747b55125d9b8527/library/core/src/io/write.rs:335:13
[INFO] [stdout]    8:     0x647cd249bef6 - <std[617be2ca0a6fd877]::sys::backtrace::BacktraceLock>::print
[INFO] [stdout]                                at /rustc/e3feeb59cd1bdd011a2bfcc0747b55125d9b8527/library/std/src/sys/backtrace.rs:47:9
[INFO] [stdout]    9:     0x647cd249bef6 - std[617be2ca0a6fd877]::panicking::default_hook::{closure#0}
[INFO] [stdout]                                at /rustc/e3feeb59cd1bdd011a2bfcc0747b55125d9b8527/library/std/src/panicking.rs:289:27
[INFO] [stdout]   10:     0x647cd24b8979 - std[617be2ca0a6fd877]::panicking::default_hook
[INFO] [stdout]                                at /rustc/e3feeb59cd1bdd011a2bfcc0747b55125d9b8527/library/std/src/panicking.rs:313:9
[INFO] [stdout]   11:     0x647cd23eac80 - <alloc[2e1b2a31b91974c5]::boxed::Box<dyn for<'a, 'b> core[a373ad73a504971]::ops::function::Fn<(&'a std[617be2ca0a6fd877]::panic::PanicHookInfo<'b>,), Output = ()> + core[a373ad73a504971]::marker::Sync + core[a373ad73a504971]::marker::Send> as core[a373ad73a504971]::ops::function::Fn<(&std[617be2ca0a6fd877]::panic::PanicHookInfo,)>>::call
[INFO] [stdout]                                at /rustc/e3feeb59cd1bdd011a2bfcc0747b55125d9b8527/library/alloc/src/boxed.rs:2328:9
[INFO] [stdout]   12:     0x647cd23eac80 - test[aada8e7e76ba119b]::test_main_inner::{closure#0}
[INFO] [stdout]                                at /rustc/e3feeb59cd1bdd011a2bfcc0747b55125d9b8527/library/test/src/lib.rs:137:21
[INFO] [stdout]   13:     0x647cd24b8b32 - <alloc[2e1b2a31b91974c5]::boxed::Box<dyn for<'a, 'b> core[a373ad73a504971]::ops::function::Fn<(&'a std[617be2ca0a6fd877]::panic::PanicHookInfo<'b>,), Output = ()> + core[a373ad73a504971]::marker::Sync + core[a373ad73a504971]::marker::Send> as core[a373ad73a504971]::ops::function::Fn<(&std[617be2ca0a6fd877]::panic::PanicHookInfo,)>>::call
[INFO] [stdout]                                at /rustc/e3feeb59cd1bdd011a2bfcc0747b55125d9b8527/library/alloc/src/boxed.rs:2328:9
[INFO] [stdout]   14:     0x647cd24b8b32 - std[617be2ca0a6fd877]::panicking::panic_with_hook
[INFO] [stdout]                                at /rustc/e3feeb59cd1bdd011a2bfcc0747b55125d9b8527/library/std/src/panicking.rs:819:13
[INFO] [stdout]   15:     0x647cd249bfa2 - std[617be2ca0a6fd877]::panicking::panic_handler::{closure#0}
[INFO] [stdout]                                at /rustc/e3feeb59cd1bdd011a2bfcc0747b55125d9b8527/library/std/src/panicking.rs:685:13
[INFO] [stdout]   16:     0x647cd2494a89 - std[617be2ca0a6fd877]::sys::backtrace::__rust_end_short_backtrace::<std[617be2ca0a6fd877]::panicking::panic_handler::{closure#0}, !>
[INFO] [stdout]                                at /rustc/e3feeb59cd1bdd011a2bfcc0747b55125d9b8527/library/std/src/sys/backtrace.rs:182:18
[INFO] [stdout]   17:     0x647cd249cbad - __rustc[ea4f61d10b84890b]::rust_begin_unwind
[INFO] [stdout]                                at /rustc/e3feeb59cd1bdd011a2bfcc0747b55125d9b8527/library/std/src/panicking.rs:676:5
[INFO] [stdout]   18:     0x647cd24d5fec - core[a373ad73a504971]::panicking::panic_fmt
[INFO] [stdout]                                at /rustc/e3feeb59cd1bdd011a2bfcc0747b55125d9b8527/library/core/src/panicking.rs:80:14
[INFO] [stdout]   19:     0x647cd24d5d42 - core[a373ad73a504971]::result::unwrap_failed
[INFO] [stdout]                                at /rustc/e3feeb59cd1bdd011a2bfcc0747b55125d9b8527/library/core/src/result.rs:1870:5
[INFO] [stdout]   20:     0x647cd23caa58 - <core[a373ad73a504971]::result::Result<std[617be2ca0a6fd877]::fs::ReadDir, core[a373ad73a504971]::io::error::Error>>::expect
[INFO] [stdout]                                at /rustc/e3feeb59cd1bdd011a2bfcc0747b55125d9b8527/library/core/src/result.rs:1184:23
[INFO] [stdout]   21:     0x647cd23bce48 - act_door_coverage_reachability[fdef56a79611f3b3]::rs_files_under
[INFO] [stdout]                                at /opt/rustwide/workdir/tests/act_door_coverage_reachability.rs:147:41
[INFO] [stdout]   22:     0x647cd23bd7b9 - act_door_coverage_reachability[fdef56a79611f3b3]::production_files
[INFO] [stdout]                                at /opt/rustwide/workdir/tests/act_door_coverage_reachability.rs:222:5
[INFO] [stdout]   23:     0x647cd23be221 - act_door_coverage_reachability[fdef56a79611f3b3]::the_sqlx_cache_never_contradicts_the_source_scan
[INFO] [stdout]                                at /opt/rustwide/workdir/tests/act_door_coverage_reachability.rs:317:16
[INFO] [stdout]   24:     0x647cd23bbef7 - act_door_coverage_reachability[fdef56a79611f3b3]::the_sqlx_cache_never_contradicts_the_source_scan::{closure#0}
[INFO] [stdout]                                at /opt/rustwide/workdir/tests/act_door_coverage_reachability.rs:316:54
[INFO] [stdout]   25:     0x647cd23ba2e6 - <act_door_coverage_reachability[fdef56a79611f3b3]::the_sqlx_cache_never_contradicts_the_source_scan::{closure#0} as core[a373ad73a504971]::ops::function::FnOnce<()>>::call_once
[INFO] [stdout]                                at /rustc/e3feeb59cd1bdd011a2bfcc0747b55125d9b8527/library/core/src/ops/function.rs:250:5
[INFO] [stdout]   26:     0x647cd23de0cb - <fn() -> core[a373ad73a504971]::result::Result<(), alloc[2e1b2a31b91974c5]::string::String> as core[a373ad73a504971]::ops::function::FnOnce<()>>::call_once
[INFO] [stdout]                                at /rustc/e3feeb59cd1bdd011a2bfcc0747b55125d9b8527/library/core/src/ops/function.rs:250:5
[INFO] [stdout]   27:     0x647cd23de0cb - test[aada8e7e76ba119b]::__rust_begin_short_backtrace::<core[a373ad73a504971]::result::Result<(), alloc[2e1b2a31b91974c5]::string::String>, fn() -> core[a373ad73a504971]::result::Result<(), alloc[2e1b2a31b91974c5]::string::String>>
[INFO] [stdout]                                at /rustc/e3feeb59cd1bdd011a2bfcc0747b55125d9b8527/library/test/src/lib.rs:701:18
[INFO] [stdout]   28:     0x647cd23eb2a5 - test[aada8e7e76ba119b]::run_test_in_process::{closure#0}
[INFO] [stdout]                                at /rustc/e3feeb59cd1bdd011a2bfcc0747b55125d9b8527/library/test/src/lib.rs:724:74
[INFO] [stdout]   29:     0x647cd23eb2a5 - <core[a373ad73a504971]::panic::unwind_safe::AssertUnwindSafe<test[aada8e7e76ba119b]::run_test_in_process::{closure#0}> as core[a373ad73a504971]::ops::function::FnOnce<()>>::call_once
[INFO] [stdout]                                at /rustc/e3feeb59cd1bdd011a2bfcc0747b55125d9b8527/library/core/src/panic/unwind_safe.rs:275:9
[INFO] [stdout]   30:     0x647cd23eb2a5 - std[617be2ca0a6fd877]::panicking::catch_unwind::do_call::<core[a373ad73a504971]::panic::unwind_safe::AssertUnwindSafe<test[aada8e7e76ba119b]::run_test_in_process::{closure#0}>, core[a373ad73a504971]::result::Result<(), alloc[2e1b2a31b91974c5]::string::String>>
[INFO] [stdout]                                at /rustc/e3feeb59cd1bdd011a2bfcc0747b55125d9b8527/library/std/src/panicking.rs:573:43
[INFO] [stdout]   31:     0x647cd23eb2a5 - std[617be2ca0a6fd877]::panicking::catch_unwind::<core[a373ad73a504971]::result::Result<(), alloc[2e1b2a31b91974c5]::string::String>, core[a373ad73a504971]::panic::unwind_safe::AssertUnwindSafe<test[aada8e7e76ba119b]::run_test_in_process::{closure#0}>>
[INFO] [stdout]                                at /rustc/e3feeb59cd1bdd011a2bfcc0747b55125d9b8527/library/std/src/panicking.rs:541:19
[INFO] [stdout]   32:     0x647cd23eb2a5 - std[617be2ca0a6fd877]::panic::catch_unwind::<core[a373ad73a504971]::panic::unwind_safe::AssertUnwindSafe<test[aada8e7e76ba119b]::run_test_in_process::{closure#0}>, core[a373ad73a504971]::result::Result<(), alloc[2e1b2a31b91974c5]::string::String>>
[INFO] [stdout]                                at /rustc/e3feeb59cd1bdd011a2bfcc0747b55125d9b8527/library/std/src/panic.rs:359:14
[INFO] [stdout]   33:     0x647cd23eb2a5 - test[aada8e7e76ba119b]::run_test_in_process
[INFO] [stdout]                                at /rustc/e3feeb59cd1bdd011a2bfcc0747b55125d9b8527/library/test/src/lib.rs:724:27
[INFO] [stdout]   34:     0x647cd23eb2a5 - test[aada8e7e76ba119b]::run_test::{closure#0}
[INFO] [stdout]                                at /rustc/e3feeb59cd1bdd011a2bfcc0747b55125d9b8527/library/test/src/lib.rs:645:43
[INFO] [stdout]   35:     0x647cd23e4b94 - test[aada8e7e76ba119b]::run_test::{closure#1}
[INFO] [stdout]                                at /rustc/e3feeb59cd1bdd011a2bfcc0747b55125d9b8527/library/test/src/lib.rs:675:41
[INFO] [stdout]   36:     0x647cd23e4b94 - std[617be2ca0a6fd877]::sys::backtrace::__rust_begin_short_backtrace::<test[aada8e7e76ba119b]::run_test::{closure#1}, ()>
[INFO] [stdout]                                at /rustc/e3feeb59cd1bdd011a2bfcc0747b55125d9b8527/library/std/src/sys/backtrace.rs:166:18
[INFO] [stdout]   37:     0x647cd23ee332 - std[617be2ca0a6fd877]::thread::lifecycle::spawn_unchecked::<test[aada8e7e76ba119b]::run_test::{closure#1}, ()>::{closure#1}::{closure#0}
[INFO] [stdout]                                at /rustc/e3feeb59cd1bdd011a2bfcc0747b55125d9b8527/library/std/src/thread/lifecycle.rs:70:13
[INFO] [stdout]   38:     0x647cd23ee332 - <core[a373ad73a504971]::panic::unwind_safe::AssertUnwindSafe<std[617be2ca0a6fd877]::thread::lifecycle::spawn_unchecked<test[aada8e7e76ba119b]::run_test::{closure#1}, ()>::{closure#1}::{closure#0}> as core[a373ad73a504971]::ops::function::FnOnce<()>>::call_once
[INFO] [stdout]                                at /rustc/e3feeb59cd1bdd011a2bfcc0747b55125d9b8527/library/core/src/panic/unwind_safe.rs:275:9
[INFO] [stdout]   39:     0x647cd23ee332 - std[617be2ca0a6fd877]::panicking::catch_unwind::do_call::<core[a373ad73a504971]::panic::unwind_safe::AssertUnwindSafe<std[617be2ca0a6fd877]::thread::lifecycle::spawn_unchecked<test[aada8e7e76ba119b]::run_test::{closure#1}, ()>::{closure#1}::{closure#0}>, ()>
[INFO] [stdout]                                at /rustc/e3feeb59cd1bdd011a2bfcc0747b55125d9b8527/library/std/src/panicking.rs:573:43
[INFO] [stdout]   40:     0x647cd23ee332 - std[617be2ca0a6fd877]::panicking::catch_unwind::<(), core[a373ad73a504971]::panic::unwind_safe::AssertUnwindSafe<std[617be2ca0a6fd877]::thread::lifecycle::spawn_unchecked<test[aada8e7e76ba119b]::run_test::{closure#1}, ()>::{closure#1}::{closure#0}>>
[INFO] [stdout]                                at /rustc/e3feeb59cd1bdd011a2bfcc0747b55125d9b8527/library/std/src/panicking.rs:541:19
[INFO] [stdout]   41:     0x647cd23ee332 - std[617be2ca0a6fd877]::panic::catch_unwind::<core[a373ad73a504971]::panic::unwind_safe::AssertUnwindSafe<std[617be2ca0a6fd877]::thread::lifecycle::spawn_unchecked<test[aada8e7e76ba119b]::run_test::{closure#1}, ()>::{closure#1}::{closure#0}>, ()>
[INFO] [stdout]                                at /rustc/e3feeb59cd1bdd011a2bfcc0747b55125d9b8527/library/std/src/panic.rs:359:14
[INFO] [stdout]   42:     0x647cd23ee332 - std[617be2ca0a6fd877]::thread::lifecycle::spawn_unchecked::<test[aada8e7e76ba119b]::run_test::{closure#1}, ()>::{closure#1}
[INFO] [stdout]                                at /rustc/e3feeb59cd1bdd011a2bfcc0747b55125d9b8527/library/std/src/thread/lifecycle.rs:68:26
[INFO] [stdout]   43:     0x647cd23ee332 - <std[617be2ca0a6fd877]::thread::lifecycle::spawn_unchecked<test[aada8e7e76ba119b]::run_test::{closure#1}, ()>::{closure#1} as core[a373ad73a504971]::ops::function::FnOnce<()>>::call_once::{shim:vtable#0}
[INFO] [stdout]                                at /rustc/e3feeb59cd1bdd011a2bfcc0747b55125d9b8527/library/core/src/ops/function.rs:250:5
[INFO] [stdout]   44:     0x647cd24bfd4f - <alloc[2e1b2a31b91974c5]::boxed::Box<dyn core[a373ad73a504971]::ops::function::FnOnce<(), Output = ()> + core[a373ad73a504971]::marker::Send> as core[a373ad73a504971]::ops::function::FnOnce<()>>::call_once
[INFO] [stdout]                                at /rustc/e3feeb59cd1bdd011a2bfcc0747b55125d9b8527/library/alloc/src/boxed.rs:2314:9
[INFO] [stdout]   45:     0x647cd24bfd4f - <std[617be2ca0a6fd877]::sys::thread::unix::Thread>::new::thread_start
[INFO] [stdout]                                at /rustc/e3feeb59cd1bdd011a2bfcc0747b55125d9b8527/library/std/src/sys/thread/unix.rs:127:17
[INFO] [stdout]   46:     0x7b1e363eddfa - <unknown>
[INFO] [stdout]   47:     0x7b1e364813d4 - clone
[INFO] [stdout]   48:                0x0 - <unknown>
[INFO] [stdout] 
[INFO] [stdout] ---- the_two_oracles_disagree_exactly_where_the_vector_cast_forces_it stdout ----
[INFO] [stdout] 
[INFO] [stdout] thread 'the_two_oracles_disagree_exactly_where_the_vector_cast_forces_it' (2262) panicked at tests/act_door_coverage_reachability.rs:147:41:
[INFO] [stdout] crates/ is readable: Os { code: 2, kind: NotFound, message: "No such file or directory" }
[INFO] [stdout] stack backtrace:
[INFO] [stdout]    0:     0x647cd24c0851 - std[617be2ca0a6fd877]::backtrace_rs::backtrace::libunwind::trace
[INFO] [stdout]                                at /rustc/e3feeb59cd1bdd011a2bfcc0747b55125d9b8527/library/std/src/../../backtrace/src/backtrace/libunwind.rs:117:9
[INFO] [stdout]    1:     0x647cd24c0851 - std[617be2ca0a6fd877]::backtrace_rs::backtrace::trace_unsynchronized::<std[617be2ca0a6fd877]::sys::backtrace::_print_fmt::{closure#1}>
[INFO] [stdout]                                at /rustc/e3feeb59cd1bdd011a2bfcc0747b55125d9b8527/library/std/src/../../backtrace/src/backtrace/mod.rs:66:14
[INFO] [stdout]    2:     0x647cd24c0851 - std[617be2ca0a6fd877]::sys::backtrace::_print_fmt
[INFO] [stdout]                                at /rustc/e3feeb59cd1bdd011a2bfcc0747b55125d9b8527/library/std/src/sys/backtrace.rs:74:9
[INFO] [stdout]    3:     0x647cd24c0851 - <<std[617be2ca0a6fd877]::sys::backtrace::BacktraceLock>::print::DisplayBacktrace as core[a373ad73a504971]::fmt::Display>::fmt
[INFO] [stdout]                                at /rustc/e3feeb59cd1bdd011a2bfcc0747b55125d9b8527/library/std/src/sys/backtrace.rs:44:26
[INFO] [stdout]    4:     0x647cd24d57fa - <core[a373ad73a504971]::fmt::rt::Argument>::fmt
[INFO] [stdout]                                at /rustc/e3feeb59cd1bdd011a2bfcc0747b55125d9b8527/library/core/src/fmt/rt.rs:152:76
[INFO] [stdout]    5:     0x647cd24d57fa - core[a373ad73a504971]::fmt::write
[INFO] [stdout]    6:     0x647cd24c4d5c - core[a373ad73a504971]::io::write::default_write_fmt::<alloc[2e1b2a31b91974c5]::vec::Vec<u8>>
[INFO] [stdout]                                at /rustc/e3feeb59cd1bdd011a2bfcc0747b55125d9b8527/library/core/src/io/write.rs:402:11
[INFO] [stdout]    7:     0x647cd24c4d5c - <alloc[2e1b2a31b91974c5]::vec::Vec<u8> as core[a373ad73a504971]::io::write::Write>::write_fmt
[INFO] [stdout]                                at /rustc/e3feeb59cd1bdd011a2bfcc0747b55125d9b8527/library/core/src/io/write.rs:335:13
[INFO] [stdout]    8:     0x647cd249bef6 - <std[617be2ca0a6fd877]::sys::backtrace::BacktraceLock>::print
[INFO] [stdout]                                at /rustc/e3feeb59cd1bdd011a2bfcc0747b55125d9b8527/library/std/src/sys/backtrace.rs:47:9
[INFO] [stdout]    9:     0x647cd249bef6 - std[617be2ca0a6fd877]::panicking::default_hook::{closure#0}
[INFO] [stdout]                                at /rustc/e3feeb59cd1bdd011a2bfcc0747b55125d9b8527/library/std/src/panicking.rs:289:27
[INFO] [stdout]   10:     0x647cd24b8979 - std[617be2ca0a6fd877]::panicking::default_hook
[INFO] [stdout]                                at /rustc/e3feeb59cd1bdd011a2bfcc0747b55125d9b8527/library/std/src/panicking.rs:313:9
[INFO] [stdout]   11:     0x647cd23eac80 - <alloc[2e1b2a31b91974c5]::boxed::Box<dyn for<'a, 'b> core[a373ad73a504971]::ops::function::Fn<(&'a std[617be2ca0a6fd877]::panic::PanicHookInfo<'b>,), Output = ()> + core[a373ad73a504971]::marker::Sync + core[a373ad73a504971]::marker::Send> as core[a373ad73a504971]::ops::function::Fn<(&std[617be2ca0a6fd877]::panic::PanicHookInfo,)>>::call
[INFO] [stdout]                                at /rustc/e3feeb59cd1bdd011a2bfcc0747b55125d9b8527/library/alloc/src/boxed.rs:2328:9
[INFO] [stdout]   12:     0x647cd23eac80 - test[aada8e7e76ba119b]::test_main_inner::{closure#0}
[INFO] [stdout]                                at /rustc/e3feeb59cd1bdd011a2bfcc0747b55125d9b8527/library/test/src/lib.rs:137:21
[INFO] [stdout]   13:     0x647cd24b8b32 - <alloc[2e1b2a31b91974c5]::boxed::Box<dyn for<'a, 'b> core[a373ad73a504971]::ops::function::Fn<(&'a std[617be2ca0a6fd877]::panic::PanicHookInfo<'b>,), Output = ()> + core[a373ad73a504971]::marker::Sync + core[a373ad73a504971]::marker::Send> as core[a373ad73a504971]::ops::function::Fn<(&std[617be2ca0a6fd877]::panic::PanicHookInfo,)>>::call
[INFO] [stdout]                                at /rustc/e3feeb59cd1bdd011a2bfcc0747b55125d9b8527/library/alloc/src/boxed.rs:2328:9
[INFO] [stdout]   14:     0x647cd24b8b32 - std[617be2ca0a6fd877]::panicking::panic_with_hook
[INFO] [stdout]                                at /rustc/e3feeb59cd1bdd011a2bfcc0747b55125d9b8527/library/std/src/panicking.rs:819:13
[INFO] [stdout]   15:     0x647cd249bfa2 - std[617be2ca0a6fd877]::panicking::panic_handler::{closure#0}
[INFO] [stdout]                                at /rustc/e3feeb59cd1bdd011a2bfcc0747b55125d9b8527/library/std/src/panicking.rs:685:13
[INFO] [stdout]   16:     0x647cd2494a89 - std[617be2ca0a6fd877]::sys::backtrace::__rust_end_short_backtrace::<std[617be2ca0a6fd877]::panicking::panic_handler::{closure#0}, !>
[INFO] [stdout]                                at /rustc/e3feeb59cd1bdd011a2bfcc0747b55125d9b8527/library/std/src/sys/backtrace.rs:182:18
[INFO] [stdout]   17:     0x647cd249cbad - __rustc[ea4f61d10b84890b]::rust_begin_unwind
[INFO] [stdout]                                at /rustc/e3feeb59cd1bdd011a2bfcc0747b55125d9b8527/library/std/src/panicking.rs:676:5
[INFO] [stdout]   18:     0x647cd24d5fec - core[a373ad73a504971]::panicking::panic_fmt
[INFO] [stdout]                                at /rustc/e3feeb59cd1bdd011a2bfcc0747b55125d9b8527/library/core/src/panicking.rs:80:14
[INFO] [stdout]   19:     0x647cd24d5d42 - core[a373ad73a504971]::result::unwrap_failed
[INFO] [stdout]                                at /rustc/e3feeb59cd1bdd011a2bfcc0747b55125d9b8527/library/core/src/result.rs:1870:5
[INFO] [stdout]   20:     0x647cd23caa58 - <core[a373ad73a504971]::result::Result<std[617be2ca0a6fd877]::fs::ReadDir, core[a373ad73a504971]::io::error::Error>>::expect
[INFO] [stdout]                                at /rustc/e3feeb59cd1bdd011a2bfcc0747b55125d9b8527/library/core/src/result.rs:1184:23
[INFO] [stdout]   21:     0x647cd23bce48 - act_door_coverage_reachability[fdef56a79611f3b3]::rs_files_under
[INFO] [stdout]                                at /opt/rustwide/workdir/tests/act_door_coverage_reachability.rs:147:41
[INFO] [stdout]   22:     0x647cd23bd7b9 - act_door_coverage_reachability[fdef56a79611f3b3]::production_files
[INFO] [stdout]                                at /opt/rustwide/workdir/tests/act_door_coverage_reachability.rs:222:5
[INFO] [stdout]   23:     0x647cd23bed91 - act_door_coverage_reachability[fdef56a79611f3b3]::the_two_oracles_disagree_exactly_where_the_vector_cast_forces_it
[INFO] [stdout]                                at /opt/rustwide/workdir/tests/act_door_coverage_reachability.rs:342:16
[INFO] [stdout]   24:     0x647cd23bbf57 - act_door_coverage_reachability[fdef56a79611f3b3]::the_two_oracles_disagree_exactly_where_the_vector_cast_forces_it::{closure#0}
[INFO] [stdout]                                at /opt/rustwide/workdir/tests/act_door_coverage_reachability.rs:341:70
[INFO] [stdout]   25:     0x647cd23ba326 - <act_door_coverage_reachability[fdef56a79611f3b3]::the_two_oracles_disagree_exactly_where_the_vector_cast_forces_it::{closure#0} as core[a373ad73a504971]::ops::function::FnOnce<()>>::call_once
[INFO] [stdout]                                at /rustc/e3feeb59cd1bdd011a2bfcc0747b55125d9b8527/library/core/src/ops/function.rs:250:5
[INFO] [stdout]   26:     0x647cd23de0cb - <fn() -> core[a373ad73a504971]::result::Result<(), alloc[2e1b2a31b91974c5]::string::String> as core[a373ad73a504971]::ops::function::FnOnce<()>>::call_once
[INFO] [stdout]                                at /rustc/e3feeb59cd1bdd011a2bfcc0747b55125d9b8527/library/core/src/ops/function.rs:250:5
[INFO] [stdout]   27:     0x647cd23de0cb - test[aada8e7e76ba119b]::__rust_begin_short_backtrace::<core[a373ad73a504971]::result::Result<(), alloc[2e1b2a31b91974c5]::string::String>, fn() -> core[a373ad73a504971]::result::Result<(), alloc[2e1b2a31b91974c5]::string::String>>
[INFO] [stdout]                                at /rustc/e3feeb59cd1bdd011a2bfcc0747b55125d9b8527/library/test/src/lib.rs:701:18
[INFO] [stdout]   28:     0x647cd23eb2a5 - test[aada8e7e76ba119b]::run_test_in_process::{closure#0}
[INFO] [stdout]                                at /rustc/e3feeb59cd1bdd011a2bfcc0747b55125d9b8527/library/test/src/lib.rs:724:74
[INFO] [stdout]   29:     0x647cd23eb2a5 - <core[a373ad73a504971]::panic::unwind_safe::AssertUnwindSafe<test[aada8e7e76ba119b]::run_test_in_process::{closure#0}> as core[a373ad73a504971]::ops::function::FnOnce<()>>::call_once
[INFO] [stdout]                                at /rustc/e3feeb59cd1bdd011a2bfcc0747b55125d9b8527/library/core/src/panic/unwind_safe.rs:275:9
[INFO] [stdout]   30:     0x647cd23eb2a5 - std[617be2ca0a6fd877]::panicking::catch_unwind::do_call::<core[a373ad73a504971]::panic::unwind_safe::AssertUnwindSafe<test[aada8e7e76ba119b]::run_test_in_process::{closure#0}>, core[a373ad73a504971]::result::Result<(), alloc[2e1b2a31b91974c5]::string::String>>
[INFO] [stdout]                                at /rustc/e3feeb59cd1bdd011a2bfcc0747b55125d9b8527/library/std/src/panicking.rs:573:43
[INFO] [stdout]   31:     0x647cd23eb2a5 - std[617be2ca0a6fd877]::panicking::catch_unwind::<core[a373ad73a504971]::result::Result<(), alloc[2e1b2a31b91974c5]::string::String>, core[a373ad73a504971]::panic::unwind_safe::AssertUnwindSafe<test[aada8e7e76ba119b]::run_test_in_process::{closure#0}>>
[INFO] [stdout]                                at /rustc/e3feeb59cd1bdd011a2bfcc0747b55125d9b8527/library/std/src/panicking.rs:541:19
[INFO] [stdout]   32:     0x647cd23eb2a5 - std[617be2ca0a6fd877]::panic::catch_unwind::<core[a373ad73a504971]::panic::unwind_safe::AssertUnwindSafe<test[aada8e7e76ba119b]::run_test_in_process::{closure#0}>, core[a373ad73a504971]::result::Result<(), alloc[2e1b2a31b91974c5]::string::String>>
[INFO] [stdout]                                at /rustc/e3feeb59cd1bdd011a2bfcc0747b55125d9b8527/library/std/src/panic.rs:359:14
[INFO] [stdout]   33:     0x647cd23eb2a5 - test[aada8e7e76ba119b]::run_test_in_process
[INFO] [stdout]                                at /rustc/e3feeb59cd1bdd011a2bfcc0747b55125d9b8527/library/test/src/lib.rs:724:27
[INFO] [stdout]   34:     0x647cd23eb2a5 - test[aada8e7e76ba119b]::run_test::{closure#0}
[INFO] [stdout]                                at /rustc/e3feeb59cd1bdd011a2bfcc0747b55125d9b8527/library/test/src/lib.rs:645:43
[INFO] [stdout]   35:     0x647cd23e4b94 - test[aada8e7e76ba119b]::run_test::{closure#1}
[INFO] [stdout]                                at /rustc/e3feeb59cd1bdd011a2bfcc0747b55125d9b8527/library/test/src/lib.rs:675:41
[INFO] [stdout]   36:     0x647cd23e4b94 - std[617be2ca0a6fd877]::sys::backtrace::__rust_begin_short_backtrace::<test[aada8e7e76ba119b]::run_test::{closure#1}, ()>
[INFO] [stdout]                                at /rustc/e3feeb59cd1bdd011a2bfcc0747b55125d9b8527/library/std/src/sys/backtrace.rs:166:18
[INFO] [stdout]   37:     0x647cd23ee332 - std[617be2ca0a6fd877]::thread::lifecycle::spawn_unchecked::<test[aada8e7e76ba119b]::run_test::{closure#1}, ()>::{closure#1}::{closure#0}
[INFO] [stdout]                                at /rustc/e3feeb59cd1bdd011a2bfcc0747b55125d9b8527/library/std/src/thread/lifecycle.rs:70:13
[INFO] [stdout]   38:     0x647cd23ee332 - <core[a373ad73a504971]::panic::unwind_safe::AssertUnwindSafe<std[617be2ca0a6fd877]::thread::lifecycle::spawn_unchecked<test[aada8e7e76ba119b]::run_test::{closure#1}, ()>::{closure#1}::{closure#0}> as core[a373ad73a504971]::ops::function::FnOnce<()>>::call_once
[INFO] [stdout]                                at /rustc/e3feeb59cd1bdd011a2bfcc0747b55125d9b8527/library/core/src/panic/unwind_safe.rs:275:9
[INFO] [stdout]   39:     0x647cd23ee332 - std[617be2ca0a6fd877]::panicking::catch_unwind::do_call::<core[a373ad73a504971]::panic::unwind_safe::AssertUnwindSafe<std[617be2ca0a6fd877]::thread::lifecycle::spawn_unchecked<test[aada8e7e76ba119b]::run_test::{closure#1}, ()>::{closure#1}::{closure#0}>, ()>
[INFO] [stdout]                                at /rustc/e3feeb59cd1bdd011a2bfcc0747b55125d9b8527/library/std/src/panicking.rs:573:43
[INFO] [stdout]   40:     0x647cd23ee332 - std[617be2ca0a6fd877]::panicking::catch_unwind::<(), core[a373ad73a504971]::panic::unwind_safe::AssertUnwindSafe<std[617be2ca0a6fd877]::thread::lifecycle::spawn_unchecked<test[aada8e7e76ba119b]::run_test::{closure#1}, ()>::{closure#1}::{closure#0}>>
[INFO] [stdout]                                at /rustc/e3feeb59cd1bdd011a2bfcc0747b55125d9b8527/library/std/src/panicking.rs:541:19
[INFO] [stdout]   41:     0x647cd23ee332 - std[617be2ca0a6fd877]::panic::catch_unwind::<core[a373ad73a504971]::panic::unwind_safe::AssertUnwindSafe<std[617be2ca0a6fd877]::thread::lifecycle::spawn_unchecked<test[aada8e7e76ba119b]::run_test::{closure#1}, ()>::{closure#1}::{closure#0}>, ()>
[INFO] [stdout]                                at /rustc/e3feeb59cd1bdd011a2bfcc0747b55125d9b8527/library/std/src/panic.rs:359:14
[INFO] [stdout]   42:     0x647cd23ee332 - std[617be2ca0a6fd877]::thread::lifecycle::spawn_unchecked::<test[aada8e7e76ba119b]::run_test::{closure#1}, ()>::{closure#1}
[INFO] [stdout]                                at /rustc/e3feeb59cd1bdd011a2bfcc0747b55125d9b8527/library/std/src/thread/lifecycle.rs:68:26
[INFO] [stdout]   43:     0x647cd23ee332 - <std[617be2ca0a6fd877]::thread::lifecycle::spawn_unchecked<test[aada8e7e76ba119b]::run_test::{closure#1}, ()>::{closure#1} as core[a373ad73a504971]::ops::function::FnOnce<()>>::call_once::{shim:vtable#0}
[INFO] [stdout]                                at /rustc/e3feeb59cd1bdd011a2bfcc0747b55125d9b8527/library/core/src/ops/function.rs:250:5
[INFO] [stdout]   44:     0x647cd24bfd4f - <alloc[2e1b2a31b91974c5]::boxed::Box<dyn core[a373ad73a504971]::ops::function::FnOnce<(), Output = ()> + core[a373ad73a504971]::marker::Send> as core[a373ad73a504971]::ops::function::FnOnce<()>>::call_once
[INFO] [stdout]                                at /rustc/e3feeb59cd1bdd011a2bfcc0747b55125d9b8527/library/alloc/src/boxed.rs:2314:9
[INFO] [stdout]   45:     0x647cd24bfd4f - <std[617be2ca0a6fd877]::sys::thread::unix::Thread>::new::thread_start
[INFO] [stdout]                                at /rustc/e3feeb59cd1bdd011a2bfcc0747b55125d9b8527/library/std/src/sys/thread/unix.rs:127:17
[INFO] [stdout]   46:     0x7b1e363eddfa - <unknown>
[INFO] [stdout]   47:     0x7b1e364813d4 - clone
[INFO] [stdout]   48:                0x0 - <unknown>
[INFO] [stdout] 
[INFO] [stdout] ---- every_declared_reach_has_a_production_call_site stdout ----
[INFO] [stdout] 
[INFO] [stdout] thread 'every_declared_reach_has_a_production_call_site' (2255) panicked at tests/act_door_coverage_reachability.rs:147:41:
[INFO] [stdout] crates/ is readable: Os { code: 2, kind: NotFound, message: "No such file or directory" }
[INFO] [stdout] stack backtrace:
[INFO] [stdout]    0:     0x647cd24c0851 - std[617be2ca0a6fd877]::backtrace_rs::backtrace::libunwind::trace
[INFO] [stdout]                                at /rustc/e3feeb59cd1bdd011a2bfcc0747b55125d9b8527/library/std/src/../../backtrace/src/backtrace/libunwind.rs:117:9
[INFO] [stdout]    1:     0x647cd24c0851 - std[617be2ca0a6fd877]::backtrace_rs::backtrace::trace_unsynchronized::<std[617be2ca0a6fd877]::sys::backtrace::_print_fmt::{closure#1}>
[INFO] [stdout]                                at /rustc/e3feeb59cd1bdd011a2bfcc0747b55125d9b8527/library/std/src/../../backtrace/src/backtrace/mod.rs:66:14
[INFO] [stdout]    2:     0x647cd24c0851 - std[617be2ca0a6fd877]::sys::backtrace::_print_fmt
[INFO] [stdout]                                at /rustc/e3feeb59cd1bdd011a2bfcc0747b55125d9b8527/library/std/src/sys/backtrace.rs:74:9
[INFO] [stdout]    3:     0x647cd24c0851 - <<std[617be2ca0a6fd877]::sys::backtrace::BacktraceLock>::print::DisplayBacktrace as core[a373ad73a504971]::fmt::Display>::fmt
[INFO] [stdout]                                at /rustc/e3feeb59cd1bdd011a2bfcc0747b55125d9b8527/library/std/src/sys/backtrace.rs:44:26
[INFO] [stdout]    4:     0x647cd24d57fa - <core[a373ad73a504971]::fmt::rt::Argument>::fmt
[INFO] [stdout]                                at /rustc/e3feeb59cd1bdd011a2bfcc0747b55125d9b8527/library/core/src/fmt/rt.rs:152:76
[INFO] [stdout]    5:     0x647cd24d57fa - core[a373ad73a504971]::fmt::write
[INFO] [stdout]    6:     0x647cd24c4d5c - core[a373ad73a504971]::io::write::default_write_fmt::<alloc[2e1b2a31b91974c5]::vec::Vec<u8>>
[INFO] [stdout]                                at /rustc/e3feeb59cd1bdd011a2bfcc0747b55125d9b8527/library/core/src/io/write.rs:402:11
[INFO] [stdout]    7:     0x647cd24c4d5c - <alloc[2e1b2a31b91974c5]::vec::Vec<u8> as core[a373ad73a504971]::io::write::Write>::write_fmt
[INFO] [stdout]                                at /rustc/e3feeb59cd1bdd011a2bfcc0747b55125d9b8527/library/core/src/io/write.rs:335:13
[INFO] [stdout]    8:     0x647cd249bef6 - <std[617be2ca0a6fd877]::sys::backtrace::BacktraceLock>::print
[INFO] [stdout]                                at /rustc/e3feeb59cd1bdd011a2bfcc0747b55125d9b8527/library/std/src/sys/backtrace.rs:47:9
[INFO] [stdout]    9:     0x647cd249bef6 - std[617be2ca0a6fd877]::panicking::default_hook::{closure#0}
[INFO] [stdout]                                at /rustc/e3feeb59cd1bdd011a2bfcc0747b55125d9b8527/library/std/src/panicking.rs:289:27
[INFO] [stdout]   10:     0x647cd24b8979 - std[617be2ca0a6fd877]::panicking::default_hook
[INFO] [stdout]                                at /rustc/e3feeb59cd1bdd011a2bfcc0747b55125d9b8527/library/std/src/panicking.rs:313:9
[INFO] [stdout]   11:     0x647cd23eac80 - <alloc[2e1b2a31b91974c5]::boxed::Box<dyn for<'a, 'b> core[a373ad73a504971]::ops::function::Fn<(&'a std[617be2ca0a6fd877]::panic::PanicHookInfo<'b>,), Output = ()> + core[a373ad73a504971]::marker::Sync + core[a373ad73a504971]::marker::Send> as core[a373ad73a504971]::ops::function::Fn<(&std[617be2ca0a6fd877]::panic::PanicHookInfo,)>>::call
[INFO] [stdout]                                at /rustc/e3feeb59cd1bdd011a2bfcc0747b55125d9b8527/library/alloc/src/boxed.rs:2328:9
[INFO] [stdout]   12:     0x647cd23eac80 - test[aada8e7e76ba119b]::test_main_inner::{closure#0}
[INFO] [stdout]                                at /rustc/e3feeb59cd1bdd011a2bfcc0747b55125d9b8527/library/test/src/lib.rs:137:21
[INFO] [stdout]   13:     0x647cd24b8b32 - <alloc[2e1b2a31b91974c5]::boxed::Box<dyn for<'a, 'b> core[a373ad73a504971]::ops::function::Fn<(&'a std[617be2ca0a6fd877]::panic::PanicHookInfo<'b>,), Output = ()> + core[a373ad73a504971]::marker::Sync + core[a373ad73a504971]::marker::Send> as core[a373ad73a504971]::ops::function::Fn<(&std[617be2ca0a6fd877]::panic::PanicHookInfo,)>>::call
[INFO] [stdout]                                at /rustc/e3feeb59cd1bdd011a2bfcc0747b55125d9b8527/library/alloc/src/boxed.rs:2328:9
[INFO] [stdout]   14:     0x647cd24b8b32 - std[617be2ca0a6fd877]::panicking::panic_with_hook
[INFO] [stdout]                                at /rustc/e3feeb59cd1bdd011a2bfcc0747b55125d9b8527/library/std/src/panicking.rs:819:13
[INFO] [stdout]   15:     0x647cd249bfa2 - std[617be2ca0a6fd877]::panicking::panic_handler::{closure#0}
[INFO] [stdout]                                at /rustc/e3feeb59cd1bdd011a2bfcc0747b55125d9b8527/library/std/src/panicking.rs:685:13
[INFO] [stdout]   16:     0x647cd2494a89 - std[617be2ca0a6fd877]::sys::backtrace::__rust_end_short_backtrace::<std[617be2ca0a6fd877]::panicking::panic_handler::{closure#0}, !>
[INFO] [stdout]                                at /rustc/e3feeb59cd1bdd011a2bfcc0747b55125d9b8527/library/std/src/sys/backtrace.rs:182:18
[INFO] [stdout]   17:     0x647cd249cbad - __rustc[ea4f61d10b84890b]::rust_begin_unwind
[INFO] [stdout]                                at /rustc/e3feeb59cd1bdd011a2bfcc0747b55125d9b8527/library/std/src/panicking.rs:676:5
[INFO] [stdout]   18:     0x647cd24d5fec - core[a373ad73a504971]::panicking::panic_fmt
[INFO] [stdout]                                at /rustc/e3feeb59cd1bdd011a2bfcc0747b55125d9b8527/library/core/src/panicking.rs:80:14
[INFO] [stdout]   19:     0x647cd24d5d42 - core[a373ad73a504971]::result::unwrap_failed
[INFO] [stdout]                                at /rustc/e3feeb59cd1bdd011a2bfcc0747b55125d9b8527/library/core/src/result.rs:1870:5
[INFO] [stdout]   20:     0x647cd23caa58 - <core[a373ad73a504971]::result::Result<std[617be2ca0a6fd877]::fs::ReadDir, core[a373ad73a504971]::io::error::Error>>::expect
[INFO] [stdout]                                at /rustc/e3feeb59cd1bdd011a2bfcc0747b55125d9b8527/library/core/src/result.rs:1184:23
[INFO] [stdout]   21:     0x647cd23bce48 - act_door_coverage_reachability[fdef56a79611f3b3]::rs_files_under
[INFO] [stdout]                                at /opt/rustwide/workdir/tests/act_door_coverage_reachability.rs:147:41
[INFO] [stdout]   22:     0x647cd23bd7b9 - act_door_coverage_reachability[fdef56a79611f3b3]::production_files
[INFO] [stdout]                                at /opt/rustwide/workdir/tests/act_door_coverage_reachability.rs:222:5
[INFO] [stdout]   23:     0x647cd23bdb1c - act_door_coverage_reachability[fdef56a79611f3b3]::every_declared_reach_has_a_production_call_site
[INFO] [stdout]                                at /opt/rustwide/workdir/tests/act_door_coverage_reachability.rs:244:16
[INFO] [stdout]   24:     0x647cd23bbec7 - act_door_coverage_reachability[fdef56a79611f3b3]::every_declared_reach_has_a_production_call_site::{closure#0}
[INFO] [stdout]                                at /opt/rustwide/workdir/tests/act_door_coverage_reachability.rs:243:53
[INFO] [stdout]   25:     0x647cd23ba2c6 - <act_door_coverage_reachability[fdef56a79611f3b3]::every_declared_reach_has_a_production_call_site::{closure#0} as core[a373ad73a504971]::ops::function::FnOnce<()>>::call_once
[INFO] [stdout]                                at /rustc/e3feeb59cd1bdd011a2bfcc0747b55125d9b8527/library/core/src/ops/function.rs:250:5
[INFO] [stdout]   26:     0x647cd23de0cb - <fn() -> core[a373ad73a504971]::result::Result<(), alloc[2e1b2a31b91974c5]::string::String> as core[a373ad73a504971]::ops::function::FnOnce<()>>::call_once
[INFO] [stdout]                                at /rustc/e3feeb59cd1bdd011a2bfcc0747b55125d9b8527/library/core/src/ops/function.rs:250:5
[INFO] [stdout]   27:     0x647cd23de0cb - test[aada8e7e76ba119b]::__rust_begin_short_backtrace::<core[a373ad73a504971]::result::Result<(), alloc[2e1b2a31b91974c5]::string::String>, fn() -> core[a373ad73a504971]::result::Result<(), alloc[2e1b2a31b91974c5]::string::String>>
[INFO] [stdout]                                at /rustc/e3feeb59cd1bdd011a2bfcc0747b55125d9b8527/library/test/src/lib.rs:701:18
[INFO] [stdout]   28:     0x647cd23eb2a5 - test[aada8e7e76ba119b]::run_test_in_process::{closure#0}
[INFO] [stdout]                                at /rustc/e3feeb59cd1bdd011a2bfcc0747b55125d9b8527/library/test/src/lib.rs:724:74
[INFO] [stdout]   29:     0x647cd23eb2a5 - <core[a373ad73a504971]::panic::unwind_safe::AssertUnwindSafe<test[aada8e7e76ba119b]::run_test_in_process::{closure#0}> as core[a373ad73a504971]::ops::function::FnOnce<()>>::call_once
[INFO] [stdout]                                at /rustc/e3feeb59cd1bdd011a2bfcc0747b55125d9b8527/library/core/src/panic/unwind_safe.rs:275:9
[INFO] [stdout]   30:     0x647cd23eb2a5 - std[617be2ca0a6fd877]::panicking::catch_unwind::do_call::<core[a373ad73a504971]::panic::unwind_safe::AssertUnwindSafe<test[aada8e7e76ba119b]::run_test_in_process::{closure#0}>, core[a373ad73a504971]::result::Result<(), alloc[2e1b2a31b91974c5]::string::String>>
[INFO] [stdout]                                at /rustc/e3feeb59cd1bdd011a2bfcc0747b55125d9b8527/library/std/src/panicking.rs:573:43
[INFO] [stdout]   31:     0x647cd23eb2a5 - std[617be2ca0a6fd877]::panicking::catch_unwind::<core[a373ad73a504971]::result::Result<(), alloc[2e1b2a31b91974c5]::string::String>, core[a373ad73a504971]::panic::unwind_safe::AssertUnwindSafe<test[aada8e7e76ba119b]::run_test_in_process::{closure#0}>>
[INFO] [stdout]                                at /rustc/e3feeb59cd1bdd011a2bfcc0747b55125d9b8527/library/std/src/panicking.rs:541:19
[INFO] [stdout]   32:     0x647cd23eb2a5 - std[617be2ca0a6fd877]::panic::catch_unwind::<core[a373ad73a504971]::panic::unwind_safe::AssertUnwindSafe<test[aada8e7e76ba119b]::run_test_in_process::{closure#0}>, core[a373ad73a504971]::result::Result<(), alloc[2e1b2a31b91974c5]::string::String>>
[INFO] [stdout]                                at /rustc/e3feeb59cd1bdd011a2bfcc0747b55125d9b8527/library/std/src/panic.rs:359:14
[INFO] [stdout]   33:     0x647cd23eb2a5 - test[aada8e7e76ba119b]::run_test_in_process
[INFO] [stdout]                                at /rustc/e3feeb59cd1bdd011a2bfcc0747b55125d9b8527/library/test/src/lib.rs:724:27
[INFO] [stdout]   34:     0x647cd23eb2a5 - test[aada8e7e76ba119b]::run_test::{closure#0}
[INFO] [stdout]                                at /rustc/e3feeb59cd1bdd011a2bfcc0747b55125d9b8527/library/test/src/lib.rs:645:43
[INFO] [stdout]   35:     0x647cd23e4b94 - test[aada8e7e76ba119b]::run_test::{closure#1}
[INFO] [stdout]                                at /rustc/e3feeb59cd1bdd011a2bfcc0747b55125d9b8527/library/test/src/lib.rs:675:41
[INFO] [stdout]   36:     0x647cd23e4b94 - std[617be2ca0a6fd877]::sys::backtrace::__rust_begin_short_backtrace::<test[aada8e7e76ba119b]::run_test::{closure#1}, ()>
[INFO] [stdout]                                at /rustc/e3feeb59cd1bdd011a2bfcc0747b55125d9b8527/library/std/src/sys/backtrace.rs:166:18
[INFO] [stdout]   37:     0x647cd23ee332 - std[617be2ca0a6fd877]::thread::lifecycle::spawn_unchecked::<test[aada8e7e76ba119b]::run_test::{closure#1}, ()>::{closure#1}::{closure#0}
[INFO] [stdout]                                at /rustc/e3feeb59cd1bdd011a2bfcc0747b55125d9b8527/library/std/src/thread/lifecycle.rs:70:13
[INFO] [stdout]   38:     0x647cd23ee332 - <core[a373ad73a504971]::panic::unwind_safe::AssertUnwindSafe<std[617be2ca0a6fd877]::thread::lifecycle::spawn_unchecked<test[aada8e7e76ba119b]::run_test::{closure#1}, ()>::{closure#1}::{closure#0}> as core[a373ad73a504971]::ops::function::FnOnce<()>>::call_once
[INFO] [stdout]                                at /rustc/e3feeb59cd1bdd011a2bfcc0747b55125d9b8527/library/core/src/panic/unwind_safe.rs:275:9
[INFO] [stdout]   39:     0x647cd23ee332 - std[617be2ca0a6fd877]::panicking::catch_unwind::do_call::<core[a373ad73a504971]::panic::unwind_safe::AssertUnwindSafe<std[617be2ca0a6fd877]::thread::lifecycle::spawn_unchecked<test[aada8e7e76ba119b]::run_test::{closure#1}, ()>::{closure#1}::{closure#0}>, ()>
[INFO] [stdout]                                at /rustc/e3feeb59cd1bdd011a2bfcc0747b55125d9b8527/library/std/src/panicking.rs:573:43
[INFO] [stdout]   40:     0x647cd23ee332 - std[617be2ca0a6fd877]::panicking::catch_unwind::<(), core[a373ad73a504971]::panic::unwind_safe::AssertUnwindSafe<std[617be2ca0a6fd877]::thread::lifecycle::spawn_unchecked<test[aada8e7e76ba119b]::run_test::{closure#1}, ()>::{closure#1}::{closure#0}>>
[INFO] [stdout]                                at /rustc/e3feeb59cd1bdd011a2bfcc0747b55125d9b8527/library/std/src/panicking.rs:541:19
[INFO] [stdout]   41:     0x647cd23ee332 - std[617be2ca0a6fd877]::panic::catch_unwind::<core[a373ad73a504971]::panic::unwind_safe::AssertUnwindSafe<std[617be2ca0a6fd877]::thread::lifecycle::spawn_unchecked<test[aada8e7e76ba119b]::run_test::{closure#1}, ()>::{closure#1}::{closure#0}>, ()>
[INFO] [stdout]                                at /rustc/e3feeb59cd1bdd011a2bfcc0747b55125d9b8527/library/std/src/panic.rs:359:14
[INFO] [stdout]   42:     0x647cd23ee332 - std[617be2ca0a6fd877]::thread::lifecycle::spawn_unchecked::<test[aada8e7e76ba119b]::run_test::{closure#1}, ()>::{closure#1}
[INFO] [stdout]                                at /rustc/e3feeb59cd1bdd011a2bfcc0747b55125d9b8527/library/std/src/thread/lifecycle.rs:68:26
[INFO] [stdout]   43:     0x647cd23ee332 - <std[617be2ca0a6fd877]::thread::lifecycle::spawn_unchecked<test[aada8e7e76ba119b]::run_test::{closure#1}, ()>::{closure#1} as core[a373ad73a504971]::ops::function::FnOnce<()>>::call_once::{shim:vtable#0}
[INFO] [stdout]                                at /rustc/e3feeb59cd1bdd011a2bfcc0747b55125d9b8527/library/core/src/ops/function.rs:250:5
[INFO] [stdout]   44:     0x647cd24bfd4f - <alloc[2e1b2a31b91974c5]::boxed::Box<dyn core[a373ad73a504971]::ops::function::FnOnce<(), Output = ()> + core[a373ad73a504971]::marker::Send> as core[a373ad73a504971]::ops::function::FnOnce<()>>::call_once
[INFO] [stdout]                                at /rustc/e3feeb59cd1bdd011a2bfcc0747b55125d9b8527/library/alloc/src/boxed.rs:2314:9
[INFO] [stdout]   45:     0x647cd24bfd4f - <std[617be2ca0a6fd877]::sys::thread::unix::Thread>::new::thread_start
[INFO] [stdout]                                at /rustc/e3feeb59cd1bdd011a2bfcc0747b55125d9b8527/library/std/src/sys/thread/unix.rs:127:17
[INFO] [stdout]   46:     0x7b1e363eddfa - <unknown>
[INFO] [stdout]   47:     0x7b1e364813d4 - clone
[INFO] [stdout]   48:                0x0 - <unknown>
[INFO] [stdout] 
[INFO] [stdout] ---- the_cells_tier_one_cannot_discriminate_are_exactly_these stdout ----
[INFO] [stdout] 
[INFO] [stdout] thread 'the_cells_tier_one_cannot_discriminate_are_exactly_these' (2256) panicked at tests/act_door_coverage_reachability.rs:147:41:
[INFO] [stdout] crates/ is readable: Os { code: 2, kind: NotFound, message: "No such file or directory" }
[INFO] [stdout] stack backtrace:
[INFO] [stdout]    0:     0x647cd24c0851 - std[617be2ca0a6fd877]::backtrace_rs::backtrace::libunwind::trace
[INFO] [stdout]                                at /rustc/e3feeb59cd1bdd011a2bfcc0747b55125d9b8527/library/std/src/../../backtrace/src/backtrace/libunwind.rs:117:9
[INFO] [stdout]    1:     0x647cd24c0851 - std[617be2ca0a6fd877]::backtrace_rs::backtrace::trace_unsynchronized::<std[617be2ca0a6fd877]::sys::backtrace::_print_fmt::{closure#1}>
[INFO] [stdout]                                at /rustc/e3feeb59cd1bdd011a2bfcc0747b55125d9b8527/library/std/src/../../backtrace/src/backtrace/mod.rs:66:14
[INFO] [stdout]    2:     0x647cd24c0851 - std[617be2ca0a6fd877]::sys::backtrace::_print_fmt
[INFO] [stdout]                                at /rustc/e3feeb59cd1bdd011a2bfcc0747b55125d9b8527/library/std/src/sys/backtrace.rs:74:9
[INFO] [stdout]    3:     0x647cd24c0851 - <<std[617be2ca0a6fd877]::sys::backtrace::BacktraceLock>::print::DisplayBacktrace as core[a373ad73a504971]::fmt::Display>::fmt
[INFO] [stdout]                                at /rustc/e3feeb59cd1bdd011a2bfcc0747b55125d9b8527/library/std/src/sys/backtrace.rs:44:26
[INFO] [stdout]    4:     0x647cd24d57fa - <core[a373ad73a504971]::fmt::rt::Argument>::fmt
[INFO] [stdout]                                at /rustc/e3feeb59cd1bdd011a2bfcc0747b55125d9b8527/library/core/src/fmt/rt.rs:152:76
[INFO] [stdout]    5:     0x647cd24d57fa - core[a373ad73a504971]::fmt::write
[INFO] [stdout]    6:     0x647cd24c4d5c - core[a373ad73a504971]::io::write::default_write_fmt::<alloc[2e1b2a31b91974c5]::vec::Vec<u8>>
[INFO] [stdout]                                at /rustc/e3feeb59cd1bdd011a2bfcc0747b55125d9b8527/library/core/src/io/write.rs:402:11
[INFO] [stdout]    7:     0x647cd24c4d5c - <alloc[2e1b2a31b91974c5]::vec::Vec<u8> as core[a373ad73a504971]::io::write::Write>::write_fmt
[INFO] [stdout]                                at /rustc/e3feeb59cd1bdd011a2bfcc0747b55125d9b8527/library/core/src/io/write.rs:335:13
[INFO] [stdout]    8:     0x647cd249bef6 - <std[617be2ca0a6fd877]::sys::backtrace::BacktraceLock>::print
[INFO] [stdout]                                at /rustc/e3feeb59cd1bdd011a2bfcc0747b55125d9b8527/library/std/src/sys/backtrace.rs:47:9
[INFO] [stdout]    9:     0x647cd249bef6 - std[617be2ca0a6fd877]::panicking::default_hook::{closure#0}
[INFO] [stdout]                                at /rustc/e3feeb59cd1bdd011a2bfcc0747b55125d9b8527/library/std/src/panicking.rs:289:27
[INFO] [stdout]   10:     0x647cd24b8979 - std[617be2ca0a6fd877]::panicking::default_hook
[INFO] [stdout]                                at /rustc/e3feeb59cd1bdd011a2bfcc0747b55125d9b8527/library/std/src/panicking.rs:313:9
[INFO] [stdout]   11:     0x647cd23eac80 - <alloc[2e1b2a31b91974c5]::boxed::Box<dyn for<'a, 'b> core[a373ad73a504971]::ops::function::Fn<(&'a std[617be2ca0a6fd877]::panic::PanicHookInfo<'b>,), Output = ()> + core[a373ad73a504971]::marker::Sync + core[a373ad73a504971]::marker::Send> as core[a373ad73a504971]::ops::function::Fn<(&std[617be2ca0a6fd877]::panic::PanicHookInfo,)>>::call
[INFO] [stdout]                                at /rustc/e3feeb59cd1bdd011a2bfcc0747b55125d9b8527/library/alloc/src/boxed.rs:2328:9
[INFO] [stdout]   12:     0x647cd23eac80 - test[aada8e7e76ba119b]::test_main_inner::{closure#0}
[INFO] [stdout]                                at /rustc/e3feeb59cd1bdd011a2bfcc0747b55125d9b8527/library/test/src/lib.rs:137:21
[INFO] [stdout]   13:     0x647cd24b8b32 - <alloc[2e1b2a31b91974c5]::boxed::Box<dyn for<'a, 'b> core[a373ad73a504971]::ops::function::Fn<(&'a std[617be2ca0a6fd877]::panic::PanicHookInfo<'b>,), Output = ()> + core[a373ad73a504971]::marker::Sync + core[a373ad73a504971]::marker::Send> as core[a373ad73a504971]::ops::function::Fn<(&std[617be2ca0a6fd877]::panic::PanicHookInfo,)>>::call
[INFO] [stdout]                                at /rustc/e3feeb59cd1bdd011a2bfcc0747b55125d9b8527/library/alloc/src/boxed.rs:2328:9
[INFO] [stdout]   14:     0x647cd24b8b32 - std[617be2ca0a6fd877]::panicking::panic_with_hook
[INFO] [stdout]                                at /rustc/e3feeb59cd1bdd011a2bfcc0747b55125d9b8527/library/std/src/panicking.rs:819:13
[INFO] [stdout]   15:     0x647cd249bfa2 - std[617be2ca0a6fd877]::panicking::panic_handler::{closure#0}
[INFO] [stdout]                                at /rustc/e3feeb59cd1bdd011a2bfcc0747b55125d9b8527/library/std/src/panicking.rs:685:13
[INFO] [stdout]   16:     0x647cd2494a89 - std[617be2ca0a6fd877]::sys::backtrace::__rust_end_short_backtrace::<std[617be2ca0a6fd877]::panicking::panic_handler::{closure#0}, !>
[INFO] [stdout]                                at /rustc/e3feeb59cd1bdd011a2bfcc0747b55125d9b8527/library/std/src/sys/backtrace.rs:182:18
[INFO] [stdout]   17:     0x647cd249cbad - __rustc[ea4f61d10b84890b]::rust_begin_unwind
[INFO] [stdout]                                at /rustc/e3feeb59cd1bdd011a2bfcc0747b55125d9b8527/library/std/src/panicking.rs:676:5
[INFO] [stdout]   18:     0x647cd24d5fec - core[a373ad73a504971]::panicking::panic_fmt
[INFO] [stdout]                                at /rustc/e3feeb59cd1bdd011a2bfcc0747b55125d9b8527/library/core/src/panicking.rs:80:14
[INFO] [stdout]   19:     0x647cd24d5d42 - core[a373ad73a504971]::result::unwrap_failed
[INFO] [stdout]                                at /rustc/e3feeb59cd1bdd011a2bfcc0747b55125d9b8527/library/core/src/result.rs:1870:5
[INFO] [stdout]   20:     0x647cd23caa58 - <core[a373ad73a504971]::result::Result<std[617be2ca0a6fd877]::fs::ReadDir, core[a373ad73a504971]::io::error::Error>>::expect
[INFO] [stdout]                                at /rustc/e3feeb59cd1bdd011a2bfcc0747b55125d9b8527/library/core/src/result.rs:1184:23
[INFO] [stdout]   21:     0x647cd23bce48 - act_door_coverage_reachability[fdef56a79611f3b3]::rs_files_under
[INFO] [stdout]                                at /opt/rustwide/workdir/tests/act_door_coverage_reachability.rs:147:41
[INFO] [stdout]   22:     0x647cd23bd7b9 - act_door_coverage_reachability[fdef56a79611f3b3]::production_files
[INFO] [stdout]                                at /opt/rustwide/workdir/tests/act_door_coverage_reachability.rs:222:5
[INFO] [stdout]   23:     0x647cd23be5a4 - act_door_coverage_reachability[fdef56a79611f3b3]::the_cells_tier_one_cannot_discriminate_are_exactly_these
[INFO] [stdout]                                at /opt/rustwide/workdir/tests/act_door_coverage_reachability.rs:587:16
[INFO] [stdout]   24:     0x647cd23bbf27 - act_door_coverage_reachability[fdef56a79611f3b3]::the_cells_tier_one_cannot_discriminate_are_exactly_these::{closure#0}
[INFO] [stdout]                                at /opt/rustwide/workdir/tests/act_door_coverage_reachability.rs:586:62
[INFO] [stdout]   25:     0x647cd23ba306 - <act_door_coverage_reachability[fdef56a79611f3b3]::the_cells_tier_one_cannot_discriminate_are_exactly_these::{closure#0} as core[a373ad73a504971]::ops::function::FnOnce<()>>::call_once
[INFO] [stdout]                                at /rustc/e3feeb59cd1bdd011a2bfcc0747b55125d9b8527/library/core/src/ops/function.rs:250:5
[INFO] [stdout]   26:     0x647cd23de0cb - <fn() -> core[a373ad73a504971]::result::Result<(), alloc[2e1b2a31b91974c5]::string::String> as core[a373ad73a504971]::ops::function::FnOnce<()>>::call_once
[INFO] [stdout]                                at /rustc/e3feeb59cd1bdd011a2bfcc0747b55125d9b8527/library/core/src/ops/function.rs:250:5
[INFO] [stdout]   27:     0x647cd23de0cb - test[aada8e7e76ba119b]::__rust_begin_short_backtrace::<core[a373ad73a504971]::result::Result<(), alloc[2e1b2a31b91974c5]::string::String>, fn() -> core[a373ad73a504971]::result::Result<(), alloc[2e1b2a31b91974c5]::string::String>>
[INFO] [stdout]                                at /rustc/e3feeb59cd1bdd011a2bfcc0747b55125d9b8527/library/test/src/lib.rs:701:18
[INFO] [stdout]   28:     0x647cd23eb2a5 - test[aada8e7e76ba119b]::run_test_in_process::{closure#0}
[INFO] [stdout]                                at /rustc/e3feeb59cd1bdd011a2bfcc0747b55125d9b8527/library/test/src/lib.rs:724:74
[INFO] [stdout]   29:     0x647cd23eb2a5 - <core[a373ad73a504971]::panic::unwind_safe::AssertUnwindSafe<test[aada8e7e76ba119b]::run_test_in_process::{closure#0}> as core[a373ad73a504971]::ops::function::FnOnce<()>>::call_once
[INFO] [stdout]                                at /rustc/e3feeb59cd1bdd011a2bfcc0747b55125d9b8527/library/core/src/panic/unwind_safe.rs:275:9
[INFO] [stdout]   30:     0x647cd23eb2a5 - std[617be2ca0a6fd877]::panicking::catch_unwind::do_call::<core[a373ad73a504971]::panic::unwind_safe::AssertUnwindSafe<test[aada8e7e76ba119b]::run_test_in_process::{closure#0}>, core[a373ad73a504971]::result::Result<(), alloc[2e1b2a31b91974c5]::string::String>>
[INFO] [stdout]                                at /rustc/e3feeb59cd1bdd011a2bfcc0747b55125d9b8527/library/std/src/panicking.rs:573:43
[INFO] [stdout]   31:     0x647cd23eb2a5 - std[617be2ca0a6fd877]::panicking::catch_unwind::<core[a373ad73a504971]::result::Result<(), alloc[2e1b2a31b91974c5]::string::String>, core[a373ad73a504971]::panic::unwind_safe::AssertUnwindSafe<test[aada8e7e76ba119b]::run_test_in_process::{closure#0}>>
[INFO] [stdout]                                at /rustc/e3feeb59cd1bdd011a2bfcc0747b55125d9b8527/library/std/src/panicking.rs:541:19
[INFO] [stdout]   32:     0x647cd23eb2a5 - std[617be2ca0a6fd877]::panic::catch_unwind::<core[a373ad73a504971]::panic::unwind_safe::AssertUnwindSafe<test[aada8e7e76ba119b]::run_test_in_process::{closure#0}>, core[a373ad73a504971]::result::Result<(), alloc[2e1b2a31b91974c5]::string::String>>
[INFO] [stdout]                                at /rustc/e3feeb59cd1bdd011a2bfcc0747b55125d9b8527/library/std/src/panic.rs:359:14
[INFO] [stdout]   33:     0x647cd23eb2a5 - test[aada8e7e76ba119b]::run_test_in_process
[INFO] [stdout]                                at /rustc/e3feeb59cd1bdd011a2bfcc0747b55125d9b8527/library/test/src/lib.rs:724:27
[INFO] [stdout]   34:     0x647cd23eb2a5 - test[aada8e7e76ba119b]::run_test::{closure#0}
[INFO] [stdout]                                at /rustc/e3feeb59cd1bdd011a2bfcc0747b55125d9b8527/library/test/src/lib.rs:645:43
[INFO] [stdout]   35:     0x647cd23e4b94 - test[aada8e7e76ba119b]::run_test::{closure#1}
[INFO] [stdout]                                at /rustc/e3feeb59cd1bdd011a2bfcc0747b55125d9b8527/library/test/src/lib.rs:675:41
[INFO] [stdout]   36:     0x647cd23e4b94 - std[617be2ca0a6fd877]::sys::backtrace::__rust_begin_short_backtrace::<test[aada8e7e76ba119b]::run_test::{closure#1}, ()>
[INFO] [stdout]                                at /rustc/e3feeb59cd1bdd011a2bfcc0747b55125d9b8527/library/std/src/sys/backtrace.rs:166:18
[INFO] [stdout]   37:     0x647cd23ee332 - std[617be2ca0a6fd877]::thread::lifecycle::spawn_unchecked::<test[aada8e7e76ba119b]::run_test::{closure#1}, ()>::{closure#1}::{closure#0}
[INFO] [stdout]                                at /rustc/e3feeb59cd1bdd011a2bfcc0747b55125d9b8527/library/std/src/thread/lifecycle.rs:70:13
[INFO] [stdout]   38:     0x647cd23ee332 - <core[a373ad73a504971]::panic::unwind_safe::AssertUnwindSafe<std[617be2ca0a6fd877]::thread::lifecycle::spawn_unchecked<test[aada8e7e76ba119b]::run_test::{closure#1}, ()>::{closure#1}::{closure#0}> as core[a373ad73a504971]::ops::function::FnOnce<()>>::call_once
[INFO] [stdout]                                at /rustc/e3feeb59cd1bdd011a2bfcc0747b55125d9b8527/library/core/src/panic/unwind_safe.rs:275:9
[INFO] [stdout]   39:     0x647cd23ee332 - std[617be2ca0a6fd877]::panicking::catch_unwind::do_call::<core[a373ad73a504971]::panic::unwind_safe::AssertUnwindSafe<std[617be2ca0a6fd877]::thread::lifecycle::spawn_unchecked<test[aada8e7e76ba119b]::run_test::{closure#1}, ()>::{closure#1}::{closure#0}>, ()>
[INFO] [stdout]                                at /rustc/e3feeb59cd1bdd011a2bfcc0747b55125d9b8527/library/std/src/panicking.rs:573:43
[INFO] [stdout]   40:     0x647cd23ee332 - std[617be2ca0a6fd877]::panicking::catch_unwind::<(), core[a373ad73a504971]::panic::unwind_safe::AssertUnwindSafe<std[617be2ca0a6fd877]::thread::lifecycle::spawn_unchecked<test[aada8e7e76ba119b]::run_test::{closure#1}, ()>::{closure#1}::{closure#0}>>
[INFO] [stdout]                                at /rustc/e3feeb59cd1bdd011a2bfcc0747b55125d9b8527/library/std/src/panicking.rs:541:19
[INFO] [stdout]   41:     0x647cd23ee332 - std[617be2ca0a6fd877]::panic::catch_unwind::<core[a373ad73a504971]::panic::unwind_safe::AssertUnwindSafe<std[617be2ca0a6fd877]::thread::lifecycle::spawn_unchecked<test[aada8e7e76ba119b]::run_test::{closure#1}, ()>::{closure#1}::{closure#0}>, ()>
[INFO] [stdout]                                at /rustc/e3feeb59cd1bdd011a2bfcc0747b55125d9b8527/library/std/src/panic.rs:359:14
[INFO] [stdout]   42:     0x647cd23ee332 - std[617be2ca0a6fd877]::thread::lifecycle::spawn_unchecked::<test[aada8e7e76ba119b]::run_test::{closure#1}, ()>::{closure#1}
[INFO] [stdout]                                at /rustc/e3feeb59cd1bdd011a2bfcc0747b55125d9b8527/library/std/src/thread/lifecycle.rs:68:26
[INFO] [stdout]   43:     0x647cd23ee332 - <std[617be2ca0a6fd877]::thread::lifecycle::spawn_unchecked<test[aada8e7e76ba119b]::run_test::{closure#1}, ()>::{closure#1} as core[a373ad73a504971]::ops::function::FnOnce<()>>::call_once::{shim:vtable#0}
[INFO] [stdout]                                at /rustc/e3feeb59cd1bdd011a2bfcc0747b55125d9b8527/library/core/src/ops/function.rs:250:5
[INFO] [stdout]   44:     0x647cd24bfd4f - <alloc[2e1b2a31b91974c5]::boxed::Box<dyn core[a373ad73a504971]::ops::function::FnOnce<(), Output = ()> + core[a373ad73a504971]::marker::Send> as core[a373ad73a504971]::ops::function::FnOnce<()>>::call_once
[INFO] [stdout]                                at /rustc/e3feeb59cd1bdd011a2bfcc0747b55125d9b8527/library/alloc/src/boxed.rs:2314:9
[INFO] [stdout]   45:     0x647cd24bfd4f - <std[617be2ca0a6fd877]::sys::thread::unix::Thread>::new::thread_start
[INFO] [stdout]                                at /rustc/e3feeb59cd1bdd011a2bfcc0747b55125d9b8527/library/std/src/sys/thread/unix.rs:127:17
[INFO] [stdout]   46:     0x7b1e363eddfa - <unknown>
[INFO] [stdout]   47:     0x7b1e364813d4 - clone
[INFO] [stdout]   48:                0x0 - <unknown>
[INFO] [stdout] 
[INFO] [stdout] ---- the_partition_between_production_and_test_sources_is_load_bearing stdout ----
[INFO] [stdout] 
[INFO] [stdout] thread 'the_partition_between_production_and_test_sources_is_load_bearing' (2257) panicked at tests/act_door_coverage_reachability.rs:147:41:
[INFO] [stdout] crates/ is readable: Os { code: 2, kind: NotFound, message: "No such file or directory" }
[INFO] [stdout] stack backtrace:
[INFO] [stdout]    0:     0x647cd24c0851 - std[617be2ca0a6fd877]::backtrace_rs::backtrace::libunwind::trace
[INFO] [stdout]                                at /rustc/e3feeb59cd1bdd011a2bfcc0747b55125d9b8527/library/std/src/../../backtrace/src/backtrace/libunwind.rs:117:9
[INFO] [stdout]    1:     0x647cd24c0851 - std[617be2ca0a6fd877]::backtrace_rs::backtrace::trace_unsynchronized::<std[617be2ca0a6fd877]::sys::backtrace::_print_fmt::{closure#1}>
[INFO] [stdout]                                at /rustc/e3feeb59cd1bdd011a2bfcc0747b55125d9b8527/library/std/src/../../backtrace/src/backtrace/mod.rs:66:14
[INFO] [stdout]    2:     0x647cd24c0851 - std[617be2ca0a6fd877]::sys::backtrace::_print_fmt
[INFO] [stdout]                                at /rustc/e3feeb59cd1bdd011a2bfcc0747b55125d9b8527/library/std/src/sys/backtrace.rs:74:9
[INFO] [stdout]    3:     0x647cd24c0851 - <<std[617be2ca0a6fd877]::sys::backtrace::BacktraceLock>::print::DisplayBacktrace as core[a373ad73a504971]::fmt::Display>::fmt
[INFO] [stdout]                                at /rustc/e3feeb59cd1bdd011a2bfcc0747b55125d9b8527/library/std/src/sys/backtrace.rs:44:26
[INFO] [stdout]    4:     0x647cd24d57fa - <core[a373ad73a504971]::fmt::rt::Argument>::fmt
[INFO] [stdout]                                at /rustc/e3feeb59cd1bdd011a2bfcc0747b55125d9b8527/library/core/src/fmt/rt.rs:152:76
[INFO] [stdout]    5:     0x647cd24d57fa - core[a373ad73a504971]::fmt::write
[INFO] [stdout]    6:     0x647cd24c4d5c - core[a373ad73a504971]::io::write::default_write_fmt::<alloc[2e1b2a31b91974c5]::vec::Vec<u8>>
[INFO] [stdout]                                at /rustc/e3feeb59cd1bdd011a2bfcc0747b55125d9b8527/library/core/src/io/write.rs:402:11
[INFO] [stdout]    7:     0x647cd24c4d5c - <alloc[2e1b2a31b91974c5]::vec::Vec<u8> as core[a373ad73a504971]::io::write::Write>::write_fmt
[INFO] [stdout]                                at /rustc/e3feeb59cd1bdd011a2bfcc0747b55125d9b8527/library/core/src/io/write.rs:335:13
[INFO] [stdout]    8:     0x647cd249bef6 - <std[617be2ca0a6fd877]::sys::backtrace::BacktraceLock>::print
[INFO] [stdout]                                at /rustc/e3feeb59cd1bdd011a2bfcc0747b55125d9b8527/library/std/src/sys/backtrace.rs:47:9
[INFO] [stdout]    9:     0x647cd249bef6 - std[617be2ca0a6fd877]::panicking::default_hook::{closure#0}
[INFO] [stdout]                                at /rustc/e3feeb59cd1bdd011a2bfcc0747b55125d9b8527/library/std/src/panicking.rs:289:27
[INFO] [stdout]   10:     0x647cd24b8979 - std[617be2ca0a6fd877]::panicking::default_hook
[INFO] [stdout]                                at /rustc/e3feeb59cd1bdd011a2bfcc0747b55125d9b8527/library/std/src/panicking.rs:313:9
[INFO] [stdout]   11:     0x647cd23eac80 - <alloc[2e1b2a31b91974c5]::boxed::Box<dyn for<'a, 'b> core[a373ad73a504971]::ops::function::Fn<(&'a std[617be2ca0a6fd877]::panic::PanicHookInfo<'b>,), Output = ()> + core[a373ad73a504971]::marker::Sync + core[a373ad73a504971]::marker::Send> as core[a373ad73a504971]::ops::function::Fn<(&std[617be2ca0a6fd877]::panic::PanicHookInfo,)>>::call
[INFO] [stdout]                                at /rustc/e3feeb59cd1bdd011a2bfcc0747b55125d9b8527/library/alloc/src/boxed.rs:2328:9
[INFO] [stdout]   12:     0x647cd23eac80 - test[aada8e7e76ba119b]::test_main_inner::{closure#0}
[INFO] [stdout]                                at /rustc/e3feeb59cd1bdd011a2bfcc0747b55125d9b8527/library/test/src/lib.rs:137:21
[INFO] [stdout]   13:     0x647cd24b8b32 - <alloc[2e1b2a31b91974c5]::boxed::Box<dyn for<'a, 'b> core[a373ad73a504971]::ops::function::Fn<(&'a std[617be2ca0a6fd877]::panic::PanicHookInfo<'b>,), Output = ()> + core[a373ad73a504971]::marker::Sync + core[a373ad73a504971]::marker::Send> as core[a373ad73a504971]::ops::function::Fn<(&std[617be2ca0a6fd877]::panic::PanicHookInfo,)>>::call
[INFO] [stdout]                                at /rustc/e3feeb59cd1bdd011a2bfcc0747b55125d9b8527/library/alloc/src/boxed.rs:2328:9
[INFO] [stdout]   14:     0x647cd24b8b32 - std[617be2ca0a6fd877]::panicking::panic_with_hook
[INFO] [stdout]                                at /rustc/e3feeb59cd1bdd011a2bfcc0747b55125d9b8527/library/std/src/panicking.rs:819:13
[INFO] [stdout]   15:     0x647cd249bfa2 - std[617be2ca0a6fd877]::panicking::panic_handler::{closure#0}
[INFO] [stdout]                                at /rustc/e3feeb59cd1bdd011a2bfcc0747b55125d9b8527/library/std/src/panicking.rs:685:13
[INFO] [stdout]   16:     0x647cd2494a89 - std[617be2ca0a6fd877]::sys::backtrace::__rust_end_short_backtrace::<std[617be2ca0a6fd877]::panicking::panic_handler::{closure#0}, !>
[INFO] [stdout]                                at /rustc/e3feeb59cd1bdd011a2bfcc0747b55125d9b8527/library/std/src/sys/backtrace.rs:182:18
[INFO] [stdout]   17:     0x647cd249cbad - __rustc[ea4f61d10b84890b]::rust_begin_unwind
[INFO] [stdout]                                at /rustc/e3feeb59cd1bdd011a2bfcc0747b55125d9b8527/library/std/src/panicking.rs:676:5
[INFO] [stdout]   18:     0x647cd24d5fec - core[a373ad73a504971]::panicking::panic_fmt
[INFO] [stdout]                                at /rustc/e3feeb59cd1bdd011a2bfcc0747b55125d9b8527/library/core/src/panicking.rs:80:14
[INFO] [stdout]   19:     0x647cd24d5d42 - core[a373ad73a504971]::result::unwrap_failed
[INFO] [stdout]                                at /rustc/e3feeb59cd1bdd011a2bfcc0747b55125d9b8527/library/core/src/result.rs:1870:5
[INFO] [stdout]   20:     0x647cd23caa58 - <core[a373ad73a504971]::result::Result<std[617be2ca0a6fd877]::fs::ReadDir, core[a373ad73a504971]::io::error::Error>>::expect
[INFO] [stdout]                                at /rustc/e3feeb59cd1bdd011a2bfcc0747b55125d9b8527/library/core/src/result.rs:1184:23
[INFO] [stdout]   21:     0x647cd23bce48 - act_door_coverage_reachability[fdef56a79611f3b3]::rs_files_under
[INFO] [stdout]                                at /opt/rustwide/workdir/tests/act_door_coverage_reachability.rs:147:41
[INFO] [stdout]   22:     0x647cd23bc9a9 - act_door_coverage_reachability[fdef56a79611f3b3]::test_files
[INFO] [stdout]                                at /opt/rustwide/workdir/tests/act_door_coverage_reachability.rs:226:5
[INFO] [stdout]   23:     0x647cd23befbb - act_door_coverage_reachability[fdef56a79611f3b3]::the_partition_between_production_and_test_sources_is_load_bearing
[INFO] [stdout]                                at /opt/rustwide/workdir/tests/act_door_coverage_reachability.rs:372:36
[INFO] [stdout]   24:     0x647cd23bbf87 - act_door_coverage_reachability[fdef56a79611f3b3]::the_partition_between_production_and_test_sources_is_load_bearing::{closure#0}
[INFO] [stdout]                                at /opt/rustwide/workdir/tests/act_door_coverage_reachability.rs:370:71
[INFO] [stdout]   25:     0x647cd23ba346 - <act_door_coverage_reachability[fdef56a79611f3b3]::the_partition_between_production_and_test_sources_is_load_bearing::{closure#0} as core[a373ad73a504971]::ops::function::FnOnce<()>>::call_once
[INFO] [stdout]                                at /rustc/e3feeb59cd1bdd011a2bfcc0747b55125d9b8527/library/core/src/ops/function.rs:250:5
[INFO] [stdout]   26:     0x647cd23de0cb - <fn() -> core[a373ad73a504971]::result::Result<(), alloc[2e1b2a31b91974c5]::string::String> as core[a373ad73a504971]::ops::function::FnOnce<()>>::call_once
[INFO] [stdout]                                at /rustc/e3feeb59cd1bdd011a2bfcc0747b55125d9b8527/library/core/src/ops/function.rs:250:5
[INFO] [stdout]   27:     0x647cd23de0cb - test[aada8e7e76ba119b]::__rust_begin_short_backtrace::<core[a373ad73a504971]::result::Result<(), alloc[2e1b2a31b91974c5]::string::String>, fn() -> core[a373ad73a504971]::result::Result<(), alloc[2e1b2a31b91974c5]::string::String>>
[INFO] [stdout]                                at /rustc/e3feeb59cd1bdd011a2bfcc0747b55125d9b8527/library/test/src/lib.rs:701:18
[INFO] [stdout]   28:     0x647cd23eb2a5 - test[aada8e7e76ba119b]::run_test_in_process::{closure#0}
[INFO] [stdout]                                at /rustc/e3feeb59cd1bdd011a2bfcc0747b55125d9b8527/library/test/src/lib.rs:724:74
[INFO] [stdout]   29:     0x647cd23eb2a5 - <core[a373ad73a504971]::panic::unwind_safe::AssertUnwindSafe<test[aada8e7e76ba119b]::run_test_in_process::{closure#0}> as core[a373ad73a504971]::ops::function::FnOnce<()>>::call_once
[INFO] [stdout]                                at /rustc/e3feeb59cd1bdd011a2bfcc0747b55125d9b8527/library/core/src/panic/unwind_safe.rs:275:9
[INFO] [stdout]   30:     0x647cd23eb2a5 - std[617be2ca0a6fd877]::panicking::catch_unwind::do_call::<core[a373ad73a504971]::panic::unwind_safe::AssertUnwindSafe<test[aada8e7e76ba119b]::run_test_in_process::{closure#0}>, core[a373ad73a504971]::result::Result<(), alloc[2e1b2a31b91974c5]::string::String>>
[INFO] [stdout]                                at /rustc/e3feeb59cd1bdd011a2bfcc0747b55125d9b8527/library/std/src/panicking.rs:573:43
[INFO] [stdout]   31:     0x647cd23eb2a5 - std[617be2ca0a6fd877]::panicking::catch_unwind::<core[a373ad73a504971]::result::Result<(), alloc[2e1b2a31b91974c5]::string::String>, core[a373ad73a504971]::panic::unwind_safe::AssertUnwindSafe<test[aada8e7e76ba119b]::run_test_in_process::{closure#0}>>
[INFO] [stdout]                                at /rustc/e3feeb59cd1bdd011a2bfcc0747b55125d9b8527/library/std/src/panicking.rs:541:19
[INFO] [stdout]   32:     0x647cd23eb2a5 - std[617be2ca0a6fd877]::panic::catch_unwind::<core[a373ad73a504971]::panic::unwind_safe::AssertUnwindSafe<test[aada8e7e76ba119b]::run_test_in_process::{closure#0}>, core[a373ad73a504971]::result::Result<(), alloc[2e1b2a31b91974c5]::string::String>>
[INFO] [stdout]                                at /rustc/e3feeb59cd1bdd011a2bfcc0747b55125d9b8527/library/std/src/panic.rs:359:14
[INFO] [stdout]   33:     0x647cd23eb2a5 - test[aada8e7e76ba119b]::run_test_in_process
[INFO] [stdout]                                at /rustc/e3feeb59cd1bdd011a2bfcc0747b55125d9b8527/library/test/src/lib.rs:724:27
[INFO] [stdout]   34:     0x647cd23eb2a5 - test[aada8e7e76ba119b]::run_test::{closure#0}
[INFO] [stdout]                                at /rustc/e3feeb59cd1bdd011a2bfcc0747b55125d9b8527/library/test/src/lib.rs:645:43
[INFO] [stdout]   35:     0x647cd23e4b94 - test[aada8e7e76ba119b]::run_test::{closure#1}
[INFO] [stdout]                                at /rustc/e3feeb59cd1bdd011a2bfcc0747b55125d9b8527/library/test/src/lib.rs:675:41
[INFO] [stdout]   36:     0x647cd23e4b94 - std[617be2ca0a6fd877]::sys::backtrace::__rust_begin_short_backtrace::<test[aada8e7e76ba119b]::run_test::{closure#1}, ()>
[INFO] [stdout]                                at /rustc/e3feeb59cd1bdd011a2bfcc0747b55125d9b8527/library/std/src/sys/backtrace.rs:166:18
[INFO] [stdout]   37:     0x647cd23ee332 - std[617be2ca0a6fd877]::thread::lifecycle::spawn_unchecked::<test[aada8e7e76ba119b]::run_test::{closure#1}, ()>::{closure#1}::{closure#0}
[INFO] [stdout]                                at /rustc/e3feeb59cd1bdd011a2bfcc0747b55125d9b8527/library/std/src/thread/lifecycle.rs:70:13
[INFO] [stdout]   38:     0x647cd23ee332 - <core[a373ad73a504971]::panic::unwind_safe::AssertUnwindSafe<std[617be2ca0a6fd877]::thread::lifecycle::spawn_unchecked<test[aada8e7e76ba119b]::run_test::{closure#1}, ()>::{closure#1}::{closure#0}> as core[a373ad73a504971]::ops::function::FnOnce<()>>::call_once
[INFO] [stdout]                                at /rustc/e3feeb59cd1bdd011a2bfcc0747b55125d9b8527/library/core/src/panic/unwind_safe.rs:275:9
[INFO] [stdout]   39:     0x647cd23ee332 - std[617be2ca0a6fd877]::panicking::catch_unwind::do_call::<core[a373ad73a504971]::panic::unwind_safe::AssertUnwindSafe<std[617be2ca0a6fd877]::thread::lifecycle::spawn_unchecked<test[aada8e7e76ba119b]::run_test::{closure#1}, ()>::{closure#1}::{closure#0}>, ()>
[INFO] [stdout]                                at /rustc/e3feeb59cd1bdd011a2bfcc0747b55125d9b8527/library/std/src/panicking.rs:573:43
[INFO] [stdout]   40:     0x647cd23ee332 - std[617be2ca0a6fd877]::panicking::catch_unwind::<(), core[a373ad73a504971]::panic::unwind_safe::AssertUnwindSafe<std[617be2ca0a6fd877]::thread::lifecycle::spawn_unchecked<test[aada8e7e76ba119b]::run_test::{closure#1}, ()>::{closure#1}::{closure#0}>>
[INFO] [stdout]                                at /rustc/e3feeb59cd1bdd011a2bfcc0747b55125d9b8527/library/std/src/panicking.rs:541:19
[INFO] [stdout]   41:     0x647cd23ee332 - std[617be2ca0a6fd877]::panic::catch_unwind::<core[a373ad73a504971]::panic::unwind_safe::AssertUnwindSafe<std[617be2ca0a6fd877]::thread::lifecycle::spawn_unchecked<test[aada8e7e76ba119b]::run_test::{closure#1}, ()>::{closure#1}::{closure#0}>, ()>
[INFO] [stdout]                                at /rustc/e3feeb59cd1bdd011a2bfcc0747b55125d9b8527/library/std/src/panic.rs:359:14
[INFO] [stdout]   42:     0x647cd23ee332 - std[617be2ca0a6fd877]::thread::lifecycle::spawn_unchecked::<test[aada8e7e76ba119b]::run_test::{closure#1}, ()>::{closure#1}
[INFO] [stdout]                                at /rustc/e3feeb59cd1bdd011a2bfcc0747b55125d9b8527/library/std/src/thread/lifecycle.rs:68:26
[INFO] [stdout]   43:     0x647cd23ee332 - <std[617be2ca0a6fd877]::thread::lifecycle::spawn_unchecked<test[aada8e7e76ba119b]::run_test::{closure#1}, ()>::{closure#1} as core[a373ad73a504971]::ops::function::FnOnce<()>>::call_once::{shim:vtable#0}
[INFO] [stdout]                                at /rustc/e3feeb59cd1bdd011a2bfcc0747b55125d9b8527/library/core/src/ops/function.rs:250:5
[INFO] [stdout]   44:     0x647cd24bfd4f - <alloc[2e1b2a31b91974c5]::boxed::Box<dyn core[a373ad73a504971]::ops::function::FnOnce<(), Output = ()> + core[a373ad73a504971]::marker::Send> as core[a373ad73a504971]::ops::function::FnOnce<()>>::call_once
[INFO] [stdout]                                at /rustc/e3feeb59cd1bdd011a2bfcc0747b55125d9b8527/library/alloc/src/boxed.rs:2314:9
[INFO] [stdout]   45:     0x647cd24bfd4f - <std[617be2ca0a6fd877]::sys::thread::unix::Thread>::new::thread_start
[INFO] [stdout]                                at /rustc/e3feeb59cd1bdd011a2bfcc0747b55125d9b8527/library/std/src/sys/thread/unix.rs:127:17
[INFO] [stdout]   46:     0x7b1e363eddfa - <unknown>
[INFO] [stdout]   47:     0x7b1e364813d4 - clone
[INFO] [stdout]   48:                0x0 - <unknown>
[INFO] [stdout] 
[INFO] [stdout] ---- the_scanner_separates_live_mechanics_from_names_that_merely_appear stdout ----
[INFO] [stdout] 
[INFO] [stdout] thread 'the_scanner_separates_live_mechanics_from_names_that_merely_appear' (2258) panicked at tests/act_door_coverage_reachability.rs:147:41:
[INFO] [stdout] crates/ is readable: Os { code: 2, kind: NotFound, message: "No such file or directory" }
[INFO] [stdout] stack backtrace:
[INFO] [stdout]    0:     0x647cd24c0851 - std[617be2ca0a6fd877]::backtrace_rs::backtrace::libunwind::trace
[INFO] [stdout]                                at /rustc/e3feeb59cd1bdd011a2bfcc0747b55125d9b8527/library/std/src/../../backtrace/src/backtrace/libunwind.rs:117:9
[INFO] [stdout]    1:     0x647cd24c0851 - std[617be2ca0a6fd877]::backtrace_rs::backtrace::trace_unsynchronized::<std[617be2ca0a6fd877]::sys::backtrace::_print_fmt::{closure#1}>
[INFO] [stdout]                                at /rustc/e3feeb59cd1bdd011a2bfcc0747b55125d9b8527/library/std/src/../../backtrace/src/backtrace/mod.rs:66:14
[INFO] [stdout]    2:     0x647cd24c0851 - std[617be2ca0a6fd877]::sys::backtrace::_print_fmt
[INFO] [stdout]                                at /rustc/e3feeb59cd1bdd011a2bfcc0747b55125d9b8527/library/std/src/sys/backtrace.rs:74:9
[INFO] [stdout]    3:     0x647cd24c0851 - <<std[617be2ca0a6fd877]::sys::backtrace::BacktraceLock>::print::DisplayBacktrace as core[a373ad73a504971]::fmt::Display>::fmt
[INFO] [stdout]                                at /rustc/e3feeb59cd1bdd011a2bfcc0747b55125d9b8527/library/std/src/sys/backtrace.rs:44:26
[INFO] [stdout]    4:     0x647cd24d57fa - <core[a373ad73a504971]::fmt::rt::Argument>::fmt
[INFO] [stdout]                                at /rustc/e3feeb59cd1bdd011a2bfcc0747b55125d9b8527/library/core/src/fmt/rt.rs:152:76
[INFO] [stdout]    5:     0x647cd24d57fa - core[a373ad73a504971]::fmt::write
[INFO] [stdout]    6:     0x647cd24c4d5c - core[a373ad73a504971]::io::write::default_write_fmt::<alloc[2e1b2a31b91974c5]::vec::Vec<u8>>
[INFO] [stdout]                                at /rustc/e3feeb59cd1bdd011a2bfcc0747b55125d9b8527/library/core/src/io/write.rs:402:11
[INFO] [stdout]    7:     0x647cd24c4d5c - <alloc[2e1b2a31b91974c5]::vec::Vec<u8> as core[a373ad73a504971]::io::write::Write>::write_fmt
[INFO] [stdout]                                at /rustc/e3feeb59cd1bdd011a2bfcc0747b55125d9b8527/library/core/src/io/write.rs:335:13
[INFO] [stdout]    8:     0x647cd249bef6 - <std[617be2ca0a6fd877]::sys::backtrace::BacktraceLock>::print
[INFO] [stdout]                                at /rustc/e3feeb59cd1bdd011a2bfcc0747b55125d9b8527/library/std/src/sys/backtrace.rs:47:9
[INFO] [stdout]    9:     0x647cd249bef6 - std[617be2ca0a6fd877]::panicking::default_hook::{closure#0}
[INFO] [stdout]                                at /rustc/e3feeb59cd1bdd011a2bfcc0747b55125d9b8527/library/std/src/panicking.rs:289:27
[INFO] [stdout]   10:     0x647cd24b8979 - std[617be2ca0a6fd877]::panicking::default_hook
[INFO] [stdout]                                at /rustc/e3feeb59cd1bdd011a2bfcc0747b55125d9b8527/library/std/src/panicking.rs:313:9
[INFO] [stdout]   11:     0x647cd23eac80 - <alloc[2e1b2a31b91974c5]::boxed::Box<dyn for<'a, 'b> core[a373ad73a504971]::ops::function::Fn<(&'a std[617be2ca0a6fd877]::panic::PanicHookInfo<'b>,), Output = ()> + core[a373ad73a504971]::marker::Sync + core[a373ad73a504971]::marker::Send> as core[a373ad73a504971]::ops::function::Fn<(&std[617be2ca0a6fd877]::panic::PanicHookInfo,)>>::call
[INFO] [stdout]                                at /rustc/e3feeb59cd1bdd011a2bfcc0747b55125d9b8527/library/alloc/src/boxed.rs:2328:9
[INFO] [stdout]   12:     0x647cd23eac80 - test[aada8e7e76ba119b]::test_main_inner::{closure#0}
[INFO] [stdout]                                at /rustc/e3feeb59cd1bdd011a2bfcc0747b55125d9b8527/library/test/src/lib.rs:137:21
[INFO] [stdout]   13:     0x647cd24b8b32 - <alloc[2e1b2a31b91974c5]::boxed::Box<dyn for<'a, 'b> core[a373ad73a504971]::ops::function::Fn<(&'a std[617be2ca0a6fd877]::panic::PanicHookInfo<'b>,), Output = ()> + core[a373ad73a504971]::marker::Sync + core[a373ad73a504971]::marker::Send> as core[a373ad73a504971]::ops::function::Fn<(&std[617be2ca0a6fd877]::panic::PanicHookInfo,)>>::call
[INFO] [stdout]                                at /rustc/e3feeb59cd1bdd011a2bfcc0747b55125d9b8527/library/alloc/src/boxed.rs:2328:9
[INFO] [stdout]   14:     0x647cd24b8b32 - std[617be2ca0a6fd877]::panicking::panic_with_hook
[INFO] [stdout]                                at /rustc/e3feeb59cd1bdd011a2bfcc0747b55125d9b8527/library/std/src/panicking.rs:819:13
[INFO] [stdout]   15:     0x647cd249bfa2 - std[617be2ca0a6fd877]::panicking::panic_handler::{closure#0}
[INFO] [stdout]                                at /rustc/e3feeb59cd1bdd011a2bfcc0747b55125d9b8527/library/std/src/panicking.rs:685:13
[INFO] [stdout]   16:     0x647cd2494a89 - std[617be2ca0a6fd877]::sys::backtrace::__rust_end_short_backtrace::<std[617be2ca0a6fd877]::panicking::panic_handler::{closure#0}, !>
[INFO] [stdout]                                at /rustc/e3feeb59cd1bdd011a2bfcc0747b55125d9b8527/library/std/src/sys/backtrace.rs:182:18
[INFO] [stdout]   17:     0x647cd249cbad - __rustc[ea4f61d10b84890b]::rust_begin_unwind
[INFO] [stdout]                                at /rustc/e3feeb59cd1bdd011a2bfcc0747b55125d9b8527/library/std/src/panicking.rs:676:5
[INFO] [stdout]   18:     0x647cd24d5fec - core[a373ad73a504971]::panicking::panic_fmt
[INFO] [stdout]                                at /rustc/e3feeb59cd1bdd011a2bfcc0747b55125d9b8527/library/core/src/panicking.rs:80:14
[INFO] [stdout]   19:     0x647cd24d5d42 - core[a373ad73a504971]::result::unwrap_failed
[INFO] [stdout]                                at /rustc/e3feeb59cd1bdd011a2bfcc0747b55125d9b8527/library/core/src/result.rs:1870:5
[INFO] [stdout]   20:     0x647cd23caa58 - <core[a373ad73a504971]::result::Result<std[617be2ca0a6fd877]::fs::ReadDir, core[a373ad73a504971]::io::error::Error>>::expect
[INFO] [stdout]                                at /rustc/e3feeb59cd1bdd011a2bfcc0747b55125d9b8527/library/core/src/result.rs:1184:23
[INFO] [stdout]   21:     0x647cd23bce48 - act_door_coverage_reachability[fdef56a79611f3b3]::rs_files_under
[INFO] [stdout]                                at /opt/rustwide/workdir/tests/act_door_coverage_reachability.rs:147:41
[INFO] [stdout]   22:     0x647cd23bd7b9 - act_door_coverage_reachability[fdef56a79611f3b3]::production_files
[INFO] [stdout]                                at /opt/rustwide/workdir/tests/act_door_coverage_reachability.rs:222:5
[INFO] [stdout]   23:     0x647cd23bf294 - act_door_coverage_reachability[fdef56a79611f3b3]::the_scanner_separates_live_mechanics_from_names_that_merely_appear
[INFO] [stdout]                                at /opt/rustwide/workdir/tests/act_door_coverage_reachability.rs:394:16
[INFO] [stdout]   24:     0x647cd23bbfb7 - act_door_coverage_reachability[fdef56a79611f3b3]::the_scanner_separates_live_mechanics_from_names_that_merely_appear::{closure#0}
[INFO] [stdout]                                at /opt/rustwide/workdir/tests/act_door_coverage_reachability.rs:393:72
[INFO] [stdout]   25:     0x647cd23ba366 - <act_door_coverage_reachability[fdef56a79611f3b3]::the_scanner_separates_live_mechanics_from_names_that_merely_appear::{closure#0} as core[a373ad73a504971]::ops::function::FnOnce<()>>::call_once
[INFO] [stdout]                                at /rustc/e3feeb59cd1bdd011a2bfcc0747b55125d9b8527/library/core/src/ops/function.rs:250:5
[INFO] [stdout]   26:     0x647cd23de0cb - <fn() -> core[a373ad73a504971]::result::Result<(), alloc[2e1b2a31b91974c5]::string::String> as core[a373ad73a504971]::ops::function::FnOnce<()>>::call_once
[INFO] [stdout]                                at /rustc/e3feeb59cd1bdd011a2bfcc0747b55125d9b8527/library/core/src/ops/function.rs:250:5
[INFO] [stdout]   27:     0x647cd23de0cb - test[aada8e7e76ba119b]::__rust_begin_short_backtrace::<core[a373ad73a504971]::result::Result<(), alloc[2e1b2a31b91974c5]::string::String>, fn() -> core[a373ad73a504971]::result::Result<(), alloc[2e1b2a31b91974c5]::string::String>>
[INFO] [stdout]                                at /rustc/e3feeb59cd1bdd011a2bfcc0747b55125d9b8527/library/test/src/lib.rs:701:18
[INFO] [stdout]   28:     0x647cd23eb2a5 - test[aada8e7e76ba119b]::run_test_in_process::{closure#0}
[INFO] [stdout]                                at /rustc/e3feeb59cd1bdd011a2bfcc0747b55125d9b8527/library/test/src/lib.rs:724:74
[INFO] [stdout]   29:     0x647cd23eb2a5 - <core[a373ad73a504971]::panic::unwind_safe::AssertUnwindSafe<test[aada8e7e76ba119b]::run_test_in_process::{closure#0}> as core[a373ad73a504971]::ops::function::FnOnce<()>>::call_once
[INFO] [stdout]                                at /rustc/e3feeb59cd1bdd011a2bfcc0747b55125d9b8527/library/core/src/panic/unwind_safe.rs:275:9
[INFO] [stdout]   30:     0x647cd23eb2a5 - std[617be2ca0a6fd877]::panicking::catch_unwind::do_call::<core[a373ad73a504971]::panic::unwind_safe::AssertUnwindSafe<test[aada8e7e76ba119b]::run_test_in_process::{closure#0}>, core[a373ad73a504971]::result::Result<(), alloc[2e1b2a31b91974c5]::string::String>>
[INFO] [stdout]                                at /rustc/e3feeb59cd1bdd011a2bfcc0747b55125d9b8527/library/std/src/panicking.rs:573:43
[INFO] [stdout]   31:     0x647cd23eb2a5 - std[617be2ca0a6fd877]::panicking::catch_unwind::<core[a373ad73a504971]::result::Result<(), alloc[2e1b2a31b91974c5]::string::String>, core[a373ad73a504971]::panic::unwind_safe::AssertUnwindSafe<test[aada8e7e76ba119b]::run_test_in_process::{closure#0}>>
[INFO] [stdout]                                at /rustc/e3feeb59cd1bdd011a2bfcc0747b55125d9b8527/library/std/src/panicking.rs:541:19
[INFO] [stdout]   32:     0x647cd23eb2a5 - std[617be2ca0a6fd877]::panic::catch_unwind::<core[a373ad73a504971]::panic::unwind_safe::AssertUnwindSafe<test[aada8e7e76ba119b]::run_test_in_process::{closure#0}>, core[a373ad73a504971]::result::Result<(), alloc[2e1b2a31b91974c5]::string::String>>
[INFO] [stdout]                                at /rustc/e3feeb59cd1bdd011a2bfcc0747b55125d9b8527/library/std/src/panic.rs:359:14
[INFO] [stdout]   33:     0x647cd23eb2a5 - test[aada8e7e76ba119b]::run_test_in_process
[INFO] [stdout]                                at /rustc/e3feeb59cd1bdd011a2bfcc0747b55125d9b8527/library/test/src/lib.rs:724:27
[INFO] [stdout]   34:     0x647cd23eb2a5 - test[aada8e7e76ba119b]::run_test::{closure#0}
[INFO] [stdout]                                at /rustc/e3feeb59cd1bdd011a2bfcc0747b55125d9b8527/library/test/src/lib.rs:645:43
[INFO] [stdout]   35:     0x647cd23e4b94 - test[aada8e7e76ba119b]::run_test::{closure#1}
[INFO] [stdout]                                at /rustc/e3feeb59cd1bdd011a2bfcc0747b55125d9b8527/library/test/src/lib.rs:675:41
[INFO] [stdout]   36:     0x647cd23e4b94 - std[617be2ca0a6fd877]::sys::backtrace::__rust_begin_short_backtrace::<test[aada8e7e76ba119b]::run_test::{closure#1}, ()>
[INFO] [stdout]                                at /rustc/e3feeb59cd1bdd011a2bfcc0747b55125d9b8527/library/std/src/sys/backtrace.rs:166:18
[INFO] [stdout]   37:     0x647cd23ee332 - std[617be2ca0a6fd877]::thread::lifecycle::spawn_unchecked::<test[aada8e7e76ba119b]::run_test::{closure#1}, ()>::{closure#1}::{closure#0}
[INFO] [stdout]                                at /rustc/e3feeb59cd1bdd011a2bfcc0747b55125d9b8527/library/std/src/thread/lifecycle.rs:70:13
[INFO] [stdout]   38:     0x647cd23ee332 - <core[a373ad73a504971]::panic::unwind_safe::AssertUnwindSafe<std[617be2ca0a6fd877]::thread::lifecycle::spawn_unchecked<test[aada8e7e76ba119b]::run_test::{closure#1}, ()>::{closure#1}::{closure#0}> as core[a373ad73a504971]::ops::function::FnOnce<()>>::call_once
[INFO] [stdout]                                at /rustc/e3feeb59cd1bdd011a2bfcc0747b55125d9b8527/library/core/src/panic/unwind_safe.rs:275:9
[INFO] [stdout]   39:     0x647cd23ee332 - std[617be2ca0a6fd877]::panicking::catch_unwind::do_call::<core[a373ad73a504971]::panic::unwind_safe::AssertUnwindSafe<std[617be2ca0a6fd877]::thread::lifecycle::spawn_unchecked<test[aada8e7e76ba119b]::run_test::{closure#1}, ()>::{closure#1}::{closure#0}>, ()>
[INFO] [stdout]                                at /rustc/e3feeb59cd1bdd011a2bfcc0747b55125d9b8527/library/std/src/panicking.rs:573:43
[INFO] [stdout]   40:     0x647cd23ee332 - std[617be2ca0a6fd877]::panicking::catch_unwind::<(), core[a373ad73a504971]::panic::unwind_safe::AssertUnwindSafe<std[617be2ca0a6fd877]::thread::lifecycle::spawn_unchecked<test[aada8e7e76ba119b]::run_test::{closure#1}, ()>::{closure#1}::{closure#0}>>
[INFO] [stdout]                                at /rustc/e3feeb59cd1bdd011a2bfcc0747b55125d9b8527/library/std/src/panicking.rs:541:19
[INFO] [stdout]   41:     0x647cd23ee332 - std[617be2ca0a6fd877]::panic::catch_unwind::<core[a373ad73a504971]::panic::unwind_safe::AssertUnwindSafe<std[617be2ca0a6fd877]::thread::lifecycle::spawn_unchecked<test[aada8e7e76ba119b]::run_test::{closure#1}, ()>::{closure#1}::{closure#0}>, ()>
[INFO] [stdout]                                at /rustc/e3feeb59cd1bdd011a2bfcc0747b55125d9b8527/library/std/src/panic.rs:359:14
[INFO] [stdout]   42:     0x647cd23ee332 - std[617be2ca0a6fd877]::thread::lifecycle::spawn_unchecked::<test[aada8e7e76ba119b]::run_test::{closure#1}, ()>::{closure#1}
[INFO] [stdout]                                at /rustc/e3feeb59cd1bdd011a2bfcc0747b55125d9b8527/library/std/src/thread/lifecycle.rs:68:26
[INFO] [stdout]   43:     0x647cd23ee332 - <std[617be2ca0a6fd877]::thread::lifecycle::spawn_unchecked<test[aada8e7e76ba119b]::run_test::{closure#1}, ()>::{closure#1} as core[a373ad73a504971]::ops::function::FnOnce<()>>::call_once::{shim:vtable#0}
[INFO] [stdout]                                at /rustc/e3feeb59cd1bdd011a2bfcc0747b55125d9b8527/library/core/src/ops/function.rs:250:5
[INFO] [stdout]   44:     0x647cd24bfd4f - <alloc[2e1b2a31b91974c5]::boxed::Box<dyn core[a373ad73a504971]::ops::function::FnOnce<(), Output = ()> + core[a373ad73a504971]::marker::Send> as core[a373ad73a504971]::ops::function::FnOnce<()>>::call_once
[INFO] [stdout]                                at /rustc/e3feeb59cd1bdd011a2bfcc0747b55125d9b8527/library/alloc/src/boxed.rs:2314:9
[INFO] [stdout]   45:     0x647cd24bfd4f - <std[617be2ca0a6fd877]::sys::thread::unix::Thread>::new::thread_start
[INFO] [stdout]                                at /rustc/e3feeb59cd1bdd011a2bfcc0747b55125d9b8527/library/std/src/sys/thread/unix.rs:127:17
[INFO] [stdout]   46:     0x7b1e363eddfa - <unknown>
[INFO] [stdout]   47:     0x7b1e364813d4 - clone
[INFO] [stdout]   48:                0x0 - <unknown>
[INFO] [stdout] 
[INFO] [stdout] 
[INFO] [stdout] failures:
[INFO] [stdout]     every_declared_reach_has_a_production_call_site
[INFO] [stdout]     the_cells_tier_one_cannot_discriminate_are_exactly_these
[INFO] [stdout]     the_partition_between_production_and_test_sources_is_load_bearing
[INFO] [stdout]     the_scanner_separates_live_mechanics_from_names_that_merely_appear
[INFO] [stdout]     the_sqlx_cache_never_contradicts_the_source_scan
[INFO] [stdout]     the_two_oracles_disagree_exactly_where_the_vector_cast_forces_it
[INFO] [stdout] 
[INFO] [stdout] test result: FAILED. 2 passed; 6 failed; 0 ignored; 0 measured; 0 filtered out; finished in 0.16s
[INFO] [stdout] 
[INFO] [stderr] error: test failed, to rerun pass `--test act_door_coverage_reachability`
[INFO] running `Command { std: "docker" "inspect" "334c50309eee9b016bb12ade583a5ec012fc24529946b1874951b0ea02e8ac9d", kill_on_drop: false }`
[INFO] running `Command { std: "docker" "rm" "-f" "334c50309eee9b016bb12ade583a5ec012fc24529946b1874951b0ea02e8ac9d", kill_on_drop: false }`
[INFO] [stdout] 334c50309eee9b016bb12ade583a5ec012fc24529946b1874951b0ea02e8ac9d
