[INFO] fetching crate telosieve 0.2.0-rc.4...
[INFO] testing telosieve-0.2.0-rc.4 against 1.99.0-beta.8 for beta-1.100-2
[INFO] extracting crate telosieve 0.2.0-rc.4 into /workspace/builds/worker-4-tc1/source
[INFO] started tweaking crates.io crate telosieve 0.2.0-rc.4
[INFO] removed 0 missing examples
[INFO] removed 0 missing tests
[INFO] finished tweaking crates.io crate telosieve 0.2.0-rc.4
[INFO] tweaked toml for crates.io crate telosieve 0.2.0-rc.4 written to /workspace/builds/worker-4-tc1/source/Cargo.toml
[INFO] validating manifest of crates.io crate telosieve 0.2.0-rc.4 on toolchain 1.99.0-beta.8
[INFO] running `Command { std: CARGO_HOME="/workspace/cargo-home" RUSTUP_HOME="/workspace/rustup-home" "/workspace/cargo-home/bin/cargo" "+1.99.0-beta.8" "metadata" "--manifest-path" "Cargo.toml" "--no-deps", kill_on_drop: false }`
[INFO] crate crates.io crate telosieve 0.2.0-rc.4 already has a lockfile, it will not be regenerated
[INFO] running `Command { std: CARGO_HOME="/workspace/cargo-home" RUSTUP_HOME="/workspace/rustup-home" "/workspace/cargo-home/bin/cargo" "+1.99.0-beta.8" "fetch" "--manifest-path" "Cargo.toml", kill_on_drop: false }`
[INFO] [stderr]     Updating crates.io index
[INFO] [stderr]  Downloading crates ...
[INFO] [stderr]   Downloaded ed25519 v2.2.3
[INFO] [stderr]   Downloaded curve25519-dalek-derive v0.1.1
[INFO] [stderr]   Downloaded thiserror v2.0.19
[INFO] [stderr]   Downloaded thiserror-impl v2.0.19
[INFO] [stderr]   Downloaded ed25519-dalek v2.2.0
[INFO] [stderr]   Downloaded syn v3.0.3
[INFO] [stderr]   Downloaded curve25519-dalek v4.1.3
[INFO] [stderr]   Downloaded fiat-crypto v0.2.9
[INFO] running `Command { std: "docker" "create" "-v" "/var/lib/crater-agent-workspace/builds/worker-4-tc1/source:/opt/rustwide/workdir:ro,Z" "-v" "/var/lib/crater-agent-workspace/builds/worker-4-tc1/target:/opt/rustwide/target:rw,Z" "-v" "/var/lib/crater-agent-workspace/cargo-home:/opt/rustwide/cargo-home:ro,Z" "-v" "/var/lib/crater-agent-workspace/rustup-home:/opt/rustwide/rustup-home:ro,Z" "-m" "1610612736" "--network" "none" "ghcr.io/rust-lang/crates-build-env/linux@sha256:3111399a4047eeb3a02b7a90e478d715f38a8c6669b5c4b49d30a17385265909" "sleep" "infinity", kill_on_drop: false }`
[INFO] [stdout] 7ecc5a452488ab2c2add3a71b1d87935d29a0d3542d4361d197b961b188b7c47
[INFO] running `Command { std: "docker" "start" "7ecc5a452488ab2c2add3a71b1d87935d29a0d3542d4361d197b961b188b7c47", kill_on_drop: false }`
[INFO] running `Command { std: "docker" "inspect" "7ecc5a452488ab2c2add3a71b1d87935d29a0d3542d4361d197b961b188b7c47", kill_on_drop: false }`
[INFO] running `Command { std: "docker" "exec" "-e" "SOURCE_DIR=/opt/rustwide/workdir" "-e" "CARGO_HOME=/opt/rustwide/cargo-home" "-e" "RUSTUP_HOME=/opt/rustwide/rustup-home" "-e" "CARGO_TARGET_DIR=/opt/rustwide/target" "-w" "/opt/rustwide/workdir" "--user" "0:0" "7ecc5a452488ab2c2add3a71b1d87935d29a0d3542d4361d197b961b188b7c47" "/opt/rustwide/cargo-home/bin/cargo" "+1.99.0-beta.8" "metadata" "--no-deps" "--format-version=1", kill_on_drop: false }`
[INFO] running `Command { std: "docker" "inspect" "7ecc5a452488ab2c2add3a71b1d87935d29a0d3542d4361d197b961b188b7c47", kill_on_drop: false }`
[INFO] running `Command { std: "docker" "exec" "-e" "SOURCE_DIR=/opt/rustwide/workdir" "-e" "CARGO_HOME=/opt/rustwide/cargo-home" "-e" "RUSTUP_HOME=/opt/rustwide/rustup-home" "-e" "CARGO_TARGET_DIR=/opt/rustwide/target" "-e" "CARGO_INCREMENTAL=0" "-e" "RUST_BACKTRACE=full" "-e" "RUSTFLAGS=--cap-lints=warn" "-e" "RUSTDOCFLAGS=--cap-lints=warn" "-w" "/opt/rustwide/workdir" "--user" "0:0" "7ecc5a452488ab2c2add3a71b1d87935d29a0d3542d4361d197b961b188b7c47" "/opt/rustwide/cargo-home/bin/cargo" "+1.99.0-beta.8" "build" "--frozen" "--message-format=json", kill_on_drop: false }`
[INFO] [stderr]    Compiling proc-macro2 v1.0.107
[INFO] [stderr]    Compiling quote v1.0.47
[INFO] [stderr]    Compiling typenum v1.20.1
[INFO] [stderr]    Compiling semver v1.0.28
[INFO] [stderr]    Compiling serde_core v1.0.229
[INFO] [stderr]    Compiling zmij v1.0.23
[INFO] [stderr]    Compiling cpufeatures v0.2.17
[INFO] [stderr]    Compiling cfg-if v1.0.4
[INFO] [stderr]    Compiling serde_json v1.0.151
[INFO] [stderr]    Compiling zeroize v1.9.0
[INFO] [stderr]    Compiling serde v1.0.229
[INFO] [stderr]    Compiling signature v2.2.0
[INFO] [stderr]    Compiling thiserror v2.0.19
[INFO] [stderr]    Compiling subtle v2.6.1
[INFO] [stderr]    Compiling generic-array v0.14.7
[INFO] [stderr]    Compiling memchr v2.8.3
[INFO] [stderr]    Compiling hex v0.4.3
[INFO] [stderr]    Compiling ed25519 v2.2.3
[INFO] [stderr]    Compiling rustc_version v0.4.1
[INFO] [stderr]    Compiling curve25519-dalek v4.1.3
[INFO] [stderr]    Compiling syn v3.0.3
[INFO] [stderr]    Compiling syn v2.0.119
[INFO] [stderr]    Compiling crypto-common v0.1.7
[INFO] [stderr]    Compiling block-buffer v0.10.4
[INFO] [stderr]    Compiling digest v0.10.7
[INFO] [stderr]    Compiling sha2 v0.10.9
[INFO] [stderr]    Compiling thiserror-impl v2.0.19
[INFO] [stderr]    Compiling serde_derive v1.0.229
[INFO] [stderr]    Compiling curve25519-dalek-derive v0.1.1
[INFO] [stderr]    Compiling ed25519-dalek v2.2.0
[INFO] [stderr]    Compiling telosieve v0.2.0-rc.4 (/opt/rustwide/workdir)
[INFO] [stderr]     Finished `dev` profile [unoptimized + debuginfo] target(s) in 21.55s
[INFO] running `Command { std: "docker" "inspect" "7ecc5a452488ab2c2add3a71b1d87935d29a0d3542d4361d197b961b188b7c47", kill_on_drop: false }`
[INFO] running `Command { std: "docker" "exec" "-e" "SOURCE_DIR=/opt/rustwide/workdir" "-e" "CARGO_HOME=/opt/rustwide/cargo-home" "-e" "RUSTUP_HOME=/opt/rustwide/rustup-home" "-e" "CARGO_TARGET_DIR=/opt/rustwide/target" "-e" "CARGO_INCREMENTAL=0" "-e" "RUST_BACKTRACE=full" "-e" "RUSTFLAGS=--cap-lints=warn" "-e" "RUSTDOCFLAGS=--cap-lints=warn" "-w" "/opt/rustwide/workdir" "--user" "0:0" "7ecc5a452488ab2c2add3a71b1d87935d29a0d3542d4361d197b961b188b7c47" "/opt/rustwide/cargo-home/bin/cargo" "+1.99.0-beta.8" "test" "--frozen" "--no-run" "--message-format=json", kill_on_drop: false }`
[INFO] [stderr]    Compiling telosieve v0.2.0-rc.4 (/opt/rustwide/workdir)
[INFO] [stderr]     Finished `test` profile [unoptimized + debuginfo] target(s) in 13.18s
[INFO] running `Command { std: "docker" "inspect" "7ecc5a452488ab2c2add3a71b1d87935d29a0d3542d4361d197b961b188b7c47", kill_on_drop: false }`
[INFO] running `Command { std: "docker" "exec" "-e" "SOURCE_DIR=/opt/rustwide/workdir" "-e" "CARGO_HOME=/opt/rustwide/cargo-home" "-e" "RUSTUP_HOME=/opt/rustwide/rustup-home" "-e" "CARGO_TARGET_DIR=/opt/rustwide/target" "-e" "CARGO_INCREMENTAL=0" "-e" "RUST_BACKTRACE=full" "-e" "RUSTFLAGS=--cap-lints=warn" "-e" "RUSTDOCFLAGS=--cap-lints=warn" "-w" "/opt/rustwide/workdir" "--user" "0:0" "7ecc5a452488ab2c2add3a71b1d87935d29a0d3542d4361d197b961b188b7c47" "/opt/rustwide/cargo-home/bin/cargo" "+1.99.0-beta.8" "test" "--frozen", kill_on_drop: false }`
[INFO] [stderr]     Finished `test` profile [unoptimized + debuginfo] target(s) in 0.07s
[INFO] [stderr]      Running unittests src/lib.rs (/opt/rustwide/target/debug/deps/telosieve-6ea2a9d14530e59f)
[INFO] [stdout] 
[INFO] [stdout] running 42 tests
[INFO] [stdout] test anchor_store::tests::missing_corrupt_and_locked_stores_fail_closed ... ok
[INFO] [stdout] test bundle_signature::tests::exact_signature_verifies_and_tamper_time_key_and_metadata_refuse ... ok
[INFO] [stdout] test checker::tests::exact_deletion_authorization_allows_only_the_named_removal ... ok
[INFO] [stdout] test checker::tests::stable_key_updates_and_additions_remain_available ... ok
[INFO] [stdout] test actuator_store::tests::incomplete_initialization_recovery_removes_only_the_witness ... ok
[INFO] [stdout] test checker::tests::stable_keys_cannot_be_deleted_even_when_viability_is_empty ... ok
[INFO] [stdout] test anchor_store::tests::initialization_idempotence_and_monotonic_advance_are_durable ... ok
[INFO] [stdout] test anchor_store::tests::deletion_authorization_is_consumed_once_atomically ... ok
[INFO] [stdout] test actuator_store::tests::committed_witness_loss_fails_closed ... ok
[INFO] [stdout] test kubernetes_live::desired_tests::desired_annotation_supports_kubernetes_illegal_keys_and_refuses_ambiguity ... ok
[INFO] [stdout] test certificate_attestation::tests::rotated_signers_preserve_historical_attestations ... ok
[INFO] [stdout] test actuator_store::tests::stale_corrupt_oversized_and_locked_state_fail_closed ... ok
[INFO] [stdout] test external_checker::tests::response_timeout_fails_closed ... ok
[INFO] [stdout] test actuator_store::tests::legacy_upgrade_preserves_consumption_and_is_recoverable ... ok
[INFO] [stdout] test actuator_store::tests::transition_history_and_consumption_commit_together ... ok
[INFO] [stdout] test actuator_store::tests::concurrent_writers_allow_at_most_one_commit ... ok
[INFO] [stdout] test actuator_store::tests::refusal_advances_history_without_mutating_service ... ok
[INFO] [stdout] test actuator_store::tests::backup_restore_rejects_rollback_and_recovers_latest_state ... ok
[INFO] [stdout] test certificate_attestation::tests::tamper_replay_expiry_signature_and_bounds_fail_closed ... ok
[INFO] [stdout] test external_checker::tests::stable_key_continuity_matches_the_reference_checker ... ok
[INFO] [stdout] test actuator_store::tests::recovery_resolves_both_commit_interruption_boundaries ... ok
[INFO] [stdout] test protocol::key_lifecycle_tests::recovery_root_can_activate_a_fresh_key_after_revocation ... ok
[INFO] [stdout] test recovery_ceremony::tests::duplicate_missing_divergent_stale_veto_and_compromised_votes_abort ... ok
[INFO] [stdout] test recovery_ceremony::tests::quorum_ceremony_emits_bound_approval_and_survives_exclusion ... ok
[INFO] [stdout] test witness_availability::tests::matrix_preserves_bounded_availability_and_fail_closed_outages ... ok
[INFO] [stdout] test protocol::key_lifecycle_tests::trusted_time_rollback_forward_and_unbounded_windows_refuse ... ok
[INFO] [stdout] test kubernetes_shadow::tests::drift_partial_stale_identity_schema_and_authority_mismatch_fail_closed ... ok
[INFO] [stdout] test kubernetes_shadow::tests::capture_context_and_structural_bounds_fail_closed ... ok
[INFO] [stdout] test protocol::key_lifecycle_tests::rotation_accepts_new_current_key_and_preserves_old_history ... ok
[INFO] [stdout] test observation_quorum::tests::substitution_forgery_domain_time_identity_and_shape_fail_closed ... ok
[INFO] [stdout] test witness_tip_store::tests::recovery_backup_restore_and_independent_path_preserve_exact_tips ... ok
[INFO] [stdout] test witness_tip_store::tests::interrupted_updates_recover_only_previous_or_next_and_conflicts_refuse ... ok
[INFO] [stdout] test anchor_store::tests::full_consumption_ledger_fails_closed_without_advancing_history ... ok
[INFO] [stdout] test external_checker::tests::malformed_response_fails_closed ... FAILED
[INFO] [stdout] test observation_quorum::tests::distinct_authenticated_domains_corroborate_all_evaluation_modes ... ok
[INFO] [stdout] test kubernetes_shadow::tests::exact_export_maps_to_authenticated_authorities ... ok
[INFO] [stdout] test actuator_store::tests::full_consumption_ledger_does_not_apply_or_advance ... ok
[INFO] [stdout] test protocol::key_lifecycle_tests::lifecycle_rollback_equivocation_kind_mismatch_and_bounds_fail_closed ... ok
[INFO] [stdout] test opentofu_plan::tests::exact_plan_maps_to_authenticated_authorities ... ok
[INFO] [stdout] test protocol::key_lifecycle_tests::trusted_time_expiry_and_revocation_boundaries_fail_closed ... ok
[INFO] [stdout] test protocol::key_lifecycle_tests::superseded_expired_and_revoked_keys_cannot_authorize_current_evidence ... ok
[INFO] [stdout] test opentofu_plan::tests::unsupported_sensitive_unknown_duplicate_and_mismatched_plans_fail_closed ... ok
[INFO] [stdout] 
[INFO] [stdout] failures:
[INFO] [stdout] 
[INFO] [stdout] ---- external_checker::tests::malformed_response_fails_closed stdout ----
[INFO] [stdout] 
[INFO] [stdout] thread 'external_checker::tests::malformed_response_fails_closed' (1390) panicked at src/external_checker.rs:171:9:
[INFO] [stdout] assertion failed: matches!(session.check(&current, &transition, &rules, &BTreeSet::new()),
[INFO] [stdout]     Err(ExternalCheckerError::Json(_)))
[INFO] [stdout] stack backtrace:
[INFO] [stdout]    0:     0x58e3a1cc2a71 - std[70759c8f55707aa4]::backtrace_rs::backtrace::libunwind::trace
[INFO] [stdout]                                at /rustc/dfb0accb7f508ae8be965d8629557221c889dd98/library/std/src/../../backtrace/src/backtrace/libunwind.rs:117:9
[INFO] [stdout]    1:     0x58e3a1cc2a71 - std[70759c8f55707aa4]::backtrace_rs::backtrace::trace_unsynchronized::<std[70759c8f55707aa4]::sys::backtrace::_print_fmt::{closure#1}>
[INFO] [stdout]                                at /rustc/dfb0accb7f508ae8be965d8629557221c889dd98/library/std/src/../../backtrace/src/backtrace/mod.rs:66:14
[INFO] [stdout]    2:     0x58e3a1cc2a71 - std[70759c8f55707aa4]::sys::backtrace::_print_fmt
[INFO] [stdout]                                at /rustc/dfb0accb7f508ae8be965d8629557221c889dd98/library/std/src/sys/backtrace.rs:74:9
[INFO] [stdout]    3:     0x58e3a1cc2a71 - <<std[70759c8f55707aa4]::sys::backtrace::BacktraceLock>::print::DisplayBacktrace as core[df12db4294e9bfd3]::fmt::Display>::fmt
[INFO] [stdout]                                at /rustc/dfb0accb7f508ae8be965d8629557221c889dd98/library/std/src/sys/backtrace.rs:44:26
[INFO] [stdout]    4:     0x58e3a1cd94ba - <core[df12db4294e9bfd3]::fmt::rt::Argument>::fmt
[INFO] [stdout]                                at /rustc/dfb0accb7f508ae8be965d8629557221c889dd98/library/core/src/fmt/rt.rs:152:76
[INFO] [stdout]    5:     0x58e3a1cd94ba - core[df12db4294e9bfd3]::fmt::write
[INFO] [stdout]    6:     0x58e3a1cc71dc - core[df12db4294e9bfd3]::io::write::default_write_fmt::<alloc[2182bb758b4b3781]::vec::Vec<u8>>
[INFO] [stdout]                                at /rustc/dfb0accb7f508ae8be965d8629557221c889dd98/library/core/src/io/write.rs:402:11
[INFO] [stdout]    7:     0x58e3a1cc71dc - <alloc[2182bb758b4b3781]::vec::Vec<u8> as core[df12db4294e9bfd3]::io::write::Write>::write_fmt
[INFO] [stdout]                                at /rustc/dfb0accb7f508ae8be965d8629557221c889dd98/library/core/src/io/write.rs:335:13
[INFO] [stdout]    8:     0x58e3a1c9bdf6 - <std[70759c8f55707aa4]::sys::backtrace::BacktraceLock>::print
[INFO] [stdout]                                at /rustc/dfb0accb7f508ae8be965d8629557221c889dd98/library/std/src/sys/backtrace.rs:47:9
[INFO] [stdout]    9:     0x58e3a1c9bdf6 - std[70759c8f55707aa4]::panicking::default_hook::{closure#0}
[INFO] [stdout]                                at /rustc/dfb0accb7f508ae8be965d8629557221c889dd98/library/std/src/panicking.rs:292:27
[INFO] [stdout]   10:     0x58e3a1cb95d9 - std[70759c8f55707aa4]::panicking::default_hook
[INFO] [stdout]                                at /rustc/dfb0accb7f508ae8be965d8629557221c889dd98/library/std/src/panicking.rs:316:9
[INFO] [stdout]   11:     0x58e3a1bd06d0 - <alloc[2182bb758b4b3781]::boxed::Box<dyn for<'a, 'b> core[df12db4294e9bfd3]::ops::function::Fn<(&'a std[70759c8f55707aa4]::panic::PanicHookInfo<'b>,), Output = ()> + core[df12db4294e9bfd3]::marker::Send + core[df12db4294e9bfd3]::marker::Sync> as core[df12db4294e9bfd3]::ops::function::Fn<(&std[70759c8f55707aa4]::panic::PanicHookInfo,)>>::call
[INFO] [stdout]                                at /rustc/dfb0accb7f508ae8be965d8629557221c889dd98/library/alloc/src/boxed.rs:2334:9
[INFO] [stdout]   12:     0x58e3a1bd06d0 - test[9d35eded1c95d3be]::test_main_inner::<test[9d35eded1c95d3be]::test_main_static::{closure#0}>::{closure#0}
[INFO] [stdout]                                at /rustc/dfb0accb7f508ae8be965d8629557221c889dd98/library/test/src/lib.rs:155:21
[INFO] [stdout]   13:     0x58e3a1cb9792 - <alloc[2182bb758b4b3781]::boxed::Box<dyn for<'a, 'b> core[df12db4294e9bfd3]::ops::function::Fn<(&'a std[70759c8f55707aa4]::panic::PanicHookInfo<'b>,), Output = ()> + core[df12db4294e9bfd3]::marker::Send + core[df12db4294e9bfd3]::marker::Sync> as core[df12db4294e9bfd3]::ops::function::Fn<(&std[70759c8f55707aa4]::panic::PanicHookInfo,)>>::call
[INFO] [stdout]                                at /rustc/dfb0accb7f508ae8be965d8629557221c889dd98/library/alloc/src/boxed.rs:2334:9
[INFO] [stdout]   14:     0x58e3a1cb9792 - std[70759c8f55707aa4]::panicking::panic_with_hook
[INFO] [stdout]                                at /rustc/dfb0accb7f508ae8be965d8629557221c889dd98/library/std/src/panicking.rs:823:13
[INFO] [stdout]   15:     0x58e3a1c9bed4 - std[70759c8f55707aa4]::panicking::panic_handler::{closure#0}
[INFO] [stdout]                                at /rustc/dfb0accb7f508ae8be965d8629557221c889dd98/library/std/src/panicking.rs:681:13
[INFO] [stdout]   16:     0x58e3a1c94919 - std[70759c8f55707aa4]::sys::backtrace::__rust_end_short_backtrace::<std[70759c8f55707aa4]::panicking::panic_handler::{closure#0}, !>
[INFO] [stdout]                                at /rustc/dfb0accb7f508ae8be965d8629557221c889dd98/library/std/src/sys/backtrace.rs:182:18
[INFO] [stdout]   17:     0x58e3a1c9cb8d - __rustc[8fa7c3cbc660c2b3]::rust_begin_unwind
[INFO] [stdout]                                at /rustc/dfb0accb7f508ae8be965d8629557221c889dd98/library/std/src/panicking.rs:679:5
[INFO] [stdout]   18:     0x58e3a1cd9cac - core[df12db4294e9bfd3]::panicking::panic_fmt
[INFO] [stdout]                                at /rustc/dfb0accb7f508ae8be965d8629557221c889dd98/library/core/src/panicking.rs:80:14
[INFO] [stdout]   19:     0x58e3a1cd9c72 - core[df12db4294e9bfd3]::panicking::panic
[INFO] [stdout]                                at /rustc/dfb0accb7f508ae8be965d8629557221c889dd98/library/core/src/panicking.rs:150:5
[INFO] [stdout]   20:     0x58e3a1a7e377 - telosieve[fa42273a48ea6e63]::external_checker::tests::malformed_response_fails_closed
[INFO] [stdout]                                at /opt/rustwide/workdir/src/external_checker.rs:171:9
[INFO] [stdout]   21:     0x58e3a1a78a67 - telosieve[fa42273a48ea6e63]::external_checker::tests::malformed_response_fails_closed::{closure#0}
[INFO] [stdout]                                at /opt/rustwide/workdir/src/external_checker.rs:161:41
[INFO] [stdout]   22:     0x58e3a1ae4c86 - <telosieve[fa42273a48ea6e63]::external_checker::tests::malformed_response_fails_closed::{closure#0} as core[df12db4294e9bfd3]::ops::function::FnOnce<()>>::call_once
[INFO] [stdout]                                at /rustc/dfb0accb7f508ae8be965d8629557221c889dd98/library/core/src/ops/function.rs:250:5
[INFO] [stdout]   23:     0x58e3a1bc39bb - <fn() -> core[df12db4294e9bfd3]::result::Result<(), alloc[2182bb758b4b3781]::string::String> as core[df12db4294e9bfd3]::ops::function::FnOnce<()>>::call_once
[INFO] [stdout]                                at /rustc/dfb0accb7f508ae8be965d8629557221c889dd98/library/core/src/ops/function.rs:250:5
[INFO] [stdout]   24:     0x58e3a1bc39bb - test[9d35eded1c95d3be]::__rust_begin_short_backtrace::<core[df12db4294e9bfd3]::result::Result<(), alloc[2182bb758b4b3781]::string::String>, fn() -> core[df12db4294e9bfd3]::result::Result<(), alloc[2182bb758b4b3781]::string::String>>
[INFO] [stdout]                                at /rustc/dfb0accb7f508ae8be965d8629557221c889dd98/library/test/src/lib.rs:733:18
[INFO] [stdout]   25:     0x58e3a1bd1025 - test[9d35eded1c95d3be]::run_test_in_process::{closure#0}
[INFO] [stdout]                                at /rustc/dfb0accb7f508ae8be965d8629557221c889dd98/library/test/src/lib.rs:756:74
[INFO] [stdout]   26:     0x58e3a1bd1025 - <core[df12db4294e9bfd3]::panic::unwind_safe::AssertUnwindSafe<test[9d35eded1c95d3be]::run_test_in_process::{closure#0}> as core[df12db4294e9bfd3]::ops::function::FnOnce<()>>::call_once
[INFO] [stdout]                                at /rustc/dfb0accb7f508ae8be965d8629557221c889dd98/library/core/src/panic/unwind_safe.rs:275:9
[INFO] [stdout]   27:     0x58e3a1bd1025 - std[70759c8f55707aa4]::panicking::catch_unwind::do_call::<core[df12db4294e9bfd3]::panic::unwind_safe::AssertUnwindSafe<test[9d35eded1c95d3be]::run_test_in_process::{closure#0}>, core[df12db4294e9bfd3]::result::Result<(), alloc[2182bb758b4b3781]::string::String>>
[INFO] [stdout]                                at /rustc/dfb0accb7f508ae8be965d8629557221c889dd98/library/std/src/panicking.rs:576:43
[INFO] [stdout]   28:     0x58e3a1bd1025 - std[70759c8f55707aa4]::panicking::catch_unwind::<core[df12db4294e9bfd3]::result::Result<(), alloc[2182bb758b4b3781]::string::String>, core[df12db4294e9bfd3]::panic::unwind_safe::AssertUnwindSafe<test[9d35eded1c95d3be]::run_test_in_process::{closure#0}>>
[INFO] [stdout]                                at /rustc/dfb0accb7f508ae8be965d8629557221c889dd98/library/std/src/panicking.rs:544:19
[INFO] [stdout]   29:     0x58e3a1bd1025 - std[70759c8f55707aa4]::panic::catch_unwind::<core[df12db4294e9bfd3]::panic::unwind_safe::AssertUnwindSafe<test[9d35eded1c95d3be]::run_test_in_process::{closure#0}>, core[df12db4294e9bfd3]::result::Result<(), alloc[2182bb758b4b3781]::string::String>>
[INFO] [stdout]                                at /rustc/dfb0accb7f508ae8be965d8629557221c889dd98/library/std/src/panic.rs:359:14
[INFO] [stdout]   30:     0x58e3a1bd1025 - test[9d35eded1c95d3be]::run_test_in_process
[INFO] [stdout]                                at /rustc/dfb0accb7f508ae8be965d8629557221c889dd98/library/test/src/lib.rs:756:27
[INFO] [stdout]   31:     0x58e3a1bd1025 - test[9d35eded1c95d3be]::run_test::{closure#0}
[INFO] [stdout]                                at /rustc/dfb0accb7f508ae8be965d8629557221c889dd98/library/test/src/lib.rs:677:43
[INFO] [stdout]   32:     0x58e3a1bca8e4 - test[9d35eded1c95d3be]::run_test::{closure#1}
[INFO] [stdout]                                at /rustc/dfb0accb7f508ae8be965d8629557221c889dd98/library/test/src/lib.rs:707:41
[INFO] [stdout]   33:     0x58e3a1bca8e4 - std[70759c8f55707aa4]::sys::backtrace::__rust_begin_short_backtrace::<test[9d35eded1c95d3be]::run_test::{closure#1}, ()>
[INFO] [stdout]                                at /rustc/dfb0accb7f508ae8be965d8629557221c889dd98/library/std/src/sys/backtrace.rs:166:18
[INFO] [stdout]   34:     0x58e3a1bd4182 - std[70759c8f55707aa4]::thread::lifecycle::spawn_unchecked::<test[9d35eded1c95d3be]::run_test::{closure#1}, ()>::{closure#1}::{closure#0}
[INFO] [stdout]                                at /rustc/dfb0accb7f508ae8be965d8629557221c889dd98/library/std/src/thread/lifecycle.rs:70:13
[INFO] [stdout]   35:     0x58e3a1bd4182 - <core[df12db4294e9bfd3]::panic::unwind_safe::AssertUnwindSafe<std[70759c8f55707aa4]::thread::lifecycle::spawn_unchecked<test[9d35eded1c95d3be]::run_test::{closure#1}, ()>::{closure#1}::{closure#0}> as core[df12db4294e9bfd3]::ops::function::FnOnce<()>>::call_once
[INFO] [stdout]                                at /rustc/dfb0accb7f508ae8be965d8629557221c889dd98/library/core/src/panic/unwind_safe.rs:275:9
[INFO] [stdout]   36:     0x58e3a1bd4182 - std[70759c8f55707aa4]::panicking::catch_unwind::do_call::<core[df12db4294e9bfd3]::panic::unwind_safe::AssertUnwindSafe<std[70759c8f55707aa4]::thread::lifecycle::spawn_unchecked<test[9d35eded1c95d3be]::run_test::{closure#1}, ()>::{closure#1}::{closure#0}>, ()>
[INFO] [stdout]                                at /rustc/dfb0accb7f508ae8be965d8629557221c889dd98/library/std/src/panicking.rs:576:43
[INFO] [stdout]   37:     0x58e3a1bd4182 - std[70759c8f55707aa4]::panicking::catch_unwind::<(), core[df12db4294e9bfd3]::panic::unwind_safe::AssertUnwindSafe<std[70759c8f55707aa4]::thread::lifecycle::spawn_unchecked<test[9d35eded1c95d3be]::run_test::{closure#1}, ()>::{closure#1}::{closure#0}>>
[INFO] [stdout]                                at /rustc/dfb0accb7f508ae8be965d8629557221c889dd98/library/std/src/panicking.rs:544:19
[INFO] [stdout]   38:     0x58e3a1bd4182 - std[70759c8f55707aa4]::panic::catch_unwind::<core[df12db4294e9bfd3]::panic::unwind_safe::AssertUnwindSafe<std[70759c8f55707aa4]::thread::lifecycle::spawn_unchecked<test[9d35eded1c95d3be]::run_test::{closure#1}, ()>::{closure#1}::{closure#0}>, ()>
[INFO] [stdout]                                at /rustc/dfb0accb7f508ae8be965d8629557221c889dd98/library/std/src/panic.rs:359:14
[INFO] [stdout]   39:     0x58e3a1bd4182 - std[70759c8f55707aa4]::thread::lifecycle::spawn_unchecked::<test[9d35eded1c95d3be]::run_test::{closure#1}, ()>::{closure#1}
[INFO] [stdout]                                at /rustc/dfb0accb7f508ae8be965d8629557221c889dd98/library/std/src/thread/lifecycle.rs:68:26
[INFO] [stdout]   40:     0x58e3a1bd4182 - <std[70759c8f55707aa4]::thread::lifecycle::spawn_unchecked<test[9d35eded1c95d3be]::run_test::{closure#1}, ()>::{closure#1} as core[df12db4294e9bfd3]::ops::function::FnOnce<()>>::call_once::{shim:vtable#0}
[INFO] [stdout]                                at /rustc/dfb0accb7f508ae8be965d8629557221c889dd98/library/core/src/ops/function.rs:250:5
[INFO] [stdout]   41:     0x58e3a1cc1d79 - <alloc[2182bb758b4b3781]::boxed::Box<dyn core[df12db4294e9bfd3]::ops::function::FnOnce<(), Output = ()> + core[df12db4294e9bfd3]::marker::Send> as core[df12db4294e9bfd3]::ops::function::FnOnce<()>>::call_once
[INFO] [stdout]                                at /rustc/dfb0accb7f508ae8be965d8629557221c889dd98/library/alloc/src/boxed.rs:2320:9
[INFO] [stdout]   42:     0x58e3a1cc1d79 - <std[70759c8f55707aa4]::sys::thread::unix::Thread>::new::thread_start
[INFO] [stdout]                                at /rustc/dfb0accb7f508ae8be965d8629557221c889dd98/library/std/src/sys/thread/unix.rs:123:17
[INFO] [stdout]   43:     0x7180625b4dfa - <unknown>
[INFO] [stdout]   44:     0x7180626483d4 - clone
[INFO] [stdout]   45:                0x0 - <unknown>
[INFO] [stdout] 
[INFO] [stdout] 
[INFO] [stdout] failures:
[INFO] [stdout]     external_checker::tests::malformed_response_fails_closed
[INFO] [stdout] 
[INFO] [stdout] test result: FAILED. 41 passed; 1 failed; 0 ignored; 0 measured; 0 filtered out; finished in 1.17s
[INFO] [stdout] 
[INFO] [stderr] error: test failed, to rerun pass `--lib`
[INFO] running `Command { std: "docker" "inspect" "7ecc5a452488ab2c2add3a71b1d87935d29a0d3542d4361d197b961b188b7c47", kill_on_drop: false }`
[INFO] running `Command { std: "docker" "rm" "-f" "7ecc5a452488ab2c2add3a71b1d87935d29a0d3542d4361d197b961b188b7c47", kill_on_drop: false }`
[INFO] [stdout] 7ecc5a452488ab2c2add3a71b1d87935d29a0d3542d4361d197b961b188b7c47
