[INFO] fetching crate telos-cli 0.1.2...
[INFO] testing telos-cli-0.1.2 against 1.99.0-beta.8 for beta-1.100-2
[INFO] extracting crate telos-cli 0.1.2 into /workspace/builds/worker-4-tc1/source
[INFO] started tweaking crates.io crate telos-cli 0.1.2
[INFO] removed 0 missing tests
[INFO] finished tweaking crates.io crate telos-cli 0.1.2
[INFO] tweaked toml for crates.io crate telos-cli 0.1.2 written to /workspace/builds/worker-4-tc1/source/Cargo.toml
[INFO] validating manifest of crates.io crate telos-cli 0.1.2 on toolchain 1.99.0-beta.8
[INFO] running `Command { std: CARGO_HOME="/workspace/cargo-home" RUSTUP_HOME="/workspace/rustup-home" "/workspace/cargo-home/bin/cargo" "+1.99.0-beta.8" "metadata" "--manifest-path" "Cargo.toml" "--no-deps", kill_on_drop: false }`
[INFO] crate crates.io crate telos-cli 0.1.2 already has a lockfile, it will not be regenerated
[INFO] running `Command { std: CARGO_HOME="/workspace/cargo-home" RUSTUP_HOME="/workspace/rustup-home" "/workspace/cargo-home/bin/cargo" "+1.99.0-beta.8" "fetch" "--manifest-path" "Cargo.toml", kill_on_drop: false }`
[INFO] [stderr]     Updating crates.io index
[INFO] [stderr]  Downloading crates ...
[INFO] [stderr]   Downloaded tree-sitter v0.25.10
[INFO] [stderr]   Downloaded fluent-uri v0.3.2
[INFO] [stderr]   Downloaded referencing v0.29.1
[INFO] [stderr]   Downloaded fancy-regex v0.14.0
[INFO] [stderr]   Downloaded fraction v0.15.4
[INFO] [stderr]   Downloaded jsonschema v0.29.1
[INFO] [stderr]   Downloaded telos_agent v0.1.2
[INFO] [stderr]   Downloaded tree-sitter-bash v0.25.1
[INFO] [stderr]   Downloaded bstr v1.12.3
[INFO] [stderr]   Downloaded tree-sitter-pwsh v0.38.1
[INFO] [stderr]   Downloaded tiktoken-rs v0.12.0
[INFO] running `Command { std: "docker" "create" "-v" "/var/lib/crater-agent-workspace/builds/worker-4-tc1/source:/opt/rustwide/workdir:ro,Z" "-v" "/var/lib/crater-agent-workspace/builds/worker-4-tc1/target:/opt/rustwide/target:rw,Z" "-v" "/var/lib/crater-agent-workspace/cargo-home:/opt/rustwide/cargo-home:ro,Z" "-v" "/var/lib/crater-agent-workspace/rustup-home:/opt/rustwide/rustup-home:ro,Z" "-m" "1610612736" "--network" "none" "ghcr.io/rust-lang/crates-build-env/linux@sha256:3111399a4047eeb3a02b7a90e478d715f38a8c6669b5c4b49d30a17385265909" "sleep" "infinity", kill_on_drop: false }`
[INFO] [stdout] 9e870b6030342822a16d7ccbd529c4d9ee5e69989104db8b057a08859fdd66d3
[INFO] running `Command { std: "docker" "start" "9e870b6030342822a16d7ccbd529c4d9ee5e69989104db8b057a08859fdd66d3", kill_on_drop: false }`
[INFO] running `Command { std: "docker" "inspect" "9e870b6030342822a16d7ccbd529c4d9ee5e69989104db8b057a08859fdd66d3", kill_on_drop: false }`
[INFO] running `Command { std: "docker" "exec" "-e" "SOURCE_DIR=/opt/rustwide/workdir" "-e" "CARGO_HOME=/opt/rustwide/cargo-home" "-e" "RUSTUP_HOME=/opt/rustwide/rustup-home" "-e" "CARGO_TARGET_DIR=/opt/rustwide/target" "-w" "/opt/rustwide/workdir" "--user" "0:0" "9e870b6030342822a16d7ccbd529c4d9ee5e69989104db8b057a08859fdd66d3" "/opt/rustwide/cargo-home/bin/cargo" "+1.99.0-beta.8" "metadata" "--no-deps" "--format-version=1", kill_on_drop: false }`
[INFO] running `Command { std: "docker" "inspect" "9e870b6030342822a16d7ccbd529c4d9ee5e69989104db8b057a08859fdd66d3", kill_on_drop: false }`
[INFO] running `Command { std: "docker" "exec" "-e" "SOURCE_DIR=/opt/rustwide/workdir" "-e" "CARGO_HOME=/opt/rustwide/cargo-home" "-e" "RUSTUP_HOME=/opt/rustwide/rustup-home" "-e" "CARGO_TARGET_DIR=/opt/rustwide/target" "-e" "CARGO_INCREMENTAL=0" "-e" "RUST_BACKTRACE=full" "-e" "RUSTFLAGS=--cap-lints=warn" "-e" "RUSTDOCFLAGS=--cap-lints=warn" "-w" "/opt/rustwide/workdir" "--user" "0:0" "9e870b6030342822a16d7ccbd529c4d9ee5e69989104db8b057a08859fdd66d3" "/opt/rustwide/cargo-home/bin/cargo" "+1.99.0-beta.8" "build" "--frozen" "--message-format=json", kill_on_drop: false }`
[INFO] [stderr]    Compiling futures-sink v0.3.32
[INFO] [stderr]    Compiling aho-corasick v1.1.4
[INFO] [stderr]    Compiling serde v1.0.228
[INFO] [stderr]    Compiling tokio v1.52.3
[INFO] [stderr]    Compiling tree-sitter-language v0.1.7
[INFO] [stderr]    Compiling num-integer v0.1.46
[INFO] [stderr]    Compiling log v0.4.33
[INFO] [stderr]    Compiling serde_core v1.0.228
[INFO] [stderr]    Compiling tracing v0.1.44
[INFO] [stderr]    Compiling serde_json v1.0.150
[INFO] [stderr]    Compiling bit-vec v0.8.0
[INFO] [stderr]    Compiling ref-cast v1.0.25
[INFO] [stderr]    Compiling idna v1.1.0
[INFO] [stderr]    Compiling ahash v0.8.12
[INFO] [stderr]    Compiling sync_wrapper v1.0.2
[INFO] [stderr]    Compiling futures-util v0.3.32
[INFO] [stderr]    Compiling futures-channel v0.3.32
[INFO] [stderr]    Compiling ref-cast-impl v1.0.25
[INFO] [stderr]    Compiling rustix v1.1.4
[INFO] [stderr]    Compiling bit-set v0.8.0
[INFO] [stderr]    Compiling rand_chacha v0.9.0
[INFO] [stderr]    Compiling num-complex v0.4.6
[INFO] [stderr]    Compiling num-bigint v0.4.6
[INFO] [stderr]    Compiling num-iter v0.1.45
[INFO] [stderr]    Compiling anyhow v1.0.103
[INFO] [stderr]    Compiling borrow-or-share v0.2.4
[INFO] [stderr]    Compiling sha1 v0.10.6
[INFO] [stderr]    Compiling uuid v1.23.4
[INFO] [stderr]    Compiling tree-sitter-pwsh v0.38.1
[INFO] [stderr]    Compiling rand v0.9.4
[INFO] [stderr]    Compiling serde_urlencoded v0.7.1
[INFO] [stderr]    Compiling url v2.5.8
[INFO] [stderr]    Compiling toml_datetime v0.6.3
[INFO] [stderr]    Compiling fluent-uri v0.3.2
[INFO] [stderr]    Compiling serde_spanned v0.6.9
[INFO] [stderr]    Compiling tree-sitter-bash v0.25.1
[INFO] [stderr]    Compiling data-encoding v2.11.0
[INFO] [stderr]    Compiling time-macros v0.2.30
[INFO] [stderr]    Compiling dirs-sys v0.4.1
[INFO] [stderr]    Compiling toml_edit v0.20.2
[INFO] [stderr]    Compiling uuid-simd v0.8.0
[INFO] [stderr]    Compiling terminal_size v0.4.4
[INFO] [stderr]    Compiling tungstenite v0.28.0
[INFO] [stderr]    Compiling clap_derive v4.6.1
[INFO] [stderr]    Compiling clap_builder v4.6.0
[INFO] [stderr]    Compiling referencing v0.29.1
[INFO] [stderr]    Compiling email_address v0.2.9
[INFO] [stderr]    Compiling rtoolbox v0.0.5
[INFO] [stderr]    Compiling regex-automata v0.4.14
[INFO] [stderr]    Compiling rustc-hash v2.1.2
[INFO] [stderr]    Compiling streaming-iterator v0.1.9
[INFO] [stderr]    Compiling num-cmp v0.1.0
[INFO] [stderr]    Compiling bytecount v0.6.9
[INFO] [stderr]    Compiling num-rational v0.4.2
[INFO] [stderr]    Compiling time v0.3.51
[INFO] [stderr]    Compiling num v0.4.3
[INFO] [stderr]    Compiling fraction v0.15.4
[INFO] [stderr]    Compiling serde_yaml v0.9.34+deprecated
[INFO] [stderr]    Compiling rpassword v7.5.4
[INFO] [stderr]    Compiling dirs v5.0.1
[INFO] [stderr]    Compiling tracing-log v0.2.0
[INFO] [stderr]    Compiling toml v0.8.2
[INFO] [stderr]    Compiling glob v0.3.3
[INFO] [stderr]    Compiling chrono v0.4.45
[INFO] [stderr]    Compiling semver v1.0.28
[INFO] [stderr]    Compiling clap v4.6.1
[INFO] [stderr]    Compiling clap_complete v4.6.5
[INFO] [stderr]    Compiling regex v1.12.4
[INFO] [stderr]    Compiling bstr v1.12.3
[INFO] [stderr]    Compiling fancy-regex v0.14.0
[INFO] [stderr]    Compiling fancy-regex v0.17.0
[INFO] [stderr]    Compiling matchers v0.2.0
[INFO] [stderr]    Compiling tree-sitter v0.25.10
[INFO] [stderr]    Compiling tracing-subscriber v0.3.23
[INFO] [stderr]    Compiling hyper v1.10.1
[INFO] [stderr]    Compiling tokio-rustls v0.26.4
[INFO] [stderr]    Compiling tower v0.5.3
[INFO] [stderr]    Compiling tokio-util v0.7.18
[INFO] [stderr]    Compiling tokio-tungstenite v0.28.0
[INFO] [stderr]    Compiling tiktoken-rs v0.12.0
[INFO] [stderr]    Compiling tower-http v0.6.11
[INFO] [stderr]    Compiling hyper-util v0.1.20
[INFO] [stderr]    Compiling hyper-rustls v0.27.9
[INFO] [stderr]    Compiling reqwest v0.12.28
[INFO] [stderr]    Compiling jsonschema v0.29.1
[INFO] [stderr]    Compiling telos_agent v0.1.2
[INFO] [stderr]    Compiling telos-cli v0.1.2 (/opt/rustwide/workdir)
[INFO] [stderr]     Finished `dev` profile [unoptimized + debuginfo] target(s) in 1m 06s
[INFO] running `Command { std: "docker" "inspect" "9e870b6030342822a16d7ccbd529c4d9ee5e69989104db8b057a08859fdd66d3", kill_on_drop: false }`
[INFO] running `Command { std: "docker" "exec" "-e" "SOURCE_DIR=/opt/rustwide/workdir" "-e" "CARGO_HOME=/opt/rustwide/cargo-home" "-e" "RUSTUP_HOME=/opt/rustwide/rustup-home" "-e" "CARGO_TARGET_DIR=/opt/rustwide/target" "-e" "CARGO_INCREMENTAL=0" "-e" "RUST_BACKTRACE=full" "-e" "RUSTFLAGS=--cap-lints=warn" "-e" "RUSTDOCFLAGS=--cap-lints=warn" "-w" "/opt/rustwide/workdir" "--user" "0:0" "9e870b6030342822a16d7ccbd529c4d9ee5e69989104db8b057a08859fdd66d3" "/opt/rustwide/cargo-home/bin/cargo" "+1.99.0-beta.8" "test" "--frozen" "--no-run" "--message-format=json", kill_on_drop: false }`
[INFO] [stderr]    Compiling futures-util v0.3.32
[INFO] [stderr]    Compiling tokio-util v0.7.18
[INFO] [stderr]    Compiling rustix v1.1.4
[INFO] [stderr]    Compiling float-cmp v0.10.0
[INFO] [stderr]    Compiling assert_cmd v2.2.2
[INFO] [stderr]    Compiling deadpool-runtime v0.1.4
[INFO] [stderr]    Compiling assert-json-diff v2.0.2
[INFO] [stderr]    Compiling predicates v3.1.4
[INFO] [stderr]    Compiling deadpool v0.12.3
[INFO] [stderr]    Compiling h2 v0.4.15
[INFO] [stderr]    Compiling terminal_size v0.4.4
[INFO] [stderr]    Compiling tempfile v3.27.0
[INFO] [stderr]    Compiling clap_builder v4.6.0
[INFO] [stderr]    Compiling tower v0.5.3
[INFO] [stderr]    Compiling tokio-tungstenite v0.28.0
[INFO] [stderr]    Compiling futures-executor v0.3.32
[INFO] [stderr]    Compiling futures v0.3.32
[INFO] [stderr]    Compiling tower-http v0.6.11
[INFO] [stderr]    Compiling hyper v1.10.1
[INFO] [stderr]    Compiling clap v4.6.1
[INFO] [stderr]    Compiling clap_complete v4.6.5
[INFO] [stderr]    Compiling hyper-util v0.1.20
[INFO] [stderr]    Compiling hyper-rustls v0.27.9
[INFO] [stderr]    Compiling wiremock v0.6.5
[INFO] [stderr]    Compiling reqwest v0.12.28
[INFO] [stderr]    Compiling jsonschema v0.29.1
[INFO] [stderr]    Compiling telos_agent v0.1.2
[INFO] [stderr]    Compiling telos-cli v0.1.2 (/opt/rustwide/workdir)
[INFO] [stderr]     Finished `test` profile [unoptimized + debuginfo] target(s) in 48.14s
[INFO] running `Command { std: "docker" "inspect" "9e870b6030342822a16d7ccbd529c4d9ee5e69989104db8b057a08859fdd66d3", kill_on_drop: false }`
[INFO] running `Command { std: "docker" "exec" "-e" "SOURCE_DIR=/opt/rustwide/workdir" "-e" "CARGO_HOME=/opt/rustwide/cargo-home" "-e" "RUSTUP_HOME=/opt/rustwide/rustup-home" "-e" "CARGO_TARGET_DIR=/opt/rustwide/target" "-e" "CARGO_INCREMENTAL=0" "-e" "RUST_BACKTRACE=full" "-e" "RUSTFLAGS=--cap-lints=warn" "-e" "RUSTDOCFLAGS=--cap-lints=warn" "-w" "/opt/rustwide/workdir" "--user" "0:0" "9e870b6030342822a16d7ccbd529c4d9ee5e69989104db8b057a08859fdd66d3" "/opt/rustwide/cargo-home/bin/cargo" "+1.99.0-beta.8" "test" "--frozen", kill_on_drop: false }`
[INFO] [stderr]     Finished `test` profile [unoptimized + debuginfo] target(s) in 0.41s
[INFO] [stderr]      Running unittests src/lib.rs (/opt/rustwide/target/debug/deps/telos_cli-025fe6500b239fb5)
[INFO] [stdout] 
[INFO] [stdout] running 47 tests
[INFO] [stdout] test billing::tests::large_numbers_do_not_overflow ... ok
[INFO] [stdout] test billing::tests::all_cache_hit_no_miss ... ok
[INFO] [stdout] test billing::tests::pro_pricing_with_cache_breakdown ... ok
[INFO] [stdout] test billing::tests::fmt_very_small_cost ... ok
[INFO] [stdout] test billing::tests::fmt_zero_cost ... ok
[INFO] [stdout] test billing::tests::formats_cost_values ... ok
[INFO] [stdout] test billing::tests::partial_cache_breakdown_hit_only ... ok
[INFO] [stdout] test billing::tests::partial_cache_breakdown_miss_only ... ok
[INFO] [stdout] test billing::tests::fmt_cost_rounding_boundaries ... ok
[INFO] [stdout] test billing::tests::falls_back_to_cache_miss_when_no_cache_breakdown ... ok
[INFO] [stdout] test billing::tests::multi_model_turn_cost_accumulation ... ok
[INFO] [stdout] test billing::tests::model_is_none_returns_none ... ok
[INFO] [stdout] test billing::tests::flash_pricing_with_cache_breakdown ... ok
[INFO] [stdout] test billing::tests::pro_is_more_expensive_than_flash ... ok
[INFO] [stdout] test billing::tests::custom_model_without_defaults_returns_none ... ok
[INFO] [stdout] test billing::tests::api_model_name_aliases_resolve_to_pricing ... ok
[INFO] [stdout] test billing::tests::user_config_overrides_defaults ... ok
[INFO] [stdout] test billing::tests::user_config_partial_override_keeps_defaults ... ok
[INFO] [stdout] test config::tests::build_provider_cli_flag_overrides_file_config ... ok
[INFO] [stdout] test config::tests::build_provider_defaults_to_mock_when_no_config ... ok
[INFO] [stdout] test cli::tests::parse_chat_command ... ok
[INFO] [stdout] test billing::tests::unknown_model_returns_none ... ok
[INFO] [stdout] test billing::tests::zero_tokens_returns_zero_cost ... ok
[INFO] [stdout] test diagnostics::tests::diagnostics_dir_uses_project_root ... ok
[INFO] [stdout] test diagnostics::tests::default_cli_diagnostics_installs_local_sink ... ok
[INFO] [stdout] test onboarding::tests::setup_intro_sets_a_clear_first_run_tone ... ok
[INFO] [stdout] test terminal::tests::detects_iterm_from_term_program ... ok
[INFO] [stdout] test cli::tests::parse_default_prompt ... ok
[INFO] [stdout] test onboarding::tests::default_model_summary_shows_dual_model_defaults ... ok
[INFO] [stdout] test update_check::tests::cache_is_stale_at_twenty_four_hours ... ok
[INFO] [stdout] test cli::tests::parse_provider_flag ... ok
[INFO] [stdout] test config::tests::build_agent_config_merges_env_from_file_config ... ok
[INFO] [stdout] test diagnostics::tests::aggregates_repeated_failures ... ok
[INFO] [stdout] test onboarding::tests::api_key_help_makes_visible_input_and_save_scope_explicit ... ok
[INFO] [stdout] test diagnostics::tests::creates_issue_draft_when_github_disabled ... ok
[INFO] [stdout] test update_check::tests::cache_is_fresh_for_less_than_twenty_four_hours ... ok
[INFO] [stdout] test diagnostics::tests::github_reporter_posts_sanitized_issue ... ok
[INFO] [stdout] test update_check::tests::notice_is_none_when_no_registry_has_newer_version ... ok
[INFO] [stdout] test update_check::tests::parses_crates_io_max_version ... ok
[INFO] [stdout] test update_check::tests::parses_pypi_info_version ... ok
[INFO] [stdout] test update_check::tests::status_without_any_registry_result_is_not_cacheable ... ok
[INFO] [stdout] test update_check::tests::startup_check_is_enabled_by_default ... ok
[INFO] [stdout] test update_check::tests::startup_check_is_disabled_by_environment ... ok
[INFO] [stderr]      Running unittests src/main.rs (/opt/rustwide/target/debug/deps/telos-43a19fdcb6be12d7)
[INFO] [stdout] test update_check::tests::classifies_leading_v_as_semver ... ok
[INFO] [stdout] test update_check::tests::registry_failures_do_not_hide_other_updates ... ok
[INFO] [stdout] test update_check::tests::notice_lists_each_registry_with_newer_version ... ok
[INFO] [stdout] test update_check::tests::startup_check_is_disabled_by_quiet_flag ... ok
[INFO] [stdout] 
[INFO] [stdout] test result: ok. 47 passed; 0 failed; 0 ignored; 0 measured; 0 filtered out; finished in 0.01s
[INFO] [stdout] 
[INFO] [stderr]      Running tests/cli_tests.rs (/opt/rustwide/target/debug/deps/cli_tests-788542272ffd3a6d)
[INFO] [stdout] 
[INFO] [stdout] running 0 tests
[INFO] [stdout] 
[INFO] [stdout] test result: ok. 0 passed; 0 failed; 0 ignored; 0 measured; 0 filtered out; finished in 0.00s
[INFO] [stdout] 
[INFO] [stdout] 
[INFO] [stdout] running 22 tests
[INFO] [stdout] test policy_always_deny_returns_deny ... ok
[INFO] [stdout] test policy_always_allow_returns_allow ... ok
[INFO] [stdout] test policy_always_ask_returns_none ... ok
[INFO] [stdout] test policy_lookup_accepts_aliases ... ok
[INFO] [stdout] test new_dependencies_compile ... ok
[INFO] [stdout] test memory_root_prefers_project_directory ... ok
[INFO] [stdout] test policy_per_tool_lookup ... ok
[INFO] [stdout] test sessions_dir_without_project ... ok
[INFO] [stdout] test detects_project_root_via_telos_toml ... ok
[INFO] [stdout] test save_and_load_chat_history ... ok
[INFO] [stdout] test session_auto_names ... ok
[INFO] [stdout] test sessions_dir_with_project ... ok
[INFO] [stdout] test detects_project_root_via_git ... ok
[INFO] [stdout] test load_user_config_from_test_file ... ok
[INFO] [stdout] test parses_telos_toml ... ok
[INFO] [stdout] test telos_completion_subcommand_exists ... ok
[INFO] [stdout] test telos_help_still_works ... ok
[INFO] [stdout] test completion_subcommand_works ... ok
[INFO] [stdout] test memory_runtime_registers_tools ... ok
[INFO] [stdout] test no_provider_non_interactive_shows_error ... ok
[INFO] [stdout] test config_file_provider_avoids_onboarding ... ok
[INFO] [stdout] test runs_single_mock_prompt ... FAILED
[INFO] [stdout] 
[INFO] [stdout] failures:
[INFO] [stdout] 
[INFO] [stdout] ---- runs_single_mock_prompt stdout ----
[INFO] [stdout] 
[INFO] [stdout] thread 'runs_single_mock_prompt' (1944) panicked at tests/cli_tests.rs:45:18:
[INFO] [stdout] Unexpected failure.
[INFO] [stdout] code=1
[INFO] [stdout] stderr=``````
[INFO] [stdout] Project root: /opt/rustwide/workdir
[INFO] [stdout] Error: failed to create diagnostics directory: /opt/rustwide/workdir/.telos/diagnostics
[INFO] [stdout] 
[INFO] [stdout] Caused by:
[INFO] [stdout]     Read-only file system (os error 30)
[INFO] [stdout] 
[INFO] [stdout] Stack backtrace:
[INFO] [stdout]    0: <core::io::error::Error as anyhow::context::ext::StdError>::ext_context::<alloc::string::String>
[INFO] [stdout]              at /opt/rustwide/cargo-home/registry/src/index.crates.io-1949cf8c6b5b557f/anyhow-1.0.103/src/backtrace.rs:10:14
[INFO] [stdout]    1: <core::result::Result<(), core::io::error::Error> as anyhow::Context<(), core::io::error::Error>>::with_context::<alloc::string::String, telos_cli::diagnostics::configure_tool_diagnostics::{closure#1}>
[INFO] [stdout]              at /opt/rustwide/cargo-home/registry/src/index.crates.io-1949cf8c6b5b557f/anyhow-1.0.103/src/context.rs:65:37
[INFO] [stdout]    2: telos_cli::diagnostics::configure_tool_diagnostics
[INFO] [stdout]              at ./src/runtime/diagnostics.rs:118:10
[INFO] [stdout]    3: telos_cli::runtime::prepare_runtime
[INFO] [stdout]              at ./src/runtime/mod.rs:22:23
[INFO] [stdout]    4: telos_cli::runner::run_single::{closure#0}
[INFO] [stdout]              at ./src/runner.rs:24:23
[INFO] [stdout]    5: telos_cli::run::{closure#0}
[INFO] [stdout]              at ./src/lib.rs:127:92
[INFO] [stdout]    6: telos::main::{closure#0}
[INFO] [stdout]              at ./src/main.rs:3:22
[INFO] [stdout]    7: <core::pin::Pin<alloc::boxed::Box<telos::main::{closure#0}>> as core::future::future::Future>::poll
[INFO] [stdout]              at /rustc/dfb0accb7f508ae8be965d8629557221c889dd98/library/core/src/future/future.rs:133:9
[INFO] [stdout]    8: <tokio::runtime::park::CachedParkThread>::block_on::<core::pin::Pin<alloc::boxed::Box<telos::main::{closure#0}>>>::{closure#0}
[INFO] [stdout]              at /opt/rustwide/cargo-home/registry/src/index.crates.io-1949cf8c6b5b557f/tokio-1.52.3/src/runtime/park.rs:284:71
[INFO] [stdout]    9: tokio::task::coop::with_budget::<core::task::poll::Poll<core::result::Result<(), anyhow::Error>>, <tokio::runtime::park::CachedParkThread>::block_on<core::pin::Pin<alloc::boxed::Box<telos::main::{closure#0}>>>::{closure#0}>
[INFO] [stdout]              at /opt/rustwide/cargo-home/registry/src/index.crates.io-1949cf8c6b5b557f/tokio-1.52.3/src/task/coop/mod.rs:167:5
[INFO] [stdout]   10: tokio::task::coop::budget::<core::task::poll::Poll<core::result::Result<(), anyhow::Error>>, <tokio::runtime::park::CachedParkThread>::block_on<core::pin::Pin<alloc::boxed::Box<telos::main::{closure#0}>>>::{closure#0}>
[INFO] [stdout]              at /opt/rustwide/cargo-home/registry/src/index.crates.io-1949cf8c6b5b557f/tokio-1.52.3/src/task/coop/mod.rs:133:5
[INFO] [stdout]   11: <tokio::runtime::park::CachedParkThread>::block_on::<core::pin::Pin<alloc::boxed::Box<telos::main::{closure#0}>>>
[INFO] [stdout]              at /opt/rustwide/cargo-home/registry/src/index.crates.io-1949cf8c6b5b557f/tokio-1.52.3/src/runtime/park.rs:284:31
[INFO] [stdout]   12: <tokio::runtime::context::blocking::BlockingRegionGuard>::block_on::<core::pin::Pin<alloc::boxed::Box<telos::main::{closure#0}>>>
[INFO] [stdout]              at /opt/rustwide/cargo-home/registry/src/index.crates.io-1949cf8c6b5b557f/tokio-1.52.3/src/runtime/context/blocking.rs:66:14
[INFO] [stdout]   13: <tokio::runtime::scheduler::multi_thread::MultiThread>::block_on::<core::pin::Pin<alloc::boxed::Box<telos::main::{closure#0}>>>::{closure#0}
[INFO] [stdout]              at /opt/rustwide/cargo-home/registry/src/index.crates.io-1949cf8c6b5b557f/tokio-1.52.3/src/runtime/scheduler/multi_thread/mod.rs:92:22
[INFO] [stdout]   14: tokio::runtime::context::runtime::enter_runtime::<<tokio::runtime::scheduler::multi_thread::MultiThread>::block_on<core::pin::Pin<alloc::boxed::Box<telos::main::{closure#0}>>>::{closure#0}, core::result::Result<(), anyhow::Error>>
[INFO] [stdout]              at /opt/rustwide/cargo-home/registry/src/index.crates.io-1949cf8c6b5b557f/tokio-1.52.3/src/runtime/context/runtime.rs:65:16
[INFO] [stdout]   15: <tokio::runtime::scheduler::multi_thread::MultiThread>::block_on::<core::pin::Pin<alloc::boxed::Box<telos::main::{closure#0}>>>
[INFO] [stdout]              at /opt/rustwide/cargo-home/registry/src/index.crates.io-1949cf8c6b5b557f/tokio-1.52.3/src/runtime/scheduler/multi_thread/mod.rs:91:9
[INFO] [stdout]   16: <tokio::runtime::runtime::Runtime>::block_on_inner::<core::pin::Pin<alloc::boxed::Box<telos::main::{closure#0}>>>
[INFO] [stdout]              at /opt/rustwide/cargo-home/registry/src/index.crates.io-1949cf8c6b5b557f/tokio-1.52.3/src/runtime/runtime.rs:373:50
[INFO] [stdout]   17: <tokio::runtime::runtime::Runtime>::block_on::<telos::main::{closure#0}>
[INFO] [stdout]              at /opt/rustwide/cargo-home/registry/src/index.crates.io-1949cf8c6b5b557f/tokio-1.52.3/src/runtime/runtime.rs:343:18
[INFO] [stdout]   18: telos::main
[INFO] [stdout]              at ./src/main.rs:3:22
[INFO] [stdout]   19: <fn() -> core::result::Result<(), anyhow::Error> as core::ops::function::FnOnce<()>>::call_once
[INFO] [stdout]              at /rustc/dfb0accb7f508ae8be965d8629557221c889dd98/library/core/src/ops/function.rs:250:5
[INFO] [stdout]   20: std::sys::backtrace::__rust_begin_short_backtrace::<fn() -> core::result::Result<(), anyhow::Error>, core::result::Result<(), anyhow::Error>>
[INFO] [stdout]              at /rustc/dfb0accb7f508ae8be965d8629557221c889dd98/library/std/src/sys/backtrace.rs:166:18
[INFO] [stdout]   21: std::rt::lang_start::<core::result::Result<(), anyhow::Error>>::{closure#0}
[INFO] [stdout]              at /rustc/dfb0accb7f508ae8be965d8629557221c889dd98/library/std/src/rt.rs:206:18
[INFO] [stdout]   22: <&dyn core::ops::function::Fn<(), Output = i32> + core::panic::unwind_safe::RefUnwindSafe + core::marker::Sync as core::ops::function::FnOnce<()>>::call_once
[INFO] [stdout]              at /rustc/dfb0accb7f508ae8be965d8629557221c889dd98/library/core/src/ops/function.rs:287:21
[INFO] [stdout]   23: std::panicking::catch_unwind::do_call::<&dyn core::ops::function::Fn<(), Output = i32> + core::panic::unwind_safe::RefUnwindSafe + core::marker::Sync, i32>
[INFO] [stdout]              at /rustc/dfb0accb7f508ae8be965d8629557221c889dd98/library/std/src/panicking.rs:576:43
[INFO] [stdout]   24: std::panicking::catch_unwind::<i32, &dyn core::ops::function::Fn<(), Output = i32> + core::panic::unwind_safe::RefUnwindSafe + core::marker::Sync>
[INFO] [stdout]              at /rustc/dfb0accb7f508ae8be965d8629557221c889dd98/library/std/src/panicking.rs:544:19
[INFO] [stdout]   25: std::panic::catch_unwind::<&dyn core::ops::function::Fn<(), Output = i32> + core::panic::unwind_safe::RefUnwindSafe + core::marker::Sync, i32>
[INFO] [stdout]              at /rustc/dfb0accb7f508ae8be965d8629557221c889dd98/library/std/src/panic.rs:359:14
[INFO] [stdout]   26: std::rt::lang_start_internal::{closure#0}
[INFO] [stdout]              at /rustc/dfb0accb7f508ae8be965d8629557221c889dd98/library/std/src/rt.rs:175:24
[INFO] [stdout]   27: std::panicking::catch_unwind::do_call::<std::rt::lang_start_internal::{closure#0}, isize>
[INFO] [stdout]              at /rustc/dfb0accb7f508ae8be965d8629557221c889dd98/library/std/src/panicking.rs:576:43
[INFO] [stdout]   28: std::panicking::catch_unwind::<isize, std::rt::lang_start_internal::{closure#0}>
[INFO] [stdout]              at /rustc/dfb0accb7f508ae8be965d8629557221c889dd98/library/std/src/panicking.rs:544:19
[INFO] [stdout]   29: std::panic::catch_unwind::<std::rt::lang_start_internal::{closure#0}, isize>
[INFO] [stdout]              at /rustc/dfb0accb7f508ae8be965d8629557221c889dd98/library/std/src/panic.rs:359:14
[INFO] [stdout]   30: std::rt::lang_start_internal
[INFO] [stdout]              at /rustc/dfb0accb7f508ae8be965d8629557221c889dd98/library/std/src/rt.rs:171:5
[INFO] [stdout]   31: std::rt::lang_start::<core::result::Result<(), anyhow::Error>>
[INFO] [stdout]              at /rustc/dfb0accb7f508ae8be965d8629557221c889dd98/library/std/src/rt.rs:205:5
[INFO] [stdout]   32: main
[INFO] [stdout]   33: <unknown>
[INFO] [stdout]   34: __libc_start_main
[INFO] [stdout]   35: _start
[INFO] [stdout] ```
[INFO] [stdout] ```
[INFO] [stdout] command=`TELOS_DISABLE_UPDATE_CHECK="1" "/opt/rustwide/target/debug/telos" "--provider" "mock" "hello"`
[INFO] [stdout] code=1
[INFO] [stdout] stdout=""
[INFO] [stdout] stderr=```
[INFO] [stdout] Project root: /opt/rustwide/workdir
[INFO] [stdout] Error: failed to create diagnostics directory: /opt/rustwide/workdir/.telos/diagnostics
[INFO] [stdout] 
[INFO] [stdout] Caused by:
[INFO] [stdout]     Read-only file system (os error 30)
[INFO] [stdout] 
[INFO] [stdout] Stack backtrace:
[INFO] [stdout]    0: <core::io::error::Error as anyhow::context::ext::StdError>::ext_context::<alloc::string::String>
[INFO] [stdout]              at /opt/rustwide/cargo-home/registry/src/index.crates.io-1949cf8c6b5b557f/anyhow-1.0.103/src/backtrace.rs:10:14
[INFO] [stdout]    1: <core::result::Result<(), core::io::error::Error> as anyhow::Context<(), core::io::error::Error>>::with_context::<alloc::string::String, telos_cli::diagnostics::configure_tool_diagnostics::{closure#1}>
[INFO] [stdout]              at /opt/rustwide/cargo-home/registry/src/index.crates.io-1949cf8c6b5b557f/anyhow-1.0.103/src/context.rs:65:37
[INFO] [stdout]    2: telos_cli::diagnostics::configure_tool_diagnostics
[INFO] [stdout]              at ./src/runtime/diagnostics.rs:118:10
[INFO] [stdout]    3: telos_cli::runtime::prepare_runtime
[INFO] [stdout]              at ./src/runtime/mod.rs:22:23
[INFO] [stdout]    4: telos_cli::runner::run_single::{closure#0}
[INFO] [stdout]              at ./src/runner.rs:24:23
[INFO] [stdout]    5: telos_cli::run::{closure#0}
[INFO] [stdout]              at ./src/lib.rs:127:92
[INFO] [stdout]    6: telos::main::{closure#0}
[INFO] [stdout]              at ./src/main.rs:3:22
[INFO] [stdout]    7: <core::pin::Pin<alloc::boxed::Box<telos::main::{closure#0}>> as core::future::future::Future>::poll
[INFO] [stdout]              at /rustc/dfb0accb7f508ae8be965d8629557221c889dd98/library/core/src/future/future.rs:133:9
[INFO] [stdout]    8: <tokio::runtime::park::CachedParkThread>::block_on::<core::pin::Pin<alloc::boxed::Box<telos::main::{closure#0}>>>::{closure#0}
[INFO] [stdout]              at /opt/rustwide/cargo-home/registry/src/index.crates.io-1949cf8c6b5b557f/tokio-1.52.3/src/runtime/park.rs:284:71
[INFO] [stdout]    9: tokio::task::coop::with_budget::<core::task::poll::Poll<core::result::Result<(), anyhow::Error>>, <tokio::runtime::park::CachedParkThread>::block_on<core::pin::Pin<alloc::boxed::Box<telos::main::{closure#0}>>>::{closure#0}>
[INFO] [stdout]              at /opt/rustwide/cargo-home/registry/src/index.crates.io-1949cf8c6b5b557f/tokio-1.52.3/src/task/coop/mod.rs:167:5
[INFO] [stdout]   10: tokio::task::coop::budget::<core::task::poll::Poll<core::result::Result<(), anyhow::Error>>, <tokio::runtime::park::CachedParkThread>::block_on<core::pin::Pin<alloc::boxed::Box<telos::main::{closure#0}>>>::{closure#0}>
[INFO] [stdout]              at /opt/rustwide/cargo-home/registry/src/index.crates.io-1949cf8c6b5b557f/tokio-1.52.3/src/task/coop/mod.rs:133:5
[INFO] [stdout]   11: <tokio::runtime::park::CachedParkThread>::block_on::<core::pin::Pin<alloc::boxed::Box<telos::main::{closure#0}>>>
[INFO] [stdout]              at /opt/rustwide/cargo-home/registry/src/index.crates.io-1949cf8c6b5b557f/tokio-1.52.3/src/runtime/park.rs:284:31
[INFO] [stdout]   12: <tokio::runtime::context::blocking::BlockingRegionGuard>::block_on::<core::pin::Pin<alloc::boxed::Box<telos::main::{closure#0}>>>
[INFO] [stdout]              at /opt/rustwide/cargo-home/registry/src/index.crates.io-1949cf8c6b5b557f/tokio-1.52.3/src/runtime/context/blocking.rs:66:14
[INFO] [stdout]   13: <tokio::runtime::scheduler::multi_thread::MultiThread>::block_on::<core::pin::Pin<alloc::boxed::Box<telos::main::{closure#0}>>>::{closure#0}
[INFO] [stdout]              at /opt/rustwide/cargo-home/registry/src/index.crates.io-1949cf8c6b5b557f/tokio-1.52.3/src/runtime/scheduler/multi_thread/mod.rs:92:22
[INFO] [stdout]   14: tokio::runtime::context::runtime::enter_runtime::<<tokio::runtime::scheduler::multi_thread::MultiThread>::block_on<core::pin::Pin<alloc::boxed::Box<telos::main::{closure#0}>>>::{closure#0}, core::result::Result<(), anyhow::Error>>
[INFO] [stdout]              at /opt/rustwide/cargo-home/registry/src/index.crates.io-1949cf8c6b5b557f/tokio-1.52.3/src/runtime/context/runtime.rs:65:16
[INFO] [stdout]   15: <tokio::runtime::scheduler::multi_thread::MultiThread>::block_on::<core::pin::Pin<alloc::boxed::Box<telos::main::{closure#0}>>>
[INFO] [stdout]              at /opt/rustwide/cargo-home/registry/src/index.crates.io-1949cf8c6b5b557f/tokio-1.52.3/src/runtime/scheduler/multi_thread/mod.rs:91:9
[INFO] [stdout]   16: <tokio::runtime::runtime::Runtime>::block_on_inner::<core::pin::Pin<alloc::boxed::Box<telos::main::{closure#0}>>>
[INFO] [stdout]              at /opt/rustwide/cargo-home/registry/src/index.crates.io-1949cf8c6b5b557f/tokio-1.52.3/src/runtime/runtime.rs:373:50
[INFO] [stdout]   17: <tokio::runtime::runtime::Runtime>::block_on::<telos::main::{closure#0}>
[INFO] [stdout]              at /opt/rustwide/cargo-home/registry/src/index.crates.io-1949cf8c6b5b557f/tokio-1.52.3/src/runtime/runtime.rs:343:18
[INFO] [stdout]   18: telos::main
[INFO] [stdout]              at ./src/main.rs:3:22
[INFO] [stdout]   19: <fn() -> core::result::Result<(), anyhow::Error> as core::ops::function::FnOnce<()>>::call_once
[INFO] [stdout]              at /rustc/dfb0accb7f508ae8be965d8629557221c889dd98/library/core/src/ops/function.rs:250:5
[INFO] [stdout]   20: std::sys::backtrace::__rust_begin_short_backtrace::<fn() -> core::result::Result<(), anyhow::Error>, core::result::Result<(), anyhow::Error>>
[INFO] [stdout]              at /rustc/dfb0accb7f508ae8be965d8629557221c889dd98/library/std/src/sys/backtrace.rs:166:18
[INFO] [stdout]   21: std::rt::lang_start::<core::result::Result<(), anyhow::Error>>::{closure#0}
[INFO] [stdout]              at /rustc/dfb0accb7f508ae8be965d8629557221c889dd98/library/std/src/rt.rs:206:18
[INFO] [stdout]   22: <&dyn core::ops::function::Fn<(), Output = i32> + core::panic::unwind_safe::RefUnwindSafe + core::marker::Sync as core::ops::function::FnOnce<()>>::call_once
[INFO] [stdout]              at /rustc/dfb0accb7f508ae8be965d8629557221c889dd98/library/core/src/ops/function.rs:287:21
[INFO] [stdout]   23: std::panicking::catch_unwind::do_call::<&dyn core::ops::function::Fn<(), Output = i32> + core::panic::unwind_safe::RefUnwindSafe + core::marker::Sync, i32>
[INFO] [stdout]              at /rustc/dfb0accb7f508ae8be965d8629557221c889dd98/library/std/src/panicking.rs:576:43
[INFO] [stdout]   24: std::panicking::catch_unwind::<i32, &dyn core::ops::function::Fn<(), Output = i32> + core::panic::unwind_safe::RefUnwindSafe + core::marker::Sync>
[INFO] [stdout]              at /rustc/dfb0accb7f508ae8be965d8629557221c889dd98/library/std/src/panicking.rs:544:19
[INFO] [stdout]   25: std::panic::catch_unwind::<&dyn core::ops::function::Fn<(), Output = i32> + core::panic::unwind_safe::RefUnwindSafe + core::marker::Sync, i32>
[INFO] [stdout]              at /rustc/dfb0accb7f508ae8be965d8629557221c889dd98/library/std/src/panic.rs:359:14
[INFO] [stdout]   26: std::rt::lang_start_internal::{closure#0}
[INFO] [stdout]              at /rustc/dfb0accb7f508ae8be965d8629557221c889dd98/library/std/src/rt.rs:175:24
[INFO] [stdout]   27: std::panicking::catch_unwind::do_call::<std::rt::lang_start_internal::{closure#0}, isize>
[INFO] [stdout]              at /rustc/dfb0accb7f508ae8be965d8629557221c889dd98/library/std/src/panicking.rs:576:43
[INFO] [stdout]   28: std::panicking::catch_unwind::<isize, std::rt::lang_start_internal::{closure#0}>
[INFO] [stdout]              at /rustc/dfb0accb7f508ae8be965d8629557221c889dd98/library/std/src/panicking.rs:544:19
[INFO] [stdout]   29: std::panic::catch_unwind::<std::rt::lang_start_internal::{closure#0}, isize>
[INFO] [stdout]              at /rustc/dfb0accb7f508ae8be965d8629557221c889dd98/library/std/src/panic.rs:359:14
[INFO] [stdout]   30: std::rt::lang_start_internal
[INFO] [stdout]              at /rustc/dfb0accb7f508ae8be965d8629557221c889dd98/library/std/src/rt.rs:171:5
[INFO] [stdout]   31: std::rt::lang_start::<core::result::Result<(), anyhow::Error>>
[INFO] [stdout]              at /rustc/dfb0accb7f508ae8be965d8629557221c889dd98/library/std/src/rt.rs:205:5
[INFO] [stdout]   32: main
[INFO] [stdout]   33: <unknown>
[INFO] [stdout]   34: __libc_start_main
[INFO] [stdout]   35: _start
[INFO] [stdout] ```
[INFO] [stdout] 
[INFO] [stdout] 
[INFO] [stdout] stack backtrace:
[INFO] [stdout]    0:     0x5a1c6eb65b91 - std[70759c8f55707aa4]::backtrace_rs::backtrace::libunwind::trace
[INFO] [stdout]                                at /rustc/dfb0accb7f508ae8be965d8629557221c889dd98/library/std/src/../../backtrace/src/backtrace/libunwind.rs:117:9
[INFO] [stdout]    1:     0x5a1c6eb65b91 - std[70759c8f55707aa4]::backtrace_rs::backtrace::trace_unsynchronized::<std[70759c8f55707aa4]::sys::backtrace::_print_fmt::{closure#1}>
[INFO] [stdout]                                at /rustc/dfb0accb7f508ae8be965d8629557221c889dd98/library/std/src/../../backtrace/src/backtrace/mod.rs:66:14
[INFO] [stdout]    2:     0x5a1c6eb65b91 - std[70759c8f55707aa4]::sys::backtrace::_print_fmt
[INFO] [stdout]                                at /rustc/dfb0accb7f508ae8be965d8629557221c889dd98/library/std/src/sys/backtrace.rs:74:9
[INFO] [stdout]    3:     0x5a1c6eb65b91 - <<std[70759c8f55707aa4]::sys::backtrace::BacktraceLock>::print::DisplayBacktrace as core[df12db4294e9bfd3]::fmt::Display>::fmt
[INFO] [stdout]                                at /rustc/dfb0accb7f508ae8be965d8629557221c889dd98/library/std/src/sys/backtrace.rs:44:26
[INFO] [stdout]    4:     0x5a1c6eb8046a - <core[df12db4294e9bfd3]::fmt::rt::Argument>::fmt
[INFO] [stdout]                                at /rustc/dfb0accb7f508ae8be965d8629557221c889dd98/library/core/src/fmt/rt.rs:152:76
[INFO] [stdout]    5:     0x5a1c6eb8046a - core[df12db4294e9bfd3]::fmt::write
[INFO] [stdout]    6:     0x5a1c6eb6c28c - core[df12db4294e9bfd3]::io::write::default_write_fmt::<alloc[2182bb758b4b3781]::vec::Vec<u8>>
[INFO] [stdout]                                at /rustc/dfb0accb7f508ae8be965d8629557221c889dd98/library/core/src/io/write.rs:402:11
[INFO] [stdout]    7:     0x5a1c6eb6c28c - <alloc[2182bb758b4b3781]::vec::Vec<u8> as core[df12db4294e9bfd3]::io::write::Write>::write_fmt
[INFO] [stdout]                                at /rustc/dfb0accb7f508ae8be965d8629557221c889dd98/library/core/src/io/write.rs:335:13
[INFO] [stdout]    8:     0x5a1c6eb3dd86 - <std[70759c8f55707aa4]::sys::backtrace::BacktraceLock>::print
[INFO] [stdout]                                at /rustc/dfb0accb7f508ae8be965d8629557221c889dd98/library/std/src/sys/backtrace.rs:47:9
[INFO] [stdout]    9:     0x5a1c6eb3dd86 - std[70759c8f55707aa4]::panicking::default_hook::{closure#0}
[INFO] [stdout]                                at /rustc/dfb0accb7f508ae8be965d8629557221c889dd98/library/std/src/panicking.rs:292:27
[INFO] [stdout]   10:     0x5a1c6eb5c779 - std[70759c8f55707aa4]::panicking::default_hook
[INFO] [stdout]                                at /rustc/dfb0accb7f508ae8be965d8629557221c889dd98/library/std/src/panicking.rs:316:9
[INFO] [stdout]   11:     0x5a1c6dddf510 - <alloc[2182bb758b4b3781]::boxed::Box<dyn for<'a, 'b> core[df12db4294e9bfd3]::ops::function::Fn<(&'a std[70759c8f55707aa4]::panic::PanicHookInfo<'b>,), Output = ()> + core[df12db4294e9bfd3]::marker::Send + core[df12db4294e9bfd3]::marker::Sync> as core[df12db4294e9bfd3]::ops::function::Fn<(&std[70759c8f55707aa4]::panic::PanicHookInfo,)>>::call
[INFO] [stdout]                                at /rustc/dfb0accb7f508ae8be965d8629557221c889dd98/library/alloc/src/boxed.rs:2334:9
[INFO] [stdout]   12:     0x5a1c6dddf510 - test[9d35eded1c95d3be]::test_main_inner::<test[9d35eded1c95d3be]::test_main_static::{closure#0}>::{closure#0}
[INFO] [stdout]                                at /rustc/dfb0accb7f508ae8be965d8629557221c889dd98/library/test/src/lib.rs:155:21
[INFO] [stdout]   13:     0x5a1c6eb5caa2 - <alloc[2182bb758b4b3781]::boxed::Box<dyn for<'a, 'b> core[df12db4294e9bfd3]::ops::function::Fn<(&'a std[70759c8f55707aa4]::panic::PanicHookInfo<'b>,), Output = ()> + core[df12db4294e9bfd3]::marker::Send + core[df12db4294e9bfd3]::marker::Sync> as core[df12db4294e9bfd3]::ops::function::Fn<(&std[70759c8f55707aa4]::panic::PanicHookInfo,)>>::call
[INFO] [stdout]                                at /rustc/dfb0accb7f508ae8be965d8629557221c889dd98/library/alloc/src/boxed.rs:2334:9
[INFO] [stdout]   14:     0x5a1c6eb5caa2 - std[70759c8f55707aa4]::panicking::panic_with_hook
[INFO] [stdout]                                at /rustc/dfb0accb7f508ae8be965d8629557221c889dd98/library/std/src/panicking.rs:823:13
[INFO] [stdout]   15:     0x5a1c6eb3de32 - std[70759c8f55707aa4]::panicking::panic_handler::{closure#0}
[INFO] [stdout]                                at /rustc/dfb0accb7f508ae8be965d8629557221c889dd98/library/std/src/panicking.rs:688:13
[INFO] [stdout]   16:     0x5a1c6eb36199 - std[70759c8f55707aa4]::sys::backtrace::__rust_end_short_backtrace::<std[70759c8f55707aa4]::panicking::panic_handler::{closure#0}, !>
[INFO] [stdout]                                at /rustc/dfb0accb7f508ae8be965d8629557221c889dd98/library/std/src/sys/backtrace.rs:182:18
[INFO] [stdout]   17:     0x5a1c6eb3ee1d - __rustc[8fa7c3cbc660c2b3]::rust_begin_unwind
[INFO] [stdout]                                at /rustc/dfb0accb7f508ae8be965d8629557221c889dd98/library/std/src/panicking.rs:679:5
[INFO] [stdout]   18:     0x5a1c6eb80d3c - core[df12db4294e9bfd3]::panicking::panic_fmt
[INFO] [stdout]                                at /rustc/dfb0accb7f508ae8be965d8629557221c889dd98/library/core/src/panicking.rs:80:14
[INFO] [stdout]   19:     0x5a1c6e82ed18 - core[df12db4294e9bfd3]::panicking::panic_display::<assert_cmd[6ee00247a8167173]::assert::AssertError>
[INFO] [stdout]                                at /rustc/dfb0accb7f508ae8be965d8629557221c889dd98/library/core/src/panicking.rs:259:5
[INFO] [stdout]   20:     0x5a1c6e82ec77 - <assert_cmd[6ee00247a8167173]::assert::AssertError>::panic::<assert_cmd[6ee00247a8167173]::assert::Assert>
[INFO] [stdout]                                at /opt/rustwide/cargo-home/registry/src/index.crates.io-1949cf8c6b5b557f/assert_cmd-2.2.2/src/assert.rs:1061:9
[INFO] [stdout]   21:     0x5a1c6e83103d - <assert_cmd[6ee00247a8167173]::assert::Assert>::success
[INFO] [stdout]                                at /opt/rustwide/cargo-home/registry/src/index.crates.io-1949cf8c6b5b557f/assert_cmd-2.2.2/src/assert.rs:165:25
[INFO] [stdout]   22:     0x5a1c6ddc4e45 - cli_tests[84103ce75546f470]::runs_single_mock_prompt
[INFO] [stdout]                                at /opt/rustwide/workdir/tests/cli_tests.rs:45:18
[INFO] [stdout]   23:     0x5a1c6ddc3bb7 - cli_tests[84103ce75546f470]::runs_single_mock_prompt::{closure#0}
[INFO] [stdout]                                at /opt/rustwide/workdir/tests/cli_tests.rs:42:29
[INFO] [stdout]   24:     0x5a1c6ddca6a6 - <cli_tests[84103ce75546f470]::runs_single_mock_prompt::{closure#0} as core[df12db4294e9bfd3]::ops::function::FnOnce<()>>::call_once
[INFO] [stdout]                                at /rustc/dfb0accb7f508ae8be965d8629557221c889dd98/library/core/src/ops/function.rs:250:5
[INFO] [stdout]   25:     0x5a1c6ddd27fb - <fn() -> core[df12db4294e9bfd3]::result::Result<(), alloc[2182bb758b4b3781]::string::String> as core[df12db4294e9bfd3]::ops::function::FnOnce<()>>::call_once
[INFO] [stdout]                                at /rustc/dfb0accb7f508ae8be965d8629557221c889dd98/library/core/src/ops/function.rs:250:5
[INFO] [stdout]   26:     0x5a1c6ddd27fb - test[9d35eded1c95d3be]::__rust_begin_short_backtrace::<core[df12db4294e9bfd3]::result::Result<(), alloc[2182bb758b4b3781]::string::String>, fn() -> core[df12db4294e9bfd3]::result::Result<(), alloc[2182bb758b4b3781]::string::String>>
[INFO] [stdout]                                at /rustc/dfb0accb7f508ae8be965d8629557221c889dd98/library/test/src/lib.rs:733:18
[INFO] [stdout]   27:     0x5a1c6dddfe65 - test[9d35eded1c95d3be]::run_test_in_process::{closure#0}
[INFO] [stdout]                                at /rustc/dfb0accb7f508ae8be965d8629557221c889dd98/library/test/src/lib.rs:756:74
[INFO] [stdout]   28:     0x5a1c6dddfe65 - <core[df12db4294e9bfd3]::panic::unwind_safe::AssertUnwindSafe<test[9d35eded1c95d3be]::run_test_in_process::{closure#0}> as core[df12db4294e9bfd3]::ops::function::FnOnce<()>>::call_once
[INFO] [stdout]                                at /rustc/dfb0accb7f508ae8be965d8629557221c889dd98/library/core/src/panic/unwind_safe.rs:275:9
[INFO] [stdout]   29:     0x5a1c6dddfe65 - std[70759c8f55707aa4]::panicking::catch_unwind::do_call::<core[df12db4294e9bfd3]::panic::unwind_safe::AssertUnwindSafe<test[9d35eded1c95d3be]::run_test_in_process::{closure#0}>, core[df12db4294e9bfd3]::result::Result<(), alloc[2182bb758b4b3781]::string::String>>
[INFO] [stdout]                                at /rustc/dfb0accb7f508ae8be965d8629557221c889dd98/library/std/src/panicking.rs:576:43
[INFO] [stdout]   30:     0x5a1c6dddfe65 - std[70759c8f55707aa4]::panicking::catch_unwind::<core[df12db4294e9bfd3]::result::Result<(), alloc[2182bb758b4b3781]::string::String>, core[df12db4294e9bfd3]::panic::unwind_safe::AssertUnwindSafe<test[9d35eded1c95d3be]::run_test_in_process::{closure#0}>>
[INFO] [stdout]                                at /rustc/dfb0accb7f508ae8be965d8629557221c889dd98/library/std/src/panicking.rs:544:19
[INFO] [stdout]   31:     0x5a1c6dddfe65 - std[70759c8f55707aa4]::panic::catch_unwind::<core[df12db4294e9bfd3]::panic::unwind_safe::AssertUnwindSafe<test[9d35eded1c95d3be]::run_test_in_process::{closure#0}>, core[df12db4294e9bfd3]::result::Result<(), alloc[2182bb758b4b3781]::string::String>>
[INFO] [stdout]                                at /rustc/dfb0accb7f508ae8be965d8629557221c889dd98/library/std/src/panic.rs:359:14
[INFO] [stdout]   32:     0x5a1c6dddfe65 - test[9d35eded1c95d3be]::run_test_in_process
[INFO] [stdout]                                at /rustc/dfb0accb7f508ae8be965d8629557221c889dd98/library/test/src/lib.rs:756:27
[INFO] [stdout]   33:     0x5a1c6dddfe65 - test[9d35eded1c95d3be]::run_test::{closure#0}
[INFO] [stdout]                                at /rustc/dfb0accb7f508ae8be965d8629557221c889dd98/library/test/src/lib.rs:677:43
[INFO] [stdout]   34:     0x5a1c6ddd9724 - test[9d35eded1c95d3be]::run_test::{closure#1}
[INFO] [stdout]                                at /rustc/dfb0accb7f508ae8be965d8629557221c889dd98/library/test/src/lib.rs:707:41
[INFO] [stdout]   35:     0x5a1c6ddd9724 - std[70759c8f55707aa4]::sys::backtrace::__rust_begin_short_backtrace::<test[9d35eded1c95d3be]::run_test::{closure#1}, ()>
[INFO] [stdout]                                at /rustc/dfb0accb7f508ae8be965d8629557221c889dd98/library/std/src/sys/backtrace.rs:166:18
[INFO] [stdout]   36:     0x5a1c6dde2fc2 - std[70759c8f55707aa4]::thread::lifecycle::spawn_unchecked::<test[9d35eded1c95d3be]::run_test::{closure#1}, ()>::{closure#1}::{closure#0}
[INFO] [stdout]                                at /rustc/dfb0accb7f508ae8be965d8629557221c889dd98/library/std/src/thread/lifecycle.rs:70:13
[INFO] [stdout]   37:     0x5a1c6dde2fc2 - <core[df12db4294e9bfd3]::panic::unwind_safe::AssertUnwindSafe<std[70759c8f55707aa4]::thread::lifecycle::spawn_unchecked<test[9d35eded1c95d3be]::run_test::{closure#1}, ()>::{closure#1}::{closure#0}> as core[df12db4294e9bfd3]::ops::function::FnOnce<()>>::call_once
[INFO] [stdout]                                at /rustc/dfb0accb7f508ae8be965d8629557221c889dd98/library/core/src/panic/unwind_safe.rs:275:9
[INFO] [stdout]   38:     0x5a1c6dde2fc2 - std[70759c8f55707aa4]::panicking::catch_unwind::do_call::<core[df12db4294e9bfd3]::panic::unwind_safe::AssertUnwindSafe<std[70759c8f55707aa4]::thread::lifecycle::spawn_unchecked<test[9d35eded1c95d3be]::run_test::{closure#1}, ()>::{closure#1}::{closure#0}>, ()>
[INFO] [stdout]                                at /rustc/dfb0accb7f508ae8be965d8629557221c889dd98/library/std/src/panicking.rs:576:43
[INFO] [stdout]   39:     0x5a1c6dde2fc2 - std[70759c8f55707aa4]::panicking::catch_unwind::<(), core[df12db4294e9bfd3]::panic::unwind_safe::AssertUnwindSafe<std[70759c8f55707aa4]::thread::lifecycle::spawn_unchecked<test[9d35eded1c95d3be]::run_test::{closure#1}, ()>::{closure#1}::{closure#0}>>
[INFO] [stdout]                                at /rustc/dfb0accb7f508ae8be965d8629557221c889dd98/library/std/src/panicking.rs:544:19
[INFO] [stdout]   40:     0x5a1c6dde2fc2 - std[70759c8f55707aa4]::panic::catch_unwind::<core[df12db4294e9bfd3]::panic::unwind_safe::AssertUnwindSafe<std[70759c8f55707aa4]::thread::lifecycle::spawn_unchecked<test[9d35eded1c95d3be]::run_test::{closure#1}, ()>::{closure#1}::{closure#0}>, ()>
[INFO] [stdout]                                at /rustc/dfb0accb7f508ae8be965d8629557221c889dd98/library/std/src/panic.rs:359:14
[INFO] [stdout]   41:     0x5a1c6dde2fc2 - std[70759c8f55707aa4]::thread::lifecycle::spawn_unchecked::<test[9d35eded1c95d3be]::run_test::{closure#1}, ()>::{closure#1}
[INFO] [stdout]                                at /rustc/dfb0accb7f508ae8be965d8629557221c889dd98/library/std/src/thread/lifecycle.rs:68:26
[INFO] [stdout]   42:     0x5a1c6dde2fc2 - <std[70759c8f55707aa4]::thread::lifecycle::spawn_unchecked<test[9d35eded1c95d3be]::run_test::{closure#1}, ()>::{closure#1} as core[df12db4294e9bfd3]::ops::function::FnOnce<()>>::call_once::{shim:vtable#0}
[INFO] [stdout]                                at /rustc/dfb0accb7f508ae8be965d8629557221c889dd98/library/core/src/ops/function.rs:250:5
[INFO] [stdout]   43:     0x5a1c6eb64ad9 - <alloc[2182bb758b4b3781]::boxed::Box<dyn core[df12db4294e9bfd3]::ops::function::FnOnce<(), Output = ()> + core[df12db4294e9bfd3]::marker::Send> as core[df12db4294e9bfd3]::ops::function::FnOnce<()>>::call_once
[INFO] [stdout]                                at /rustc/dfb0accb7f508ae8be965d8629557221c889dd98/library/alloc/src/boxed.rs:2320:9
[INFO] [stdout]   44:     0x5a1c6eb64ad9 - <std[70759c8f55707aa4]::sys::thread::unix::Thread>::new::thread_start
[INFO] [stdout]                                at /rustc/dfb0accb7f508ae8be965d8629557221c889dd98/library/std/src/sys/thread/unix.rs:123:17
[INFO] [stdout]   45:     0x7b04a1c06dfa - <unknown>
[INFO] [stdout]   46:     0x7b04a1c9a3d4 - clone
[INFO] [stdout]   47:                0x0 - <unknown>
[INFO] [stdout] 
[INFO] [stdout] 
[INFO] [stdout] failures:
[INFO] [stdout]     runs_single_mock_prompt
[INFO] [stdout] 
[INFO] [stdout] test result: FAILED. 21 passed; 1 failed; 0 ignored; 0 measured; 0 filtered out; finished in 0.42s
[INFO] [stdout] 
[INFO] [stderr] error: test failed, to rerun pass `--test cli_tests`
[INFO] running `Command { std: "docker" "inspect" "9e870b6030342822a16d7ccbd529c4d9ee5e69989104db8b057a08859fdd66d3", kill_on_drop: false }`
[INFO] running `Command { std: "docker" "rm" "-f" "9e870b6030342822a16d7ccbd529c4d9ee5e69989104db8b057a08859fdd66d3", kill_on_drop: false }`
[INFO] [stdout] 9e870b6030342822a16d7ccbd529c4d9ee5e69989104db8b057a08859fdd66d3
