[INFO] fetching crate telltale-choreography 6.0.0...
[INFO] testing telltale-choreography-6.0.0 against 1.99.0-beta.8 for beta-1.100-2
[INFO] extracting crate telltale-choreography 6.0.0 into /workspace/builds/worker-0-tc1/source
[INFO] started tweaking crates.io crate telltale-choreography 6.0.0
[INFO] removed 0 missing examples
[INFO] removed 0 missing tests
[INFO] finished tweaking crates.io crate telltale-choreography 6.0.0
[INFO] tweaked toml for crates.io crate telltale-choreography 6.0.0 written to /workspace/builds/worker-0-tc1/source/Cargo.toml
[INFO] validating manifest of crates.io crate telltale-choreography 6.0.0 on toolchain 1.99.0-beta.8
[INFO] running `Command { std: CARGO_HOME="/workspace/cargo-home" RUSTUP_HOME="/workspace/rustup-home" "/workspace/cargo-home/bin/cargo" "+1.99.0-beta.8" "metadata" "--manifest-path" "Cargo.toml" "--no-deps", kill_on_drop: false }`
[INFO] crate crates.io crate telltale-choreography 6.0.0 already has a lockfile, it will not be regenerated
[INFO] running `Command { std: CARGO_HOME="/workspace/cargo-home" RUSTUP_HOME="/workspace/rustup-home" "/workspace/cargo-home/bin/cargo" "+1.99.0-beta.8" "fetch" "--manifest-path" "Cargo.toml", kill_on_drop: false }`
[INFO] [stderr]     Updating crates.io index
[INFO] [stderr]  Downloading crates ...
[INFO] [stderr]   Downloaded wasm-bindgen-macro v0.2.105
[INFO] [stderr]   Downloaded wasm-bindgen-shared v0.2.105
[INFO] [stderr]   Downloaded wasm-bindgen v0.2.105
[INFO] [stderr]   Downloaded futures-macro v0.3.31
[INFO] [stderr]   Downloaded wasm-bindgen-test-macro v0.3.55
[INFO] [stderr]   Downloaded futures-io v0.3.31
[INFO] [stderr]   Downloaded wasm-bindgen-test v0.3.55
[INFO] [stderr]   Downloaded rand_xorshift v0.4.0
[INFO] [stderr]   Downloaded textwrap v0.11.0
[INFO] [stderr]   Downloaded plotters-svg v0.3.7
[INFO] [stderr]   Downloaded toml_write v0.1.2
[INFO] [stderr]   Downloaded unarray v0.1.4
[INFO] [stderr]   Downloaded futures-task v0.3.31
[INFO] [stderr]   Downloaded futures-sink v0.3.31
[INFO] [stderr]   Downloaded futures-core v0.3.31
[INFO] [stderr]   Downloaded time-core v0.1.6
[INFO] [stderr]   Downloaded serde_spanned v0.6.9
[INFO] [stderr]   Downloaded rusty-fork v0.3.1
[INFO] [stderr]   Downloaded plotters-backend v0.3.7
[INFO] [stderr]   Downloaded async-recursion v1.1.1
[INFO] [stderr]   Downloaded wasm-bindgen-macro-support v0.2.105
[INFO] [stderr]   Downloaded futures-executor v0.3.31
[INFO] [stderr]   Downloaded minicov v0.3.7
[INFO] [stderr]   Downloaded find-msvc-tools v0.1.5
[INFO] [stderr]   Downloaded tokio-macros v2.6.0
[INFO] [stderr]   Downloaded fastrand v2.3.0
[INFO] [stderr]   Downloaded telltale-macros v6.0.0
[INFO] [stderr]   Downloaded async-trait v0.1.89
[INFO] [stderr]   Downloaded rand_chacha v0.9.0
[INFO] [stderr]   Downloaded criterion-plot v0.4.5
[INFO] [stderr]   Downloaded rustversion v1.0.22
[INFO] [stderr]   Downloaded once_cell v1.21.3
[INFO] [stderr]   Downloaded smallvec v1.15.1
[INFO] [stderr]   Downloaded futures v0.3.31
[INFO] [stderr]   Downloaded slab v0.4.11
[INFO] [stderr]   Downloaded pin-project-lite v0.2.16
[INFO] [stderr]   Downloaded futures-channel v0.3.31
[INFO] [stderr]   Downloaded thread_local v1.1.9
[INFO] [stderr]   Downloaded signal-hook-registry v1.4.6
[INFO] [stderr]   Downloaded time-macros v0.2.24
[INFO] [stderr]   Downloaded deranged v0.5.5
[INFO] [stderr]   Downloaded half v1.8.3
[INFO] [stderr]   Downloaded bincode v1.3.3
[INFO] [stderr]   Downloaded rand_core v0.9.3
[INFO] [stderr]   Downloaded pest_generator v2.8.3
[INFO] [stderr]   Downloaded csv-core v0.1.13
[INFO] [stderr]   Downloaded wasm-bindgen-futures v0.4.55
[INFO] [stderr]   Downloaded tracing-attributes v0.1.30
[INFO] [stderr]   Downloaded toml v0.8.23
[INFO] [stderr]   Downloaded socket2 v0.6.1
[INFO] [stderr]   Downloaded tempfile v3.23.0
[INFO] [stderr]   Downloaded telltale-types v6.0.0
[INFO] [stderr]   Downloaded bytemuck v1.25.0
[INFO] [stderr]   Downloaded az v1.3.0
[INFO] [stderr]   Downloaded telltale-theory v6.0.0
[INFO] [stderr]   Downloaded pest_derive v2.8.3
[INFO] [stderr]   Downloaded serde_cbor v0.11.2
[INFO] [stderr]   Downloaded js-sys v0.3.82
[INFO] [stderr]   Downloaded cc v1.2.46
[INFO] [stderr]   Downloaded uuid v1.18.1
[INFO] [stderr]   Downloaded wit-bindgen v0.46.0
[INFO] [stderr]   Downloaded tracing-core v0.1.34
[INFO] [stderr]   Downloaded log v0.4.28
[INFO] [stderr]   Downloaded typenum v1.19.0
[INFO] [stderr]   Downloaded pest_meta v2.8.3
[INFO] [stderr]   Downloaded rayon-core v1.13.0
[INFO] [stderr]   Downloaded memchr v2.7.6
[INFO] [stderr]   Downloaded toml_edit v0.22.27
[INFO] [stderr]   Downloaded bumpalo v3.19.0
[INFO] [stderr]   Downloaded tracing v0.1.41
[INFO] [stderr]   Downloaded indexmap v2.12.0
[INFO] [stderr]   Downloaded bytes v1.11.0
[INFO] [stderr]   Downloaded zerocopy-derive v0.8.27
[INFO] [stderr]   Downloaded rand v0.9.2
[INFO] [stderr]   Downloaded criterion v0.3.6
[INFO] [stderr]   Downloaded mio v1.1.0
[INFO] [stderr]   Downloaded wasip2 v1.0.1+wasi-0.2.4
[INFO] [stderr]   Downloaded pest v2.8.3
[INFO] [stderr]   Downloaded plotters v0.3.7
[INFO] [stderr]   Downloaded hashbrown v0.16.0
[INFO] [stderr]   Downloaded time v0.3.44
[INFO] [stderr]   Downloaded serde_json v1.0.145
[INFO] [stderr]   Downloaded regex v1.12.2
[INFO] [stderr]   Downloaded futures-util v0.3.31
[INFO] [stderr]   Downloaded rayon v1.11.0
[INFO] [stderr]   Downloaded winnow v0.7.13
[INFO] [stderr]   Downloaded proptest v1.9.0
[INFO] [stderr]   Downloaded clap v2.34.0
[INFO] [stderr]   Downloaded tracing-subscriber v0.3.20
[INFO] [stderr]   Downloaded unicode-width v0.1.14
[INFO] [stderr]   Downloaded fixed v1.30.0
[INFO] [stderr]   Downloaded zerocopy v0.8.27
[INFO] [stderr]   Downloaded syn v2.0.110
[INFO] [stderr]   Downloaded regex-syntax v0.8.8
[INFO] [stderr]   Downloaded rustix v1.1.2
[INFO] [stderr]   Downloaded web-sys v0.3.82
[INFO] [stderr]   Downloaded regex-automata v0.4.13
[INFO] [stderr]   Downloaded libc v0.2.177
[INFO] [stderr]   Downloaded tokio v1.48.0
[INFO] [stderr]   Downloaded csv v1.4.0
[INFO] [stderr]   Downloaded telltale v6.0.0
[INFO] [stderr]   Downloaded linux-raw-sys v0.11.0
[INFO] running `Command { std: "docker" "create" "-v" "/var/lib/crater-agent-workspace/builds/worker-0-tc1/source:/opt/rustwide/workdir:ro,Z" "-v" "/var/lib/crater-agent-workspace/builds/worker-0-tc1/target:/opt/rustwide/target:rw,Z" "-v" "/var/lib/crater-agent-workspace/cargo-home:/opt/rustwide/cargo-home:ro,Z" "-v" "/var/lib/crater-agent-workspace/rustup-home:/opt/rustwide/rustup-home:ro,Z" "-m" "1610612736" "--network" "none" "ghcr.io/rust-lang/crates-build-env/linux@sha256:3111399a4047eeb3a02b7a90e478d715f38a8c6669b5c4b49d30a17385265909" "sleep" "infinity", kill_on_drop: false }`
[INFO] [stdout] 4237009e4b0f438f98efc2810e54dea08924879529527a2c21ddd56731aa76e2
[INFO] running `Command { std: "docker" "start" "4237009e4b0f438f98efc2810e54dea08924879529527a2c21ddd56731aa76e2", kill_on_drop: false }`
[INFO] running `Command { std: "docker" "inspect" "4237009e4b0f438f98efc2810e54dea08924879529527a2c21ddd56731aa76e2", kill_on_drop: false }`
[INFO] running `Command { std: "docker" "exec" "-e" "SOURCE_DIR=/opt/rustwide/workdir" "-e" "CARGO_HOME=/opt/rustwide/cargo-home" "-e" "RUSTUP_HOME=/opt/rustwide/rustup-home" "-e" "CARGO_TARGET_DIR=/opt/rustwide/target" "-w" "/opt/rustwide/workdir" "--user" "0:0" "4237009e4b0f438f98efc2810e54dea08924879529527a2c21ddd56731aa76e2" "/opt/rustwide/cargo-home/bin/cargo" "+1.99.0-beta.8" "metadata" "--no-deps" "--format-version=1", kill_on_drop: false }`
[INFO] running `Command { std: "docker" "inspect" "4237009e4b0f438f98efc2810e54dea08924879529527a2c21ddd56731aa76e2", kill_on_drop: false }`
[INFO] running `Command { std: "docker" "exec" "-e" "SOURCE_DIR=/opt/rustwide/workdir" "-e" "CARGO_HOME=/opt/rustwide/cargo-home" "-e" "RUSTUP_HOME=/opt/rustwide/rustup-home" "-e" "CARGO_TARGET_DIR=/opt/rustwide/target" "-e" "CARGO_INCREMENTAL=0" "-e" "RUST_BACKTRACE=full" "-e" "RUSTFLAGS=--cap-lints=warn" "-e" "RUSTDOCFLAGS=--cap-lints=warn" "-w" "/opt/rustwide/workdir" "--user" "0:0" "4237009e4b0f438f98efc2810e54dea08924879529527a2c21ddd56731aa76e2" "/opt/rustwide/cargo-home/bin/cargo" "+1.99.0-beta.8" "build" "--frozen" "--message-format=json", kill_on_drop: false }`
[INFO] [stderr]    Compiling proc-macro2 v1.0.103
[INFO] [stderr]    Compiling quote v1.0.42
[INFO] [stderr]    Compiling unicode-ident v1.0.22
[INFO] [stderr]    Compiling serde_core v1.0.228
[INFO] [stderr]    Compiling serde v1.0.228
[INFO] [stderr]    Compiling libc v0.2.177
[INFO] [stderr]    Compiling typenum v1.19.0
[INFO] [stderr]    Compiling memchr v2.7.6
[INFO] [stderr]    Compiling version_check v0.9.5
[INFO] [stderr]    Compiling cfg-if v1.0.4
[INFO] [stderr]    Compiling pin-project-lite v0.2.16
[INFO] [stderr]    Compiling serde_json v1.0.145
[INFO] [stderr]    Compiling thiserror v1.0.69
[INFO] [stderr]    Compiling generic-array v0.14.9
[INFO] [stderr]    Compiling fixed v1.30.0
[INFO] [stderr]    Compiling futures-sink v0.3.31
[INFO] [stderr]    Compiling futures-core v0.3.31
[INFO] [stderr]    Compiling parking_lot_core v0.9.12
[INFO] [stderr]    Compiling futures-channel v0.3.31
[INFO] [stderr]    Compiling half v1.8.3
[INFO] [stderr]    Compiling cpufeatures v0.2.17
[INFO] [stderr]    Compiling slab v0.4.11
[INFO] [stderr]    Compiling futures-task v0.3.31
[INFO] [stderr]    Compiling ryu v1.0.20
[INFO] [stderr]    Compiling futures-io v0.3.31
[INFO] [stderr]    Compiling bytemuck v1.25.0
[INFO] [stderr]    Compiling ucd-trie v0.1.7
[INFO] [stderr]    Compiling az v1.3.0
[INFO] [stderr]    Compiling smallvec v1.15.1
[INFO] [stderr]    Compiling syn v2.0.110
[INFO] [stderr]    Compiling itoa v1.0.15
[INFO] [stderr]    Compiling pest v2.8.3
[INFO] [stderr]    Compiling lock_api v0.4.14
[INFO] [stderr]    Compiling getrandom v0.3.4
[INFO] [stderr]    Compiling hashbrown v0.16.0
[INFO] [stderr]    Compiling equivalent v1.0.2
[INFO] [stderr]    Compiling anyhow v1.0.100
[INFO] [stderr]    Compiling powerfmt v0.2.0
[INFO] [stderr]    Compiling parking_lot v0.12.5
[INFO] [stderr]    Compiling crypto-common v0.1.6
[INFO] [stderr]    Compiling block-buffer v0.10.4
[INFO] [stderr]    Compiling signal-hook-registry v1.4.6
[INFO] [stderr]    Compiling digest v0.10.7
[INFO] [stderr]    Compiling indexmap v2.12.0
[INFO] [stderr]    Compiling sha2 v0.10.9
[INFO] [stderr]    Compiling socket2 v0.6.1
[INFO] [stderr]    Compiling mio v1.1.0
[INFO] [stderr]    Compiling pest_meta v2.8.3
[INFO] [stderr]    Compiling num-conv v0.1.0
[INFO] [stderr]    Compiling once_cell v1.21.3
[INFO] [stderr]    Compiling winnow v0.7.13
[INFO] [stderr]    Compiling bytes v1.11.0
[INFO] [stderr]    Compiling toml_write v0.1.2
[INFO] [stderr]    Compiling time-core v0.1.6
[INFO] [stderr]    Compiling tracing-core v0.1.34
[INFO] [stderr]    Compiling deranged v0.5.5
[INFO] [stderr]    Compiling pest_generator v2.8.3
[INFO] [stderr]    Compiling serde_derive v1.0.228
[INFO] [stderr]    Compiling futures-macro v0.3.31
[INFO] [stderr]    Compiling thiserror-impl v1.0.69
[INFO] [stderr]    Compiling tokio-macros v2.6.0
[INFO] [stderr]    Compiling async-trait v0.1.89
[INFO] [stderr]    Compiling telltale-macros v6.0.0
[INFO] [stderr]    Compiling tokio v1.48.0
[INFO] [stderr]    Compiling tracing-attributes v0.1.30
[INFO] [stderr]    Compiling futures-util v0.3.31
[INFO] [stderr]    Compiling pest_derive v2.8.3
[INFO] [stderr]    Compiling async-recursion v1.1.1
[INFO] [stderr]    Compiling tracing v0.1.41
[INFO] [stderr]    Compiling toml_datetime v0.6.11
[INFO] [stderr]    Compiling serde_spanned v0.6.9
[INFO] [stderr]    Compiling time v0.3.44
[INFO] [stderr]    Compiling bincode v1.3.3
[INFO] [stderr]    Compiling uuid v1.18.1
[INFO] [stderr]    Compiling toml_edit v0.22.27
[INFO] [stderr]    Compiling futures-executor v0.3.31
[INFO] [stderr]    Compiling futures v0.3.31
[INFO] [stderr]    Compiling toml v0.8.23
[INFO] [stderr]    Compiling telltale-types v6.0.0
[INFO] [stderr]    Compiling telltale-theory v6.0.0
[INFO] [stderr]    Compiling telltale v6.0.0
[INFO] [stderr]    Compiling telltale-choreography v6.0.0 (/opt/rustwide/workdir)
[INFO] [stderr]     Finished `dev` profile [unoptimized + debuginfo] target(s) in 1m 38s
[INFO] running `Command { std: "docker" "inspect" "4237009e4b0f438f98efc2810e54dea08924879529527a2c21ddd56731aa76e2", kill_on_drop: false }`
[INFO] running `Command { std: "docker" "exec" "-e" "SOURCE_DIR=/opt/rustwide/workdir" "-e" "CARGO_HOME=/opt/rustwide/cargo-home" "-e" "RUSTUP_HOME=/opt/rustwide/rustup-home" "-e" "CARGO_TARGET_DIR=/opt/rustwide/target" "-e" "CARGO_INCREMENTAL=0" "-e" "RUST_BACKTRACE=full" "-e" "RUSTFLAGS=--cap-lints=warn" "-e" "RUSTDOCFLAGS=--cap-lints=warn" "-w" "/opt/rustwide/workdir" "--user" "0:0" "4237009e4b0f438f98efc2810e54dea08924879529527a2c21ddd56731aa76e2" "/opt/rustwide/cargo-home/bin/cargo" "+1.99.0-beta.8" "test" "--frozen" "--no-run" "--message-format=json", kill_on_drop: false }`
[INFO] [stderr]    Compiling serde_core v1.0.228
[INFO] [stderr]    Compiling getrandom v0.3.4
[INFO] [stderr]    Compiling crossbeam-utils v0.8.21
[INFO] [stderr]    Compiling regex-syntax v0.8.8
[INFO] [stderr]    Compiling autocfg v1.5.0
[INFO] [stderr]    Compiling zerocopy v0.8.27
[INFO] [stderr]    Compiling rustix v1.1.2
[INFO] [stderr]    Compiling tracing-core v0.1.34
[INFO] [stderr]    Compiling either v1.15.0
[INFO] [stderr]    Compiling rand_core v0.9.3
[INFO] [stderr]    Compiling linux-raw-sys v0.11.0
[INFO] [stderr]    Compiling num-traits v0.2.19
[INFO] [stderr]    Compiling bitflags v2.10.0
[INFO] [stderr]    Compiling rayon-core v1.13.0
[INFO] [stderr]    Compiling unicode-width v0.1.14
[INFO] [stderr]    Compiling fastrand v2.3.0
[INFO] [stderr]    Compiling crossbeam-epoch v0.9.18
[INFO] [stderr]    Compiling plotters-backend v0.3.7
[INFO] [stderr]    Compiling lazy_static v1.5.0
[INFO] [stderr]    Compiling textwrap v0.11.0
[INFO] [stderr]    Compiling crossbeam-deque v0.8.6
[INFO] [stderr]    Compiling plotters-svg v0.3.7
[INFO] [stderr]    Compiling tracing v0.1.41
[INFO] [stderr]    Compiling itertools v0.10.5
[INFO] [stderr]    Compiling wait-timeout v0.2.1
[INFO] [stderr]    Compiling csv-core v0.1.13
[INFO] [stderr]    Compiling same-file v1.0.6
[INFO] [stderr]    Compiling bit-vec v0.8.0
[INFO] [stderr]    Compiling quick-error v1.2.3
[INFO] [stderr]    Compiling cast v0.3.0
[INFO] [stderr]    Compiling bitflags v1.3.2
[INFO] [stderr]    Compiling fnv v1.0.7
[INFO] [stderr]    Compiling log v0.4.28
[INFO] [stderr]    Compiling clap v2.34.0
[INFO] [stderr]    Compiling tracing-log v0.2.0
[INFO] [stderr]    Compiling bit-set v0.8.0
[INFO] [stderr]    Compiling regex-automata v0.4.13
[INFO] [stderr]    Compiling walkdir v2.5.0
[INFO] [stderr]    Compiling ppv-lite86 v0.2.21
[INFO] [stderr]    Compiling rayon v1.11.0
[INFO] [stderr]    Compiling tempfile v3.23.0
[INFO] [stderr]    Compiling criterion-plot v0.4.5
[INFO] [stderr]    Compiling serde v1.0.228
[INFO] [stderr]    Compiling serde_json v1.0.145
[INFO] [stderr]    Compiling deranged v0.5.5
[INFO] [stderr]    Compiling rusty-fork v0.3.1
[INFO] [stderr]    Compiling toml_datetime v0.6.11
[INFO] [stderr]    Compiling serde_spanned v0.6.9
[INFO] [stderr]    Compiling toml_edit v0.22.27
[INFO] [stderr]    Compiling bincode v1.3.3
[INFO] [stderr]    Compiling serde_cbor v0.11.2
[INFO] [stderr]    Compiling telltale-types v6.0.0
[INFO] [stderr]    Compiling tinytemplate v1.2.1
[INFO] [stderr]    Compiling matchers v0.2.0
[INFO] [stderr]    Compiling time v0.3.44
[INFO] [stderr]    Compiling regex v1.12.2
[INFO] [stderr]    Compiling uuid v1.18.1
[INFO] [stderr]    Compiling csv v1.4.0
[INFO] [stderr]    Compiling rand_chacha v0.9.0
[INFO] [stderr]    Compiling plotters v0.3.7
[INFO] [stderr]    Compiling sharded-slab v0.1.7
[INFO] [stderr]    Compiling telltale-theory v6.0.0
[INFO] [stderr]    Compiling telltale v6.0.0
[INFO] [stderr]    Compiling rand_xorshift v0.4.0
[INFO] [stderr]    Compiling toml v0.8.23
[INFO] [stderr]    Compiling rand v0.9.2
[INFO] [stderr]    Compiling atty v0.2.14
[INFO] [stderr]    Compiling thread_local v1.1.9
[INFO] [stderr]    Compiling unarray v0.1.4
[INFO] [stderr]    Compiling nu-ansi-term v0.50.3
[INFO] [stderr]    Compiling oorandom v11.1.5
[INFO] [stderr]    Compiling proptest v1.9.0
[INFO] [stderr]    Compiling criterion v0.3.6
[INFO] [stderr]    Compiling telltale-choreography v6.0.0 (/opt/rustwide/workdir)
[INFO] [stderr]    Compiling tracing-subscriber v0.3.20
[INFO] [stderr]     Finished `test` profile [unoptimized + debuginfo] target(s) in 2m 10s
[INFO] running `Command { std: "docker" "inspect" "4237009e4b0f438f98efc2810e54dea08924879529527a2c21ddd56731aa76e2", kill_on_drop: false }`
[INFO] running `Command { std: "docker" "exec" "-e" "SOURCE_DIR=/opt/rustwide/workdir" "-e" "CARGO_HOME=/opt/rustwide/cargo-home" "-e" "RUSTUP_HOME=/opt/rustwide/rustup-home" "-e" "CARGO_TARGET_DIR=/opt/rustwide/target" "-e" "CARGO_INCREMENTAL=0" "-e" "RUST_BACKTRACE=full" "-e" "RUSTFLAGS=--cap-lints=warn" "-e" "RUSTDOCFLAGS=--cap-lints=warn" "-w" "/opt/rustwide/workdir" "--user" "0:0" "4237009e4b0f438f98efc2810e54dea08924879529527a2c21ddd56731aa76e2" "/opt/rustwide/cargo-home/bin/cargo" "+1.99.0-beta.8" "test" "--frozen", kill_on_drop: false }`
[INFO] [stderr]     Finished `test` profile [unoptimized + debuginfo] target(s) in 0.29s
[INFO] [stderr]      Running unittests src/lib.rs (/opt/rustwide/target/debug/deps/telltale_choreography-dcb61817c2a05292)
[INFO] [stdout] 
[INFO] [stdout] running 284 tests
[INFO] [stdout] test ast::annotation::collection::tests::test_annotations_parallel_ordered ... ok
[INFO] [stdout] test ast::annotation::collection::tests::test_backward_compat_get ... ok
[INFO] [stdout] test ast::annotation::collection::tests::test_from_key_value_parallel ... ok
[INFO] [stdout] test ast::annotation::collection::tests::test_map_roundtrip ... ok
[INFO] [stdout] test ast::annotation::collection::tests::test_min_responses_annotation ... ok
[INFO] [stdout] test ast::annotation::collection::tests::test_annotations_collection ... ok
[INFO] [stdout] test ast::annotation::collection::tests::test_ordered_annotation ... ok
[INFO] [stdout] test ast::annotation::collection::tests::test_parallel_annotation ... ok
[INFO] [stdout] test ast::annotation::collection::tests::test_from_key_value ... ok
[INFO] [stdout] test ast::annotation::collection::tests::test_to_map_new_annotations ... ok
[INFO] [stdout] test ast::convert::tests::test_broadcast_unsupported ... ok
[INFO] [stdout] test ast::convert::tests::test_equivalence_check ... ok
[INFO] [stdout] test ast::convert::tests::test_local_type_conversion ... ok
[INFO] [stdout] test ast::convert::tests::test_localchoice_unsupported ... ok
[INFO] [stdout] test ast::convert::tests::test_loop_unsupported ... ok
[INFO] [stdout] test ast::convert::tests::test_message_conversion_uses_unit_payload_sort ... ok
[INFO] [stdout] test ast::annotation::collection::tests::test_custom_annotation ... ok
[INFO] [stdout] test ast::annotation::collection::tests::test_priority_annotation ... ok
[INFO] [stdout] test ast::choreography::tests::proof_bundle_metadata_roundtrip ... ok
[INFO] [stdout] test ast::execution_hints::tests::test_execution_hints_basic ... ok
[INFO] [stdout] test ast::execution_hints::tests::test_execution_hints_builder ... ok
[INFO] [stdout] test ast::execution_hints::tests::test_execution_hints_default_values ... ok
[INFO] [stdout] test ast::convert::tests::test_parallel_unsupported ... ok
[INFO] [stdout] test ast::convert::tests::test_recursive_conversion ... ok
[INFO] [stdout] test ast::convert::tests::test_simple_send_conversion ... ok
[INFO] [stdout] test ast::execution_hints::tests::test_extract_no_hints_when_no_annotations ... ok
[INFO] [stdout] test ast::execution_hints::tests::test_extract_from_protocol_with_parallel ... ok
[INFO] [stdout] test ast::execution_hints::tests::test_execution_hints_min_responses ... ok
[INFO] [stdout] test ast::execution_hints::tests::test_extract_from_protocol_combined ... ok
[INFO] [stdout] test ast::execution_hints::tests::test_extract_from_protocol_with_min_responses ... ok
[INFO] [stdout] test ast::global_type::tests::test_recursive_protocol ... ok
[INFO] [stdout] test ast::execution_hints::tests::test_operation_hints_merge ... ok
[INFO] [stdout] test ast::global_type::tests::test_simple_protocol ... ok
[INFO] [stdout] test ast::execution_hints::tests::test_operation_path_display ... ok
[INFO] [stdout] test ast::local_type::tests::test_choice_with_payload ... ok
[INFO] [stdout] test ast::global_type::tests::test_payload_sort ... ok
[INFO] [stdout] test ast::local_type::tests::test_depth ... ok
[INFO] [stdout] test ast::convert::tests::test_timeout_unsupported ... ok
[INFO] [stdout] test ast::local_type::tests::test_free_vars ... ok
[INFO] [stdout] test ast::local_type::tests::test_guarded ... ok
[INFO] [stdout] test ast::local_type::tests::test_simple_local_type ... ok
[INFO] [stdout] test ast::local_type::tests::test_unfold ... ok
[INFO] [stdout] test ast::local_type::tests::test_dual ... ok
[INFO] [stdout] test ast::local_type::tests::test_extended_local_type ... ok
[INFO] [stdout] test ast::local_type::tests::test_recursive_local_type ... ok
[INFO] [stdout] test ast::local_type::tests::test_substitute ... ok
[INFO] [stdout] test ast::local_type::tests::test_unbound_variable ... ok
[INFO] [stdout] test compiler::choice_analysis::tests::test_choice_id ... ok
[INFO] [stdout] test compiler::choice_analysis::tests::test_declared_roles_methods ... ok
[INFO] [stdout] test compiler::choice_analysis::tests::test_branch_participation_tracking ... ok
[INFO] [stdout] test compiler::choice_analysis::tests::test_find_similar_role ... ok
[INFO] [stdout] test compiler::choice_analysis::tests::test_simple_informed_choice ... ok
[INFO] [stdout] test compiler::choice_analysis::tests::test_uninformed_observer ... ok
[INFO] [stdout] test compiler::codegen::topology::tests::test_generate_choreography_code_with_topology ... ok
[INFO] [stdout] test compiler::codegen::topology::tests::test_generate_handler_method ... ok
[INFO] [stdout] test compiler::choice_analysis::tests::test_levenshtein_distance ... ok
[INFO] [stdout] test compiler::choice_analysis::tests::test_transitive_knowledge ... ok
[INFO] [stdout] test compiler::codegen::topology::tests::test_generate_topology_builder_with_constraints ... ok
[INFO] [stdout] test compiler::choice_analysis::tests::test_messages_are_distinguishing ... ok
[INFO] [stdout] test compiler::codegen::topology::tests::test_generate_topology_builder_with_roles ... ok
[INFO] [stdout] test compiler::codegen::topology::tests::test_generate_topology_integration_basic ... ok
[INFO] [stdout] test compiler::diagnostics::tests::test_collector ... ok
[INFO] [stdout] test compiler::codegen::topology::tests::test_generate_with_topology_method ... ok
[INFO] [stdout] test compiler::diagnostics::tests::test_diagnostic_format ... ok
[INFO] [stdout] test compiler::codegen::topology::tests::test_generate_topology_integration_with_inline_topologies ... ok
[INFO] [stdout] test compiler::diagnostics::tests::test_levenshtein_distance ... ok
[INFO] [stdout] test compiler::diagnostics::tests::test_find_similar_strings ... ok
[INFO] [stdout] test compiler::effects_codegen::tests::test_generate_simple_protocol ... ok
[INFO] [stdout] test compiler::effects_codegen::tests::test_message_codegen_is_deterministic_and_sorted ... ok
[INFO] [stdout] test compiler::extension_parser::tests::test_builder_pattern ... ok
[INFO] [stdout] test compiler::extension_parser::tests::test_extension_parser_creation ... ok
[INFO] [stdout] test compiler::extension_parser::tests::test_composed_grammar_generation ... ok
[INFO] [stdout] test compiler::extension_parser::tests::test_extension_registration ... ok
[INFO] [stdout] test compiler::grammar::tests::test_builder_pattern ... ok
[INFO] [stdout] test compiler::extension_parser::tests::test_standard_parsing ... ok
[INFO] [stdout] test compiler::grammar::tests::test_extension_registration ... ok
[INFO] [stdout] test compiler::grammar::tests::test_grammar_composer_creation ... ok
[INFO] [stdout] test compiler::grammar::tests::test_grammar_caching ... ok
[INFO] [stdout] test compiler::grammar::tests::test_validation ... ok
[INFO] [stdout] test compiler::layout::tests::layout_does_not_insert_braces_inside_multiline_sender_records ... ok
[INFO] [stdout] test compiler::grammar::tests::test_grammar_composition ... ok
[INFO] [stdout] test compiler::layout::tests::layout_handles_choice_and_branch_blocks ... ok
[INFO] [stdout] test compiler::layout::tests::layout_allows_empty_blocks_only_with_braces ... ok
[INFO] [stdout] test compiler::layout::tests::layout_treats_arrow_line_as_continuation ... ok
[INFO] [stdout] test compiler::layout::tests::layout_removes_inline_comments_in_output_lines ... ok
[INFO] [stdout] test compiler::parser::role::tests::parse_range_expr_handles_non_range_pair_without_panicking ... ok
[INFO] [stdout] test compiler::parser::role::tests::parse_role_ref_handles_non_role_pair_without_panicking ... ok
[INFO] [stdout] test compiler::layout::tests::layout_inserts_braces_for_simple_block ... ok
[INFO] [stdout] test ast::annotation::collection::tests::test_timed_choice_annotation ... ok
[INFO] [stdout] test compiler::choice_analysis::tests::test_truly_uninformed_observer ... ok
[INFO] [stdout] test compiler::layout::tests::layout_ignores_explicit_braces_blocks ... ok
[INFO] [stdout] test compiler::codegen::topology::tests::test_generate_topology_builder_local_mode ... ok
[INFO] [stdout] test compiler::diagnostics::tests::test_diagnostic_code_display ... ok
[INFO] [stdout] test compiler::parser::role::tests::parse_role_param_handles_malformed_pair_without_panicking ... ok
[INFO] [stdout] test compiler::parser::tests::annotations_and_parallel::test_parse_choice_with_bar_prefixed_branches ... ok
[INFO] [stdout] test compiler::parser::tests::annotations_and_parallel::test_parse_heartbeat ... ok
[INFO] [stdout] test compiler::parser::stmt_parsers::tests::parse_broadcast_stmt_handles_malformed_pair_without_panicking ... ok
[INFO] [stdout] test compiler::parser::stmt_parsers::tests::parse_send_stmt_handles_malformed_pair_without_panicking ... ok
[INFO] [stdout] test compiler::parser::tests::annotations_and_parallel::test_parse_heartbeat_milliseconds ... ok
[INFO] [stdout] test compiler::parser::tests::annotations_and_parallel::test_parse_ordered_annotation ... ok
[INFO] [stdout] test compiler::parser::tests::annotations_and_parallel::test_parse_multiline_runtime_timeout_annotation_with_closing_paren_on_own_line ... ok
[INFO] [stdout] test compiler::parser::tests::annotations_and_parallel::test_parse_runtime_timeout_annotation ... ok
[INFO] [stdout] test compiler::parser::tests::annotations_and_parallel::test_parse_parallel_branches ... ok
[INFO] [stdout] test compiler::parser::tests::annotations_and_parallel::test_parse_sender_role_annotation_block_with_indexed_role ... ok
[INFO] [stdout] test compiler::parser::tests::annotations_and_parallel::test_parse_runtime_timeout_milliseconds ... ok
[INFO] [stdout] test compiler::parser::tests::annotations_and_parallel::test_parse_sender_record_with_aligned_arrow_layout ... ok
[INFO] [stdout] test compiler::parser::tests::annotations_and_parallel::test_parse_timed_choice ... ok
[INFO] [stdout] test compiler::parser::tests::annotations_and_parallel::test_reject_mixed_sender_metadata_and_of_payload_legacy_syntax ... ok
[INFO] [stdout] test compiler::parser::tests::annotations_and_parallel::test_reject_par_without_bar_branches ... ok
[INFO] [stdout] test compiler::parser::tests::annotations_and_parallel::test_parse_par_with_block_branch ... ok
[INFO] [stdout] test compiler::parser::tests::annotations_and_parallel::test_reject_sender_metadata_at_brackets_syntax ... ok
[INFO] [stdout] test compiler::parser::tests::annotations_and_parallel::test_parse_parallel_annotation ... ok
[INFO] [stdout] test compiler::parser::tests::annotations_and_parallel::test_parse_par_with_single_line_bar_branches ... ok
[INFO] [stdout] test compiler::parser::tests::annotations_and_parallel::test_role_decides_done_message_targets_same_receiver ... ok
[INFO] [stdout] test compiler::parser::tests::annotations_and_parallel::test_reject_sender_metadata_in_square_brackets ... ok
[INFO] [stdout] test compiler::parser::tests::annotations_and_parallel::test_role_decides_empty_body_edge_case ... ok
[INFO] [stdout] test compiler::parser::tests::annotations_and_parallel::test_role_decides_multiple_loops ... ok
[INFO] [stdout] test compiler::parser::tests::annotations_and_parallel::test_role_decides_followed_by_statements ... ok
[INFO] [stdout] test compiler::parser::tests::annotations_and_parallel::test_parse_timed_choice_minutes ... ok
[INFO] [stdout] test compiler::parser::tests::annotations_and_parallel::test_parse_timed_choice_milliseconds ... ok
[INFO] [stdout] test compiler::parser::tests::annotations_and_parallel::test_role_decides_preserves_branch_label_from_message ... ok
[INFO] [stdout] test compiler::parser::tests::annotations_and_parallel::test_single_branch_is_error ... ok
[INFO] [stdout] test compiler::parser::tests::authority_surface::test_reject_dropped_linear_binding_use ... ok
[INFO] [stdout] test compiler::parser::tests::authority_surface::test_reject_duplicate_effect_declarations ... ok
[INFO] [stdout] test compiler::parser::tests::authority_surface::test_parse_authority_surface_with_effects_types_and_uses ... ok
[INFO] [stdout] test compiler::parser::tests::core_syntax_loops::test_parse_choice_alias ... ok
[INFO] [stdout] test compiler::parser::tests::annotations_and_parallel::test_parse_sender_role_annotation_block ... ok
[INFO] [stdout] test compiler::parser::tests::authority_surface::test_parse_let_in_and_maybe_surface ... ok
[INFO] [stdout] test compiler::parser::tests::core_syntax_loops::test_parse_duplicate_role ... ok
[INFO] [stdout] test compiler::parser::tests::annotations_and_parallel::test_parse_sender_role_annotation_block_on_broadcast ... ok
[INFO] [stdout] test compiler::parser::tests::authority_surface::test_reject_duplicate_linear_binding_use ... ok
[INFO] [stdout] test compiler::parser::tests::core_syntax_loops::test_parse_simple_send ... ok
[INFO] [stdout] test compiler::parser::tests::core_syntax_loops::test_parse_loop_decide ... ok
[INFO] [stdout] test compiler::parser::tests::core_syntax_loops::test_role_decides_desugaring ... ok
[INFO] [stdout] test compiler::parser::tests::core_syntax_loops::test_parse_with_choice ... ok
[INFO] [stdout] test compiler::parser::tests::core_syntax_loops::test_parse_loop_repeat ... ok
[INFO] [stdout] test compiler::parser::tests::core_syntax_loops::test_parse_undefined_role ... ok
[INFO] [stdout] test compiler::parser::tests::core_syntax_loops::test_role_decides_with_type_annotation ... ok
[INFO] [stdout] test compiler::parser::tests::core_syntax_loops::test_role_decides_first_stmt_is_choice_no_desugar ... ok
[INFO] [stdout] test compiler::parser::tests::parse_choreography_file_accepts_tell_extension ... ok
[INFO] [stdout] test compiler::parser::tests::core_syntax_loops::test_role_decides_single_message ... ok
[INFO] [stdout] test compiler::parser::tests::parse_choreography_file_rejects_choreo_extension ... ok
[INFO] [stdout] test compiler::parser::tests::proof_bundles_predicates::test_infer_required_bundles_from_vm_capabilities ... ok
[INFO] [stdout] test compiler::parser::tests::proof_bundles_predicates::test_explain_lowering_and_lint_suggestions ... ok
[INFO] [stdout] test compiler::parser::tests::proof_bundles_predicates::test_linear_assets_reject_branch_divergence ... ok
[INFO] [stdout] test compiler::parser::tests::proof_bundles_predicates::test_linear_assets_reject_double_consume ... ok
[INFO] [stdout] test compiler::parser::tests::authority_surface::test_reject_non_exhaustive_result_case ... ok
[INFO] [stdout] test compiler::parser::tests::proof_bundles_predicates::test_parse_choreography_macro_tokens_basic ... ok
[INFO] [stdout] test compiler::parser::tests::authority_surface::test_reject_undeclared_effect_operation_invocation ... ok
[INFO] [stdout] test compiler::parser::tests::proof_bundles_predicates::test_parse_choreography_macro_string_literal_with_preferred_syntax ... ok
[INFO] [stdout] test compiler::parser::tests::authority_surface::test_reject_undeclared_protocol_use ... ok
[INFO] [stdout] test compiler::parser::tests::core_syntax_loops::test_role_decides_wrong_first_sender_no_desugar ... ok
[INFO] [stdout] test compiler::parser::tests::core_syntax_loops::test_role_decides_three_roles ... ok
[INFO] [stdout] test compiler::parser::tests::proof_bundles_predicates::test_parse_choreography_macro_tokens_normalizes_composite_operators ... ok
[INFO] [stdout] test compiler::parser::tests::proof_bundles_predicates::test_parse_combined_annotations ... ok
[INFO] [stdout] test compiler::parser::tests::proof_bundles_predicates::test_parse_min_responses_annotation ... ok
[INFO] [stdout] test compiler::parser::tests::proof_bundles_predicates::test_parse_choreography_macro_tokens_with_choice_bars_and_par ... ok
[INFO] [stdout] test compiler::parser::tests::proof_bundles_predicates::test_parse_enriched_proof_bundle_metadata ... ok
[INFO] [stdout] test compiler::parser::tests::proof_bundles_predicates::test_parse_choreography_macro_tokens_with_sender_record_and_of_payload ... ok
[INFO] [stdout] test compiler::parser::tests::proof_bundles_predicates::test_parse_guard_predicate_rejects_non_boolean_expression ... ok
[INFO] [stdout] test compiler::parser::tests::proof_bundles_predicates::test_parse_first_class_combinators ... ok
[INFO] [stdout] test compiler::parser::tests::proof_bundles_predicates::test_parse_loop_while_rejects_non_boolean_expression ... ok
[INFO] [stdout] test compiler::parser::tests::proof_bundles_predicates::test_parse_multiline_min_responses_annotation_with_closing_paren_on_own_line ... ok
[INFO] [stdout] test compiler::parser::tests::proof_bundles_predicates::test_parse_proof_bundles_and_protocol_requires_metadata ... ok
[INFO] [stdout] test compiler::parser::tests::proof_bundles_predicates::test_parse_vm_core_statements_into_extensions ... ok
[INFO] [stdout] test compiler::parser::tests::proof_bundles_predicates::test_validate_duplicate_bundle_fails ... ok
[INFO] [stdout] test compiler::parser::tests::proof_bundles_predicates::test_parse_role_sets_and_topologies ... ok
[INFO] [stdout] test compiler::parser::tests::proof_bundles_predicates::test_projection_preserves_continuation_after_extension ... ok
[INFO] [stdout] test compiler::parser::tests::proof_bundles_predicates::test_validate_missing_capability_fails ... ok
[INFO] [stdout] test compiler::parser::tests::proof_bundles_predicates::test_validate_missing_required_bundle_fails ... ok
[INFO] [stdout] test compiler::parser::tests::proof_bundles_predicates::test_typed_predicate_ir_rejects_if_expression ... ok
[INFO] [stdout] test compiler::pretty::tests::pretty_is_stable_on_reformat ... ok
[INFO] [stdout] test compiler::pretty::tests::pretty_roundtrip_basic ... ok
[INFO] [stdout] test effects::algebra::tests::then_composes_ended_programs_without_panic ... ok
[INFO] [stdout] test compiler::pretty::tests::pretty_emits_aligned_arrows_and_sender_records ... ok
[INFO] [stdout] test effects::algebra::tests::try_then_rejects_invalid_composition_shapes ... ok
[INFO] [stdout] test effects::interpreter::tests::test_branch_does_not_duplicate_received_values ... ok
[INFO] [stdout] test effects::interpreter::tests::test_loop_does_not_duplicate_received_values ... ok
[INFO] [stdout] test effects::algebra::tests::try_builder_apis_reject_effects_after_end ... ok
[INFO] [stdout] test effects::interpreter::tests::test_parallel_fails_fast_on_first_error ... ok
[INFO] [stdout] test effects::algebra::tests::try_end_is_fallible_and_builds_valid_program ... ok
[INFO] [stdout] test compiler::pretty::tests::pretty_roundtrip_choice_and_loop ... ok
[INFO] [stdout] test effects::interpreter::tests::test_stack_interpreter_matches_reference_recursive_execution ... ok
[INFO] [stdout] test effects::interpreter::tests::test_parallel_uses_deterministic_declaration_order ... ok
[INFO] [stdout] test extensions::discovery::tests::test_dependency_resolution ... ok
[INFO] [stdout] test extensions::discovery::tests::test_extension_discovery ... ok
[INFO] [stdout] test extensions::tests::test_compose_grammar_is_stable_for_equal_priorities ... ok
[INFO] [stdout] test extensions::tests::test_detailed_conflicts ... ok
[INFO] [stdout] test extensions::tests::test_extension_registry ... ok
[INFO] [stdout] test effects::interpreter::tests::test_program_analysis ... ok
[INFO] [stdout] test effects::interpreter::tests::test_timeout_body_does_not_duplicate_received_values ... ok
[INFO] [stdout] test extensions::timeout::tests::test_timeout_grammar_extension ... ok
[INFO] [stdout] test extensions::timeout::tests::test_extension_registration ... ok
[INFO] [stdout] test extensions::tests::test_parse_context ... ok
[INFO] [stdout] test effects::interpreter::tests::test_simple_program ... ok
[INFO] [stdout] test extensions::timeout::tests::test_timeout_protocol ... ok
[INFO] [stdout] test extensions::timeout::tests::test_timeout_statement_parser ... ok
[INFO] [stdout] test heap::heap_impl::tests::test_heap_alloc ... ok
[INFO] [stdout] test heap::heap_impl::tests::test_heap_alloc_many ... ok
[INFO] [stdout] test heap::heap_impl::tests::test_heap_consume ... ok
[INFO] [stdout] test heap::heap_impl::tests::test_heap_consume_many ... ok
[INFO] [stdout] test heap::heap_impl::tests::test_heap_determinism ... ok
[INFO] [stdout] test heap::heap_impl::tests::test_heap_read ... ok
[INFO] [stdout] test heap::heap_impl::tests::test_heap_remove ... ok
[INFO] [stdout] test heap::heap_impl::tests::test_heap_state_hash ... ok
[INFO] [stdout] test heap::heap_impl::tests::test_helper_methods ... ok
[INFO] [stdout] test heap::merkle::tests::test_commitment_determinism ... ok
[INFO] [stdout] test heap::merkle::tests::test_empty_tree ... ok
[INFO] [stdout] test heap::merkle::tests::test_four_leaves ... ok
[INFO] [stdout] test extensions::tests::test_documentation_system ... ok
[INFO] [stdout] test heap::merkle::tests::test_heap_commitment ... ok
[INFO] [stdout] test extensions::timeout::tests::test_timeout_validation ... ok
[INFO] [stdout] test extensions::tests::test_enhanced_error_messages ... ok
[INFO] [stdout] test heap::heap_impl::tests::test_heap_active_resources ... ok
[INFO] [stdout] test heap::merkle::tests::test_proof_generation_and_verification ... ok
[INFO] [stdout] test heap::merkle::tests::test_two_leaves ... ok
[INFO] [stdout] test heap::merkle::tests::test_proof_for_out_of_bounds ... ok
[INFO] [stdout] test heap::resource::tests::test_channel_state ... ok
[INFO] [stdout] test heap::merkle::tests::test_single_leaf ... ok
[INFO] [stdout] test heap::resource::tests::test_heap_error_display ... ok
[INFO] [stdout] test heap::resource::tests::test_message_creation ... ok
[INFO] [stdout] test heap::resource::tests::test_resource_id_creation ... ok
[INFO] [stdout] test heap::resource::tests::test_resource_id_ordering ... ok
[INFO] [stdout] test heap::resource::tests::test_resource_to_bytes ... ok
[INFO] [stdout] test testing::clock::tests::test_mock_clock_advance ... ok
[INFO] [stdout] test testing::clock::tests::test_mock_wall_clock ... ok
[INFO] [stdout] test testing::clock::tests::test_rng_choose ... ok
[INFO] [stdout] test testing::clock::tests::test_rng_duration_between ... ok
[INFO] [stdout] test testing::clock::tests::test_seeded_rng_different_seeds ... ok
[INFO] [stdout] test testing::clock::tests::test_seeded_rng_reproducible ... ok
[INFO] [stdout] test testing::envelope::tests::test_envelope_builder ... ok
[INFO] [stdout] test testing::envelope::tests::test_envelope_roundtrip ... ok
[INFO] [stdout] test testing::envelope::tests::test_routing_key ... ok
[INFO] [stdout] test testing::observer::tests::test_null_observer ... ok
[INFO] [stdout] test testing::observer::tests::test_recording_observer ... ok
[INFO] [stdout] test testing::observer::tests::test_recording_observer_take ... ok
[INFO] [stdout] test testing::state_machine::tests::test_blocked_on_terminal ... ok
[INFO] [stdout] test testing::state_machine::tests::test_checkpoint_roundtrip ... ok
[INFO] [stdout] test testing::state_machine::tests::test_choice_validation ... ok
[INFO] [stdout] test testing::state_machine::tests::test_linear_state_machine ... ok
[INFO] [stdout] test testing::transport::tests::test_faulty_transport_drops ... ok
[INFO] [stdout] test testing::transport::tests::test_in_memory_transport ... ok
[INFO] [stdout] test testing::transport::tests::test_no_message_error ... ok
[INFO] [stdout] test tests::test_free_algebra_integration ... ok
[INFO] [stdout] test topology::handler::tests::test_get_location ... ok
[INFO] [stdout] test topology::handler::tests::test_handler_builder ... ok
[INFO] [stdout] test topology::handler::tests::test_local_handler ... ok
[INFO] [stdout] test topology::handler::tests::test_topology_handler_creation ... ok
[INFO] [stdout] test topology::parser::tests::test_parse_channel_capacities ... ok
[INFO] [stdout] test topology::parser::tests::test_parse_colocated_location ... ok
[INFO] [stdout] test topology::parser::tests::test_parse_kubernetes_mode ... ok
[INFO] [stdout] test topology::parser::tests::test_parse_local_mode_topology ... ok
[INFO] [stdout] test topology::parser::tests::test_parse_role_constraints_max_first ... ok
[INFO] [stdout] test topology::parser::tests::test_parse_role_constraints_min_and_max ... ok
[INFO] [stdout] test topology::parser::tests::test_parse_role_constraints_min_only ... ok
[INFO] [stdout] test topology::parser::tests::test_parse_role_constraints_with_mappings_and_constraints ... ok
[INFO] [stdout] test topology::parser::tests::test_parse_role_constraints_multiple_families ... ok
[INFO] [stdout] test topology::parser::tests::test_parse_topology_with_constraints ... ok
[INFO] [stdout] test topology::parser::tests::test_parse_topology_with_mappings ... ok
[INFO] [stdout] test topology::tests::test_constraint_validation ... ok
[INFO] [stdout] test topology::tests::test_location_display ... ok
[INFO] [stdout] test topology::tests::test_local_mode ... ok
[INFO] [stdout] test topology::tests::test_role_family_constraint_bounded ... ok
[INFO] [stdout] test topology::tests::test_role_family_constraint_error_messages ... ok
[INFO] [stdout] test topology::tests::test_role_family_constraint_min_only ... ok
[INFO] [stdout] test topology::tests::test_topology_builder ... ok
[INFO] [stdout] test topology::tests::test_topology_capacity_unconstrained ... ok
[INFO] [stdout] test topology::tests::test_topology_from_str_local_mode ... ok
[INFO] [stdout] test topology::tests::test_topology_get_family_constraint ... ok
[INFO] [stdout] test topology::tests::test_topology_load_error ... ok
[INFO] [stdout] test topology::tests::test_topology_validation ... ok
[INFO] [stdout] test topology::tests::test_topology_capacity_validation ... ok
[INFO] [stdout] test topology::tests::test_topology_from_str ... ok
[INFO] [stdout] test topology::tests::test_topology_validate_family ... ok
[INFO] [stdout] test topology::transport::tests::test_in_memory_transport ... ok
[INFO] [stdout] test topology::transport::tests::test_transport_type_for_location ... ok
[INFO] [stdout] test topology::transport::tests::test_transport_type_is_local ... ok
[INFO] [stdout] test tracing::tests::test_protocol_span_indexed ... ok
[INFO] [stdout] test tracing::tests::test_phase_span ... ok
[INFO] [stdout] test tracing::tests::test_protocol_span ... ok
[INFO] [stdout] test effects::algebra::tests::try_then_keeps_single_terminal_end ... ok
[INFO] [stdout] test heap::merkle::tests::test_heap_merkle_root ... ok
[INFO] [stdout] test heap::merkle::tests::test_odd_number_of_leaves ... ok
[INFO] [stdout] test tests::test_module_structure ... ok
[INFO] [stdout] 
[INFO] [stdout] test result: ok. 284 passed; 0 failed; 0 ignored; 0 measured; 0 filtered out; finished in 0.13s
[INFO] [stdout] 
[INFO] [stderr]      Running tests/annotation_tests.rs (/opt/rustwide/target/debug/deps/annotation_tests-943d2919f7d93622)
[INFO] [stdout] 
[INFO] [stdout] running 12 tests
[INFO] [stdout] test test_choice_annotation_support ... ok
[INFO] [stdout] test test_choreography_annotation_api ... ok
[INFO] [stdout] test test_protocol_annotation_filtering ... ok
[INFO] [stdout] test test_protocol_annotation_api ... ok
[INFO] [stdout] test test_protocol_annotation_storage ... ok
[INFO] [stdout] test test_protocol_annotation_merging ... ok
[INFO] [stdout] test test_code_generation_with_annotations ... ok
[INFO] [stdout] test test_broadcast_annotation_support ... ok
[INFO] [stdout] test test_annotation_different_types ... ok
[INFO] [stdout] test test_protocol_annotation_validation ... ok
[INFO] [stdout] test test_protocol_traversal_with_annotations ... ok
[INFO] [stdout] test test_annotation_syntax_is_rejected ... ok
[INFO] [stdout] 
[INFO] [stdout] test result: ok. 12 passed; 0 failed; 0 ignored; 0 measured; 0 filtered out; finished in 0.01s
[INFO] [stdout] 
[INFO] [stderr]      Running tests/authority_compile_fail.rs (/opt/rustwide/target/debug/deps/authority_compile_fail-4cc730ec13ff3a74)
[INFO] [stdout] 
[INFO] [stdout] running 1 test
[INFO] [stderr]      Running tests/choreo_fmt_cli_tests.rs (/opt/rustwide/target/debug/deps/choreo_fmt_cli_tests-b517e9e1f6218699)
[INFO] [stdout] test authority_surface_compile_fail_fixtures ... ok
[INFO] [stdout] 
[INFO] [stdout] test result: ok. 1 passed; 0 failed; 0 ignored; 0 measured; 0 filtered out; finished in 0.02s
[INFO] [stdout] 
[INFO] [stdout] 
[INFO] [stdout] running 2 tests
[INFO] [stderr] error: test failed, to rerun pass `--test choreo_fmt_cli_tests`
[INFO] [stdout] test test_choreo_fmt_rejects_write_with_explain_lowering ... FAILED
[INFO] [stdout] test test_choreo_fmt_explain_lowering_from_stdin ... FAILED
[INFO] [stdout] 
[INFO] [stdout] failures:
[INFO] [stdout] 
[INFO] [stdout] ---- test_choreo_fmt_rejects_write_with_explain_lowering stdout ----
[INFO] [stdout] 
[INFO] [stdout] thread 'test_choreo_fmt_rejects_write_with_explain_lowering' (3246) panicked at tests/choreo_fmt_cli_tests.rs:53:10:
[INFO] [stdout] spawn choreo-fmt: Os { code: 2, kind: NotFound, message: "No such file or directory" }
[INFO] [stdout] stack backtrace:
[INFO] [stdout]    0:     0x5627b9828151 - std[70759c8f55707aa4]::backtrace_rs::backtrace::libunwind::trace
[INFO] [stdout]                                at /rustc/dfb0accb7f508ae8be965d8629557221c889dd98/library/std/src/../../backtrace/src/backtrace/libunwind.rs:117:9
[INFO] [stdout]    1:     0x5627b9828151 - std[70759c8f55707aa4]::backtrace_rs::backtrace::trace_unsynchronized::<std[70759c8f55707aa4]::sys::backtrace::_print_fmt::{closure#1}>
[INFO] [stdout]                                at /rustc/dfb0accb7f508ae8be965d8629557221c889dd98/library/std/src/../../backtrace/src/backtrace/mod.rs:66:14
[INFO] [stdout]    2:     0x5627b9828151 - std[70759c8f55707aa4]::sys::backtrace::_print_fmt
[INFO] [stdout]                                at /rustc/dfb0accb7f508ae8be965d8629557221c889dd98/library/std/src/sys/backtrace.rs:74:9
[INFO] [stdout]    3:     0x5627b9828151 - <<std[70759c8f55707aa4]::sys::backtrace::BacktraceLock>::print::DisplayBacktrace as core[df12db4294e9bfd3]::fmt::Display>::fmt
[INFO] [stdout]                                at /rustc/dfb0accb7f508ae8be965d8629557221c889dd98/library/std/src/sys/backtrace.rs:44:26
[INFO] [stdout]    4:     0x5627b983c39a - <core[df12db4294e9bfd3]::fmt::rt::Argument>::fmt
[INFO] [stdout]                                at /rustc/dfb0accb7f508ae8be965d8629557221c889dd98/library/core/src/fmt/rt.rs:152:76
[INFO] [stdout]    5:     0x5627b983c39a - core[df12db4294e9bfd3]::fmt::write
[INFO] [stdout]    6:     0x5627b982c65c - core[df12db4294e9bfd3]::io::write::default_write_fmt::<alloc[2182bb758b4b3781]::vec::Vec<u8>>
[INFO] [stdout]                                at /rustc/dfb0accb7f508ae8be965d8629557221c889dd98/library/core/src/io/write.rs:402:11
[INFO] [stdout]    7:     0x5627b982c65c - <alloc[2182bb758b4b3781]::vec::Vec<u8> as core[df12db4294e9bfd3]::io::write::Write>::write_fmt
[INFO] [stdout]                                at /rustc/dfb0accb7f508ae8be965d8629557221c889dd98/library/core/src/io/write.rs:335:13
[INFO] [stdout]    8:     0x5627b98042b6 - <std[70759c8f55707aa4]::sys::backtrace::BacktraceLock>::print
[INFO] [stdout]                                at /rustc/dfb0accb7f508ae8be965d8629557221c889dd98/library/std/src/sys/backtrace.rs:47:9
[INFO] [stdout]    9:     0x5627b98042b6 - std[70759c8f55707aa4]::panicking::default_hook::{closure#0}
[INFO] [stdout]                                at /rustc/dfb0accb7f508ae8be965d8629557221c889dd98/library/std/src/panicking.rs:292:27
[INFO] [stdout]   10:     0x5627b98208b9 - std[70759c8f55707aa4]::panicking::default_hook
[INFO] [stdout]                                at /rustc/dfb0accb7f508ae8be965d8629557221c889dd98/library/std/src/panicking.rs:316:9
[INFO] [stdout]   11:     0x5627b97bc860 - <alloc[2182bb758b4b3781]::boxed::Box<dyn for<'a, 'b> core[df12db4294e9bfd3]::ops::function::Fn<(&'a std[70759c8f55707aa4]::panic::PanicHookInfo<'b>,), Output = ()> + core[df12db4294e9bfd3]::marker::Send + core[df12db4294e9bfd3]::marker::Sync> as core[df12db4294e9bfd3]::ops::function::Fn<(&std[70759c8f55707aa4]::panic::PanicHookInfo,)>>::call
[INFO] [stdout]                                at /rustc/dfb0accb7f508ae8be965d8629557221c889dd98/library/alloc/src/boxed.rs:2334:9
[INFO] [stdout]   12:     0x5627b97bc860 - test[9d35eded1c95d3be]::test_main_inner::<test[9d35eded1c95d3be]::test_main_static::{closure#0}>::{closure#0}
[INFO] [stdout]                                at /rustc/dfb0accb7f508ae8be965d8629557221c889dd98/library/test/src/lib.rs:155:21
[INFO] [stdout]   13:     0x5627b9820a72 - <alloc[2182bb758b4b3781]::boxed::Box<dyn for<'a, 'b> core[df12db4294e9bfd3]::ops::function::Fn<(&'a std[70759c8f55707aa4]::panic::PanicHookInfo<'b>,), Output = ()> + core[df12db4294e9bfd3]::marker::Send + core[df12db4294e9bfd3]::marker::Sync> as core[df12db4294e9bfd3]::ops::function::Fn<(&std[70759c8f55707aa4]::panic::PanicHookInfo,)>>::call
[INFO] [stdout]                                at /rustc/dfb0accb7f508ae8be965d8629557221c889dd98/library/alloc/src/boxed.rs:2334:9
[INFO] [stdout]   14:     0x5627b9820a72 - std[70759c8f55707aa4]::panicking::panic_with_hook
[INFO] [stdout]                                at /rustc/dfb0accb7f508ae8be965d8629557221c889dd98/library/std/src/panicking.rs:823:13
[INFO] [stdout]   15:     0x5627b9804362 - std[70759c8f55707aa4]::panicking::panic_handler::{closure#0}
[INFO] [stdout]                                at /rustc/dfb0accb7f508ae8be965d8629557221c889dd98/library/std/src/panicking.rs:688:13
[INFO] [stdout]   16:     0x5627b97fd0e9 - std[70759c8f55707aa4]::sys::backtrace::__rust_end_short_backtrace::<std[70759c8f55707aa4]::panicking::panic_handler::{closure#0}, !>
[INFO] [stdout]                                at /rustc/dfb0accb7f508ae8be965d8629557221c889dd98/library/std/src/sys/backtrace.rs:182:18
[INFO] [stdout]   17:     0x5627b9804f5d - __rustc[8fa7c3cbc660c2b3]::rust_begin_unwind
[INFO] [stdout]                                at /rustc/dfb0accb7f508ae8be965d8629557221c889dd98/library/std/src/panicking.rs:679:5
[INFO] [stdout]   18:     0x5627b983cacc - core[df12db4294e9bfd3]::panicking::panic_fmt
[INFO] [stdout]                                at /rustc/dfb0accb7f508ae8be965d8629557221c889dd98/library/core/src/panicking.rs:80:14
[INFO] [stdout]   19:     0x5627b983c8a2 - core[df12db4294e9bfd3]::result::unwrap_failed
[INFO] [stdout]                                at /rustc/dfb0accb7f508ae8be965d8629557221c889dd98/library/core/src/result.rs:1871:5
[INFO] [stdout]   20:     0x5627b97aa5a6 - <core[df12db4294e9bfd3]::result::Result<std[70759c8f55707aa4]::process::Child, core[df12db4294e9bfd3]::io::error::Error>>::expect
[INFO] [stdout]                                at /rustc/dfb0accb7f508ae8be965d8629557221c889dd98/library/core/src/result.rs:1184:23
[INFO] [stdout]   21:     0x5627b97aa1c8 - choreo_fmt_cli_tests[6c3d6e6216692a5c]::test_choreo_fmt_rejects_write_with_explain_lowering
[INFO] [stdout]                                at /opt/rustwide/workdir/tests/choreo_fmt_cli_tests.rs:53:10
[INFO] [stdout]   22:     0x5627b97a95a7 - choreo_fmt_cli_tests[6c3d6e6216692a5c]::test_choreo_fmt_rejects_write_with_explain_lowering::{closure#0}
[INFO] [stdout]                                at /opt/rustwide/workdir/tests/choreo_fmt_cli_tests.rs:44:57
[INFO] [stdout]   23:     0x5627b97af636 - <choreo_fmt_cli_tests[6c3d6e6216692a5c]::test_choreo_fmt_rejects_write_with_explain_lowering::{closure#0} as core[df12db4294e9bfd3]::ops::function::FnOnce<()>>::call_once
[INFO] [stdout]                                at /rustc/dfb0accb7f508ae8be965d8629557221c889dd98/library/core/src/ops/function.rs:250:5
[INFO] [stdout]   24:     0x5627b97afb4b - <fn() -> core[df12db4294e9bfd3]::result::Result<(), alloc[2182bb758b4b3781]::string::String> as core[df12db4294e9bfd3]::ops::function::FnOnce<()>>::call_once
[INFO] [stdout]                                at /rustc/dfb0accb7f508ae8be965d8629557221c889dd98/library/core/src/ops/function.rs:250:5
[INFO] [stdout]   25:     0x5627b97afb4b - test[9d35eded1c95d3be]::__rust_begin_short_backtrace::<core[df12db4294e9bfd3]::result::Result<(), alloc[2182bb758b4b3781]::string::String>, fn() -> core[df12db4294e9bfd3]::result::Result<(), alloc[2182bb758b4b3781]::string::String>>
[INFO] [stdout]                                at /rustc/dfb0accb7f508ae8be965d8629557221c889dd98/library/test/src/lib.rs:733:18
[INFO] [stdout]   26:     0x5627b97bd1b5 - test[9d35eded1c95d3be]::run_test_in_process::{closure#0}
[INFO] [stdout]                                at /rustc/dfb0accb7f508ae8be965d8629557221c889dd98/library/test/src/lib.rs:756:74
[INFO] [stdout]   27:     0x5627b97bd1b5 - <core[df12db4294e9bfd3]::panic::unwind_safe::AssertUnwindSafe<test[9d35eded1c95d3be]::run_test_in_process::{closure#0}> as core[df12db4294e9bfd3]::ops::function::FnOnce<()>>::call_once
[INFO] [stdout]                                at /rustc/dfb0accb7f508ae8be965d8629557221c889dd98/library/core/src/panic/unwind_safe.rs:275:9
[INFO] [stdout]   28:     0x5627b97bd1b5 - std[70759c8f55707aa4]::panicking::catch_unwind::do_call::<core[df12db4294e9bfd3]::panic::unwind_safe::AssertUnwindSafe<test[9d35eded1c95d3be]::run_test_in_process::{closure#0}>, core[df12db4294e9bfd3]::result::Result<(), alloc[2182bb758b4b3781]::string::String>>
[INFO] [stdout]                                at /rustc/dfb0accb7f508ae8be965d8629557221c889dd98/library/std/src/panicking.rs:576:43
[INFO] [stdout]   29:     0x5627b97bd1b5 - std[70759c8f55707aa4]::panicking::catch_unwind::<core[df12db4294e9bfd3]::result::Result<(), alloc[2182bb758b4b3781]::string::String>, core[df12db4294e9bfd3]::panic::unwind_safe::AssertUnwindSafe<test[9d35eded1c95d3be]::run_test_in_process::{closure#0}>>
[INFO] [stdout]                                at /rustc/dfb0accb7f508ae8be965d8629557221c889dd98/library/std/src/panicking.rs:544:19
[INFO] [stdout]   30:     0x5627b97bd1b5 - std[70759c8f55707aa4]::panic::catch_unwind::<core[df12db4294e9bfd3]::panic::unwind_safe::AssertUnwindSafe<test[9d35eded1c95d3be]::run_test_in_process::{closure#0}>, core[df12db4294e9bfd3]::result::Result<(), alloc[2182bb758b4b3781]::string::String>>
[INFO] [stdout]                                at /rustc/dfb0accb7f508ae8be965d8629557221c889dd98/library/std/src/panic.rs:359:14
[INFO] [stdout]   31:     0x5627b97bd1b5 - test[9d35eded1c95d3be]::run_test_in_process
[INFO] [stdout]                                at /rustc/dfb0accb7f508ae8be965d8629557221c889dd98/library/test/src/lib.rs:756:27
[INFO] [stdout]   32:     0x5627b97bd1b5 - test[9d35eded1c95d3be]::run_test::{closure#0}
[INFO] [stdout]                                at /rustc/dfb0accb7f508ae8be965d8629557221c889dd98/library/test/src/lib.rs:677:43
[INFO] [stdout]   33:     0x5627b97b6a74 - test[9d35eded1c95d3be]::run_test::{closure#1}
[INFO] [stdout]                                at /rustc/dfb0accb7f508ae8be965d8629557221c889dd98/library/test/src/lib.rs:707:41
[INFO] [stdout]   34:     0x5627b97b6a74 - std[70759c8f55707aa4]::sys::backtrace::__rust_begin_short_backtrace::<test[9d35eded1c95d3be]::run_test::{closure#1}, ()>
[INFO] [stdout]                                at /rustc/dfb0accb7f508ae8be965d8629557221c889dd98/library/std/src/sys/backtrace.rs:166:18
[INFO] [stdout]   35:     0x5627b97c0312 - std[70759c8f55707aa4]::thread::lifecycle::spawn_unchecked::<test[9d35eded1c95d3be]::run_test::{closure#1}, ()>::{closure#1}::{closure#0}
[INFO] [stdout]                                at /rustc/dfb0accb7f508ae8be965d8629557221c889dd98/library/std/src/thread/lifecycle.rs:70:13
[INFO] [stdout]   36:     0x5627b97c0312 - <core[df12db4294e9bfd3]::panic::unwind_safe::AssertUnwindSafe<std[70759c8f55707aa4]::thread::lifecycle::spawn_unchecked<test[9d35eded1c95d3be]::run_test::{closure#1}, ()>::{closure#1}::{closure#0}> as core[df12db4294e9bfd3]::ops::function::FnOnce<()>>::call_once
[INFO] [stdout]                                at /rustc/dfb0accb7f508ae8be965d8629557221c889dd98/library/core/src/panic/unwind_safe.rs:275:9
[INFO] [stdout]   37:     0x5627b97c0312 - std[70759c8f55707aa4]::panicking::catch_unwind::do_call::<core[df12db4294e9bfd3]::panic::unwind_safe::AssertUnwindSafe<std[70759c8f55707aa4]::thread::lifecycle::spawn_unchecked<test[9d35eded1c95d3be]::run_test::{closure#1}, ()>::{closure#1}::{closure#0}>, ()>
[INFO] [stdout]                                at /rustc/dfb0accb7f508ae8be965d8629557221c889dd98/library/std/src/panicking.rs:576:43
[INFO] [stdout]   38:     0x5627b97c0312 - std[70759c8f55707aa4]::panicking::catch_unwind::<(), core[df12db4294e9bfd3]::panic::unwind_safe::AssertUnwindSafe<std[70759c8f55707aa4]::thread::lifecycle::spawn_unchecked<test[9d35eded1c95d3be]::run_test::{closure#1}, ()>::{closure#1}::{closure#0}>>
[INFO] [stdout]                                at /rustc/dfb0accb7f508ae8be965d8629557221c889dd98/library/std/src/panicking.rs:544:19
[INFO] [stdout]   39:     0x5627b97c0312 - std[70759c8f55707aa4]::panic::catch_unwind::<core[df12db4294e9bfd3]::panic::unwind_safe::AssertUnwindSafe<std[70759c8f55707aa4]::thread::lifecycle::spawn_unchecked<test[9d35eded1c95d3be]::run_test::{closure#1}, ()>::{closure#1}::{closure#0}>, ()>
[INFO] [stdout]                                at /rustc/dfb0accb7f508ae8be965d8629557221c889dd98/library/std/src/panic.rs:359:14
[INFO] [stdout]   40:     0x5627b97c0312 - std[70759c8f55707aa4]::thread::lifecycle::spawn_unchecked::<test[9d35eded1c95d3be]::run_test::{closure#1}, ()>::{closure#1}
[INFO] [stdout]                                at /rustc/dfb0accb7f508ae8be965d8629557221c889dd98/library/std/src/thread/lifecycle.rs:68:26
[INFO] [stdout]   41:     0x5627b97c0312 - <std[70759c8f55707aa4]::thread::lifecycle::spawn_unchecked<test[9d35eded1c95d3be]::run_test::{closure#1}, ()>::{closure#1} as core[df12db4294e9bfd3]::ops::function::FnOnce<()>>::call_once::{shim:vtable#0}
[INFO] [stdout]                                at /rustc/dfb0accb7f508ae8be965d8629557221c889dd98/library/core/src/ops/function.rs:250:5
[INFO] [stdout]   42:     0x5627b9827a29 - <alloc[2182bb758b4b3781]::boxed::Box<dyn core[df12db4294e9bfd3]::ops::function::FnOnce<(), Output = ()> + core[df12db4294e9bfd3]::marker::Send> as core[df12db4294e9bfd3]::ops::function::FnOnce<()>>::call_once
[INFO] [stdout]                                at /rustc/dfb0accb7f508ae8be965d8629557221c889dd98/library/alloc/src/boxed.rs:2320:9
[INFO] [stdout]   43:     0x5627b9827a29 - <std[70759c8f55707aa4]::sys::thread::unix::Thread>::new::thread_start
[INFO] [stdout]                                at /rustc/dfb0accb7f508ae8be965d8629557221c889dd98/library/std/src/sys/thread/unix.rs:123:17
[INFO] [stdout]   44:     0x718d19196dfa - <unknown>
[INFO] [stdout]   45:     0x718d1922a3d4 - clone
[INFO] [stdout]   46:                0x0 - <unknown>
[INFO] [stdout] 
[INFO] [stdout] ---- test_choreo_fmt_explain_lowering_from_stdin stdout ----
[INFO] [stdout] 
[INFO] [stdout] thread 'test_choreo_fmt_explain_lowering_from_stdin' (3245) panicked at tests/choreo_fmt_cli_tests.rs:23:10:
[INFO] [stdout] spawn choreo-fmt: Os { code: 2, kind: NotFound, message: "No such file or directory" }
[INFO] [stdout] stack backtrace:
[INFO] [stdout]    0:     0x5627b9828151 - std[70759c8f55707aa4]::backtrace_rs::backtrace::libunwind::trace
[INFO] [stdout]                                at /rustc/dfb0accb7f508ae8be965d8629557221c889dd98/library/std/src/../../backtrace/src/backtrace/libunwind.rs:117:9
[INFO] [stdout]    1:     0x5627b9828151 - std[70759c8f55707aa4]::backtrace_rs::backtrace::trace_unsynchronized::<std[70759c8f55707aa4]::sys::backtrace::_print_fmt::{closure#1}>
[INFO] [stdout]                                at /rustc/dfb0accb7f508ae8be965d8629557221c889dd98/library/std/src/../../backtrace/src/backtrace/mod.rs:66:14
[INFO] [stdout]    2:     0x5627b9828151 - std[70759c8f55707aa4]::sys::backtrace::_print_fmt
[INFO] [stdout]                                at /rustc/dfb0accb7f508ae8be965d8629557221c889dd98/library/std/src/sys/backtrace.rs:74:9
[INFO] [stdout]    3:     0x5627b9828151 - <<std[70759c8f55707aa4]::sys::backtrace::BacktraceLock>::print::DisplayBacktrace as core[df12db4294e9bfd3]::fmt::Display>::fmt
[INFO] [stdout]                                at /rustc/dfb0accb7f508ae8be965d8629557221c889dd98/library/std/src/sys/backtrace.rs:44:26
[INFO] [stdout]    4:     0x5627b983c39a - <core[df12db4294e9bfd3]::fmt::rt::Argument>::fmt
[INFO] [stdout]                                at /rustc/dfb0accb7f508ae8be965d8629557221c889dd98/library/core/src/fmt/rt.rs:152:76
[INFO] [stdout]    5:     0x5627b983c39a - core[df12db4294e9bfd3]::fmt::write
[INFO] [stdout]    6:     0x5627b982c65c - core[df12db4294e9bfd3]::io::write::default_write_fmt::<alloc[2182bb758b4b3781]::vec::Vec<u8>>
[INFO] [stdout]                                at /rustc/dfb0accb7f508ae8be965d8629557221c889dd98/library/core/src/io/write.rs:402:11
[INFO] [stdout]    7:     0x5627b982c65c - <alloc[2182bb758b4b3781]::vec::Vec<u8> as core[df12db4294e9bfd3]::io::write::Write>::write_fmt
[INFO] [stdout]                                at /rustc/dfb0accb7f508ae8be965d8629557221c889dd98/library/core/src/io/write.rs:335:13
[INFO] [stdout]    8:     0x5627b98042b6 - <std[70759c8f55707aa4]::sys::backtrace::BacktraceLock>::print
[INFO] [stdout]                                at /rustc/dfb0accb7f508ae8be965d8629557221c889dd98/library/std/src/sys/backtrace.rs:47:9
[INFO] [stdout]    9:     0x5627b98042b6 - std[70759c8f55707aa4]::panicking::default_hook::{closure#0}
[INFO] [stdout]                                at /rustc/dfb0accb7f508ae8be965d8629557221c889dd98/library/std/src/panicking.rs:292:27
[INFO] [stdout]   10:     0x5627b98208b9 - std[70759c8f55707aa4]::panicking::default_hook
[INFO] [stdout]                                at /rustc/dfb0accb7f508ae8be965d8629557221c889dd98/library/std/src/panicking.rs:316:9
[INFO] [stdout]   11:     0x5627b97bc860 - <alloc[2182bb758b4b3781]::boxed::Box<dyn for<'a, 'b> core[df12db4294e9bfd3]::ops::function::Fn<(&'a std[70759c8f55707aa4]::panic::PanicHookInfo<'b>,), Output = ()> + core[df12db4294e9bfd3]::marker::Send + core[df12db4294e9bfd3]::marker::Sync> as core[df12db4294e9bfd3]::ops::function::Fn<(&std[70759c8f55707aa4]::panic::PanicHookInfo,)>>::call
[INFO] [stdout]                                at /rustc/dfb0accb7f508ae8be965d8629557221c889dd98/library/alloc/src/boxed.rs:2334:9
[INFO] [stdout]   12:     0x5627b97bc860 - test[9d35eded1c95d3be]::test_main_inner::<test[9d35eded1c95d3be]::test_main_static::{closure#0}>::{closure#0}
[INFO] [stdout]                                at /rustc/dfb0accb7f508ae8be965d8629557221c889dd98/library/test/src/lib.rs:155:21
[INFO] [stdout]   13:     0x5627b9820a72 - <alloc[2182bb758b4b3781]::boxed::Box<dyn for<'a, 'b> core[df12db4294e9bfd3]::ops::function::Fn<(&'a std[70759c8f55707aa4]::panic::PanicHookInfo<'b>,), Output = ()> + core[df12db4294e9bfd3]::marker::Send + core[df12db4294e9bfd3]::marker::Sync> as core[df12db4294e9bfd3]::ops::function::Fn<(&std[70759c8f55707aa4]::panic::PanicHookInfo,)>>::call
[INFO] [stdout]                                at /rustc/dfb0accb7f508ae8be965d8629557221c889dd98/library/alloc/src/boxed.rs:2334:9
[INFO] [stdout]   14:     0x5627b9820a72 - std[70759c8f55707aa4]::panicking::panic_with_hook
[INFO] [stdout]                                at /rustc/dfb0accb7f508ae8be965d8629557221c889dd98/library/std/src/panicking.rs:823:13
[INFO] [stdout]   15:     0x5627b9804362 - std[70759c8f55707aa4]::panicking::panic_handler::{closure#0}
[INFO] [stdout]                                at /rustc/dfb0accb7f508ae8be965d8629557221c889dd98/library/std/src/panicking.rs:688:13
[INFO] [stdout]   16:     0x5627b97fd0e9 - std[70759c8f55707aa4]::sys::backtrace::__rust_end_short_backtrace::<std[70759c8f55707aa4]::panicking::panic_handler::{closure#0}, !>
[INFO] [stdout]                                at /rustc/dfb0accb7f508ae8be965d8629557221c889dd98/library/std/src/sys/backtrace.rs:182:18
[INFO] [stdout]   17:     0x5627b9804f5d - __rustc[8fa7c3cbc660c2b3]::rust_begin_unwind
[INFO] [stdout]                                at /rustc/dfb0accb7f508ae8be965d8629557221c889dd98/library/std/src/panicking.rs:679:5
[INFO] [stdout]   18:     0x5627b983cacc - core[df12db4294e9bfd3]::panicking::panic_fmt
[INFO] [stdout]                                at /rustc/dfb0accb7f508ae8be965d8629557221c889dd98/library/core/src/panicking.rs:80:14
[INFO] [stdout]   19:     0x5627b983c8a2 - core[df12db4294e9bfd3]::result::unwrap_failed
[INFO] [stdout]                                at /rustc/dfb0accb7f508ae8be965d8629557221c889dd98/library/core/src/result.rs:1871:5
[INFO] [stdout]   20:     0x5627b97aa5a6 - <core[df12db4294e9bfd3]::result::Result<std[70759c8f55707aa4]::process::Child, core[df12db4294e9bfd3]::io::error::Error>>::expect
[INFO] [stdout]                                at /rustc/dfb0accb7f508ae8be965d8629557221c889dd98/library/core/src/result.rs:1184:23
[INFO] [stdout]   21:     0x5627b97a9c3f - choreo_fmt_cli_tests[6c3d6e6216692a5c]::test_choreo_fmt_explain_lowering_from_stdin
[INFO] [stdout]                                at /opt/rustwide/workdir/tests/choreo_fmt_cli_tests.rs:23:10
[INFO] [stdout]   22:     0x5627b97a9577 - choreo_fmt_cli_tests[6c3d6e6216692a5c]::test_choreo_fmt_explain_lowering_from_stdin::{closure#0}
[INFO] [stdout]                                at /opt/rustwide/workdir/tests/choreo_fmt_cli_tests.rs:15:49
[INFO] [stdout]   23:     0x5627b97af616 - <choreo_fmt_cli_tests[6c3d6e6216692a5c]::test_choreo_fmt_explain_lowering_from_stdin::{closure#0} as core[df12db4294e9bfd3]::ops::function::FnOnce<()>>::call_once
[INFO] [stdout]                                at /rustc/dfb0accb7f508ae8be965d8629557221c889dd98/library/core/src/ops/function.rs:250:5
[INFO] [stdout]   24:     0x5627b97afb4b - <fn() -> core[df12db4294e9bfd3]::result::Result<(), alloc[2182bb758b4b3781]::string::String> as core[df12db4294e9bfd3]::ops::function::FnOnce<()>>::call_once
[INFO] [stdout]                                at /rustc/dfb0accb7f508ae8be965d8629557221c889dd98/library/core/src/ops/function.rs:250:5
[INFO] [stdout]   25:     0x5627b97afb4b - test[9d35eded1c95d3be]::__rust_begin_short_backtrace::<core[df12db4294e9bfd3]::result::Result<(), alloc[2182bb758b4b3781]::string::String>, fn() -> core[df12db4294e9bfd3]::result::Result<(), alloc[2182bb758b4b3781]::string::String>>
[INFO] [stdout]                                at /rustc/dfb0accb7f508ae8be965d8629557221c889dd98/library/test/src/lib.rs:733:18
[INFO] [stdout]   26:     0x5627b97bd1b5 - test[9d35eded1c95d3be]::run_test_in_process::{closure#0}
[INFO] [stdout]                                at /rustc/dfb0accb7f508ae8be965d8629557221c889dd98/library/test/src/lib.rs:756:74
[INFO] [stdout]   27:     0x5627b97bd1b5 - <core[df12db4294e9bfd3]::panic::unwind_safe::AssertUnwindSafe<test[9d35eded1c95d3be]::run_test_in_process::{closure#0}> as core[df12db4294e9bfd3]::ops::function::FnOnce<()>>::call_once
[INFO] [stdout]                                at /rustc/dfb0accb7f508ae8be965d8629557221c889dd98/library/core/src/panic/unwind_safe.rs:275:9
[INFO] [stdout]   28:     0x5627b97bd1b5 - std[70759c8f55707aa4]::panicking::catch_unwind::do_call::<core[df12db4294e9bfd3]::panic::unwind_safe::AssertUnwindSafe<test[9d35eded1c95d3be]::run_test_in_process::{closure#0}>, core[df12db4294e9bfd3]::result::Result<(), alloc[2182bb758b4b3781]::string::String>>
[INFO] [stdout]                                at /rustc/dfb0accb7f508ae8be965d8629557221c889dd98/library/std/src/panicking.rs:576:43
[INFO] [stdout]   29:     0x5627b97bd1b5 - std[70759c8f55707aa4]::panicking::catch_unwind::<core[df12db4294e9bfd3]::result::Result<(), alloc[2182bb758b4b3781]::string::String>, core[df12db4294e9bfd3]::panic::unwind_safe::AssertUnwindSafe<test[9d35eded1c95d3be]::run_test_in_process::{closure#0}>>
[INFO] [stdout]                                at /rustc/dfb0accb7f508ae8be965d8629557221c889dd98/library/std/src/panicking.rs:544:19
[INFO] [stdout]   30:     0x5627b97bd1b5 - std[70759c8f55707aa4]::panic::catch_unwind::<core[df12db4294e9bfd3]::panic::unwind_safe::AssertUnwindSafe<test[9d35eded1c95d3be]::run_test_in_process::{closure#0}>, core[df12db4294e9bfd3]::result::Result<(), alloc[2182bb758b4b3781]::string::String>>
[INFO] [stdout]                                at /rustc/dfb0accb7f508ae8be965d8629557221c889dd98/library/std/src/panic.rs:359:14
[INFO] [stdout]   31:     0x5627b97bd1b5 - test[9d35eded1c95d3be]::run_test_in_process
[INFO] [stdout]                                at /rustc/dfb0accb7f508ae8be965d8629557221c889dd98/library/test/src/lib.rs:756:27
[INFO] [stdout]   32:     0x5627b97bd1b5 - test[9d35eded1c95d3be]::run_test::{closure#0}
[INFO] [stdout]                                at /rustc/dfb0accb7f508ae8be965d8629557221c889dd98/library/test/src/lib.rs:677:43
[INFO] [stdout]   33:     0x5627b97b6a74 - test[9d35eded1c95d3be]::run_test::{closure#1}
[INFO] [stdout]                                at /rustc/dfb0accb7f508ae8be965d8629557221c889dd98/library/test/src/lib.rs:707:41
[INFO] [stdout]   34:     0x5627b97b6a74 - std[70759c8f55707aa4]::sys::backtrace::__rust_begin_short_backtrace::<test[9d35eded1c95d3be]::run_test::{closure#1}, ()>
[INFO] [stdout]                                at /rustc/dfb0accb7f508ae8be965d8629557221c889dd98/library/std/src/sys/backtrace.rs:166:18
[INFO] [stdout]   35:     0x5627b97c0312 - std[70759c8f55707aa4]::thread::lifecycle::spawn_unchecked::<test[9d35eded1c95d3be]::run_test::{closure#1}, ()>::{closure#1}::{closure#0}
[INFO] [stdout]                                at /rustc/dfb0accb7f508ae8be965d8629557221c889dd98/library/std/src/thread/lifecycle.rs:70:13
[INFO] [stdout]   36:     0x5627b97c0312 - <core[df12db4294e9bfd3]::panic::unwind_safe::AssertUnwindSafe<std[70759c8f55707aa4]::thread::lifecycle::spawn_unchecked<test[9d35eded1c95d3be]::run_test::{closure#1}, ()>::{closure#1}::{closure#0}> as core[df12db4294e9bfd3]::ops::function::FnOnce<()>>::call_once
[INFO] [stdout]                                at /rustc/dfb0accb7f508ae8be965d8629557221c889dd98/library/core/src/panic/unwind_safe.rs:275:9
[INFO] [stdout]   37:     0x5627b97c0312 - std[70759c8f55707aa4]::panicking::catch_unwind::do_call::<core[df12db4294e9bfd3]::panic::unwind_safe::AssertUnwindSafe<std[70759c8f55707aa4]::thread::lifecycle::spawn_unchecked<test[9d35eded1c95d3be]::run_test::{closure#1}, ()>::{closure#1}::{closure#0}>, ()>
[INFO] [stdout]                                at /rustc/dfb0accb7f508ae8be965d8629557221c889dd98/library/std/src/panicking.rs:576:43
[INFO] [stdout]   38:     0x5627b97c0312 - std[70759c8f55707aa4]::panicking::catch_unwind::<(), core[df12db4294e9bfd3]::panic::unwind_safe::AssertUnwindSafe<std[70759c8f55707aa4]::thread::lifecycle::spawn_unchecked<test[9d35eded1c95d3be]::run_test::{closure#1}, ()>::{closure#1}::{closure#0}>>
[INFO] [stdout]                                at /rustc/dfb0accb7f508ae8be965d8629557221c889dd98/library/std/src/panicking.rs:544:19
[INFO] [stdout]   39:     0x5627b97c0312 - std[70759c8f55707aa4]::panic::catch_unwind::<core[df12db4294e9bfd3]::panic::unwind_safe::AssertUnwindSafe<std[70759c8f55707aa4]::thread::lifecycle::spawn_unchecked<test[9d35eded1c95d3be]::run_test::{closure#1}, ()>::{closure#1}::{closure#0}>, ()>
[INFO] [stdout]                                at /rustc/dfb0accb7f508ae8be965d8629557221c889dd98/library/std/src/panic.rs:359:14
[INFO] [stdout]   40:     0x5627b97c0312 - std[70759c8f55707aa4]::thread::lifecycle::spawn_unchecked::<test[9d35eded1c95d3be]::run_test::{closure#1}, ()>::{closure#1}
[INFO] [stdout]                                at /rustc/dfb0accb7f508ae8be965d8629557221c889dd98/library/std/src/thread/lifecycle.rs:68:26
[INFO] [stdout]   41:     0x5627b97c0312 - <std[70759c8f55707aa4]::thread::lifecycle::spawn_unchecked<test[9d35eded1c95d3be]::run_test::{closure#1}, ()>::{closure#1} as core[df12db4294e9bfd3]::ops::function::FnOnce<()>>::call_once::{shim:vtable#0}
[INFO] [stdout]                                at /rustc/dfb0accb7f508ae8be965d8629557221c889dd98/library/core/src/ops/function.rs:250:5
[INFO] [stdout]   42:     0x5627b9827a29 - <alloc[2182bb758b4b3781]::boxed::Box<dyn core[df12db4294e9bfd3]::ops::function::FnOnce<(), Output = ()> + core[df12db4294e9bfd3]::marker::Send> as core[df12db4294e9bfd3]::ops::function::FnOnce<()>>::call_once
[INFO] [stdout]                                at /rustc/dfb0accb7f508ae8be965d8629557221c889dd98/library/alloc/src/boxed.rs:2320:9
[INFO] [stdout]   43:     0x5627b9827a29 - <std[70759c8f55707aa4]::sys::thread::unix::Thread>::new::thread_start
[INFO] [stdout]                                at /rustc/dfb0accb7f508ae8be965d8629557221c889dd98/library/std/src/sys/thread/unix.rs:123:17
[INFO] [stdout]   44:     0x718d19196dfa - <unknown>
[INFO] [stdout]   45:     0x718d1922a3d4 - clone
[INFO] [stdout]   46:                0x0 - <unknown>
[INFO] [stdout] 
[INFO] [stdout] 
[INFO] [stdout] failures:
[INFO] [stdout]     test_choreo_fmt_explain_lowering_from_stdin
[INFO] [stdout]     test_choreo_fmt_rejects_write_with_explain_lowering
[INFO] [stdout] 
[INFO] [stdout] test result: FAILED. 0 passed; 2 failed; 0 ignored; 0 measured; 0 filtered out; finished in 0.07s
[INFO] [stdout] 
[INFO] running `Command { std: "docker" "inspect" "4237009e4b0f438f98efc2810e54dea08924879529527a2c21ddd56731aa76e2", kill_on_drop: false }`
[INFO] running `Command { std: "docker" "rm" "-f" "4237009e4b0f438f98efc2810e54dea08924879529527a2c21ddd56731aa76e2", kill_on_drop: false }`
[INFO] [stdout] 4237009e4b0f438f98efc2810e54dea08924879529527a2c21ddd56731aa76e2
