[INFO] fetching crate tegrine 0.1.3...
[INFO] testing tegrine-0.1.3 against 1.100.0-beta.1 for beta-1.100-2
[INFO] extracting crate tegrine 0.1.3 into /workspace/builds/worker-4-tc2/source
[INFO] started tweaking crates.io crate tegrine 0.1.3
[INFO] finished tweaking crates.io crate tegrine 0.1.3
[INFO] tweaked toml for crates.io crate tegrine 0.1.3 written to /workspace/builds/worker-4-tc2/source/Cargo.toml
[INFO] validating manifest of crates.io crate tegrine 0.1.3 on toolchain 1.100.0-beta.1
[INFO] running `Command { std: CARGO_HOME="/workspace/cargo-home" RUSTUP_HOME="/workspace/rustup-home" "/workspace/cargo-home/bin/cargo" "+1.100.0-beta.1" "metadata" "--manifest-path" "Cargo.toml" "--no-deps", kill_on_drop: false }`
[INFO] crate crates.io crate tegrine 0.1.3 already has a lockfile, it will not be regenerated
[INFO] running `Command { std: CARGO_HOME="/workspace/cargo-home" RUSTUP_HOME="/workspace/rustup-home" "/workspace/cargo-home/bin/cargo" "+1.100.0-beta.1" "fetch" "--manifest-path" "Cargo.toml", kill_on_drop: false }`
[INFO] running `Command { std: "docker" "create" "-v" "/var/lib/crater-agent-workspace/builds/worker-4-tc2/source:/opt/rustwide/workdir:ro,Z" "-v" "/var/lib/crater-agent-workspace/builds/worker-4-tc2/target:/opt/rustwide/target:rw,Z" "-v" "/var/lib/crater-agent-workspace/cargo-home:/opt/rustwide/cargo-home:ro,Z" "-v" "/var/lib/crater-agent-workspace/rustup-home:/opt/rustwide/rustup-home:ro,Z" "-m" "1610612736" "--network" "none" "ghcr.io/rust-lang/crates-build-env/linux@sha256:3111399a4047eeb3a02b7a90e478d715f38a8c6669b5c4b49d30a17385265909" "sleep" "infinity", kill_on_drop: false }`
[INFO] [stdout] 0052e0280088fe789d3144a44b5d5e556c065427774bb95e326b07fc11d472bf
[INFO] running `Command { std: "docker" "start" "0052e0280088fe789d3144a44b5d5e556c065427774bb95e326b07fc11d472bf", kill_on_drop: false }`
[INFO] running `Command { std: "docker" "inspect" "0052e0280088fe789d3144a44b5d5e556c065427774bb95e326b07fc11d472bf", kill_on_drop: false }`
[INFO] running `Command { std: "docker" "exec" "-e" "SOURCE_DIR=/opt/rustwide/workdir" "-e" "CARGO_HOME=/opt/rustwide/cargo-home" "-e" "RUSTUP_HOME=/opt/rustwide/rustup-home" "-e" "CARGO_TARGET_DIR=/opt/rustwide/target" "-w" "/opt/rustwide/workdir" "--user" "0:0" "0052e0280088fe789d3144a44b5d5e556c065427774bb95e326b07fc11d472bf" "/opt/rustwide/cargo-home/bin/cargo" "+1.100.0-beta.1" "metadata" "--no-deps" "--format-version=1", kill_on_drop: false }`
[INFO] running `Command { std: "docker" "inspect" "0052e0280088fe789d3144a44b5d5e556c065427774bb95e326b07fc11d472bf", kill_on_drop: false }`
[INFO] running `Command { std: "docker" "exec" "-e" "SOURCE_DIR=/opt/rustwide/workdir" "-e" "CARGO_HOME=/opt/rustwide/cargo-home" "-e" "RUSTUP_HOME=/opt/rustwide/rustup-home" "-e" "CARGO_TARGET_DIR=/opt/rustwide/target" "-e" "CARGO_INCREMENTAL=0" "-e" "RUST_BACKTRACE=full" "-e" "RUSTFLAGS=--cap-lints=warn" "-e" "RUSTDOCFLAGS=--cap-lints=warn" "-w" "/opt/rustwide/workdir" "--user" "0:0" "0052e0280088fe789d3144a44b5d5e556c065427774bb95e326b07fc11d472bf" "/opt/rustwide/cargo-home/bin/cargo" "+1.100.0-beta.1" "build" "--frozen" "--message-format=json", kill_on_drop: false }`
[INFO] [stderr]    Compiling libc v0.2.175
[INFO] [stderr]    Compiling proc-macro2 v1.0.101
[INFO] [stderr]    Compiling unicode-ident v1.0.18
[INFO] [stderr]    Compiling autocfg v1.5.0
[INFO] [stderr]    Compiling unicode-segmentation v1.12.0
[INFO] [stderr]    Compiling parking_lot_core v0.9.11
[INFO] [stderr]    Compiling signal-hook v0.3.18
[INFO] [stderr]    Compiling rustix v1.0.8
[INFO] [stderr]    Compiling smallvec v1.15.1
[INFO] [stderr]    Compiling log v0.4.27
[INFO] [stderr]    Compiling cfg-if v1.0.3
[INFO] [stderr]    Compiling litrs v0.4.2
[INFO] [stderr]    Compiling anyhow v1.0.99
[INFO] [stderr]    Compiling bitflags v2.9.4
[INFO] [stderr]    Compiling linux-raw-sys v0.9.4
[INFO] [stderr]    Compiling bresenham v0.1.1
[INFO] [stderr]    Compiling lock_api v0.4.13
[INFO] [stderr]    Compiling document-features v0.2.11
[INFO] [stderr]    Compiling convert_case v0.7.1
[INFO] [stderr]    Compiling quote v1.0.40
[INFO] [stderr]    Compiling syn v2.0.106
[INFO] [stderr]    Compiling signal-hook-registry v1.4.6
[INFO] [stderr]    Compiling mio v1.0.4
[INFO] [stderr]    Compiling parking_lot v0.12.4
[INFO] [stderr]    Compiling signal-hook-mio v0.2.4
[INFO] [stderr]    Compiling derive_more-impl v2.0.1
[INFO] [stderr]    Compiling derive_more v2.0.1
[INFO] [stderr]    Compiling crossterm v0.29.0
[INFO] [stderr]    Compiling tegrine v0.1.3 (/opt/rustwide/workdir)
[INFO] [stderr]     Finished `dev` profile [unoptimized + debuginfo] target(s) in 9.62s
[INFO] running `Command { std: "docker" "inspect" "0052e0280088fe789d3144a44b5d5e556c065427774bb95e326b07fc11d472bf", kill_on_drop: false }`
[INFO] running `Command { std: "docker" "exec" "-e" "SOURCE_DIR=/opt/rustwide/workdir" "-e" "CARGO_HOME=/opt/rustwide/cargo-home" "-e" "RUSTUP_HOME=/opt/rustwide/rustup-home" "-e" "CARGO_TARGET_DIR=/opt/rustwide/target" "-e" "CARGO_INCREMENTAL=0" "-e" "RUST_BACKTRACE=full" "-e" "RUSTFLAGS=--cap-lints=warn" "-e" "RUSTDOCFLAGS=--cap-lints=warn" "-w" "/opt/rustwide/workdir" "--user" "0:0" "0052e0280088fe789d3144a44b5d5e556c065427774bb95e326b07fc11d472bf" "/opt/rustwide/cargo-home/bin/cargo" "+1.100.0-beta.1" "test" "--frozen" "--no-run" "--message-format=json", kill_on_drop: false }`
[INFO] [stderr]    Compiling tegrine v0.1.3 (/opt/rustwide/workdir)
[INFO] [stderr]     Finished `test` profile [unoptimized + debuginfo] target(s) in 0.39s
[INFO] running `Command { std: "docker" "inspect" "0052e0280088fe789d3144a44b5d5e556c065427774bb95e326b07fc11d472bf", kill_on_drop: false }`
[INFO] running `Command { std: "docker" "exec" "-e" "SOURCE_DIR=/opt/rustwide/workdir" "-e" "CARGO_HOME=/opt/rustwide/cargo-home" "-e" "RUSTUP_HOME=/opt/rustwide/rustup-home" "-e" "CARGO_TARGET_DIR=/opt/rustwide/target" "-e" "CARGO_INCREMENTAL=0" "-e" "RUST_BACKTRACE=full" "-e" "RUSTFLAGS=--cap-lints=warn" "-e" "RUSTDOCFLAGS=--cap-lints=warn" "-w" "/opt/rustwide/workdir" "--user" "0:0" "0052e0280088fe789d3144a44b5d5e556c065427774bb95e326b07fc11d472bf" "/opt/rustwide/cargo-home/bin/cargo" "+1.100.0-beta.1" "test" "--frozen", kill_on_drop: false }`
[INFO] [stderr]     Finished `test` profile [unoptimized + debuginfo] target(s) in 0.05s
[INFO] [stderr]      Running unittests src/lib.rs (/opt/rustwide/target/debug/build/tegrine/1ed0a3e3bb810f40/out/tegrine-1ed0a3e3bb810f40)
[INFO] [stdout] 
[INFO] [stderr]    Doc-tests tegrine
[INFO] [stdout] running 0 tests
[INFO] [stdout] 
[INFO] [stdout] test result: ok. 0 passed; 0 failed; 0 ignored; 0 measured; 0 filtered out; finished in 0.00s
[INFO] [stdout] 
[INFO] [stdout] 
[INFO] [stdout] running 1 test
[INFO] [stdout] test src/README.md - (line 2) ... FAILED
[INFO] [stderr] error: doctest failed, to rerun pass `--doc`
[INFO] [stdout] 
[INFO] [stdout] failures:
[INFO] [stdout] 
[INFO] [stdout] ---- src/README.md - (line 2) stdout ----
[INFO] [stdout] error[E0432]: unresolved import `tegrine::instances::RGBA`
[INFO] [stdout]  --> src/README.md:5:54
[INFO] [stdout]   |
[INFO] [stdout] 5 | use tegrine::instances::{Tegrine, D2, Instance, Dot, RGBA};
[INFO] [stdout]   |                                                      ^^^^ no `RGBA` in `instances`
[INFO] [stdout]   |
[INFO] [stdout] help: a similar name exists in the module
[INFO] [stdout]   |
[INFO] [stdout] 5 - use tegrine::instances::{Tegrine, D2, Instance, Dot, RGBA};
[INFO] [stdout] 5 + use tegrine::instances::{Tegrine, D2, Instance, Dot, Rgba};
[INFO] [stdout]   |
[INFO] [stdout] 
[INFO] [stdout] error: aborting due to 1 previous error
[INFO] [stdout] 
[INFO] [stdout] For more information about this error, try `rustc --explain E0432`.
[INFO] [stdout] Couldn't compile the test.
[INFO] [stdout] 
[INFO] [stdout] failures:
[INFO] [stdout]     src/README.md - (line 2)
[INFO] [stdout] 
[INFO] [stdout] test result: FAILED. 0 passed; 1 failed; 0 ignored; 0 measured; 0 filtered out; finished in 0.10s
[INFO] [stdout] 
[INFO] [stdout] all doctests ran in 0.23s; merged doctests compilation took 0.13s
[INFO] running `Command { std: "docker" "inspect" "0052e0280088fe789d3144a44b5d5e556c065427774bb95e326b07fc11d472bf", kill_on_drop: false }`
[INFO] running `Command { std: "docker" "rm" "-f" "0052e0280088fe789d3144a44b5d5e556c065427774bb95e326b07fc11d472bf", kill_on_drop: false }`
[INFO] [stdout] 0052e0280088fe789d3144a44b5d5e556c065427774bb95e326b07fc11d472bf
