[INFO] fetching crate tedium 0.2.0...
[INFO] testing tedium-0.2.0 against 1.99.0-beta.8 for beta-1.100-2
[INFO] extracting crate tedium 0.2.0 into /workspace/builds/worker-6-tc1/source
[INFO] started tweaking crates.io crate tedium 0.2.0
[INFO] removed 0 missing examples
[INFO] removed 0 missing tests
[INFO] finished tweaking crates.io crate tedium 0.2.0
[INFO] tweaked toml for crates.io crate tedium 0.2.0 written to /workspace/builds/worker-6-tc1/source/Cargo.toml
[INFO] validating manifest of crates.io crate tedium 0.2.0 on toolchain 1.99.0-beta.8
[INFO] running `Command { std: CARGO_HOME="/workspace/cargo-home" RUSTUP_HOME="/workspace/rustup-home" "/workspace/cargo-home/bin/cargo" "+1.99.0-beta.8" "metadata" "--manifest-path" "Cargo.toml" "--no-deps", kill_on_drop: false }`
[INFO] crate crates.io crate tedium 0.2.0 already has a lockfile, it will not be regenerated
[INFO] running `Command { std: CARGO_HOME="/workspace/cargo-home" RUSTUP_HOME="/workspace/rustup-home" "/workspace/cargo-home/bin/cargo" "+1.99.0-beta.8" "fetch" "--manifest-path" "Cargo.toml", kill_on_drop: false }`
[INFO] [stderr]     Updating crates.io index
[INFO] [stderr]  Downloading crates ...
[INFO] [stderr]   Downloaded clap_lex v0.7.6
[INFO] [stderr]   Downloaded find-msvc-tools v0.1.6
[INFO] [stderr]   Downloaded cc v1.2.51
[INFO] [stderr]   Downloaded codepage v0.1.2
[INFO] [stderr]   Downloaded dlopen2 v0.7.0
[INFO] [stderr]   Downloaded labview-interop v0.4.2
[INFO] running `Command { std: "docker" "create" "-v" "/var/lib/crater-agent-workspace/builds/worker-6-tc1/source:/opt/rustwide/workdir:ro,Z" "-v" "/var/lib/crater-agent-workspace/builds/worker-6-tc1/target:/opt/rustwide/target:rw,Z" "-v" "/var/lib/crater-agent-workspace/cargo-home:/opt/rustwide/cargo-home:ro,Z" "-v" "/var/lib/crater-agent-workspace/rustup-home:/opt/rustwide/rustup-home:ro,Z" "-m" "1610612736" "--network" "none" "ghcr.io/rust-lang/crates-build-env/linux@sha256:3111399a4047eeb3a02b7a90e478d715f38a8c6669b5c4b49d30a17385265909" "sleep" "infinity", kill_on_drop: false }`
[INFO] [stdout] 9475c20a2278b50f079fa7f751fb14c77f9e61b8262140a17657fce74ead9c90
[INFO] running `Command { std: "docker" "start" "9475c20a2278b50f079fa7f751fb14c77f9e61b8262140a17657fce74ead9c90", kill_on_drop: false }`
[INFO] running `Command { std: "docker" "inspect" "9475c20a2278b50f079fa7f751fb14c77f9e61b8262140a17657fce74ead9c90", kill_on_drop: false }`
[INFO] running `Command { std: "docker" "exec" "-e" "SOURCE_DIR=/opt/rustwide/workdir" "-e" "CARGO_HOME=/opt/rustwide/cargo-home" "-e" "RUSTUP_HOME=/opt/rustwide/rustup-home" "-e" "CARGO_TARGET_DIR=/opt/rustwide/target" "-w" "/opt/rustwide/workdir" "--user" "0:0" "9475c20a2278b50f079fa7f751fb14c77f9e61b8262140a17657fce74ead9c90" "/opt/rustwide/cargo-home/bin/cargo" "+1.99.0-beta.8" "metadata" "--no-deps" "--format-version=1", kill_on_drop: false }`
[INFO] running `Command { std: "docker" "inspect" "9475c20a2278b50f079fa7f751fb14c77f9e61b8262140a17657fce74ead9c90", kill_on_drop: false }`
[INFO] running `Command { std: "docker" "exec" "-e" "SOURCE_DIR=/opt/rustwide/workdir" "-e" "CARGO_HOME=/opt/rustwide/cargo-home" "-e" "RUSTUP_HOME=/opt/rustwide/rustup-home" "-e" "CARGO_TARGET_DIR=/opt/rustwide/target" "-e" "CARGO_INCREMENTAL=0" "-e" "RUST_BACKTRACE=full" "-e" "RUSTFLAGS=--cap-lints=warn" "-e" "RUSTDOCFLAGS=--cap-lints=warn" "-w" "/opt/rustwide/workdir" "--user" "0:0" "9475c20a2278b50f079fa7f751fb14c77f9e61b8262140a17657fce74ead9c90" "/opt/rustwide/cargo-home/bin/cargo" "+1.99.0-beta.8" "build" "--frozen" "--message-format=json", kill_on_drop: false }`
[INFO] [stderr]    Compiling proc-macro2 v1.0.105
[INFO] [stderr]    Compiling unicode-ident v1.0.22
[INFO] [stderr]    Compiling hashbrown v0.16.1
[INFO] [stderr]    Compiling equivalent v1.0.2
[INFO] [stderr]    Compiling winnow v0.7.14
[INFO] [stderr]    Compiling toml_datetime v0.7.5+spec-1.1.0
[INFO] [stderr]    Compiling libc v0.2.180
[INFO] [stderr]    Compiling thiserror v2.0.17
[INFO] [stderr]    Compiling num-traits v0.2.19
[INFO] [stderr]    Compiling codepage v0.1.2
[INFO] [stderr]    Compiling indexmap v2.13.0
[INFO] [stderr]    Compiling quote v1.0.43
[INFO] [stderr]    Compiling syn v2.0.114
[INFO] [stderr]    Compiling toml_parser v1.0.6+spec-1.1.0
[INFO] [stderr]    Compiling toml_edit v0.23.10+spec-1.0.0
[INFO] [stderr]    Compiling proc-macro-crate v3.4.0
[INFO] [stderr]    Compiling dlopen2_derive v0.4.3
[INFO] [stderr]    Compiling num_enum_derive v0.7.5
[INFO] [stderr]    Compiling thiserror-impl v2.0.17
[INFO] [stderr]    Compiling num-derive v0.4.2
[INFO] [stderr]    Compiling dlopen2 v0.7.0
[INFO] [stderr]    Compiling num_enum v0.7.5
[INFO] [stderr]    Compiling labview-interop v0.4.2
[INFO] [stderr]    Compiling tedium v0.2.0 (/opt/rustwide/workdir)
[INFO] [stdout] warning: unused import: `bool::*`
[INFO] [stdout]   --> src/io/data_types/mod.rs:29:9
[INFO] [stdout]    |
[INFO] [stdout] 29 | pub use bool::*;
[INFO] [stdout]    |         ^^^^^^^
[INFO] [stdout]    |
[INFO] [stdout]    = note: `#[warn(unused_imports)]` (part of `#[warn(unused)]`) on by default
[INFO] [stdout] 
[INFO] [stdout] 
[INFO] [stdout] warning: unused import: `native_numerics::*`
[INFO] [stdout]   --> src/io/data_types/mod.rs:32:9
[INFO] [stdout]    |
[INFO] [stdout] 32 | pub use native_numerics::*;
[INFO] [stdout]    |         ^^^^^^^^^^^^^^^^^^
[INFO] [stdout] 
[INFO] [stdout] 
[INFO] [stdout] warning: unused import: `timestamp::*`
[INFO] [stdout]   --> src/io/data_types/mod.rs:33:9
[INFO] [stdout]    |
[INFO] [stdout] 33 | pub use timestamp::*;
[INFO] [stdout]    |         ^^^^^^^^^^^^
[INFO] [stdout] 
[INFO] [stdout] 
[INFO] [stdout] warning: field `writer` is never read
[INFO] [stdout]    --> src/file/file_writer.rs:104:5
[INFO] [stdout]     |
[INFO] [stdout] 102 | struct DataStreamWriter<'a, F: Write, W: TdmsWriter<F>> {
[INFO] [stdout]     |        ---------------- field in this struct
[INFO] [stdout] 103 |     index: &'a mut Index,
[INFO] [stdout] 104 |     writer: &'a mut W,
[INFO] [stdout]     |     ^^^^^^
[INFO] [stdout]     |
[INFO] [stdout]     = note: `#[warn(dead_code)]` (part of `#[warn(unused)]`) on by default
[INFO] [stdout] 
[INFO] [stdout] 
[INFO] [stdout] warning: struct `BigEndianWriter` is never constructed
[INFO] [stdout]    --> src/io/writer.rs:101:12
[INFO] [stdout]     |
[INFO] [stdout] 101 | pub struct BigEndianWriter<W: Write>(BufWriter<W>);
[INFO] [stdout]     |            ^^^^^^^^^^^^^^^
[INFO] [stdout] 
[INFO] [stdout] 
[INFO] [stderr]     Finished `dev` profile [unoptimized + debuginfo] target(s) in 18.12s
[INFO] running `Command { std: "docker" "inspect" "9475c20a2278b50f079fa7f751fb14c77f9e61b8262140a17657fce74ead9c90", kill_on_drop: false }`
[INFO] running `Command { std: "docker" "exec" "-e" "SOURCE_DIR=/opt/rustwide/workdir" "-e" "CARGO_HOME=/opt/rustwide/cargo-home" "-e" "RUSTUP_HOME=/opt/rustwide/rustup-home" "-e" "CARGO_TARGET_DIR=/opt/rustwide/target" "-e" "CARGO_INCREMENTAL=0" "-e" "RUST_BACKTRACE=full" "-e" "RUSTFLAGS=--cap-lints=warn" "-e" "RUSTDOCFLAGS=--cap-lints=warn" "-w" "/opt/rustwide/workdir" "--user" "0:0" "9475c20a2278b50f079fa7f751fb14c77f9e61b8262140a17657fce74ead9c90" "/opt/rustwide/cargo-home/bin/cargo" "+1.99.0-beta.8" "test" "--frozen" "--no-run" "--message-format=json", kill_on_drop: false }`
[INFO] [stderr]    Compiling zerocopy v0.8.33
[INFO] [stderr]    Compiling syn v2.0.114
[INFO] [stderr]    Compiling serde v1.0.228
[INFO] [stderr]    Compiling find-msvc-tools v0.1.6
[INFO] [stderr]    Compiling zmij v1.0.12
[INFO] [stderr]    Compiling serde_json v1.0.149
[INFO] [stderr]    Compiling plotters-backend v0.3.7
[INFO] [stderr]    Compiling regex-syntax v0.8.8
[INFO] [stderr]    Compiling clap_lex v0.7.6
[INFO] [stderr]    Compiling anstyle v1.0.13
[INFO] [stderr]    Compiling cc v1.2.51
[INFO] [stderr]    Compiling plotters-svg v0.3.7
[INFO] [stderr]    Compiling itertools v0.13.0
[INFO] [stderr]    Compiling clap_builder v4.5.54
[INFO] [stderr]    Compiling same-file v1.0.6
[INFO] [stderr]    Compiling cast v0.3.0
[INFO] [stderr]    Compiling walkdir v2.5.0
[INFO] [stderr]    Compiling plotters v0.3.7
[INFO] [stderr]    Compiling rayon v1.11.0
[INFO] [stderr]    Compiling regex-automata v0.4.13
[INFO] [stderr]    Compiling page_size v0.6.0
[INFO] [stderr]    Compiling anes v0.1.6
[INFO] [stderr]    Compiling criterion-plot v0.8.1
[INFO] [stderr]    Compiling alloca v0.4.0
[INFO] [stderr]    Compiling oorandom v11.1.5
[INFO] [stderr]    Compiling clap v4.5.54
[INFO] [stderr]    Compiling regex v1.12.2
[INFO] [stderr]    Compiling zerocopy-derive v0.8.33
[INFO] [stderr]    Compiling serde_derive v1.0.228
[INFO] [stderr]    Compiling dlopen2_derive v0.4.3
[INFO] [stderr]    Compiling num_enum_derive v0.7.5
[INFO] [stderr]    Compiling thiserror-impl v2.0.17
[INFO] [stderr]    Compiling num-derive v0.4.2
[INFO] [stderr]    Compiling dlopen2 v0.7.0
[INFO] [stderr]    Compiling num_enum v0.7.5
[INFO] [stderr]    Compiling thiserror v2.0.17
[INFO] [stderr]    Compiling labview-interop v0.4.2
[INFO] [stderr]    Compiling tedium v0.2.0 (/opt/rustwide/workdir)
[INFO] [stdout] warning: unused import: `bool::*`
[INFO] [stdout]   --> src/io/data_types/mod.rs:29:9
[INFO] [stdout]    |
[INFO] [stdout] 29 | pub use bool::*;
[INFO] [stdout]    |         ^^^^^^^
[INFO] [stdout]    |
[INFO] [stdout]    = note: `#[warn(unused_imports)]` (part of `#[warn(unused)]`) on by default
[INFO] [stdout] 
[INFO] [stdout] 
[INFO] [stdout] warning: unused import: `native_numerics::*`
[INFO] [stdout]   --> src/io/data_types/mod.rs:32:9
[INFO] [stdout]    |
[INFO] [stdout] 32 | pub use native_numerics::*;
[INFO] [stdout]    |         ^^^^^^^^^^^^^^^^^^
[INFO] [stdout] 
[INFO] [stdout] 
[INFO] [stdout] warning: unused import: `timestamp::*`
[INFO] [stdout]   --> src/io/data_types/mod.rs:33:9
[INFO] [stdout]    |
[INFO] [stdout] 33 | pub use timestamp::*;
[INFO] [stdout]    |         ^^^^^^^^^^^^
[INFO] [stdout] 
[INFO] [stdout] 
[INFO] [stdout] warning: field `writer` is never read
[INFO] [stdout]    --> src/file/file_writer.rs:104:5
[INFO] [stdout]     |
[INFO] [stdout] 102 | struct DataStreamWriter<'a, F: Write, W: TdmsWriter<F>> {
[INFO] [stdout]     |        ---------------- field in this struct
[INFO] [stdout] 103 |     index: &'a mut Index,
[INFO] [stdout] 104 |     writer: &'a mut W,
[INFO] [stdout]     |     ^^^^^^
[INFO] [stdout]     |
[INFO] [stdout]     = note: `#[warn(dead_code)]` (part of `#[warn(unused)]`) on by default
[INFO] [stdout] 
[INFO] [stdout] 
[INFO] [stdout] warning: struct `BigEndianWriter` is never constructed
[INFO] [stdout]    --> src/io/writer.rs:101:12
[INFO] [stdout]     |
[INFO] [stdout] 101 | pub struct BigEndianWriter<W: Write>(BufWriter<W>);
[INFO] [stdout]     |            ^^^^^^^^^^^^^^^
[INFO] [stdout] 
[INFO] [stdout] 
[INFO] [stderr]    Compiling tinytemplate v1.2.1
[INFO] [stderr]    Compiling half v2.7.1
[INFO] [stderr]    Compiling ciborium-ll v0.2.2
[INFO] [stderr]    Compiling ciborium v0.2.2
[INFO] [stderr]    Compiling criterion v0.8.1
[INFO] [stdout] warning: unused import: `bool::*`
[INFO] [stdout]   --> src/io/data_types/mod.rs:29:9
[INFO] [stdout]    |
[INFO] [stdout] 29 | pub use bool::*;
[INFO] [stdout]    |         ^^^^^^^
[INFO] [stdout]    |
[INFO] [stdout]    = note: `#[warn(unused_imports)]` (part of `#[warn(unused)]`) on by default
[INFO] [stdout] 
[INFO] [stdout] 
[INFO] [stdout] warning: unused import: `native_numerics::*`
[INFO] [stdout]   --> src/io/data_types/mod.rs:32:9
[INFO] [stdout]    |
[INFO] [stdout] 32 | pub use native_numerics::*;
[INFO] [stdout]    |         ^^^^^^^^^^^^^^^^^^
[INFO] [stdout] 
[INFO] [stdout] 
[INFO] [stdout] warning: unused import: `timestamp::*`
[INFO] [stdout]   --> src/io/data_types/mod.rs:33:9
[INFO] [stdout]    |
[INFO] [stdout] 33 | pub use timestamp::*;
[INFO] [stdout]    |         ^^^^^^^^^^^^
[INFO] [stdout] 
[INFO] [stdout] 
[INFO] [stdout] warning: field `writer` is never read
[INFO] [stdout]    --> src/file/file_writer.rs:104:5
[INFO] [stdout]     |
[INFO] [stdout] 102 | struct DataStreamWriter<'a, F: Write, W: TdmsWriter<F>> {
[INFO] [stdout]     |        ---------------- field in this struct
[INFO] [stdout] 103 |     index: &'a mut Index,
[INFO] [stdout] 104 |     writer: &'a mut W,
[INFO] [stdout]     |     ^^^^^^
[INFO] [stdout]     |
[INFO] [stdout]     = note: `#[warn(dead_code)]` (part of `#[warn(unused)]`) on by default
[INFO] [stdout] 
[INFO] [stdout] 
[INFO] [stderr]     Finished `test` profile [unoptimized + debuginfo] target(s) in 59.55s
[INFO] running `Command { std: "docker" "inspect" "9475c20a2278b50f079fa7f751fb14c77f9e61b8262140a17657fce74ead9c90", kill_on_drop: false }`
[INFO] running `Command { std: "docker" "exec" "-e" "SOURCE_DIR=/opt/rustwide/workdir" "-e" "CARGO_HOME=/opt/rustwide/cargo-home" "-e" "RUSTUP_HOME=/opt/rustwide/rustup-home" "-e" "CARGO_TARGET_DIR=/opt/rustwide/target" "-e" "CARGO_INCREMENTAL=0" "-e" "RUST_BACKTRACE=full" "-e" "RUSTFLAGS=--cap-lints=warn" "-e" "RUSTDOCFLAGS=--cap-lints=warn" "-w" "/opt/rustwide/workdir" "--user" "0:0" "9475c20a2278b50f079fa7f751fb14c77f9e61b8262140a17657fce74ead9c90" "/opt/rustwide/cargo-home/bin/cargo" "+1.99.0-beta.8" "test" "--frozen", kill_on_drop: false }`
[INFO] [stderr] warning: unused import: `bool::*`
[INFO] [stderr]   --> src/io/data_types/mod.rs:29:9
[INFO] [stderr]    |
[INFO] [stderr] 29 | pub use bool::*;
[INFO] [stderr]    |         ^^^^^^^
[INFO] [stderr]    |
[INFO] [stderr]    = note: `#[warn(unused_imports)]` (part of `#[warn(unused)]`) on by default
[INFO] [stderr] 
[INFO] [stderr] warning: unused import: `native_numerics::*`
[INFO] [stderr]   --> src/io/data_types/mod.rs:32:9
[INFO] [stderr]    |
[INFO] [stderr] 32 | pub use native_numerics::*;
[INFO] [stderr]    |         ^^^^^^^^^^^^^^^^^^
[INFO] [stderr] 
[INFO] [stderr] warning: unused import: `timestamp::*`
[INFO] [stderr]   --> src/io/data_types/mod.rs:33:9
[INFO] [stderr]    |
[INFO] [stderr] 33 | pub use timestamp::*;
[INFO] [stderr]    |         ^^^^^^^^^^^^
[INFO] [stderr] 
[INFO] [stderr] warning: field `writer` is never read
[INFO] [stderr]    --> src/file/file_writer.rs:104:5
[INFO] [stderr]     |
[INFO] [stderr] 102 | struct DataStreamWriter<'a, F: Write, W: TdmsWriter<F>> {
[INFO] [stderr]     |        ---------------- field in this struct
[INFO] [stderr] 103 |     index: &'a mut Index,
[INFO] [stderr] 104 |     writer: &'a mut W,
[INFO] [stderr]     |     ^^^^^^
[INFO] [stderr]     |
[INFO] [stderr]     = note: `#[warn(dead_code)]` (part of `#[warn(unused)]`) on by default
[INFO] [stderr] 
[INFO] [stderr] warning: struct `BigEndianWriter` is never constructed
[INFO] [stderr]    --> src/io/writer.rs:101:12
[INFO] [stderr]     |
[INFO] [stderr] 101 | pub struct BigEndianWriter<W: Write>(BufWriter<W>);
[INFO] [stderr]     |            ^^^^^^^^^^^^^^^
[INFO] [stderr] 
[INFO] [stderr] warning: `tedium` (lib) generated 5 warnings (run `cargo fix --lib -p tedium` to apply 3 suggestions)
[INFO] [stderr] warning: `tedium` (lib test) generated 4 warnings (4 duplicates)
[INFO] [stderr]     Finished `test` profile [unoptimized + debuginfo] target(s) in 0.19s
[INFO] [stderr]      Running unittests src/lib.rs (/opt/rustwide/target/debug/deps/tedium-eda53f6c54af7f7e)
[INFO] [stdout] 
[INFO] [stdout] running 215 tests
[INFO] [stdout] test file::channel_reader::tests::test_read_plan_single_channel ... ok
[INFO] [stdout] test file::channel_reader::tests::test_read_plan_single_channel_with_skip ... ok
[INFO] [stdout] test file::channel_reader::tests::test_progress_complete_over ... ok
[INFO] [stdout] test file::channel_reader::tests::test_read_plan_multi_channel_with_skip ... ok
[INFO] [stdout] test file::channel_reader::tests::test_read_plan_multi_channel_complex ... ok
[INFO] [stdout] test file::tests::test_list_channels_in_group_multiple ... ok
[INFO] [stdout] test file::tests::test_list_channels_in_group_none ... ok
[INFO] [stdout] test file::tests::test_can_load_empty_buffer ... ok
[INFO] [stdout] test file::tests::test_list_groups_with_properties_multiple ... ok
[INFO] [stdout] test file::tests::test_list_groups_with_properties_single ... ok
[INFO] [stdout] test file::tests::test_list_channels_in_group_single ... ok
[INFO] [stdout] test file::tests::test_list_implicit_groups_from_channels ... ok
[INFO] [stdout] test file::channel_reader::tests::test_read_plan_multi_channel_skip_entire_block ... ok
[INFO] [stdout] test file::channel_reader::tests::test_read_plan_multi_channel_simple ... ok
[INFO] [stdout] test index::building::tests::can_add_channel_to_active_list ... ok
[INFO] [stdout] test file::channel_reader::tests::test_progress_complete ... ok
[INFO] [stdout] test index::building::tests::can_replace_the_existing_list ... ok
[INFO] [stdout] test index::building::tests::can_update_properties_with_no_changes_to_data_layout ... ok
[INFO] [stdout] test index::building::tests::can_keep_data_with_no_metadata_in_toc ... ok
[INFO] [stdout] test index::building::tests::can_keep_data_with_no_objects_listed ... ok
[INFO] [stdout] test index::building::tests::correctly_generates_the_data_block ... ok
[INFO] [stdout] test index::building::tests::does_not_generate_block_for_meta_only ... ok
[INFO] [stdout] test index::building::tests::errors_if_no_previous_datatype_is_found ... ok
[INFO] [stdout] test index::building::tests::test_builds_correct_length_with_multiple_write_blocks ... ok
[INFO] [stdout] test index::building::tests::test_catches_next_segment_overflow ... ok
[INFO] [stdout] test index::building::tests::correctly_generates_the_data_block_same_as_previous ... ok
[INFO] [stdout] test index::building::tests::correctly_generates_the_data_block_same_as_previous_new_list ... ok
[INFO] [stdout] test index::building::tests::test_single_segment ... ok
[INFO] [stdout] test index::building::tests::updates_existing_properties ... ok
[INFO] [stdout] test index::querying::tests::test_all_paths ... ok
[INFO] [stdout] test index::querying::tests::test_paths_starting_with ... ok
[INFO] [stdout] test index::writing::tests::matches_live_no_match_different_channels ... ok
[INFO] [stdout] test index::querying::tests::test_paths_starting_with_no_match ... ok
[INFO] [stdout] test index::writing::tests::matches_live_does_match ... ok
[INFO] [stdout] test index::writing::tests::matches_live_repeated_same_format ... ok
[INFO] [stdout] test index::writing::tests::matches_live_empty_index ... ok
[INFO] [stdout] test index::building::tests::test_toc_includes_data_but_no_active_channels ... ok
[INFO] [stdout] test index::building::tests::can_re_add_channel_to_active_list ... ok
[INFO] [stdout] test index::writing::tests::matches_live_new_format ... ok
[INFO] [stdout] test io::data_types::bool::tests::test_bool_le ... ok
[INFO] [stdout] test io::data_types::bool::tests::test_bool_be ... ok
[INFO] [stdout] test index::building::tests::test_toc_includes_data_but_no_size ... ok
[INFO] [stdout] test io::data_types::bool::tests::test_bool_be_false ... ok
[INFO] [stdout] test io::data_types::bool::tests::test_bool_le_false ... ok
[INFO] [stdout] test io::data_types::complex::tests::test_complex_double_be ... ok
[INFO] [stdout] test io::data_types::complex::tests::test_complex_double_le ... ok
[INFO] [stdout] test io::data_types::complex::tests::test_complex_single_be ... ok
[INFO] [stdout] test index::writing::tests::uses_previous_data_format_even_with_no_match ... ok
[INFO] [stdout] test io::data_types::native_numerics::tests::test_f32_be ... ok
[INFO] [stdout] test io::data_types::native_numerics::tests::test_f32_le ... ok
[INFO] [stdout] test io::data_types::native_numerics::tests::test_f64_be ... ok
[INFO] [stdout] test io::data_types::native_numerics::tests::test_f64_le ... ok
[INFO] [stdout] test io::data_types::native_numerics::tests::test_i16_be ... ok
[INFO] [stdout] test io::data_types::native_numerics::tests::test_i32_le ... ok
[INFO] [stdout] test io::data_types::complex::tests::test_complex_single_le ... ok
[INFO] [stdout] test io::data_types::native_numerics::tests::test_i64_be ... ok
[INFO] [stdout] test io::data_types::extended::tests::test_be_round_trip ... ok
[INFO] [stdout] test io::data_types::native_numerics::tests::test_i64_le ... ok
[INFO] [stdout] test io::data_types::extended::tests::test_extended_size ... ok
[INFO] [stdout] test io::data_types::extended::tests::test_le_round_trip ... ok
[INFO] [stdout] test io::data_types::native_numerics::tests::test_u16_be ... ok
[INFO] [stdout] test io::data_types::native_numerics::tests::test_i8_be ... ok
[INFO] [stdout] test io::data_types::native_numerics::tests::test_i8_le ... ok
[INFO] [stdout] test io::data_types::native_numerics::tests::test_u32_le ... ok
[INFO] [stdout] test io::data_types::native_numerics::tests::test_u64_be ... ok
[INFO] [stdout] test io::data_types::native_numerics::tests::test_u8_be ... ok
[INFO] [stdout] test io::data_types::native_numerics::tests::test_i16_le ... ok
[INFO] [stdout] test io::data_types::native_numerics::tests::test_u16_le ... ok
[INFO] [stdout] test io::data_types::native_numerics::tests::test_u64_le ... ok
[INFO] [stdout] test io::data_types::native_numerics::tests::test_u8_le ... ok
[INFO] [stdout] test io::data_types::native_numerics::tests::test_i32_be ... ok
[INFO] [stdout] test io::data_types::strings::tests::test_read_string ... ok
[INFO] [stdout] test io::data_types::strings::tests::test_read_string_obscene_length ... ok
[INFO] [stdout] test io::reader::tests::test_f64_le ... ok
[INFO] [stdout] test io::data_types::timestamp::tests::test_timestamp_be ... ok
[INFO] [stdout] test io::data_types::timestamp::tests::test_timestamp_le ... ok
[INFO] [stdout] test io::reader::tests::test_string ... ok
[INFO] [stdout] test io::reader::tests::test_u32_be ... ok
[INFO] [stdout] test io::reader::tests::test_f64_be ... ok
[INFO] [stdout] test io::reader::tests::test_i32_be ... ok
[INFO] [stdout] test io::reader::tests::test_i32_le ... ok
[INFO] [stdout] test io::writer::tests::test_write_segment_meta_only ... ok
[INFO] [stdout] test io::writer::tests::test_write_segment ... ok
[INFO] [stdout] test io::writer::tests::test_write_segment_data_only ... ok
[INFO] [stdout] test meta_data::tests::test_metadata_errors_on_allocation_error ... ok
[INFO] [stdout] test meta_data::tests::test_properties_count_overflow_error ... ok
[INFO] [stdout] test meta_data::tests::test_properties_raw_data_matches ... ok
[INFO] [stdout] test meta_data::tests::test_properties_standard_data_write ... ok
[INFO] [stdout] test io::data_types::native_numerics::tests::test_u32_be ... ok
[INFO] [stdout] test meta_data::tests::test_properties_raw_data_matches_write ... ok
[INFO] [stdout] test meta_data::tests::test_properties_standard_data ... ok
[INFO] [stdout] test meta_data::tests::test_segment_size_calc ... ok
[INFO] [stdout] test paths::tests::test_channel_path ... ok
[INFO] [stdout] test meta_data::tests::test_toc_example_from_ni ... ok
[INFO] [stdout] test paths::tests::test_channel_path_try_from_object_path_invalid ... ok
[INFO] [stdout] test meta_data::tests::test_toc_example_to_bytes ... ok
[INFO] [stdout] test paths::tests::test_channel_path_type ... ok
[INFO] [stdout] test meta_data::tests::test_unknown_property_type ... ok
[INFO] [stdout] test paths::tests::test_channel_escapes_chars ... ok
[INFO] [stdout] test paths::tests::test_correctly_identifies_group ... ok
[INFO] [stdout] test paths::tests::test_escapes_run_on_channel_paths ... ok
[INFO] [stdout] test io::reader::tests::test_u32_le ... ok
[INFO] [stdout] test paths::tests::test_channel_path_try_from_object_path_invalid_group ... ok
[INFO] [stdout] test paths::tests::test_channel_path_try_from_object_path_invalid_root ... ok
[INFO] [stdout] test paths::tests::test_group_escapes_chars ... ok
[INFO] [stdout] test io::writer::tests::test_string ... ok
[INFO] [stdout] test paths::tests::test_channel_path_try_from_object_path_valid ... ok
[INFO] [stdout] test paths::tests::test_correctly_identifies_channel ... ok
[INFO] [stdout] test paths::tests::test_group_path ... ok
[INFO] [stdout] test paths::tests::test_path_group_name ... ok
[INFO] [stdout] test paths::tests::test_property_path_try_from_object_path_valid_group ... ok
[INFO] [stdout] test properties::tests::Complexf32_read_write ... ok
[INFO] [stdout] test properties::tests::Complexf32_size ... ok
[INFO] [stdout] test paths::tests::test_root_path ... ok
[INFO] [stdout] test properties::tests::Complexf32_conversion ... ok
[INFO] [stdout] test properties::tests::Complexf64_conversion_reference ... ok
[INFO] [stdout] test properties::tests::Complexf64_size ... ok
[INFO] [stdout] test paths::tests::test_property_path_try_from_object_path_invalid ... ok
[INFO] [stdout] test paths::tests::test_property_path_try_from_object_path_valid ... ok
[INFO] [stdout] test properties::tests::Complexf64_read_write ... ok
[INFO] [stdout] test paths::tests::test_property_path_try_from_object_path_valid_root ... ok
[INFO] [stdout] test properties::tests::LVTime_conversion ... ok
[INFO] [stdout] test properties::tests::Complexf32_conversion_reference ... ok
[INFO] [stdout] test properties::tests::bool_conversion_reference ... ok
[INFO] [stdout] test properties::tests::bool_read_write ... ok
[INFO] [stdout] test properties::tests::bool_size ... ok
[INFO] [stdout] test properties::tests::f32_conversion ... ok
[INFO] [stdout] test properties::tests::f32_conversion_reference ... ok
[INFO] [stdout] test properties::tests::f32_read_write ... ok
[INFO] [stdout] test properties::tests::LVTime_size ... ok
[INFO] [stdout] test properties::tests::f64_conversion_reference ... ok
[INFO] [stdout] test properties::tests::f32_size ... ok
[INFO] [stdout] test properties::tests::f64_size ... ok
[INFO] [stdout] test properties::tests::i16_conversion ... ok
[INFO] [stdout] test properties::tests::bool_conversion ... ok
[INFO] [stdout] test properties::tests::Complexf64_conversion ... ok
[INFO] [stdout] test properties::tests::i16_conversion_reference ... ok
[INFO] [stdout] test properties::tests::f64_read_write ... ok
[INFO] [stdout] test properties::tests::i16_read_write ... ok
[INFO] [stdout] test properties::tests::i32_conversion ... ok
[INFO] [stdout] test properties::tests::i32_conversion_reference ... ok
[INFO] [stdout] test properties::tests::i64_conversion ... ok
[INFO] [stdout] test properties::tests::i32_read_write ... ok
[INFO] [stdout] test properties::tests::i64_conversion_reference ... ok
[INFO] [stdout] test properties::tests::i8_conversion ... ok
[INFO] [stdout] test properties::tests::i8_conversion_reference ... ok
[INFO] [stdout] test properties::tests::LVTime_conversion_reference ... ok
[INFO] [stdout] test properties::tests::i8_read_write ... ok
[INFO] [stdout] test properties::tests::test_double_float_with_units_treated_as_float ... ok
[INFO] [stdout] test properties::tests::test_extended_float_with_units_treated_as_float ... ok
[INFO] [stdout] test properties::tests::LVTime_read_write ... ok
[INFO] [stdout] test properties::tests::i16_size ... ok
[INFO] [stdout] test properties::tests::i32_size ... ok
[INFO] [stdout] test properties::tests::test_float_with_units_treated_as_float ... ok
[INFO] [stdout] test properties::tests::f64_conversion ... ok
[INFO] [stdout] test properties::tests::i64_read_write ... ok
[INFO] [stdout] test properties::tests::i64_size ... ok
[INFO] [stdout] test properties::tests::i8_size ... ok
[INFO] [stdout] test properties::tests::test_void_roundtrip ... ok
[INFO] [stdout] test properties::tests::test_str_conversion ... ok
[INFO] [stdout] test properties::tests::test_string_conversion ... ok
[INFO] [stdout] test properties::tests::u16_read_write ... ok
[INFO] [stdout] test properties::tests::u16_size ... ok
[INFO] [stdout] test properties::tests::u32_read_write ... ok
[INFO] [stdout] test properties::tests::u64_conversion ... ok
[INFO] [stdout] test properties::tests::u64_conversion_reference ... ok
[INFO] [stdout] test properties::tests::u16_conversion ... ok
[INFO] [stdout] test properties::tests::u16_conversion_reference ... ok
[INFO] [stdout] test properties::tests::u32_conversion ... ok
[INFO] [stdout] test properties::tests::u32_conversion_reference ... ok
[INFO] [stdout] test properties::tests::u32_size ... ok
[INFO] [stdout] test properties::tests::test_void_read ... ok
[INFO] [stdout] test raw_data::contigious_multi_channel_read::tests::read_data_contigious_single ... ok
[INFO] [stdout] test properties::tests::u8_conversion ... ok
[INFO] [stdout] test properties::tests::u64_size ... ok
[INFO] [stdout] test properties::tests::u8_conversion_reference ... ok
[INFO] [stdout] test properties::tests::u8_read_write ... ok
[INFO] [stdout] test raw_data::contigious_multi_channel_read::tests::read_data_contigious_with_skip_and_multiple_blocks ... ok
[INFO] [stdout] test raw_data::contigious_multi_channel_read::tests::read_data_contigious_with_skip ... ok
[INFO] [stdout] test raw_data::interleaved_multi_channel_read::tests::read_data_interleaved_multi_different_lengths ... ok
[INFO] [stdout] test raw_data::interleaved_multi_channel_read::tests::read_data_interleaved_with_skip ... ok
[INFO] [stdout] test raw_data::read_tests::data_block_chunk_count_empty_channels ... ok
[INFO] [stdout] test raw_data::read_tests::data_block_chunk_count_handles_partial_with_round_down ... ok
[INFO] [stdout] test properties::tests::u64_read_write ... ok
[INFO] [stdout] test raw_data::contigious_multi_channel_read::tests::read_data_contigous_multi_with_repeated_writes ... ok
[INFO] [stdout] test raw_data::interleaved_multi_channel_read::tests::read_data_interleaved_multi ... ok
[INFO] [stdout] test raw_data::read_tests::data_block_chunk_count_single ... ok
[INFO] [stdout] test raw_data::contigious_multi_channel_read::tests::read_data_contigous_multi ... ok
[INFO] [stdout] test raw_data::interleaved_multi_channel_read::tests::read_data_interleaved_single ... ok
[INFO] [stdout] test properties::tests::u8_size ... ok
[INFO] [stdout] test raw_data::contigious_multi_channel_read::tests::read_data_contigious_multi_different_lengths ... ok
[INFO] [stdout] test raw_data::read_tests::data_block_errors_if_no_channels ... ok
[INFO] [stdout] test raw_data::read_tests::data_block_errors_if_raw_offset_is_greater_than_length ... ok
[INFO] [stdout] test raw_data::read_tests::data_block_get_chunk_size_string_overflow ... ok
[INFO] [stdout] test raw_data::read_tests::data_block_gets_endianess_from_segment ... ok
[INFO] [stdout] test raw_data::read_tests::data_block_errors_if_length_is_zero ... ok
[INFO] [stdout] test raw_data::read_tests::datablock_captures_sizing_from_segment ... ok
[INFO] [stdout] test raw_data::read_tests::data_block_gets_layout_from_segment ... ok
[INFO] [stdout] test raw_data::records::tests::test_basic_record_structure_read_all ... ok
[INFO] [stdout] test raw_data::records::tests::test_compresses_similar_skips_for_performance ... ignored, Not yet implemented
[INFO] [stdout] test raw_data::records::tests::test_basic_record_structure_read_one ... ok
[INFO] [stdout] test raw_data::records::tests::test_error_on_type_mismatch ... ok
[INFO] [stdout] test raw_data::read_tests::data_block_chunk_count_multi ... ok
[INFO] [stdout] test raw_data::read_tests::data_block_chunk_count_return_1_for_variable_type ... ok
[INFO] [stdout] test raw_data::records::tests::test_does_not_error_on_different_but_compatible_types ... ok
[INFO] [stdout] test raw_data::write::write_tests::multi_channel_writer_errors_bad_channel_length ... ok
[INFO] [stdout] test raw_data::write::write_tests::multi_channel_writer_generates_meta_data ... ok
[INFO] [stdout] test raw_data::records::tests::test_returns_length_of_single_records ... ok
[INFO] [stdout] test raw_data::write::write_tests::single_channel_writer_writes_with_endianess ... ok
[INFO] [stdout] test raw_data::records::tests::test_returns_length_of_write_block ... ok
[INFO] [stdout] test raw_data::read_tests::data_block_get_chunk_size_multi_type ... ok
[INFO] [stdout] test raw_data::read_tests::data_block_get_chunk_size_single_type ... ok
[INFO] [stdout] test raw_data::read_tests::data_block_get_chunk_size_single_type_overflow ... ok
[INFO] [stdout] test raw_data::read_tests::data_block_get_chunk_size_string ... ok
[INFO] [stdout] test raw_data::write::write_tests::single_channel_writer_generates_meta_data ... ok
[INFO] [stdout] 
[INFO] [stdout] test result: ok. 214 passed; 0 failed; 1 ignored; 0 measured; 0 filtered out; finished in 0.03s
[INFO] [stdout] 
[INFO] [stderr]      Running tests/memory_buffers.rs (/opt/rustwide/target/debug/deps/memory_buffers-ddbf80a0288e0855)
[INFO] [stdout] 
[INFO] [stdout] running 1 test
[INFO] [stdout] test test_can_write_and_read_from_buffer ... ok
[INFO] [stdout] 
[INFO] [stdout] test result: ok. 1 passed; 0 failed; 0 ignored; 0 measured; 0 filtered out; finished in 0.00s
[INFO] [stdout] 
[INFO] [stderr]      Running tests/read_properties.rs (/opt/rustwide/target/debug/deps/read_properties-b74e6853ead7a370)
[INFO] [stdout] 
[INFO] [stdout] running 3 tests
[INFO] [stdout] test test_file_properties ... FAILED
[INFO] [stderr] error: test failed, to rerun pass `--test read_properties`
[INFO] [stdout] test test_channel_properties ... FAILED
[INFO] [stdout] test test_group_properties ... FAILED
[INFO] [stdout] 
[INFO] [stdout] failures:
[INFO] [stdout] 
[INFO] [stdout] ---- test_file_properties stdout ----
[INFO] [stdout] 
[INFO] [stdout] thread 'test_file_properties' (1530) panicked at tests/common/mod.rs:9:27:
[INFO] [stdout] called `Result::unwrap()` on an `Err` value: IoError(Os { code: 30, kind: ReadOnlyFilesystem, message: "Read-only file system" })
[INFO] [stdout] stack backtrace:
[INFO] [stdout]    0:     0x6216ad745e21 - std[70759c8f55707aa4]::backtrace_rs::backtrace::libunwind::trace
[INFO] [stdout]                                at /rustc/dfb0accb7f508ae8be965d8629557221c889dd98/library/std/src/../../backtrace/src/backtrace/libunwind.rs:117:9
[INFO] [stdout]    1:     0x6216ad745e21 - std[70759c8f55707aa4]::backtrace_rs::backtrace::trace_unsynchronized::<std[70759c8f55707aa4]::sys::backtrace::_print_fmt::{closure#1}>
[INFO] [stdout]                                at /rustc/dfb0accb7f508ae8be965d8629557221c889dd98/library/std/src/../../backtrace/src/backtrace/mod.rs:66:14
[INFO] [stdout]    2:     0x6216ad745e21 - std[70759c8f55707aa4]::sys::backtrace::_print_fmt
[INFO] [stdout]                                at /rustc/dfb0accb7f508ae8be965d8629557221c889dd98/library/std/src/sys/backtrace.rs:74:9
[INFO] [stdout]    3:     0x6216ad745e21 - <<std[70759c8f55707aa4]::sys::backtrace::BacktraceLock>::print::DisplayBacktrace as core[df12db4294e9bfd3]::fmt::Display>::fmt
[INFO] [stdout]                                at /rustc/dfb0accb7f508ae8be965d8629557221c889dd98/library/std/src/sys/backtrace.rs:44:26
[INFO] [stdout]    4:     0x6216ad75b4ba - <core[df12db4294e9bfd3]::fmt::rt::Argument>::fmt
[INFO] [stdout]                                at /rustc/dfb0accb7f508ae8be965d8629557221c889dd98/library/core/src/fmt/rt.rs:152:76
[INFO] [stdout]    5:     0x6216ad75b4ba - core[df12db4294e9bfd3]::fmt::write
[INFO] [stdout]    6:     0x6216ad74a33c - core[df12db4294e9bfd3]::io::write::default_write_fmt::<alloc[2182bb758b4b3781]::vec::Vec<u8>>
[INFO] [stdout]                                at /rustc/dfb0accb7f508ae8be965d8629557221c889dd98/library/core/src/io/write.rs:402:11
[INFO] [stdout]    7:     0x6216ad74a33c - <alloc[2182bb758b4b3781]::vec::Vec<u8> as core[df12db4294e9bfd3]::io::write::Write>::write_fmt
[INFO] [stdout]                                at /rustc/dfb0accb7f508ae8be965d8629557221c889dd98/library/core/src/io/write.rs:335:13
[INFO] [stdout]    8:     0x6216ad722416 - <std[70759c8f55707aa4]::sys::backtrace::BacktraceLock>::print
[INFO] [stdout]                                at /rustc/dfb0accb7f508ae8be965d8629557221c889dd98/library/std/src/sys/backtrace.rs:47:9
[INFO] [stdout]    9:     0x6216ad722416 - std[70759c8f55707aa4]::panicking::default_hook::{closure#0}
[INFO] [stdout]                                at /rustc/dfb0accb7f508ae8be965d8629557221c889dd98/library/std/src/panicking.rs:292:27
[INFO] [stdout]   10:     0x6216ad73e589 - std[70759c8f55707aa4]::panicking::default_hook
[INFO] [stdout]                                at /rustc/dfb0accb7f508ae8be965d8629557221c889dd98/library/std/src/panicking.rs:316:9
[INFO] [stdout]   11:     0x6216ad6afd40 - <alloc[2182bb758b4b3781]::boxed::Box<dyn for<'a, 'b> core[df12db4294e9bfd3]::ops::function::Fn<(&'a std[70759c8f55707aa4]::panic::PanicHookInfo<'b>,), Output = ()> + core[df12db4294e9bfd3]::marker::Send + core[df12db4294e9bfd3]::marker::Sync> as core[df12db4294e9bfd3]::ops::function::Fn<(&std[70759c8f55707aa4]::panic::PanicHookInfo,)>>::call
[INFO] [stdout]                                at /rustc/dfb0accb7f508ae8be965d8629557221c889dd98/library/alloc/src/boxed.rs:2334:9
[INFO] [stdout]   12:     0x6216ad6afd40 - test[9d35eded1c95d3be]::test_main_inner::<test[9d35eded1c95d3be]::test_main_static::{closure#0}>::{closure#0}
[INFO] [stdout]                                at /rustc/dfb0accb7f508ae8be965d8629557221c889dd98/library/test/src/lib.rs:155:21
[INFO] [stdout]   13:     0x6216ad73e742 - <alloc[2182bb758b4b3781]::boxed::Box<dyn for<'a, 'b> core[df12db4294e9bfd3]::ops::function::Fn<(&'a std[70759c8f55707aa4]::panic::PanicHookInfo<'b>,), Output = ()> + core[df12db4294e9bfd3]::marker::Send + core[df12db4294e9bfd3]::marker::Sync> as core[df12db4294e9bfd3]::ops::function::Fn<(&std[70759c8f55707aa4]::panic::PanicHookInfo,)>>::call
[INFO] [stdout]                                at /rustc/dfb0accb7f508ae8be965d8629557221c889dd98/library/alloc/src/boxed.rs:2334:9
[INFO] [stdout]   14:     0x6216ad73e742 - std[70759c8f55707aa4]::panicking::panic_with_hook
[INFO] [stdout]                                at /rustc/dfb0accb7f508ae8be965d8629557221c889dd98/library/std/src/panicking.rs:823:13
[INFO] [stdout]   15:     0x6216ad7224c2 - std[70759c8f55707aa4]::panicking::panic_handler::{closure#0}
[INFO] [stdout]                                at /rustc/dfb0accb7f508ae8be965d8629557221c889dd98/library/std/src/panicking.rs:688:13
[INFO] [stdout]   16:     0x6216ad71b249 - std[70759c8f55707aa4]::sys::backtrace::__rust_end_short_backtrace::<std[70759c8f55707aa4]::panicking::panic_handler::{closure#0}, !>
[INFO] [stdout]                                at /rustc/dfb0accb7f508ae8be965d8629557221c889dd98/library/std/src/sys/backtrace.rs:182:18
[INFO] [stdout]   17:     0x6216ad7230bd - __rustc[8fa7c3cbc660c2b3]::rust_begin_unwind
[INFO] [stdout]                                at /rustc/dfb0accb7f508ae8be965d8629557221c889dd98/library/std/src/panicking.rs:679:5
[INFO] [stdout]   18:     0x6216ad75bbec - core[df12db4294e9bfd3]::panicking::panic_fmt
[INFO] [stdout]                                at /rustc/dfb0accb7f508ae8be965d8629557221c889dd98/library/core/src/panicking.rs:80:14
[INFO] [stdout]   19:     0x6216ad75b9c2 - core[df12db4294e9bfd3]::result::unwrap_failed
[INFO] [stdout]                                at /rustc/dfb0accb7f508ae8be965d8629557221c889dd98/library/core/src/result.rs:1871:5
[INFO] [stdout]   20:     0x6216ad6a0677 - <core[df12db4294e9bfd3]::result::Result<tedium[9011283add10603a]::file::TdmsFile<std[70759c8f55707aa4]::fs::File>, tedium[9011283add10603a]::error::TdmsError>>::unwrap
[INFO] [stdout]                                at /rustc/dfb0accb7f508ae8be965d8629557221c889dd98/library/core/src/result.rs:1232:23
[INFO] [stdout]   21:     0x6216ad6a0677 - read_properties[b451e47f43699a6d]::common::open_test_file
[INFO] [stdout]                                at /opt/rustwide/workdir/tests/common/mod.rs:9:27
[INFO] [stdout]   22:     0x6216ad6a00c9 - read_properties[b451e47f43699a6d]::test_file_properties
[INFO] [stdout]                                at /opt/rustwide/workdir/tests/read_properties.rs:55:16
[INFO] [stdout]   23:     0x6216ad69fff7 - read_properties[b451e47f43699a6d]::test_file_properties::{closure#0}
[INFO] [stdout]                                at /opt/rustwide/workdir/tests/read_properties.rs:54:26
[INFO] [stdout]   24:     0x6216ad6a2f96 - <read_properties[b451e47f43699a6d]::test_file_properties::{closure#0} as core[df12db4294e9bfd3]::ops::function::FnOnce<()>>::call_once
[INFO] [stdout]                                at /rustc/dfb0accb7f508ae8be965d8629557221c889dd98/library/core/src/ops/function.rs:250:5
[INFO] [stdout]   25:     0x6216ad6a302b - <fn() -> core[df12db4294e9bfd3]::result::Result<(), alloc[2182bb758b4b3781]::string::String> as core[df12db4294e9bfd3]::ops::function::FnOnce<()>>::call_once
[INFO] [stdout]                                at /rustc/dfb0accb7f508ae8be965d8629557221c889dd98/library/core/src/ops/function.rs:250:5
[INFO] [stdout]   26:     0x6216ad6a302b - test[9d35eded1c95d3be]::__rust_begin_short_backtrace::<core[df12db4294e9bfd3]::result::Result<(), alloc[2182bb758b4b3781]::string::String>, fn() -> core[df12db4294e9bfd3]::result::Result<(), alloc[2182bb758b4b3781]::string::String>>
[INFO] [stdout]                                at /rustc/dfb0accb7f508ae8be965d8629557221c889dd98/library/test/src/lib.rs:733:18
[INFO] [stdout]   27:     0x6216ad6b0695 - test[9d35eded1c95d3be]::run_test_in_process::{closure#0}
[INFO] [stdout]                                at /rustc/dfb0accb7f508ae8be965d8629557221c889dd98/library/test/src/lib.rs:756:74
[INFO] [stdout]   28:     0x6216ad6b0695 - <core[df12db4294e9bfd3]::panic::unwind_safe::AssertUnwindSafe<test[9d35eded1c95d3be]::run_test_in_process::{closure#0}> as core[df12db4294e9bfd3]::ops::function::FnOnce<()>>::call_once
[INFO] [stdout]                                at /rustc/dfb0accb7f508ae8be965d8629557221c889dd98/library/core/src/panic/unwind_safe.rs:275:9
[INFO] [stdout]   29:     0x6216ad6b0695 - std[70759c8f55707aa4]::panicking::catch_unwind::do_call::<core[df12db4294e9bfd3]::panic::unwind_safe::AssertUnwindSafe<test[9d35eded1c95d3be]::run_test_in_process::{closure#0}>, core[df12db4294e9bfd3]::result::Result<(), alloc[2182bb758b4b3781]::string::String>>
[INFO] [stdout]                                at /rustc/dfb0accb7f508ae8be965d8629557221c889dd98/library/std/src/panicking.rs:576:43
[INFO] [stdout]   30:     0x6216ad6b0695 - std[70759c8f55707aa4]::panicking::catch_unwind::<core[df12db4294e9bfd3]::result::Result<(), alloc[2182bb758b4b3781]::string::String>, core[df12db4294e9bfd3]::panic::unwind_safe::AssertUnwindSafe<test[9d35eded1c95d3be]::run_test_in_process::{closure#0}>>
[INFO] [stdout]                                at /rustc/dfb0accb7f508ae8be965d8629557221c889dd98/library/std/src/panicking.rs:544:19
[INFO] [stdout]   31:     0x6216ad6b0695 - std[70759c8f55707aa4]::panic::catch_unwind::<core[df12db4294e9bfd3]::panic::unwind_safe::AssertUnwindSafe<test[9d35eded1c95d3be]::run_test_in_process::{closure#0}>, core[df12db4294e9bfd3]::result::Result<(), alloc[2182bb758b4b3781]::string::String>>
[INFO] [stdout]                                at /rustc/dfb0accb7f508ae8be965d8629557221c889dd98/library/std/src/panic.rs:359:14
[INFO] [stdout]   32:     0x6216ad6b0695 - test[9d35eded1c95d3be]::run_test_in_process
[INFO] [stdout]                                at /rustc/dfb0accb7f508ae8be965d8629557221c889dd98/library/test/src/lib.rs:756:27
[INFO] [stdout]   33:     0x6216ad6b0695 - test[9d35eded1c95d3be]::run_test::{closure#0}
[INFO] [stdout]                                at /rustc/dfb0accb7f508ae8be965d8629557221c889dd98/library/test/src/lib.rs:677:43
[INFO] [stdout]   34:     0x6216ad6a9f54 - test[9d35eded1c95d3be]::run_test::{closure#1}
[INFO] [stdout]                                at /rustc/dfb0accb7f508ae8be965d8629557221c889dd98/library/test/src/lib.rs:707:41
[INFO] [stdout]   35:     0x6216ad6a9f54 - std[70759c8f55707aa4]::sys::backtrace::__rust_begin_short_backtrace::<test[9d35eded1c95d3be]::run_test::{closure#1}, ()>
[INFO] [stdout]                                at /rustc/dfb0accb7f508ae8be965d8629557221c889dd98/library/std/src/sys/backtrace.rs:166:18
[INFO] [stdout]   36:     0x6216ad6b37f2 - std[70759c8f55707aa4]::thread::lifecycle::spawn_unchecked::<test[9d35eded1c95d3be]::run_test::{closure#1}, ()>::{closure#1}::{closure#0}
[INFO] [stdout]                                at /rustc/dfb0accb7f508ae8be965d8629557221c889dd98/library/std/src/thread/lifecycle.rs:70:13
[INFO] [stdout]   37:     0x6216ad6b37f2 - <core[df12db4294e9bfd3]::panic::unwind_safe::AssertUnwindSafe<std[70759c8f55707aa4]::thread::lifecycle::spawn_unchecked<test[9d35eded1c95d3be]::run_test::{closure#1}, ()>::{closure#1}::{closure#0}> as core[df12db4294e9bfd3]::ops::function::FnOnce<()>>::call_once
[INFO] [stdout]                                at /rustc/dfb0accb7f508ae8be965d8629557221c889dd98/library/core/src/panic/unwind_safe.rs:275:9
[INFO] [stdout]   38:     0x6216ad6b37f2 - std[70759c8f55707aa4]::panicking::catch_unwind::do_call::<core[df12db4294e9bfd3]::panic::unwind_safe::AssertUnwindSafe<std[70759c8f55707aa4]::thread::lifecycle::spawn_unchecked<test[9d35eded1c95d3be]::run_test::{closure#1}, ()>::{closure#1}::{closure#0}>, ()>
[INFO] [stdout]                                at /rustc/dfb0accb7f508ae8be965d8629557221c889dd98/library/std/src/panicking.rs:576:43
[INFO] [stdout]   39:     0x6216ad6b37f2 - std[70759c8f55707aa4]::panicking::catch_unwind::<(), core[df12db4294e9bfd3]::panic::unwind_safe::AssertUnwindSafe<std[70759c8f55707aa4]::thread::lifecycle::spawn_unchecked<test[9d35eded1c95d3be]::run_test::{closure#1}, ()>::{closure#1}::{closure#0}>>
[INFO] [stdout]                                at /rustc/dfb0accb7f508ae8be965d8629557221c889dd98/library/std/src/panicking.rs:544:19
[INFO] [stdout]   40:     0x6216ad6b37f2 - std[70759c8f55707aa4]::panic::catch_unwind::<core[df12db4294e9bfd3]::panic::unwind_safe::AssertUnwindSafe<std[70759c8f55707aa4]::thread::lifecycle::spawn_unchecked<test[9d35eded1c95d3be]::run_test::{closure#1}, ()>::{closure#1}::{closure#0}>, ()>
[INFO] [stdout]                                at /rustc/dfb0accb7f508ae8be965d8629557221c889dd98/library/std/src/panic.rs:359:14
[INFO] [stdout]   41:     0x6216ad6b37f2 - std[70759c8f55707aa4]::thread::lifecycle::spawn_unchecked::<test[9d35eded1c95d3be]::run_test::{closure#1}, ()>::{closure#1}
[INFO] [stdout]                                at /rustc/dfb0accb7f508ae8be965d8629557221c889dd98/library/std/src/thread/lifecycle.rs:68:26
[INFO] [stdout]   42:     0x6216ad6b37f2 - <std[70759c8f55707aa4]::thread::lifecycle::spawn_unchecked<test[9d35eded1c95d3be]::run_test::{closure#1}, ()>::{closure#1} as core[df12db4294e9bfd3]::ops::function::FnOnce<()>>::call_once::{shim:vtable#0}
[INFO] [stdout]                                at /rustc/dfb0accb7f508ae8be965d8629557221c889dd98/library/core/src/ops/function.rs:250:5
[INFO] [stdout]   43:     0x6216ad7456f9 - <alloc[2182bb758b4b3781]::boxed::Box<dyn core[df12db4294e9bfd3]::ops::function::FnOnce<(), Output = ()> + core[df12db4294e9bfd3]::marker::Send> as core[df12db4294e9bfd3]::ops::function::FnOnce<()>>::call_once
[INFO] [stdout]                                at /rustc/dfb0accb7f508ae8be965d8629557221c889dd98/library/alloc/src/boxed.rs:2320:9
[INFO] [stdout]   44:     0x6216ad7456f9 - <std[70759c8f55707aa4]::sys::thread::unix::Thread>::new::thread_start
[INFO] [stdout]                                at /rustc/dfb0accb7f508ae8be965d8629557221c889dd98/library/std/src/sys/thread/unix.rs:123:17
[INFO] [stdout]   45:     0x72dabc062dfa - <unknown>
[INFO] [stdout]   46:     0x72dabc0f63d4 - clone
[INFO] [stdout]   47:                0x0 - <unknown>
[INFO] [stdout] 
[INFO] [stdout] ---- test_channel_properties stdout ----
[INFO] [stdout] 
[INFO] [stdout] thread 'test_channel_properties' (1529) panicked at tests/common/mod.rs:9:27:
[INFO] [stdout] called `Result::unwrap()` on an `Err` value: IoError(Os { code: 30, kind: ReadOnlyFilesystem, message: "Read-only file system" })
[INFO] [stdout] stack backtrace:
[INFO] [stdout]    0:     0x6216ad745e21 - std[70759c8f55707aa4]::backtrace_rs::backtrace::libunwind::trace
[INFO] [stdout]                                at /rustc/dfb0accb7f508ae8be965d8629557221c889dd98/library/std/src/../../backtrace/src/backtrace/libunwind.rs:117:9
[INFO] [stdout]    1:     0x6216ad745e21 - std[70759c8f55707aa4]::backtrace_rs::backtrace::trace_unsynchronized::<std[70759c8f55707aa4]::sys::backtrace::_print_fmt::{closure#1}>
[INFO] [stdout]                                at /rustc/dfb0accb7f508ae8be965d8629557221c889dd98/library/std/src/../../backtrace/src/backtrace/mod.rs:66:14
[INFO] [stdout]    2:     0x6216ad745e21 - std[70759c8f55707aa4]::sys::backtrace::_print_fmt
[INFO] [stdout]                                at /rustc/dfb0accb7f508ae8be965d8629557221c889dd98/library/std/src/sys/backtrace.rs:74:9
[INFO] [stdout]    3:     0x6216ad745e21 - <<std[70759c8f55707aa4]::sys::backtrace::BacktraceLock>::print::DisplayBacktrace as core[df12db4294e9bfd3]::fmt::Display>::fmt
[INFO] [stdout]                                at /rustc/dfb0accb7f508ae8be965d8629557221c889dd98/library/std/src/sys/backtrace.rs:44:26
[INFO] [stdout]    4:     0x6216ad75b4ba - <core[df12db4294e9bfd3]::fmt::rt::Argument>::fmt
[INFO] [stdout]                                at /rustc/dfb0accb7f508ae8be965d8629557221c889dd98/library/core/src/fmt/rt.rs:152:76
[INFO] [stdout]    5:     0x6216ad75b4ba - core[df12db4294e9bfd3]::fmt::write
[INFO] [stdout]    6:     0x6216ad74a33c - core[df12db4294e9bfd3]::io::write::default_write_fmt::<alloc[2182bb758b4b3781]::vec::Vec<u8>>
[INFO] [stdout]                                at /rustc/dfb0accb7f508ae8be965d8629557221c889dd98/library/core/src/io/write.rs:402:11
[INFO] [stdout]    7:     0x6216ad74a33c - <alloc[2182bb758b4b3781]::vec::Vec<u8> as core[df12db4294e9bfd3]::io::write::Write>::write_fmt
[INFO] [stdout]                                at /rustc/dfb0accb7f508ae8be965d8629557221c889dd98/library/core/src/io/write.rs:335:13
[INFO] [stdout]    8:     0x6216ad722416 - <std[70759c8f55707aa4]::sys::backtrace::BacktraceLock>::print
[INFO] [stdout]                                at /rustc/dfb0accb7f508ae8be965d8629557221c889dd98/library/std/src/sys/backtrace.rs:47:9
[INFO] [stdout]    9:     0x6216ad722416 - std[70759c8f55707aa4]::panicking::default_hook::{closure#0}
[INFO] [stdout]                                at /rustc/dfb0accb7f508ae8be965d8629557221c889dd98/library/std/src/panicking.rs:292:27
[INFO] [stdout]   10:     0x6216ad73e589 - std[70759c8f55707aa4]::panicking::default_hook
[INFO] [stdout]                                at /rustc/dfb0accb7f508ae8be965d8629557221c889dd98/library/std/src/panicking.rs:316:9
[INFO] [stdout]   11:     0x6216ad6afd40 - <alloc[2182bb758b4b3781]::boxed::Box<dyn for<'a, 'b> core[df12db4294e9bfd3]::ops::function::Fn<(&'a std[70759c8f55707aa4]::panic::PanicHookInfo<'b>,), Output = ()> + core[df12db4294e9bfd3]::marker::Send + core[df12db4294e9bfd3]::marker::Sync> as core[df12db4294e9bfd3]::ops::function::Fn<(&std[70759c8f55707aa4]::panic::PanicHookInfo,)>>::call
[INFO] [stdout]                                at /rustc/dfb0accb7f508ae8be965d8629557221c889dd98/library/alloc/src/boxed.rs:2334:9
[INFO] [stdout]   12:     0x6216ad6afd40 - test[9d35eded1c95d3be]::test_main_inner::<test[9d35eded1c95d3be]::test_main_static::{closure#0}>::{closure#0}
[INFO] [stdout]                                at /rustc/dfb0accb7f508ae8be965d8629557221c889dd98/library/test/src/lib.rs:155:21
[INFO] [stdout]   13:     0x6216ad73e742 - <alloc[2182bb758b4b3781]::boxed::Box<dyn for<'a, 'b> core[df12db4294e9bfd3]::ops::function::Fn<(&'a std[70759c8f55707aa4]::panic::PanicHookInfo<'b>,), Output = ()> + core[df12db4294e9bfd3]::marker::Send + core[df12db4294e9bfd3]::marker::Sync> as core[df12db4294e9bfd3]::ops::function::Fn<(&std[70759c8f55707aa4]::panic::PanicHookInfo,)>>::call
[INFO] [stdout]                                at /rustc/dfb0accb7f508ae8be965d8629557221c889dd98/library/alloc/src/boxed.rs:2334:9
[INFO] [stdout]   14:     0x6216ad73e742 - std[70759c8f55707aa4]::panicking::panic_with_hook
[INFO] [stdout]                                at /rustc/dfb0accb7f508ae8be965d8629557221c889dd98/library/std/src/panicking.rs:823:13
[INFO] [stdout]   15:     0x6216ad7224c2 - std[70759c8f55707aa4]::panicking::panic_handler::{closure#0}
[INFO] [stdout]                                at /rustc/dfb0accb7f508ae8be965d8629557221c889dd98/library/std/src/panicking.rs:688:13
[INFO] [stdout]   16:     0x6216ad71b249 - std[70759c8f55707aa4]::sys::backtrace::__rust_end_short_backtrace::<std[70759c8f55707aa4]::panicking::panic_handler::{closure#0}, !>
[INFO] [stdout]                                at /rustc/dfb0accb7f508ae8be965d8629557221c889dd98/library/std/src/sys/backtrace.rs:182:18
[INFO] [stdout]   17:     0x6216ad7230bd - __rustc[8fa7c3cbc660c2b3]::rust_begin_unwind
[INFO] [stdout]                                at /rustc/dfb0accb7f508ae8be965d8629557221c889dd98/library/std/src/panicking.rs:679:5
[INFO] [stdout]   18:     0x6216ad75bbec - core[df12db4294e9bfd3]::panicking::panic_fmt
[INFO] [stdout]                                at /rustc/dfb0accb7f508ae8be965d8629557221c889dd98/library/core/src/panicking.rs:80:14
[INFO] [stdout]   19:     0x6216ad75b9c2 - core[df12db4294e9bfd3]::result::unwrap_failed
[INFO] [stdout]                                at /rustc/dfb0accb7f508ae8be965d8629557221c889dd98/library/core/src/result.rs:1871:5
[INFO] [stdout]   20:     0x6216ad6a0677 - <core[df12db4294e9bfd3]::result::Result<tedium[9011283add10603a]::file::TdmsFile<std[70759c8f55707aa4]::fs::File>, tedium[9011283add10603a]::error::TdmsError>>::unwrap
[INFO] [stdout]                                at /rustc/dfb0accb7f508ae8be965d8629557221c889dd98/library/core/src/result.rs:1232:23
[INFO] [stdout]   21:     0x6216ad6a0677 - read_properties[b451e47f43699a6d]::common::open_test_file
[INFO] [stdout]                                at /opt/rustwide/workdir/tests/common/mod.rs:9:27
[INFO] [stdout]   22:     0x6216ad6a02b9 - read_properties[b451e47f43699a6d]::test_channel_properties
[INFO] [stdout]                                at /opt/rustwide/workdir/tests/read_properties.rs:67:16
[INFO] [stdout]   23:     0x6216ad6a0057 - read_properties[b451e47f43699a6d]::test_channel_properties::{closure#0}
[INFO] [stdout]                                at /opt/rustwide/workdir/tests/read_properties.rs:66:29
[INFO] [stdout]   24:     0x6216ad6a2fd6 - <read_properties[b451e47f43699a6d]::test_channel_properties::{closure#0} as core[df12db4294e9bfd3]::ops::function::FnOnce<()>>::call_once
[INFO] [stdout]                                at /rustc/dfb0accb7f508ae8be965d8629557221c889dd98/library/core/src/ops/function.rs:250:5
[INFO] [stdout]   25:     0x6216ad6a302b - <fn() -> core[df12db4294e9bfd3]::result::Result<(), alloc[2182bb758b4b3781]::string::String> as core[df12db4294e9bfd3]::ops::function::FnOnce<()>>::call_once
[INFO] [stdout]                                at /rustc/dfb0accb7f508ae8be965d8629557221c889dd98/library/core/src/ops/function.rs:250:5
[INFO] [stdout]   26:     0x6216ad6a302b - test[9d35eded1c95d3be]::__rust_begin_short_backtrace::<core[df12db4294e9bfd3]::result::Result<(), alloc[2182bb758b4b3781]::string::String>, fn() -> core[df12db4294e9bfd3]::result::Result<(), alloc[2182bb758b4b3781]::string::String>>
[INFO] [stdout]                                at /rustc/dfb0accb7f508ae8be965d8629557221c889dd98/library/test/src/lib.rs:733:18
[INFO] [stdout]   27:     0x6216ad6b0695 - test[9d35eded1c95d3be]::run_test_in_process::{closure#0}
[INFO] [stdout]                                at /rustc/dfb0accb7f508ae8be965d8629557221c889dd98/library/test/src/lib.rs:756:74
[INFO] [stdout]   28:     0x6216ad6b0695 - <core[df12db4294e9bfd3]::panic::unwind_safe::AssertUnwindSafe<test[9d35eded1c95d3be]::run_test_in_process::{closure#0}> as core[df12db4294e9bfd3]::ops::function::FnOnce<()>>::call_once
[INFO] [stdout]                                at /rustc/dfb0accb7f508ae8be965d8629557221c889dd98/library/core/src/panic/unwind_safe.rs:275:9
[INFO] [stdout]   29:     0x6216ad6b0695 - std[70759c8f55707aa4]::panicking::catch_unwind::do_call::<core[df12db4294e9bfd3]::panic::unwind_safe::AssertUnwindSafe<test[9d35eded1c95d3be]::run_test_in_process::{closure#0}>, core[df12db4294e9bfd3]::result::Result<(), alloc[2182bb758b4b3781]::string::String>>
[INFO] [stdout]                                at /rustc/dfb0accb7f508ae8be965d8629557221c889dd98/library/std/src/panicking.rs:576:43
[INFO] [stdout]   30:     0x6216ad6b0695 - std[70759c8f55707aa4]::panicking::catch_unwind::<core[df12db4294e9bfd3]::result::Result<(), alloc[2182bb758b4b3781]::string::String>, core[df12db4294e9bfd3]::panic::unwind_safe::AssertUnwindSafe<test[9d35eded1c95d3be]::run_test_in_process::{closure#0}>>
[INFO] [stdout]                                at /rustc/dfb0accb7f508ae8be965d8629557221c889dd98/library/std/src/panicking.rs:544:19
[INFO] [stdout]   31:     0x6216ad6b0695 - std[70759c8f55707aa4]::panic::catch_unwind::<core[df12db4294e9bfd3]::panic::unwind_safe::AssertUnwindSafe<test[9d35eded1c95d3be]::run_test_in_process::{closure#0}>, core[df12db4294e9bfd3]::result::Result<(), alloc[2182bb758b4b3781]::string::String>>
[INFO] [stdout]                                at /rustc/dfb0accb7f508ae8be965d8629557221c889dd98/library/std/src/panic.rs:359:14
[INFO] [stdout]   32:     0x6216ad6b0695 - test[9d35eded1c95d3be]::run_test_in_process
[INFO] [stdout]                                at /rustc/dfb0accb7f508ae8be965d8629557221c889dd98/library/test/src/lib.rs:756:27
[INFO] [stdout]   33:     0x6216ad6b0695 - test[9d35eded1c95d3be]::run_test::{closure#0}
[INFO] [stdout]                                at /rustc/dfb0accb7f508ae8be965d8629557221c889dd98/library/test/src/lib.rs:677:43
[INFO] [stdout]   34:     0x6216ad6a9f54 - test[9d35eded1c95d3be]::run_test::{closure#1}
[INFO] [stdout]                                at /rustc/dfb0accb7f508ae8be965d8629557221c889dd98/library/test/src/lib.rs:707:41
[INFO] [stdout]   35:     0x6216ad6a9f54 - std[70759c8f55707aa4]::sys::backtrace::__rust_begin_short_backtrace::<test[9d35eded1c95d3be]::run_test::{closure#1}, ()>
[INFO] [stdout]                                at /rustc/dfb0accb7f508ae8be965d8629557221c889dd98/library/std/src/sys/backtrace.rs:166:18
[INFO] [stdout]   36:     0x6216ad6b37f2 - std[70759c8f55707aa4]::thread::lifecycle::spawn_unchecked::<test[9d35eded1c95d3be]::run_test::{closure#1}, ()>::{closure#1}::{closure#0}
[INFO] [stdout]                                at /rustc/dfb0accb7f508ae8be965d8629557221c889dd98/library/std/src/thread/lifecycle.rs:70:13
[INFO] [stdout]   37:     0x6216ad6b37f2 - <core[df12db4294e9bfd3]::panic::unwind_safe::AssertUnwindSafe<std[70759c8f55707aa4]::thread::lifecycle::spawn_unchecked<test[9d35eded1c95d3be]::run_test::{closure#1}, ()>::{closure#1}::{closure#0}> as core[df12db4294e9bfd3]::ops::function::FnOnce<()>>::call_once
[INFO] [stdout]                                at /rustc/dfb0accb7f508ae8be965d8629557221c889dd98/library/core/src/panic/unwind_safe.rs:275:9
[INFO] [stdout]   38:     0x6216ad6b37f2 - std[70759c8f55707aa4]::panicking::catch_unwind::do_call::<core[df12db4294e9bfd3]::panic::unwind_safe::AssertUnwindSafe<std[70759c8f55707aa4]::thread::lifecycle::spawn_unchecked<test[9d35eded1c95d3be]::run_test::{closure#1}, ()>::{closure#1}::{closure#0}>, ()>
[INFO] [stdout]                                at /rustc/dfb0accb7f508ae8be965d8629557221c889dd98/library/std/src/panicking.rs:576:43
[INFO] [stdout]   39:     0x6216ad6b37f2 - std[70759c8f55707aa4]::panicking::catch_unwind::<(), core[df12db4294e9bfd3]::panic::unwind_safe::AssertUnwindSafe<std[70759c8f55707aa4]::thread::lifecycle::spawn_unchecked<test[9d35eded1c95d3be]::run_test::{closure#1}, ()>::{closure#1}::{closure#0}>>
[INFO] [stdout]                                at /rustc/dfb0accb7f508ae8be965d8629557221c889dd98/library/std/src/panicking.rs:544:19
[INFO] [stdout]   40:     0x6216ad6b37f2 - std[70759c8f55707aa4]::panic::catch_unwind::<core[df12db4294e9bfd3]::panic::unwind_safe::AssertUnwindSafe<std[70759c8f55707aa4]::thread::lifecycle::spawn_unchecked<test[9d35eded1c95d3be]::run_test::{closure#1}, ()>::{closure#1}::{closure#0}>, ()>
[INFO] [stdout]                                at /rustc/dfb0accb7f508ae8be965d8629557221c889dd98/library/std/src/panic.rs:359:14
[INFO] [stdout]   41:     0x6216ad6b37f2 - std[70759c8f55707aa4]::thread::lifecycle::spawn_unchecked::<test[9d35eded1c95d3be]::run_test::{closure#1}, ()>::{closure#1}
[INFO] [stdout]                                at /rustc/dfb0accb7f508ae8be965d8629557221c889dd98/library/std/src/thread/lifecycle.rs:68:26
[INFO] [stdout]   42:     0x6216ad6b37f2 - <std[70759c8f55707aa4]::thread::lifecycle::spawn_unchecked<test[9d35eded1c95d3be]::run_test::{closure#1}, ()>::{closure#1} as core[df12db4294e9bfd3]::ops::function::FnOnce<()>>::call_once::{shim:vtable#0}
[INFO] [stdout]                                at /rustc/dfb0accb7f508ae8be965d8629557221c889dd98/library/core/src/ops/function.rs:250:5
[INFO] [stdout]   43:     0x6216ad7456f9 - <alloc[2182bb758b4b3781]::boxed::Box<dyn core[df12db4294e9bfd3]::ops::function::FnOnce<(), Output = ()> + core[df12db4294e9bfd3]::marker::Send> as core[df12db4294e9bfd3]::ops::function::FnOnce<()>>::call_once
[INFO] [stdout]                                at /rustc/dfb0accb7f508ae8be965d8629557221c889dd98/library/alloc/src/boxed.rs:2320:9
[INFO] [stdout]   44:     0x6216ad7456f9 - <std[70759c8f55707aa4]::sys::thread::unix::Thread>::new::thread_start
[INFO] [stdout]                                at /rustc/dfb0accb7f508ae8be965d8629557221c889dd98/library/std/src/sys/thread/unix.rs:123:17
[INFO] [stdout]   45:     0x72dabc062dfa - <unknown>
[INFO] [stdout]   46:     0x72dabc0f63d4 - clone
[INFO] [stdout]   47:                0x0 - <unknown>
[INFO] [stdout] 
[INFO] [stdout] ---- test_group_properties stdout ----
[INFO] [stdout] 
[INFO] [stdout] thread 'test_group_properties' (1531) panicked at tests/common/mod.rs:9:27:
[INFO] [stdout] called `Result::unwrap()` on an `Err` value: IoError(Os { code: 30, kind: ReadOnlyFilesystem, message: "Read-only file system" })
[INFO] [stdout] stack backtrace:
[INFO] [stdout]    0:     0x6216ad745e21 - std[70759c8f55707aa4]::backtrace_rs::backtrace::libunwind::trace
[INFO] [stdout]                                at /rustc/dfb0accb7f508ae8be965d8629557221c889dd98/library/std/src/../../backtrace/src/backtrace/libunwind.rs:117:9
[INFO] [stdout]    1:     0x6216ad745e21 - std[70759c8f55707aa4]::backtrace_rs::backtrace::trace_unsynchronized::<std[70759c8f55707aa4]::sys::backtrace::_print_fmt::{closure#1}>
[INFO] [stdout]                                at /rustc/dfb0accb7f508ae8be965d8629557221c889dd98/library/std/src/../../backtrace/src/backtrace/mod.rs:66:14
[INFO] [stdout]    2:     0x6216ad745e21 - std[70759c8f55707aa4]::sys::backtrace::_print_fmt
[INFO] [stdout]                                at /rustc/dfb0accb7f508ae8be965d8629557221c889dd98/library/std/src/sys/backtrace.rs:74:9
[INFO] [stdout]    3:     0x6216ad745e21 - <<std[70759c8f55707aa4]::sys::backtrace::BacktraceLock>::print::DisplayBacktrace as core[df12db4294e9bfd3]::fmt::Display>::fmt
[INFO] [stdout]                                at /rustc/dfb0accb7f508ae8be965d8629557221c889dd98/library/std/src/sys/backtrace.rs:44:26
[INFO] [stdout]    4:     0x6216ad75b4ba - <core[df12db4294e9bfd3]::fmt::rt::Argument>::fmt
[INFO] [stdout]                                at /rustc/dfb0accb7f508ae8be965d8629557221c889dd98/library/core/src/fmt/rt.rs:152:76
[INFO] [stdout]    5:     0x6216ad75b4ba - core[df12db4294e9bfd3]::fmt::write
[INFO] [stdout]    6:     0x6216ad74a33c - core[df12db4294e9bfd3]::io::write::default_write_fmt::<alloc[2182bb758b4b3781]::vec::Vec<u8>>
[INFO] [stdout]                                at /rustc/dfb0accb7f508ae8be965d8629557221c889dd98/library/core/src/io/write.rs:402:11
[INFO] [stdout]    7:     0x6216ad74a33c - <alloc[2182bb758b4b3781]::vec::Vec<u8> as core[df12db4294e9bfd3]::io::write::Write>::write_fmt
[INFO] [stdout]                                at /rustc/dfb0accb7f508ae8be965d8629557221c889dd98/library/core/src/io/write.rs:335:13
[INFO] [stdout]    8:     0x6216ad722416 - <std[70759c8f55707aa4]::sys::backtrace::BacktraceLock>::print
[INFO] [stdout]                                at /rustc/dfb0accb7f508ae8be965d8629557221c889dd98/library/std/src/sys/backtrace.rs:47:9
[INFO] [stdout]    9:     0x6216ad722416 - std[70759c8f55707aa4]::panicking::default_hook::{closure#0}
[INFO] [stdout]                                at /rustc/dfb0accb7f508ae8be965d8629557221c889dd98/library/std/src/panicking.rs:292:27
[INFO] [stdout]   10:     0x6216ad73e589 - std[70759c8f55707aa4]::panicking::default_hook
[INFO] [stdout]                                at /rustc/dfb0accb7f508ae8be965d8629557221c889dd98/library/std/src/panicking.rs:316:9
[INFO] [stdout]   11:     0x6216ad6afd40 - <alloc[2182bb758b4b3781]::boxed::Box<dyn for<'a, 'b> core[df12db4294e9bfd3]::ops::function::Fn<(&'a std[70759c8f55707aa4]::panic::PanicHookInfo<'b>,), Output = ()> + core[df12db4294e9bfd3]::marker::Send + core[df12db4294e9bfd3]::marker::Sync> as core[df12db4294e9bfd3]::ops::function::Fn<(&std[70759c8f55707aa4]::panic::PanicHookInfo,)>>::call
[INFO] [stdout]                                at /rustc/dfb0accb7f508ae8be965d8629557221c889dd98/library/alloc/src/boxed.rs:2334:9
[INFO] [stdout]   12:     0x6216ad6afd40 - test[9d35eded1c95d3be]::test_main_inner::<test[9d35eded1c95d3be]::test_main_static::{closure#0}>::{closure#0}
[INFO] [stdout]                                at /rustc/dfb0accb7f508ae8be965d8629557221c889dd98/library/test/src/lib.rs:155:21
[INFO] [stdout]   13:     0x6216ad73e742 - <alloc[2182bb758b4b3781]::boxed::Box<dyn for<'a, 'b> core[df12db4294e9bfd3]::ops::function::Fn<(&'a std[70759c8f55707aa4]::panic::PanicHookInfo<'b>,), Output = ()> + core[df12db4294e9bfd3]::marker::Send + core[df12db4294e9bfd3]::marker::Sync> as core[df12db4294e9bfd3]::ops::function::Fn<(&std[70759c8f55707aa4]::panic::PanicHookInfo,)>>::call
[INFO] [stdout]                                at /rustc/dfb0accb7f508ae8be965d8629557221c889dd98/library/alloc/src/boxed.rs:2334:9
[INFO] [stdout]   14:     0x6216ad73e742 - std[70759c8f55707aa4]::panicking::panic_with_hook
[INFO] [stdout]                                at /rustc/dfb0accb7f508ae8be965d8629557221c889dd98/library/std/src/panicking.rs:823:13
[INFO] [stdout]   15:     0x6216ad7224c2 - std[70759c8f55707aa4]::panicking::panic_handler::{closure#0}
[INFO] [stdout]                                at /rustc/dfb0accb7f508ae8be965d8629557221c889dd98/library/std/src/panicking.rs:688:13
[INFO] [stdout]   16:     0x6216ad71b249 - std[70759c8f55707aa4]::sys::backtrace::__rust_end_short_backtrace::<std[70759c8f55707aa4]::panicking::panic_handler::{closure#0}, !>
[INFO] [stdout]                                at /rustc/dfb0accb7f508ae8be965d8629557221c889dd98/library/std/src/sys/backtrace.rs:182:18
[INFO] [stdout]   17:     0x6216ad7230bd - __rustc[8fa7c3cbc660c2b3]::rust_begin_unwind
[INFO] [stdout]                                at /rustc/dfb0accb7f508ae8be965d8629557221c889dd98/library/std/src/panicking.rs:679:5
[INFO] [stdout]   18:     0x6216ad75bbec - core[df12db4294e9bfd3]::panicking::panic_fmt
[INFO] [stdout]                                at /rustc/dfb0accb7f508ae8be965d8629557221c889dd98/library/core/src/panicking.rs:80:14
[INFO] [stdout]   19:     0x6216ad75b9c2 - core[df12db4294e9bfd3]::result::unwrap_failed
[INFO] [stdout]                                at /rustc/dfb0accb7f508ae8be965d8629557221c889dd98/library/core/src/result.rs:1871:5
[INFO] [stdout]   20:     0x6216ad6a0677 - <core[df12db4294e9bfd3]::result::Result<tedium[9011283add10603a]::file::TdmsFile<std[70759c8f55707aa4]::fs::File>, tedium[9011283add10603a]::error::TdmsError>>::unwrap
[INFO] [stdout]                                at /rustc/dfb0accb7f508ae8be965d8629557221c889dd98/library/core/src/result.rs:1232:23
[INFO] [stdout]   21:     0x6216ad6a0677 - read_properties[b451e47f43699a6d]::common::open_test_file
[INFO] [stdout]                                at /opt/rustwide/workdir/tests/common/mod.rs:9:27
[INFO] [stdout]   22:     0x6216ad6a01b9 - read_properties[b451e47f43699a6d]::test_group_properties
[INFO] [stdout]                                at /opt/rustwide/workdir/tests/read_properties.rs:61:16
[INFO] [stdout]   23:     0x6216ad6a0027 - read_properties[b451e47f43699a6d]::test_group_properties::{closure#0}
[INFO] [stdout]                                at /opt/rustwide/workdir/tests/read_properties.rs:60:27
[INFO] [stdout]   24:     0x6216ad6a2fb6 - <read_properties[b451e47f43699a6d]::test_group_properties::{closure#0} as core[df12db4294e9bfd3]::ops::function::FnOnce<()>>::call_once
[INFO] [stdout]                                at /rustc/dfb0accb7f508ae8be965d8629557221c889dd98/library/core/src/ops/function.rs:250:5
[INFO] [stdout]   25:     0x6216ad6a302b - <fn() -> core[df12db4294e9bfd3]::result::Result<(), alloc[2182bb758b4b3781]::string::String> as core[df12db4294e9bfd3]::ops::function::FnOnce<()>>::call_once
[INFO] [stdout]                                at /rustc/dfb0accb7f508ae8be965d8629557221c889dd98/library/core/src/ops/function.rs:250:5
[INFO] [stdout]   26:     0x6216ad6a302b - test[9d35eded1c95d3be]::__rust_begin_short_backtrace::<core[df12db4294e9bfd3]::result::Result<(), alloc[2182bb758b4b3781]::string::String>, fn() -> core[df12db4294e9bfd3]::result::Result<(), alloc[2182bb758b4b3781]::string::String>>
[INFO] [stdout]                                at /rustc/dfb0accb7f508ae8be965d8629557221c889dd98/library/test/src/lib.rs:733:18
[INFO] [stdout]   27:     0x6216ad6b0695 - test[9d35eded1c95d3be]::run_test_in_process::{closure#0}
[INFO] [stdout]                                at /rustc/dfb0accb7f508ae8be965d8629557221c889dd98/library/test/src/lib.rs:756:74
[INFO] [stdout]   28:     0x6216ad6b0695 - <core[df12db4294e9bfd3]::panic::unwind_safe::AssertUnwindSafe<test[9d35eded1c95d3be]::run_test_in_process::{closure#0}> as core[df12db4294e9bfd3]::ops::function::FnOnce<()>>::call_once
[INFO] [stdout]                                at /rustc/dfb0accb7f508ae8be965d8629557221c889dd98/library/core/src/panic/unwind_safe.rs:275:9
[INFO] [stdout]   29:     0x6216ad6b0695 - std[70759c8f55707aa4]::panicking::catch_unwind::do_call::<core[df12db4294e9bfd3]::panic::unwind_safe::AssertUnwindSafe<test[9d35eded1c95d3be]::run_test_in_process::{closure#0}>, core[df12db4294e9bfd3]::result::Result<(), alloc[2182bb758b4b3781]::string::String>>
[INFO] [stdout]                                at /rustc/dfb0accb7f508ae8be965d8629557221c889dd98/library/std/src/panicking.rs:576:43
[INFO] [stdout]   30:     0x6216ad6b0695 - std[70759c8f55707aa4]::panicking::catch_unwind::<core[df12db4294e9bfd3]::result::Result<(), alloc[2182bb758b4b3781]::string::String>, core[df12db4294e9bfd3]::panic::unwind_safe::AssertUnwindSafe<test[9d35eded1c95d3be]::run_test_in_process::{closure#0}>>
[INFO] [stdout]                                at /rustc/dfb0accb7f508ae8be965d8629557221c889dd98/library/std/src/panicking.rs:544:19
[INFO] [stdout]   31:     0x6216ad6b0695 - std[70759c8f55707aa4]::panic::catch_unwind::<core[df12db4294e9bfd3]::panic::unwind_safe::AssertUnwindSafe<test[9d35eded1c95d3be]::run_test_in_process::{closure#0}>, core[df12db4294e9bfd3]::result::Result<(), alloc[2182bb758b4b3781]::string::String>>
[INFO] [stdout]                                at /rustc/dfb0accb7f508ae8be965d8629557221c889dd98/library/std/src/panic.rs:359:14
[INFO] [stdout]   32:     0x6216ad6b0695 - test[9d35eded1c95d3be]::run_test_in_process
[INFO] [stdout]                                at /rustc/dfb0accb7f508ae8be965d8629557221c889dd98/library/test/src/lib.rs:756:27
[INFO] [stdout]   33:     0x6216ad6b0695 - test[9d35eded1c95d3be]::run_test::{closure#0}
[INFO] [stdout]                                at /rustc/dfb0accb7f508ae8be965d8629557221c889dd98/library/test/src/lib.rs:677:43
[INFO] [stdout]   34:     0x6216ad6a9f54 - test[9d35eded1c95d3be]::run_test::{closure#1}
[INFO] [stdout]                                at /rustc/dfb0accb7f508ae8be965d8629557221c889dd98/library/test/src/lib.rs:707:41
[INFO] [stdout]   35:     0x6216ad6a9f54 - std[70759c8f55707aa4]::sys::backtrace::__rust_begin_short_backtrace::<test[9d35eded1c95d3be]::run_test::{closure#1}, ()>
[INFO] [stdout]                                at /rustc/dfb0accb7f508ae8be965d8629557221c889dd98/library/std/src/sys/backtrace.rs:166:18
[INFO] [stdout]   36:     0x6216ad6b37f2 - std[70759c8f55707aa4]::thread::lifecycle::spawn_unchecked::<test[9d35eded1c95d3be]::run_test::{closure#1}, ()>::{closure#1}::{closure#0}
[INFO] [stdout]                                at /rustc/dfb0accb7f508ae8be965d8629557221c889dd98/library/std/src/thread/lifecycle.rs:70:13
[INFO] [stdout]   37:     0x6216ad6b37f2 - <core[df12db4294e9bfd3]::panic::unwind_safe::AssertUnwindSafe<std[70759c8f55707aa4]::thread::lifecycle::spawn_unchecked<test[9d35eded1c95d3be]::run_test::{closure#1}, ()>::{closure#1}::{closure#0}> as core[df12db4294e9bfd3]::ops::function::FnOnce<()>>::call_once
[INFO] [stdout]                                at /rustc/dfb0accb7f508ae8be965d8629557221c889dd98/library/core/src/panic/unwind_safe.rs:275:9
[INFO] [stdout]   38:     0x6216ad6b37f2 - std[70759c8f55707aa4]::panicking::catch_unwind::do_call::<core[df12db4294e9bfd3]::panic::unwind_safe::AssertUnwindSafe<std[70759c8f55707aa4]::thread::lifecycle::spawn_unchecked<test[9d35eded1c95d3be]::run_test::{closure#1}, ()>::{closure#1}::{closure#0}>, ()>
[INFO] [stdout]                                at /rustc/dfb0accb7f508ae8be965d8629557221c889dd98/library/std/src/panicking.rs:576:43
[INFO] [stdout]   39:     0x6216ad6b37f2 - std[70759c8f55707aa4]::panicking::catch_unwind::<(), core[df12db4294e9bfd3]::panic::unwind_safe::AssertUnwindSafe<std[70759c8f55707aa4]::thread::lifecycle::spawn_unchecked<test[9d35eded1c95d3be]::run_test::{closure#1}, ()>::{closure#1}::{closure#0}>>
[INFO] [stdout]                                at /rustc/dfb0accb7f508ae8be965d8629557221c889dd98/library/std/src/panicking.rs:544:19
[INFO] [stdout]   40:     0x6216ad6b37f2 - std[70759c8f55707aa4]::panic::catch_unwind::<core[df12db4294e9bfd3]::panic::unwind_safe::AssertUnwindSafe<std[70759c8f55707aa4]::thread::lifecycle::spawn_unchecked<test[9d35eded1c95d3be]::run_test::{closure#1}, ()>::{closure#1}::{closure#0}>, ()>
[INFO] [stdout]                                at /rustc/dfb0accb7f508ae8be965d8629557221c889dd98/library/std/src/panic.rs:359:14
[INFO] [stdout]   41:     0x6216ad6b37f2 - std[70759c8f55707aa4]::thread::lifecycle::spawn_unchecked::<test[9d35eded1c95d3be]::run_test::{closure#1}, ()>::{closure#1}
[INFO] [stdout]                                at /rustc/dfb0accb7f508ae8be965d8629557221c889dd98/library/std/src/thread/lifecycle.rs:68:26
[INFO] [stdout]   42:     0x6216ad6b37f2 - <std[70759c8f55707aa4]::thread::lifecycle::spawn_unchecked<test[9d35eded1c95d3be]::run_test::{closure#1}, ()>::{closure#1} as core[df12db4294e9bfd3]::ops::function::FnOnce<()>>::call_once::{shim:vtable#0}
[INFO] [stdout]                                at /rustc/dfb0accb7f508ae8be965d8629557221c889dd98/library/core/src/ops/function.rs:250:5
[INFO] [stdout]   43:     0x6216ad7456f9 - <alloc[2182bb758b4b3781]::boxed::Box<dyn core[df12db4294e9bfd3]::ops::function::FnOnce<(), Output = ()> + core[df12db4294e9bfd3]::marker::Send> as core[df12db4294e9bfd3]::ops::function::FnOnce<()>>::call_once
[INFO] [stdout]                                at /rustc/dfb0accb7f508ae8be965d8629557221c889dd98/library/alloc/src/boxed.rs:2320:9
[INFO] [stdout]   44:     0x6216ad7456f9 - <std[70759c8f55707aa4]::sys::thread::unix::Thread>::new::thread_start
[INFO] [stdout]                                at /rustc/dfb0accb7f508ae8be965d8629557221c889dd98/library/std/src/sys/thread/unix.rs:123:17
[INFO] [stdout]   45:     0x72dabc062dfa - <unknown>
[INFO] [stdout]   46:     0x72dabc0f63d4 - clone
[INFO] [stdout]   47:                0x0 - <unknown>
[INFO] [stdout] 
[INFO] [stdout] 
[INFO] [stdout] failures:
[INFO] [stdout]     test_channel_properties
[INFO] [stdout]     test_file_properties
[INFO] [stdout]     test_group_properties
[INFO] [stdout] 
[INFO] [stdout] test result: FAILED. 0 passed; 3 failed; 0 ignored; 0 measured; 0 filtered out; finished in 0.08s
[INFO] [stdout] 
[INFO] running `Command { std: "docker" "inspect" "9475c20a2278b50f079fa7f751fb14c77f9e61b8262140a17657fce74ead9c90", kill_on_drop: false }`
[INFO] running `Command { std: "docker" "rm" "-f" "9475c20a2278b50f079fa7f751fb14c77f9e61b8262140a17657fce74ead9c90", kill_on_drop: false }`
[INFO] [stdout] 9475c20a2278b50f079fa7f751fb14c77f9e61b8262140a17657fce74ead9c90
