[INFO] fetching crate tapes-client 0.6.0...
[INFO] testing tapes-client-0.6.0 against 1.100.0-beta.1 for beta-1.100-2
[INFO] extracting crate tapes-client 0.6.0 into /workspace/builds/worker-3-tc2/source
[INFO] started tweaking crates.io crate tapes-client 0.6.0
[INFO] removed 0 missing tests
[INFO] finished tweaking crates.io crate tapes-client 0.6.0
[INFO] tweaked toml for crates.io crate tapes-client 0.6.0 written to /workspace/builds/worker-3-tc2/source/Cargo.toml
[INFO] validating manifest of crates.io crate tapes-client 0.6.0 on toolchain 1.100.0-beta.1
[INFO] running `Command { std: CARGO_HOME="/workspace/cargo-home" RUSTUP_HOME="/workspace/rustup-home" "/workspace/cargo-home/bin/cargo" "+1.100.0-beta.1" "metadata" "--manifest-path" "Cargo.toml" "--no-deps", kill_on_drop: false }`
[INFO] crate crates.io crate tapes-client 0.6.0 already has a lockfile, it will not be regenerated
[INFO] running `Command { std: CARGO_HOME="/workspace/cargo-home" RUSTUP_HOME="/workspace/rustup-home" "/workspace/cargo-home/bin/cargo" "+1.100.0-beta.1" "fetch" "--manifest-path" "Cargo.toml", kill_on_drop: false }`
[INFO] running `Command { std: "docker" "create" "-v" "/var/lib/crater-agent-workspace/builds/worker-3-tc2/source:/opt/rustwide/workdir:ro,Z" "-v" "/var/lib/crater-agent-workspace/builds/worker-3-tc2/target:/opt/rustwide/target:rw,Z" "-v" "/var/lib/crater-agent-workspace/cargo-home:/opt/rustwide/cargo-home:ro,Z" "-v" "/var/lib/crater-agent-workspace/rustup-home:/opt/rustwide/rustup-home:ro,Z" "-m" "1610612736" "--network" "none" "ghcr.io/rust-lang/crates-build-env/linux@sha256:3111399a4047eeb3a02b7a90e478d715f38a8c6669b5c4b49d30a17385265909" "sleep" "infinity", kill_on_drop: false }`
[INFO] [stdout] 45f402f5401c9fe3859280a13140865b0090c70bdd692b0744e939b71ab84655
[INFO] running `Command { std: "docker" "start" "45f402f5401c9fe3859280a13140865b0090c70bdd692b0744e939b71ab84655", kill_on_drop: false }`
[INFO] running `Command { std: "docker" "inspect" "45f402f5401c9fe3859280a13140865b0090c70bdd692b0744e939b71ab84655", kill_on_drop: false }`
[INFO] running `Command { std: "docker" "exec" "-e" "SOURCE_DIR=/opt/rustwide/workdir" "-e" "CARGO_HOME=/opt/rustwide/cargo-home" "-e" "RUSTUP_HOME=/opt/rustwide/rustup-home" "-e" "CARGO_TARGET_DIR=/opt/rustwide/target" "-w" "/opt/rustwide/workdir" "--user" "0:0" "45f402f5401c9fe3859280a13140865b0090c70bdd692b0744e939b71ab84655" "/opt/rustwide/cargo-home/bin/cargo" "+1.100.0-beta.1" "metadata" "--no-deps" "--format-version=1", kill_on_drop: false }`
[INFO] running `Command { std: "docker" "inspect" "45f402f5401c9fe3859280a13140865b0090c70bdd692b0744e939b71ab84655", kill_on_drop: false }`
[INFO] running `Command { std: "docker" "exec" "-e" "SOURCE_DIR=/opt/rustwide/workdir" "-e" "CARGO_HOME=/opt/rustwide/cargo-home" "-e" "RUSTUP_HOME=/opt/rustwide/rustup-home" "-e" "CARGO_TARGET_DIR=/opt/rustwide/target" "-e" "CARGO_INCREMENTAL=0" "-e" "RUST_BACKTRACE=full" "-e" "RUSTFLAGS=--cap-lints=warn" "-e" "RUSTDOCFLAGS=--cap-lints=warn" "-w" "/opt/rustwide/workdir" "--user" "0:0" "45f402f5401c9fe3859280a13140865b0090c70bdd692b0744e939b71ab84655" "/opt/rustwide/cargo-home/bin/cargo" "+1.100.0-beta.1" "build" "--frozen" "--message-format=json", kill_on_drop: false }`
[INFO] [stderr]    Compiling futures-core v0.3.33
[INFO] [stderr]    Compiling syn v2.0.119
[INFO] [stderr]    Compiling syn v3.0.3
[INFO] [stderr]    Compiling cc v1.4.0
[INFO] [stderr]    Compiling slab v0.4.12
[INFO] [stderr]    Compiling futures-task v0.3.33
[INFO] [stderr]    Compiling http-body v1.1.0
[INFO] [stderr]    Compiling rustls-pki-types v1.15.1
[INFO] [stderr]    Compiling rustls v0.23.43
[INFO] [stderr]    Compiling getrandom v0.2.17
[INFO] [stderr]    Compiling tokio v1.53.1
[INFO] [stderr]    Compiling ipnet v2.12.1
[INFO] [stderr]    Compiling bitflags v2.13.1
[INFO] [stderr]    Compiling clap_builder v4.6.6
[INFO] [stderr]    Compiling dirs-sys v0.4.1
[INFO] [stderr]    Compiling log v0.4.33
[INFO] [stderr]    Compiling futures-channel v0.3.33
[INFO] [stderr]    Compiling sync_wrapper v1.0.2
[INFO] [stderr]    Compiling http-body-util v0.1.4
[INFO] [stderr]    Compiling dirs v5.0.1
[INFO] [stderr]    Compiling futures-util v0.3.33
[INFO] [stderr]    Compiling webpki-roots v1.0.9
[INFO] [stderr]    Compiling ring v0.17.14
[INFO] [stderr]    Compiling clap v4.6.6
[INFO] [stderr]    Compiling displaydoc v0.2.7
[INFO] [stderr]    Compiling serde_derive v1.0.229
[INFO] [stderr]    Compiling hyper v1.11.0
[INFO] [stderr]    Compiling tower v0.5.3
[INFO] [stderr]    Compiling serde v1.0.229
[INFO] [stderr]    Compiling synstructure v0.13.2
[INFO] [stderr]    Compiling rustls-webpki v0.103.13
[INFO] [stderr]    Compiling zerofrom-derive v0.1.7
[INFO] [stderr]    Compiling yoke-derive v0.8.2
[INFO] [stderr]    Compiling zerovec-derive v0.11.3
[INFO] [stderr]    Compiling tracing-attributes v0.1.31
[INFO] [stderr]    Compiling snafu-derive v0.8.9
[INFO] [stderr]    Compiling serde_urlencoded v0.7.1
[INFO] [stderr]    Compiling serde_yaml v0.9.34+deprecated
[INFO] [stderr]    Compiling zerofrom v0.1.8
[INFO] [stderr]    Compiling yoke v0.8.3
[INFO] [stderr]    Compiling tracing v0.1.44
[INFO] [stderr]    Compiling snafu v0.8.9
[INFO] [stderr]    Compiling hyper-util v0.1.20
[INFO] [stderr]    Compiling zerovec v0.11.6
[INFO] [stderr]    Compiling zerotrie v0.2.4
[INFO] [stderr]    Compiling tinystr v0.8.3
[INFO] [stderr]    Compiling potential_utf v0.1.5
[INFO] [stderr]    Compiling icu_collections v2.1.1
[INFO] [stderr]    Compiling icu_locale_core v2.1.1
[INFO] [stderr]    Compiling icu_provider v2.1.1
[INFO] [stderr]    Compiling icu_properties v2.1.2
[INFO] [stderr]    Compiling icu_normalizer v2.1.1
[INFO] [stderr]    Compiling idna_adapter v1.2.1
[INFO] [stderr]    Compiling idna v1.1.0
[INFO] [stderr]    Compiling url v2.5.8
[INFO] [stderr]    Compiling tower-http v0.6.11
[INFO] [stderr]    Compiling tokio-rustls v0.26.4
[INFO] [stderr]    Compiling hyper-rustls v0.27.9
[INFO] [stderr]    Compiling reqwest v0.12.28
[INFO] [stderr]    Compiling tapes-client v0.6.0 (/opt/rustwide/workdir)
[INFO] [stderr]     Finished `dev` profile [unoptimized + debuginfo] target(s) in 41.47s
[INFO] running `Command { std: "docker" "inspect" "45f402f5401c9fe3859280a13140865b0090c70bdd692b0744e939b71ab84655", kill_on_drop: false }`
[INFO] running `Command { std: "docker" "exec" "-e" "SOURCE_DIR=/opt/rustwide/workdir" "-e" "CARGO_HOME=/opt/rustwide/cargo-home" "-e" "RUSTUP_HOME=/opt/rustwide/rustup-home" "-e" "CARGO_TARGET_DIR=/opt/rustwide/target" "-e" "CARGO_INCREMENTAL=0" "-e" "RUST_BACKTRACE=full" "-e" "RUSTFLAGS=--cap-lints=warn" "-e" "RUSTDOCFLAGS=--cap-lints=warn" "-w" "/opt/rustwide/workdir" "--user" "0:0" "45f402f5401c9fe3859280a13140865b0090c70bdd692b0744e939b71ab84655" "/opt/rustwide/cargo-home/bin/cargo" "+1.100.0-beta.1" "test" "--frozen" "--no-run" "--message-format=json", kill_on_drop: false }`
[INFO] [stderr]    Compiling futures-sink v0.3.33
[INFO] [stderr]    Compiling futures-task v0.3.33
[INFO] [stderr]    Compiling futures-io v0.3.33
[INFO] [stderr]    Compiling displaydoc v0.2.7
[INFO] [stderr]    Compiling futures-macro v0.3.33
[INFO] [stderr]    Compiling tokio v1.53.1
[INFO] [stderr]    Compiling serde_json v1.0.151
[INFO] [stderr]    Compiling futures-channel v0.3.33
[INFO] [stderr]    Compiling getrandom v0.4.3
[INFO] [stderr]    Compiling regex-automata v0.4.16
[INFO] [stderr]    Compiling clap_builder v4.6.6
[INFO] [stderr]    Compiling serde_urlencoded v0.7.1
[INFO] [stderr]    Compiling num_cpus v1.17.0
[INFO] [stderr]    Compiling deadpool-runtime v0.1.4
[INFO] [stderr]    Compiling rustix v1.1.4
[INFO] [stderr]    Compiling serde_yaml v0.9.34+deprecated
[INFO] [stderr]    Compiling tinystr v0.8.3
[INFO] [stderr]    Compiling zerotrie v0.2.4
[INFO] [stderr]    Compiling icu_collections v2.1.1
[INFO] [stderr]    Compiling icu_locale_core v2.1.1
[INFO] [stderr]    Compiling futures-util v0.3.33
[INFO] [stderr]    Compiling icu_provider v2.1.1
[INFO] [stderr]    Compiling icu_properties v2.1.2
[INFO] [stderr]    Compiling icu_normalizer v2.1.1
[INFO] [stderr]    Compiling assert-json-diff v2.0.2
[INFO] [stderr]    Compiling idna_adapter v1.2.1
[INFO] [stderr]    Compiling idna v1.1.0
[INFO] [stderr]    Compiling url v2.5.8
[INFO] [stderr]    Compiling tempfile v3.27.0
[INFO] [stderr]    Compiling clap v4.6.6
[INFO] [stderr]    Compiling regex v1.13.1
[INFO] [stderr]    Compiling futures-executor v0.3.33
[INFO] [stderr]    Compiling futures v0.3.33
[INFO] [stderr]    Compiling tokio-util v0.7.19
[INFO] [stderr]    Compiling tokio-rustls v0.26.4
[INFO] [stderr]    Compiling tower v0.5.3
[INFO] [stderr]    Compiling deadpool v0.12.3
[INFO] [stderr]    Compiling h2 v0.4.15
[INFO] [stderr]    Compiling tower-http v0.6.11
[INFO] [stderr]    Compiling hyper v1.11.0
[INFO] [stderr]    Compiling hyper-util v0.1.20
[INFO] [stderr]    Compiling hyper-rustls v0.27.9
[INFO] [stderr]    Compiling wiremock v0.6.5
[INFO] [stderr]    Compiling reqwest v0.12.28
[INFO] [stderr]    Compiling tapes-client v0.6.0 (/opt/rustwide/workdir)
[INFO] [stderr]     Finished `test` profile [unoptimized + debuginfo] target(s) in 39.78s
[INFO] running `Command { std: "docker" "inspect" "45f402f5401c9fe3859280a13140865b0090c70bdd692b0744e939b71ab84655", kill_on_drop: false }`
[INFO] running `Command { std: "docker" "exec" "-e" "SOURCE_DIR=/opt/rustwide/workdir" "-e" "CARGO_HOME=/opt/rustwide/cargo-home" "-e" "RUSTUP_HOME=/opt/rustwide/rustup-home" "-e" "CARGO_TARGET_DIR=/opt/rustwide/target" "-e" "CARGO_INCREMENTAL=0" "-e" "RUST_BACKTRACE=full" "-e" "RUSTFLAGS=--cap-lints=warn" "-e" "RUSTDOCFLAGS=--cap-lints=warn" "-w" "/opt/rustwide/workdir" "--user" "0:0" "45f402f5401c9fe3859280a13140865b0090c70bdd692b0744e939b71ab84655" "/opt/rustwide/cargo-home/bin/cargo" "+1.100.0-beta.1" "test" "--frozen", kill_on_drop: false }`
[INFO] [stderr]     Finished `test` profile [unoptimized + debuginfo] target(s) in 0.20s
[INFO] [stderr]      Running unittests src/lib.rs (/opt/rustwide/target/debug/build/tapes-client/6bd3a1644c127baa/out/tapes_client-6bd3a1644c127baa)
[INFO] [stdout] 
[INFO] [stdout] running 163 tests
[INFO] [stdout] test cassettes::cache::tests::a_cached_entry_reduces_to_the_generated_surface ... ok
[INFO] [stdout] test cassettes::cache::tests::a_cassette_with_no_cached_document_generates_no_noun ... ok
[INFO] [stdout] test cassettes::cache::tests::freshness_expires_after_the_revalidation_window ... ok
[INFO] [stdout] test cassettes::cache::tests::two_base_urls_get_two_cache_files ... ok
[INFO] [stdout] test cassettes::cache::tests::the_file_name_is_byte_identical_to_the_pre_extraction_layout ... ok
[INFO] [stdout] test cassettes::cache::tests::a_clock_that_moved_backwards_expires_rather_than_pinning_the_surface ... ok
[INFO] [stdout] test cassettes::discovery::tests::fields_this_client_does_not_model_do_not_break_the_decode ... ok
[INFO] [stdout] test cassettes::invoke::tests::a_fetched_spec_carries_the_validator_for_next_time ... ok
[INFO] [stdout] test cassettes::invoke::tests::a_matched_validator_is_unchanged_rather_than_an_error ... ok
[INFO] [stdout] test cassettes::invoke::tests::a_spec_path_may_not_change_the_request_authority ... ok
[INFO] [stdout] test cassettes::spec::tests::a_document_with_nothing_usable_yields_a_cassette_with_no_methods ... ok
[INFO] [stdout] test cassettes::cache::tests::the_file_name_hash_is_stable_across_builds ... ok
[INFO] [stdout] test cassettes::invoke::tests::a_successful_empty_body_is_null_not_a_decode_failure ... ok
[INFO] [stdout] test cassettes::discovery::tests::a_cassette_whose_spec_core_has_not_fetched_yet_generates_nothing ... ok
[INFO] [stdout] test cassettes::cache::tests::the_cached_serde_shape_is_byte_compatible_with_the_pre_extraction_format ... ok
[INFO] [stdout] test cassettes::discovery::tests::a_document_decodes_from_the_servers_own_field_names ... ok
[INFO] [stdout] test cassettes::spec::tests::a_parameter_cannot_take_a_flag_the_subcommand_defines_itself ... ok
[INFO] [stdout] test cassettes::invoke::tests::discovery_asks_for_the_documented_route ... ok
[INFO] [stdout] test cassettes::spec::tests::a_referenced_parameter_is_resolved_from_components ... ok
[INFO] [stdout] test cassettes::spec::tests::a_templated_segment_with_no_declaration_still_becomes_an_argument ... ok
[INFO] [stdout] test cassettes::cache::tests::urls_that_sanitize_alike_still_get_different_files ... ok
[INFO] [stdout] test cassettes::invoke::tests::an_error_body_is_surfaced_with_the_status ... ok
[INFO] [stdout] test cassettes::spec::tests::an_operation_id_becomes_a_kebab_case_method ... ok
[INFO] [stdout] test cassettes::spec::tests::colliding_method_names_are_disambiguated_by_verb ... ok
[INFO] [stdout] test cassettes::spec::tests::kebab_casing_keeps_acronyms_whole ... ok
[INFO] [stdout] test cassettes::spec::tests::a_uniqueness_suffix_may_not_land_on_a_reserved_name ... ok
[INFO] [stdout] test cassettes::spec::tests::a_cookie_parameter_is_ignored_because_a_cli_cannot_offer_one ... ok
[INFO] [stdout] test cassettes::spec::tests::a_reference_that_does_not_resolve_is_dropped_rather_than_guessed_at ... ok
[INFO] [stdout] test cassettes::spec::tests::a_shared_parameter_list_is_not_mistaken_for_an_operation ... ok
[INFO] [stdout] test cassettes::spec::tests::a_reserved_rewrite_that_is_itself_reserved_is_rewritten_again ... ok
[INFO] [stdout] test cassettes::spec::tests::an_operation_without_an_id_gets_one_from_its_verb_and_path ... ok
[INFO] [stdout] test cassettes::spec::tests::an_optional_request_body_is_distinguished_from_a_required_one_and_from_none ... ok
[INFO] [stdout] test cassettes::spec::tests::shared_path_item_parameters_reach_every_operation ... ok
[INFO] [stdout] test cassettes::spec::tests::path_parameters_are_ordered_by_the_template_not_by_the_declaration ... ok
[INFO] [stdout] test cassettes::spec::tests::the_generated_surface_is_stable_between_reductions ... ok
[INFO] [stdout] test cassettes::spec::tests::sibling_rewrites_that_collide_come_out_unique_and_unreserved ... ok
[INFO] [stdout] test cassettes::spec::tests::the_republished_path_is_used_verbatim ... ok
[INFO] [stdout] test cli::tests::a_body_can_be_read_from_a_file ... ok
[INFO] [stdout] test cassettes::spec::tests::two_parameters_that_kebab_to_the_same_flag_stay_distinguishable ... ok
[INFO] [stdout] test cli::tests::a_cassette_cannot_redefine_a_built_in_command ... ok
[INFO] [stdout] test cli::tests::a_cassette_becomes_a_noun_and_its_operations_become_methods ... ok
[INFO] [stdout] test cli::tests::a_consumer_reserving_both_spellings_still_gets_a_well_formed_command ... ok
[INFO] [stdout] test cli::tests::a_generated_surface_is_a_well_formed_clap_definition ... ok
[INFO] [stdout] test cli::tests::a_path_parameter_parses_as_a_positional_and_a_query_parameter_as_a_flag ... ok
[INFO] [stdout] test cli::tests::a_missing_required_path_parameter_is_rejected_before_any_request ... ok
[INFO] [stdout] test cli::tests::parameters_are_sent_under_their_wire_names_not_their_flag_names ... ok
[INFO] [stdout] test cli::tests::a_method_that_takes_no_body_still_builds_a_call ... ok
[INFO] [stdout] test cli::tests::a_required_body_is_required_and_an_absent_one_is_not_offered ... ok
[INFO] [stdout] test cli::tests::an_unknown_method_resolves_to_an_error_not_a_guessed_call ... ok
[INFO] [stdout] test cassettes::discovery::tests::an_empty_install_is_a_document_not_an_error ... ok
[INFO] [stdout] test cli::tests::the_generated_help_names_the_route_it_calls ... ok
[INFO] [stdout] test cli::tests::a_body_is_validated_as_json_before_it_is_sent ... ok
[INFO] [stdout] test cli::tests::the_decorator_reaches_every_generated_method ... ok
[INFO] [stdout] test cli::tests::a_resolved_invocation_calls_the_route_the_spec_named ... ok
[INFO] [stdout] test core::contract::tests::a_missing_required_query_parameter_is_refused_like_a_missing_path_one ... ok
[INFO] [stdout] test core::contract::tests::a_missing_path_parameter_is_refused_because_no_url_could_be_built ... ok
[INFO] [stdout] test core::contract::tests::an_undeclared_parameter_is_refused_before_any_request ... ok
[INFO] [stdout] test core::contract::tests::an_operation_that_declares_no_body_refuses_one ... ok
[INFO] [stdout] test core::contract::tests::an_optional_body_may_be_present_or_absent ... ok
[INFO] [stdout] test core::contract::tests::an_optional_parameter_left_unset_is_still_simply_omitted ... ok
[INFO] [stdout] test core::contract::tests::every_named_operation_id_resolves_in_the_vendored_contract ... ok
[INFO] [stdout] test core::contract::tests::supplying_a_required_query_parameter_is_all_that_is_asked ... ok
[INFO] [stdout] test core::coverage::tests::an_operation_in_both_tables_is_reported_as_contradictory ... ok
[INFO] [stdout] test core::coverage::tests::a_complete_partition_is_clean ... ok
[INFO] [stdout] test core::coverage::tests::an_operation_in_neither_table_is_reported_as_unmapped ... ok
[INFO] [stdout] test core::contract::tests::a_required_body_is_carried_on_the_call_when_it_is_supplied ... ok
[INFO] [stdout] test core::coverage::tests::the_contract_has_operations_to_gate ... ok
[INFO] [stdout] test core::contract::tests::an_operation_that_requires_a_body_is_refused_without_one ... ok
[INFO] [stdout] test core::contract::tests::the_vendored_contract_parses_and_reduces ... ok
[INFO] [stdout] test core::contract::tests::a_reducer_configuration_changes_presentation_without_moving_a_wire_name ... ok
[INFO] [stdout] test core::coverage::tests::the_failure_names_every_offending_id_at_once ... ok
[INFO] [stdout] test core::methods::tests::a_listing_walk_follows_the_cursor_to_the_end ... ok
[INFO] [stdout] test core::methods::tests::a_typed_method_survives_a_field_it_has_never_heard_of ... ok
[INFO] [stdout] test core::methods::tests::a_page_request_travels_under_the_contracts_own_names_on_every_paged_read ... ok
[INFO] [stdout] test core::methods::tests::a_named_method_and_its_operation_id_build_the_same_request ... ok
[INFO] [stdout] test core::methods::tests::a_typed_method_decodes_the_contracts_own_shape ... ok
[INFO] [stdout] test core::methods::tests::a_raw_turn_walk_follows_the_cursor_to_the_end ... ok
[INFO] [stdout] test core::methods::tests::a_trace_walk_keeps_the_first_envelope_and_appends_every_span_page ... ok
[INFO] [stdout] test core::methods::tests::an_undeclared_parameter_is_refused_before_the_transport_is_reached ... ok
[INFO] [stdout] test core::methods::tests::a_typed_body_reaches_the_transport_as_the_contracts_own_json ... ok
[INFO] [stdout] test core::methods::tests::a_typed_parameter_travels_under_the_contracts_own_name ... ok
[INFO] [stdout] test core::methods::tests::an_operation_is_routed_through_the_contract_and_the_transport ... ok
[INFO] [stdout] test core::methods::tests::every_claim_bearing_operation_is_in_the_vendored_contract ... ok
[INFO] [stdout] test core::methods::tests::a_null_cursor_ends_a_whole_read_instead_of_failing_it ... ok
[INFO] [stdout] test core::methods::tests::an_empty_claimed_set_is_permitted_on_every_operation ... ok
[INFO] [stdout] test core::methods::tests::claimed_params_append_to_the_query_in_order ... ok
[INFO] [stdout] test core::methods::tests::an_empty_claimed_set_leaves_the_request_as_it_always_was ... ok
[INFO] [stdout] test core::methods::tests::claimed_params_do_not_loosen_the_declared_parameter_refusal ... ok
[INFO] [stdout] test core::methods::tests::claimed_values_are_percent_encoded_and_nothing_more ... ok
[INFO] [stdout] test core::methods::tests::the_bodyless_facade_still_sends_no_body_for_an_ordinary_read ... ok
[INFO] [stdout] test core::methods::tests::a_whole_read_stops_on_a_repeated_cursor_rather_than_hanging ... ok
[INFO] [stdout] test core::methods::tests::the_facade_refuses_a_body_on_an_operation_that_declares_none ... ok
[INFO] [stdout] test core::methods::tests::the_generic_seam_still_decodes_into_a_callers_own_type ... ok
[INFO] [stdout] test core::coverage::tests::a_table_entry_the_contract_does_not_have_is_reported_as_stale ... ok
[INFO] [stdout] test core::methods::tests::the_bodyless_facade_refuses_an_operation_that_requires_a_body ... ok
[INFO] [stdout] test core::models::coverage::tests::a_parameter_the_contract_does_not_declare_is_reported ... ok
[INFO] [stdout] test core::models::coverage::tests::a_required_property_modelled_as_optional_is_reported ... ok
[INFO] [stdout] test core::methods::tests::claimed_pairs_on_a_non_claim_bearing_operation_are_refused ... ok
[INFO] [stdout] test core::models::coverage::tests::an_omittable_field_still_has_to_carry_its_property ... ok
[INFO] [stdout] test core::methods::tests::the_stream_escape_hatch_builds_the_contract_url ... ok
[INFO] [stdout] test core::methods::tests::the_page_walk_carries_claimed_params_onto_every_page ... ok
[INFO] [stdout] test core::methods::tests::the_typed_and_untyped_claimed_spellings_build_the_same_request ... ok
[INFO] [stdout] test core::models::coverage::tests::every_typed_parameter_set_matches_the_contracts_declaration ... ok
[INFO] [stdout] test core::models::params::tests::a_required_parameter_is_always_sent_even_when_it_is_empty ... ok
[INFO] [stdout] test core::models::params::tests::a_set_parameter_travels_under_the_contracts_own_name ... ok
[INFO] [stdout] test core::models::params::tests::an_unset_optional_parameter_is_omitted_rather_than_defaulted ... ok
[INFO] [stdout] test core::models::tests::a_null_composite_decodes_to_empty_rather_than_blanking_the_response ... ok
[INFO] [stdout] test core::models::tests::a_notification_frame_carries_no_id ... ok
[INFO] [stdout] test core::models::tests::a_rename_body_tells_clearing_apart_from_not_touching ... ok
[INFO] [stdout] test core::models::tests::an_absent_field_decodes_to_its_default_rather_than_failing ... ok
[INFO] [stdout] test core::models::tests::an_empty_partial_update_sends_an_empty_document ... ok
[INFO] [stdout] test core::models::tests::an_unknown_field_passes_rather_than_failing_the_document ... ok
[INFO] [stdout] test decode::tests::a_body_that_is_not_json_is_a_decode_failure_and_not_a_status_one ... ok
[INFO] [stdout] test decode::tests::a_successful_empty_body_is_null_not_a_decode_failure ... ok
[INFO] [stdout] test decode::tests::a_typed_decode_reads_the_consumers_own_model ... ok
[INFO] [stdout] test decode::tests::an_error_body_is_surfaced_with_the_status ... ok
[INFO] [stdout] test decode::tests::the_untyped_decode_passes_unknown_fields_through ... ok
[INFO] [stdout] test core::models::tests::a_nullable_object_keeps_the_distinction_the_contract_draws ... ok
[INFO] [stdout] test http::tests::a_401_is_retried_once_with_a_freshly_authorised_request ... ok
[INFO] [stdout] test core::models::coverage::tests::the_models_cover_the_vendored_contracts_schemas ... ok
[INFO] [stdout] test core::contract::tests::a_value_is_routed_by_the_contracts_declared_location ... ok
[INFO] [stdout] test http::tests::a_hook_that_never_gives_up_is_stopped_by_the_engine ... ok
[INFO] [stdout] test core::models::coverage::tests::a_table_entry_the_contract_does_not_have_is_reported_as_stale ... ok
[INFO] [stdout] test http::tests::a_spec_path_may_not_change_the_request_authority ... ok
[INFO] [stdout] test core::models::coverage::tests::a_model_that_mistypes_a_field_is_reported_as_a_decode_failure ... ok
[INFO] [stdout] test http::tests::a_hooks_headers_ride_the_request_the_engine_built ... ok
[INFO] [stdout] test http::tests::a_stream_refuses_a_non_success_status ... ok
[INFO] [stdout] test http::tests::a_surfaced_401_reaches_the_caller_with_the_body_that_explains_it ... ok
[INFO] [stdout] test core::models::coverage::tests::every_closed_value_set_in_the_contract_has_a_typed_enum ... ok
[INFO] [stdout] test http::tests::an_injected_client_is_the_one_that_sends ... ok
[INFO] [stdout] test http::tests::an_exhausted_retry_fails_with_the_hooks_own_words ... ok
[INFO] [stdout] test http::tests::an_under_base_join_lands_beneath_the_gateway_prefix ... ok
[INFO] [stdout] test http::tests::the_sealed_surface_rides_the_same_transport ... ok
[INFO] [stdout] test http::tests::an_error_body_is_surfaced_with_the_status ... ok
[INFO] [stdout] test core::models::coverage::tests::a_schema_in_neither_table_is_reported_as_unmodelled ... ok
[INFO] [stdout] test page::tests::an_empty_cursor_is_the_end_of_the_listing_not_a_fourth_page ... ok
[INFO] [stdout] test path::tests::a_base_query_or_fragment_is_not_inherited_by_the_request ... ok
[INFO] [stdout] test path::tests::a_base_that_cannot_carry_a_path_is_refused_rather_than_guessed_at ... ok
[INFO] [stdout] test path::tests::a_direct_join_drops_a_base_path_prefix ... ok
[INFO] [stdout] test page::tests::a_walk_follows_cursors_to_the_end ... ok
[INFO] [stdout] test core::methods::tests::a_session_traces_walk_keeps_the_first_envelope_and_appends_every_page ... ok
[INFO] [stdout] test path::tests::a_path_value_is_encoded_as_one_path_segment_in_both_modes ... ok
[INFO] [stdout] test core::methods::tests::a_standalone_trace_page_without_its_session_id_is_refused ... ok
[INFO] [stdout] test path::tests::an_empty_query_set_leaves_no_bare_question_mark ... ok
[INFO] [stdout] test path::tests::an_under_base_join_reads_both_spellings_of_the_same_base ... ok
[INFO] [stdout] test path::tests::direct_is_the_default_mode ... ok
[INFO] [stdout] test transport::tests::a_header_is_found_however_the_transport_spelled_it ... ok
[INFO] [stdout] test transport::tests::a_transport_drives_the_cassette_seam_through_the_bridge ... ok
[INFO] [stdout] test path::tests::query_values_are_form_encoded_under_their_wire_names ... ok
[INFO] [stdout] test page::tests::a_raw_document_reads_the_same_way_as_a_decoded_page ... ok
[INFO] [stdout] test page::tests::a_repeated_cursor_stops_the_walk_rather_than_hanging ... ok
[INFO] [stdout] test page::tests::setting_a_cursor_replaces_rather_than_appends ... ok
[INFO] [stdout] test path::tests::an_under_base_join_against_a_bare_origin_matches_the_direct_result ... ok
[INFO] [stdout] test path::tests::an_under_base_join_preserves_a_gateway_path_prefix ... ok
[INFO] [stdout] test core::contract::tests::an_unknown_operation_is_an_error_not_a_guessed_route ... ok
[INFO] [stdout] test http::tests::a_successful_empty_body_is_null_not_a_decode_failure ... ok
[INFO] [stdout] test cli::tests::a_cassette_error_body_is_surfaced_rather_than_the_bare_status ... ok
[INFO] [stdout] test http::tests::a_matched_validator_reads_as_unchanged_over_real_http ... ok
[INFO] [stdout] test http::tests::a_redirected_spec_fetch_may_not_leave_the_configured_origin ... ok
[INFO] [stdout] test core::models::coverage::tests::a_value_set_no_typed_enum_claims_is_reported ... ok
[INFO] [stdout] test core::models::coverage::tests::a_composite_that_refuses_a_null_is_reported ... ok
[INFO] [stdout] test core::models::coverage::tests::a_model_that_drops_a_contract_field_is_reported_by_path ... ok
[INFO] [stdout] test cassettes::cache::tests::load_live_times_out_against_a_transport_that_never_answers ... ok
[INFO] [stdout] 
[INFO] [stdout] test result: ok. 163 passed; 0 failed; 0 ignored; 0 measured; 0 filtered out; finished in 0.31s
[INFO] [stdout] 
[INFO] [stderr]      Running tests/request_bodies_are_constructible.rs (/opt/rustwide/target/debug/build/tapes-client/e7f03e2e0f241bd0/out/request_bodies_are_constructible-e7f03e2e0f241bd0)
[INFO] [stdout] 
[INFO] [stdout] running 3 tests
[INFO] [stdout] test a_partial_update_built_out_here_omits_what_it_does_not_set ... ok
[INFO] [stdout] test every_parameter_set_can_be_built_by_a_consumer ... ok
[INFO] [stdout] test every_request_body_can_be_built_and_sent_by_a_consumer ... ok
[INFO] [stdout] 
[INFO] [stdout] test result: ok. 3 passed; 0 failed; 0 ignored; 0 measured; 0 filtered out; finished in 0.12s
[INFO] [stdout] 
[INFO] [stderr]      Running tests/seal_check.rs (/opt/rustwide/target/debug/build/tapes-client/88f306eb704d66d4/out/seal_check-88f306eb704d66d4)
[INFO] [stdout] 
[INFO] [stdout] running 3 tests
[INFO] [stdout] test gate_one_still_runs_when_gate_two_is_unavailable ... FAILED
[INFO] [stdout] test a_seal_that_could_not_read_its_input_fails_in_strict_mode ... FAILED
[INFO] [stdout] test a_skipped_gate_says_it_verified_nothing_rather_than_reporting_success ... FAILED
[INFO] [stdout] 
[INFO] [stdout] failures:
[INFO] [stdout] 
[INFO] [stdout] ---- gate_one_still_runs_when_gate_two_is_unavailable stdout ----
[INFO] [stdout] 
[INFO] [stdout] thread 'gate_one_still_runs_when_gate_two_is_unavailable' (1848) panicked at tests/seal_check.rs:103:5:
[INFO] [stdout] gate 1 must still run: 
[INFO] [stdout] stack backtrace:
[INFO] [stdout]    0:     0x5bf1fb871331 - std[617be2ca0a6fd877]::backtrace_rs::backtrace::libunwind::trace
[INFO] [stdout]                                at /rustc/e3feeb59cd1bdd011a2bfcc0747b55125d9b8527/library/std/src/../../backtrace/src/backtrace/libunwind.rs:117:9
[INFO] [stdout]    1:     0x5bf1fb871331 - std[617be2ca0a6fd877]::backtrace_rs::backtrace::trace_unsynchronized::<std[617be2ca0a6fd877]::sys::backtrace::_print_fmt::{closure#1}>
[INFO] [stdout]                                at /rustc/e3feeb59cd1bdd011a2bfcc0747b55125d9b8527/library/std/src/../../backtrace/src/backtrace/mod.rs:66:14
[INFO] [stdout]    2:     0x5bf1fb871331 - std[617be2ca0a6fd877]::sys::backtrace::_print_fmt
[INFO] [stdout]                                at /rustc/e3feeb59cd1bdd011a2bfcc0747b55125d9b8527/library/std/src/sys/backtrace.rs:74:9
[INFO] [stdout]    3:     0x5bf1fb871331 - <<std[617be2ca0a6fd877]::sys::backtrace::BacktraceLock>::print::DisplayBacktrace as core[a373ad73a504971]::fmt::Display>::fmt
[INFO] [stdout]                                at /rustc/e3feeb59cd1bdd011a2bfcc0747b55125d9b8527/library/std/src/sys/backtrace.rs:44:26
[INFO] [stdout]    4:     0x5bf1fb88557a - <core[a373ad73a504971]::fmt::rt::Argument>::fmt
[INFO] [stdout]                                at /rustc/e3feeb59cd1bdd011a2bfcc0747b55125d9b8527/library/core/src/fmt/rt.rs:152:76
[INFO] [stdout]    5:     0x5bf1fb88557a - core[a373ad73a504971]::fmt::write
[INFO] [stdout]    6:     0x5bf1fb8757ac - core[a373ad73a504971]::io::write::default_write_fmt::<alloc[2e1b2a31b91974c5]::vec::Vec<u8>>
[INFO] [stdout]                                at /rustc/e3feeb59cd1bdd011a2bfcc0747b55125d9b8527/library/core/src/io/write.rs:402:11
[INFO] [stdout]    7:     0x5bf1fb8757ac - <alloc[2e1b2a31b91974c5]::vec::Vec<u8> as core[a373ad73a504971]::io::write::Write>::write_fmt
[INFO] [stdout]                                at /rustc/e3feeb59cd1bdd011a2bfcc0747b55125d9b8527/library/core/src/io/write.rs:335:13
[INFO] [stdout]    8:     0x5bf1fb84bd66 - <std[617be2ca0a6fd877]::sys::backtrace::BacktraceLock>::print
[INFO] [stdout]                                at /rustc/e3feeb59cd1bdd011a2bfcc0747b55125d9b8527/library/std/src/sys/backtrace.rs:47:9
[INFO] [stdout]    9:     0x5bf1fb84bd66 - std[617be2ca0a6fd877]::panicking::default_hook::{closure#0}
[INFO] [stdout]                                at /rustc/e3feeb59cd1bdd011a2bfcc0747b55125d9b8527/library/std/src/panicking.rs:289:27
[INFO] [stdout]   10:     0x5bf1fb8692a9 - std[617be2ca0a6fd877]::panicking::default_hook
[INFO] [stdout]                                at /rustc/e3feeb59cd1bdd011a2bfcc0747b55125d9b8527/library/std/src/panicking.rs:313:9
[INFO] [stdout]   11:     0x5bf1fb803c50 - <alloc[2e1b2a31b91974c5]::boxed::Box<dyn for<'a, 'b> core[a373ad73a504971]::ops::function::Fn<(&'a std[617be2ca0a6fd877]::panic::PanicHookInfo<'b>,), Output = ()> + core[a373ad73a504971]::marker::Sync + core[a373ad73a504971]::marker::Send> as core[a373ad73a504971]::ops::function::Fn<(&std[617be2ca0a6fd877]::panic::PanicHookInfo,)>>::call
[INFO] [stdout]                                at /rustc/e3feeb59cd1bdd011a2bfcc0747b55125d9b8527/library/alloc/src/boxed.rs:2328:9
[INFO] [stdout]   12:     0x5bf1fb803c50 - test[aada8e7e76ba119b]::test_main_inner::{closure#0}
[INFO] [stdout]                                at /rustc/e3feeb59cd1bdd011a2bfcc0747b55125d9b8527/library/test/src/lib.rs:137:21
[INFO] [stdout]   13:     0x5bf1fb869462 - <alloc[2e1b2a31b91974c5]::boxed::Box<dyn for<'a, 'b> core[a373ad73a504971]::ops::function::Fn<(&'a std[617be2ca0a6fd877]::panic::PanicHookInfo<'b>,), Output = ()> + core[a373ad73a504971]::marker::Sync + core[a373ad73a504971]::marker::Send> as core[a373ad73a504971]::ops::function::Fn<(&std[617be2ca0a6fd877]::panic::PanicHookInfo,)>>::call
[INFO] [stdout]                                at /rustc/e3feeb59cd1bdd011a2bfcc0747b55125d9b8527/library/alloc/src/boxed.rs:2328:9
[INFO] [stdout]   14:     0x5bf1fb869462 - std[617be2ca0a6fd877]::panicking::panic_with_hook
[INFO] [stdout]                                at /rustc/e3feeb59cd1bdd011a2bfcc0747b55125d9b8527/library/std/src/panicking.rs:819:13
[INFO] [stdout]   15:     0x5bf1fb84be12 - std[617be2ca0a6fd877]::panicking::panic_handler::{closure#0}
[INFO] [stdout]                                at /rustc/e3feeb59cd1bdd011a2bfcc0747b55125d9b8527/library/std/src/panicking.rs:685:13
[INFO] [stdout]   16:     0x5bf1fb844a09 - std[617be2ca0a6fd877]::sys::backtrace::__rust_end_short_backtrace::<std[617be2ca0a6fd877]::panicking::panic_handler::{closure#0}, !>
[INFO] [stdout]                                at /rustc/e3feeb59cd1bdd011a2bfcc0747b55125d9b8527/library/std/src/sys/backtrace.rs:182:18
[INFO] [stdout]   17:     0x5bf1fb84ca1d - __rustc[ea4f61d10b84890b]::rust_begin_unwind
[INFO] [stdout]                                at /rustc/e3feeb59cd1bdd011a2bfcc0747b55125d9b8527/library/std/src/panicking.rs:676:5
[INFO] [stdout]   18:     0x5bf1fb885d0c - core[a373ad73a504971]::panicking::panic_fmt
[INFO] [stdout]                                at /rustc/e3feeb59cd1bdd011a2bfcc0747b55125d9b8527/library/core/src/panicking.rs:80:14
[INFO] [stdout]   19:     0x5bf1fb7e697e - seal_check[f91408fe6f7e4091]::gate_one_still_runs_when_gate_two_is_unavailable
[INFO] [stdout]                                at /opt/rustwide/workdir/tests/seal_check.rs:103:5
[INFO] [stdout]   20:     0x5bf1fb7e5ea7 - seal_check[f91408fe6f7e4091]::gate_one_still_runs_when_gate_two_is_unavailable::{closure#0}
[INFO] [stdout]                                at /opt/rustwide/workdir/tests/seal_check.rs:97:54
[INFO] [stdout]   21:     0x5bf1fb7eb326 - <seal_check[f91408fe6f7e4091]::gate_one_still_runs_when_gate_two_is_unavailable::{closure#0} as core[a373ad73a504971]::ops::function::FnOnce<()>>::call_once
[INFO] [stdout]                                at /rustc/e3feeb59cd1bdd011a2bfcc0747b55125d9b8527/library/core/src/ops/function.rs:250:5
[INFO] [stdout]   22:     0x5bf1fb7f709b - <fn() -> core[a373ad73a504971]::result::Result<(), alloc[2e1b2a31b91974c5]::string::String> as core[a373ad73a504971]::ops::function::FnOnce<()>>::call_once
[INFO] [stdout]                                at /rustc/e3feeb59cd1bdd011a2bfcc0747b55125d9b8527/library/core/src/ops/function.rs:250:5
[INFO] [stdout]   23:     0x5bf1fb7f709b - test[aada8e7e76ba119b]::__rust_begin_short_backtrace::<core[a373ad73a504971]::result::Result<(), alloc[2e1b2a31b91974c5]::string::String>, fn() -> core[a373ad73a504971]::result::Result<(), alloc[2e1b2a31b91974c5]::string::String>>
[INFO] [stdout]                                at /rustc/e3feeb59cd1bdd011a2bfcc0747b55125d9b8527/library/test/src/lib.rs:701:18
[INFO] [stdout]   24:     0x5bf1fb804275 - test[aada8e7e76ba119b]::run_test_in_process::{closure#0}
[INFO] [stdout]                                at /rustc/e3feeb59cd1bdd011a2bfcc0747b55125d9b8527/library/test/src/lib.rs:724:74
[INFO] [stdout]   25:     0x5bf1fb804275 - <core[a373ad73a504971]::panic::unwind_safe::AssertUnwindSafe<test[aada8e7e76ba119b]::run_test_in_process::{closure#0}> as core[a373ad73a504971]::ops::function::FnOnce<()>>::call_once
[INFO] [stdout]                                at /rustc/e3feeb59cd1bdd011a2bfcc0747b55125d9b8527/library/core/src/panic/unwind_safe.rs:275:9
[INFO] [stdout]   26:     0x5bf1fb804275 - std[617be2ca0a6fd877]::panicking::catch_unwind::do_call::<core[a373ad73a504971]::panic::unwind_safe::AssertUnwindSafe<test[aada8e7e76ba119b]::run_test_in_process::{closure#0}>, core[a373ad73a504971]::result::Result<(), alloc[2e1b2a31b91974c5]::string::String>>
[INFO] [stdout]                                at /rustc/e3feeb59cd1bdd011a2bfcc0747b55125d9b8527/library/std/src/panicking.rs:573:43
[INFO] [stdout]   27:     0x5bf1fb804275 - std[617be2ca0a6fd877]::panicking::catch_unwind::<core[a373ad73a504971]::result::Result<(), alloc[2e1b2a31b91974c5]::string::String>, core[a373ad73a504971]::panic::unwind_safe::AssertUnwindSafe<test[aada8e7e76ba119b]::run_test_in_process::{closure#0}>>
[INFO] [stdout]                                at /rustc/e3feeb59cd1bdd011a2bfcc0747b55125d9b8527/library/std/src/panicking.rs:541:19
[INFO] [stdout]   28:     0x5bf1fb804275 - std[617be2ca0a6fd877]::panic::catch_unwind::<core[a373ad73a504971]::panic::unwind_safe::AssertUnwindSafe<test[aada8e7e76ba119b]::run_test_in_process::{closure#0}>, core[a373ad73a504971]::result::Result<(), alloc[2e1b2a31b91974c5]::string::String>>
[INFO] [stdout]                                at /rustc/e3feeb59cd1bdd011a2bfcc0747b55125d9b8527/library/std/src/panic.rs:359:14
[INFO] [stdout]   29:     0x5bf1fb804275 - test[aada8e7e76ba119b]::run_test_in_process
[INFO] [stdout]                                at /rustc/e3feeb59cd1bdd011a2bfcc0747b55125d9b8527/library/test/src/lib.rs:724:27
[INFO] [stdout]   30:     0x5bf1fb804275 - test[aada8e7e76ba119b]::run_test::{closure#0}
[INFO] [stdout]                                at /rustc/e3feeb59cd1bdd011a2bfcc0747b55125d9b8527/library/test/src/lib.rs:645:43
[INFO] [stdout]   31:     0x5bf1fb7fdb64 - test[aada8e7e76ba119b]::run_test::{closure#1}
[INFO] [stdout]                                at /rustc/e3feeb59cd1bdd011a2bfcc0747b55125d9b8527/library/test/src/lib.rs:675:41
[INFO] [stdout]   32:     0x5bf1fb7fdb64 - std[617be2ca0a6fd877]::sys::backtrace::__rust_begin_short_backtrace::<test[aada8e7e76ba119b]::run_test::{closure#1}, ()>
[INFO] [stdout]                                at /rustc/e3feeb59cd1bdd011a2bfcc0747b55125d9b8527/library/std/src/sys/backtrace.rs:166:18
[INFO] [stdout]   33:     0x5bf1fb807302 - std[617be2ca0a6fd877]::thread::lifecycle::spawn_unchecked::<test[aada8e7e76ba119b]::run_test::{closure#1}, ()>::{closure#1}::{closure#0}
[INFO] [stdout]                                at /rustc/e3feeb59cd1bdd011a2bfcc0747b55125d9b8527/library/std/src/thread/lifecycle.rs:70:13
[INFO] [stdout]   34:     0x5bf1fb807302 - <core[a373ad73a504971]::panic::unwind_safe::AssertUnwindSafe<std[617be2ca0a6fd877]::thread::lifecycle::spawn_unchecked<test[aada8e7e76ba119b]::run_test::{closure#1}, ()>::{closure#1}::{closure#0}> as core[a373ad73a504971]::ops::function::FnOnce<()>>::call_once
[INFO] [stdout]                                at /rustc/e3feeb59cd1bdd011a2bfcc0747b55125d9b8527/library/core/src/panic/unwind_safe.rs:275:9
[INFO] [stdout]   35:     0x5bf1fb807302 - std[617be2ca0a6fd877]::panicking::catch_unwind::do_call::<core[a373ad73a504971]::panic::unwind_safe::AssertUnwindSafe<std[617be2ca0a6fd877]::thread::lifecycle::spawn_unchecked<test[aada8e7e76ba119b]::run_test::{closure#1}, ()>::{closure#1}::{closure#0}>, ()>
[INFO] [stdout]                                at /rustc/e3feeb59cd1bdd011a2bfcc0747b55125d9b8527/library/std/src/panicking.rs:573:43
[INFO] [stdout]   36:     0x5bf1fb807302 - std[617be2ca0a6fd877]::panicking::catch_unwind::<(), core[a373ad73a504971]::panic::unwind_safe::AssertUnwindSafe<std[617be2ca0a6fd877]::thread::lifecycle::spawn_unchecked<test[aada8e7e76ba119b]::run_test::{closure#1}, ()>::{closure#1}::{closure#0}>>
[INFO] [stdout]                                at /rustc/e3feeb59cd1bdd011a2bfcc0747b55125d9b8527/library/std/src/panicking.rs:541:19
[INFO] [stdout]   37:     0x5bf1fb807302 - std[617be2ca0a6fd877]::panic::catch_unwind::<core[a373ad73a504971]::panic::unwind_safe::AssertUnwindSafe<std[617be2ca0a6fd877]::thread::lifecycle::spawn_unchecked<test[aada8e7e76ba119b]::run_test::{closure#1}, ()>::{closure#1}::{closure#0}>, ()>
[INFO] [stdout]                                at /rustc/e3feeb59cd1bdd011a2bfcc0747b55125d9b8527/library/std/src/panic.rs:359:14
[INFO] [stdout]   38:     0x5bf1fb807302 - std[617be2ca0a6fd877]::thread::lifecycle::spawn_unchecked::<test[aada8e7e76ba119b]::run_test::{closure#1}, ()>::{closure#1}
[INFO] [stdout]                                at /rustc/e3feeb59cd1bdd011a2bfcc0747b55125d9b8527/library/std/src/thread/lifecycle.rs:68:26
[INFO] [stdout]   39:     0x5bf1fb807302 - <std[617be2ca0a6fd877]::thread::lifecycle::spawn_unchecked<test[aada8e7e76ba119b]::run_test::{closure#1}, ()>::{closure#1} as core[a373ad73a504971]::ops::function::FnOnce<()>>::call_once::{shim:vtable#0}
[INFO] [stdout]                                at /rustc/e3feeb59cd1bdd011a2bfcc0747b55125d9b8527/library/core/src/ops/function.rs:250:5
[INFO] [stdout]   40:     0x5bf1fb870b8f - <alloc[2e1b2a31b91974c5]::boxed::Box<dyn core[a373ad73a504971]::ops::function::FnOnce<(), Output = ()> + core[a373ad73a504971]::marker::Send> as core[a373ad73a504971]::ops::function::FnOnce<()>>::call_once
[INFO] [stdout]                                at /rustc/e3feeb59cd1bdd011a2bfcc0747b55125d9b8527/library/alloc/src/boxed.rs:2314:9
[INFO] [stdout]   41:     0x5bf1fb870b8f - <std[617be2ca0a6fd877]::sys::thread::unix::Thread>::new::thread_start
[INFO] [stdout]                                at /rustc/e3feeb59cd1bdd011a2bfcc0747b55125d9b8527/library/std/src/sys/thread/unix.rs:127:17
[INFO] [stdout]   42:     0x7214aea2cdfa - <unknown>
[INFO] [stdout]   43:     0x7214aeac03d4 - clone
[INFO] [stdout]   44:                0x0 - <unknown>
[INFO] [stdout] 
[INFO] [stdout] ---- a_seal_that_could_not_read_its_input_fails_in_strict_mode stdout ----
[INFO] [stdout] 
[INFO] [stdout] thread 'a_seal_that_could_not_read_its_input_fails_in_strict_mode' (1846) panicked at tests/seal_check.rs:67:5:
[INFO] [stdout] the failure must say why it blocked: bash: /opt/rustwide/workdir/../../scripts/contracts-check.sh: No such file or directory
[INFO] [stdout] 
[INFO] [stdout] stack backtrace:
[INFO] [stdout]    0:     0x5bf1fb871331 - std[617be2ca0a6fd877]::backtrace_rs::backtrace::libunwind::trace
[INFO] [stdout]                                at /rustc/e3feeb59cd1bdd011a2bfcc0747b55125d9b8527/library/std/src/../../backtrace/src/backtrace/libunwind.rs:117:9
[INFO] [stdout]    1:     0x5bf1fb871331 - std[617be2ca0a6fd877]::backtrace_rs::backtrace::trace_unsynchronized::<std[617be2ca0a6fd877]::sys::backtrace::_print_fmt::{closure#1}>
[INFO] [stdout]                                at /rustc/e3feeb59cd1bdd011a2bfcc0747b55125d9b8527/library/std/src/../../backtrace/src/backtrace/mod.rs:66:14
[INFO] [stdout]    2:     0x5bf1fb871331 - std[617be2ca0a6fd877]::sys::backtrace::_print_fmt
[INFO] [stdout]                                at /rustc/e3feeb59cd1bdd011a2bfcc0747b55125d9b8527/library/std/src/sys/backtrace.rs:74:9
[INFO] [stdout]    3:     0x5bf1fb871331 - <<std[617be2ca0a6fd877]::sys::backtrace::BacktraceLock>::print::DisplayBacktrace as core[a373ad73a504971]::fmt::Display>::fmt
[INFO] [stdout]                                at /rustc/e3feeb59cd1bdd011a2bfcc0747b55125d9b8527/library/std/src/sys/backtrace.rs:44:26
[INFO] [stdout]    4:     0x5bf1fb88557a - <core[a373ad73a504971]::fmt::rt::Argument>::fmt
[INFO] [stdout]                                at /rustc/e3feeb59cd1bdd011a2bfcc0747b55125d9b8527/library/core/src/fmt/rt.rs:152:76
[INFO] [stdout]    5:     0x5bf1fb88557a - core[a373ad73a504971]::fmt::write
[INFO] [stdout]    6:     0x5bf1fb8757ac - core[a373ad73a504971]::io::write::default_write_fmt::<alloc[2e1b2a31b91974c5]::vec::Vec<u8>>
[INFO] [stdout]                                at /rustc/e3feeb59cd1bdd011a2bfcc0747b55125d9b8527/library/core/src/io/write.rs:402:11
[INFO] [stdout]    7:     0x5bf1fb8757ac - <alloc[2e1b2a31b91974c5]::vec::Vec<u8> as core[a373ad73a504971]::io::write::Write>::write_fmt
[INFO] [stdout]                                at /rustc/e3feeb59cd1bdd011a2bfcc0747b55125d9b8527/library/core/src/io/write.rs:335:13
[INFO] [stdout]    8:     0x5bf1fb84bd66 - <std[617be2ca0a6fd877]::sys::backtrace::BacktraceLock>::print
[INFO] [stdout]                                at /rustc/e3feeb59cd1bdd011a2bfcc0747b55125d9b8527/library/std/src/sys/backtrace.rs:47:9
[INFO] [stdout]    9:     0x5bf1fb84bd66 - std[617be2ca0a6fd877]::panicking::default_hook::{closure#0}
[INFO] [stdout]                                at /rustc/e3feeb59cd1bdd011a2bfcc0747b55125d9b8527/library/std/src/panicking.rs:289:27
[INFO] [stdout]   10:     0x5bf1fb8692a9 - std[617be2ca0a6fd877]::panicking::default_hook
[INFO] [stdout]                                at /rustc/e3feeb59cd1bdd011a2bfcc0747b55125d9b8527/library/std/src/panicking.rs:313:9
[INFO] [stdout]   11:     0x5bf1fb803c50 - <alloc[2e1b2a31b91974c5]::boxed::Box<dyn for<'a, 'b> core[a373ad73a504971]::ops::function::Fn<(&'a std[617be2ca0a6fd877]::panic::PanicHookInfo<'b>,), Output = ()> + core[a373ad73a504971]::marker::Sync + core[a373ad73a504971]::marker::Send> as core[a373ad73a504971]::ops::function::Fn<(&std[617be2ca0a6fd877]::panic::PanicHookInfo,)>>::call
[INFO] [stdout]                                at /rustc/e3feeb59cd1bdd011a2bfcc0747b55125d9b8527/library/alloc/src/boxed.rs:2328:9
[INFO] [stdout]   12:     0x5bf1fb803c50 - test[aada8e7e76ba119b]::test_main_inner::{closure#0}
[INFO] [stdout]                                at /rustc/e3feeb59cd1bdd011a2bfcc0747b55125d9b8527/library/test/src/lib.rs:137:21
[INFO] [stdout]   13:     0x5bf1fb869462 - <alloc[2e1b2a31b91974c5]::boxed::Box<dyn for<'a, 'b> core[a373ad73a504971]::ops::function::Fn<(&'a std[617be2ca0a6fd877]::panic::PanicHookInfo<'b>,), Output = ()> + core[a373ad73a504971]::marker::Sync + core[a373ad73a504971]::marker::Send> as core[a373ad73a504971]::ops::function::Fn<(&std[617be2ca0a6fd877]::panic::PanicHookInfo,)>>::call
[INFO] [stdout]                                at /rustc/e3feeb59cd1bdd011a2bfcc0747b55125d9b8527/library/alloc/src/boxed.rs:2328:9
[INFO] [stdout]   14:     0x5bf1fb869462 - std[617be2ca0a6fd877]::panicking::panic_with_hook
[INFO] [stdout]                                at /rustc/e3feeb59cd1bdd011a2bfcc0747b55125d9b8527/library/std/src/panicking.rs:819:13
[INFO] [stdout]   15:     0x5bf1fb84be12 - std[617be2ca0a6fd877]::panicking::panic_handler::{closure#0}
[INFO] [stdout]                                at /rustc/e3feeb59cd1bdd011a2bfcc0747b55125d9b8527/library/std/src/panicking.rs:685:13
[INFO] [stdout]   16:     0x5bf1fb844a09 - std[617be2ca0a6fd877]::sys::backtrace::__rust_end_short_backtrace::<std[617be2ca0a6fd877]::panicking::panic_handler::{closure#0}, !>
[INFO] [stdout]                                at /rustc/e3feeb59cd1bdd011a2bfcc0747b55125d9b8527/library/std/src/sys/backtrace.rs:182:18
[INFO] [stdout]   17:     0x5bf1fb84ca1d - __rustc[ea4f61d10b84890b]::rust_begin_unwind
[INFO] [stdout]                                at /rustc/e3feeb59cd1bdd011a2bfcc0747b55125d9b8527/library/std/src/panicking.rs:676:5
[INFO] [stdout]   18:     0x5bf1fb885d0c - core[a373ad73a504971]::panicking::panic_fmt
[INFO] [stdout]                                at /rustc/e3feeb59cd1bdd011a2bfcc0747b55125d9b8527/library/core/src/panicking.rs:80:14
[INFO] [stdout]   19:     0x5bf1fb7e6b44 - seal_check[f91408fe6f7e4091]::a_seal_that_could_not_read_its_input_fails_in_strict_mode
[INFO] [stdout]                                at /opt/rustwide/workdir/tests/seal_check.rs:67:5
[INFO] [stdout]   20:     0x5bf1fb7e5ed7 - seal_check[f91408fe6f7e4091]::a_seal_that_could_not_read_its_input_fails_in_strict_mode::{closure#0}
[INFO] [stdout]                                at /opt/rustwide/workdir/tests/seal_check.rs:54:63
[INFO] [stdout]   21:     0x5bf1fb7eb346 - <seal_check[f91408fe6f7e4091]::a_seal_that_could_not_read_its_input_fails_in_strict_mode::{closure#0} as core[a373ad73a504971]::ops::function::FnOnce<()>>::call_once
[INFO] [stdout]                                at /rustc/e3feeb59cd1bdd011a2bfcc0747b55125d9b8527/library/core/src/ops/function.rs:250:5
[INFO] [stdout]   22:     0x5bf1fb7f709b - <fn() -> core[a373ad73a504971]::result::Result<(), alloc[2e1b2a31b91974c5]::string::String> as core[a373ad73a504971]::ops::function::FnOnce<()>>::call_once
[INFO] [stdout]                                at /rustc/e3feeb59cd1bdd011a2bfcc0747b55125d9b8527/library/core/src/ops/function.rs:250:5
[INFO] [stdout]   23:     0x5bf1fb7f709b - test[aada8e7e76ba119b]::__rust_begin_short_backtrace::<core[a373ad73a504971]::result::Result<(), alloc[2e1b2a31b91974c5]::string::String>, fn() -> core[a373ad73a504971]::result::Result<(), alloc[2e1b2a31b91974c5]::string::String>>
[INFO] [stdout]                                at /rustc/e3feeb59cd1bdd011a2bfcc0747b55125d9b8527/library/test/src/lib.rs:701:18
[INFO] [stdout]   24:     0x5bf1fb804275 - test[aada8e7e76ba119b]::run_test_in_process::{closure#0}
[INFO] [stdout]                                at /rustc/e3feeb59cd1bdd011a2bfcc0747b55125d9b8527/library/test/src/lib.rs:724:74
[INFO] [stdout]   25:     0x5bf1fb804275 - <core[a373ad73a504971]::panic::unwind_safe::AssertUnwindSafe<test[aada8e7e76ba119b]::run_test_in_process::{closure#0}> as core[a373ad73a504971]::ops::function::FnOnce<()>>::call_once
[INFO] [stdout]                                at /rustc/e3feeb59cd1bdd011a2bfcc0747b55125d9b8527/library/core/src/panic/unwind_safe.rs:275:9
[INFO] [stdout]   26:     0x5bf1fb804275 - std[617be2ca0a6fd877]::panicking::catch_unwind::do_call::<core[a373ad73a504971]::panic::unwind_safe::AssertUnwindSafe<test[aada8e7e76ba119b]::run_test_in_process::{closure#0}>, core[a373ad73a504971]::result::Result<(), alloc[2e1b2a31b91974c5]::string::String>>
[INFO] [stdout]                                at /rustc/e3feeb59cd1bdd011a2bfcc0747b55125d9b8527/library/std/src/panicking.rs:573:43
[INFO] [stdout]   27:     0x5bf1fb804275 - std[617be2ca0a6fd877]::panicking::catch_unwind::<core[a373ad73a504971]::result::Result<(), alloc[2e1b2a31b91974c5]::string::String>, core[a373ad73a504971]::panic::unwind_safe::AssertUnwindSafe<test[aada8e7e76ba119b]::run_test_in_process::{closure#0}>>
[INFO] [stdout]                                at /rustc/e3feeb59cd1bdd011a2bfcc0747b55125d9b8527/library/std/src/panicking.rs:541:19
[INFO] [stdout]   28:     0x5bf1fb804275 - std[617be2ca0a6fd877]::panic::catch_unwind::<core[a373ad73a504971]::panic::unwind_safe::AssertUnwindSafe<test[aada8e7e76ba119b]::run_test_in_process::{closure#0}>, core[a373ad73a504971]::result::Result<(), alloc[2e1b2a31b91974c5]::string::String>>
[INFO] [stdout]                                at /rustc/e3feeb59cd1bdd011a2bfcc0747b55125d9b8527/library/std/src/panic.rs:359:14
[INFO] [stdout]   29:     0x5bf1fb804275 - test[aada8e7e76ba119b]::run_test_in_process
[INFO] [stdout]                                at /rustc/e3feeb59cd1bdd011a2bfcc0747b55125d9b8527/library/test/src/lib.rs:724:27
[INFO] [stdout]   30:     0x5bf1fb804275 - test[aada8e7e76ba119b]::run_test::{closure#0}
[INFO] [stdout]                                at /rustc/e3feeb59cd1bdd011a2bfcc0747b55125d9b8527/library/test/src/lib.rs:645:43
[INFO] [stdout]   31:     0x5bf1fb7fdb64 - test[aada8e7e76ba119b]::run_test::{closure#1}
[INFO] [stdout]                                at /rustc/e3feeb59cd1bdd011a2bfcc0747b55125d9b8527/library/test/src/lib.rs:675:41
[INFO] [stdout]   32:     0x5bf1fb7fdb64 - std[617be2ca0a6fd877]::sys::backtrace::__rust_begin_short_backtrace::<test[aada8e7e76ba119b]::run_test::{closure#1}, ()>
[INFO] [stdout]                                at /rustc/e3feeb59cd1bdd011a2bfcc0747b55125d9b8527/library/std/src/sys/backtrace.rs:166:18
[INFO] [stdout]   33:     0x5bf1fb807302 - std[617be2ca0a6fd877]::thread::lifecycle::spawn_unchecked::<test[aada8e7e76ba119b]::run_test::{closure#1}, ()>::{closure#1}::{closure#0}
[INFO] [stdout]                                at /rustc/e3feeb59cd1bdd011a2bfcc0747b55125d9b8527/library/std/src/thread/lifecycle.rs:70:13
[INFO] [stdout]   34:     0x5bf1fb807302 - <core[a373ad73a504971]::panic::unwind_safe::AssertUnwindSafe<std[617be2ca0a6fd877]::thread::lifecycle::spawn_unchecked<test[aada8e7e76ba119b]::run_test::{closure#1}, ()>::{closure#1}::{closure#0}> as core[a373ad73a504971]::ops::function::FnOnce<()>>::call_once
[INFO] [stdout]                                at /rustc/e3feeb59cd1bdd011a2bfcc0747b55125d9b8527/library/core/src/panic/unwind_safe.rs:275:9
[INFO] [stdout]   35:     0x5bf1fb807302 - std[617be2ca0a6fd877]::panicking::catch_unwind::do_call::<core[a373ad73a504971]::panic::unwind_safe::AssertUnwindSafe<std[617be2ca0a6fd877]::thread::lifecycle::spawn_unchecked<test[aada8e7e76ba119b]::run_test::{closure#1}, ()>::{closure#1}::{closure#0}>, ()>
[INFO] [stdout]                                at /rustc/e3feeb59cd1bdd011a2bfcc0747b55125d9b8527/library/std/src/panicking.rs:573:43
[INFO] [stdout]   36:     0x5bf1fb807302 - std[617be2ca0a6fd877]::panicking::catch_unwind::<(), core[a373ad73a504971]::panic::unwind_safe::AssertUnwindSafe<std[617be2ca0a6fd877]::thread::lifecycle::spawn_unchecked<test[aada8e7e76ba119b]::run_test::{closure#1}, ()>::{closure#1}::{closure#0}>>
[INFO] [stdout]                                at /rustc/e3feeb59cd1bdd011a2bfcc0747b55125d9b8527/library/std/src/panicking.rs:541:19
[INFO] [stdout]   37:     0x5bf1fb807302 - std[617be2ca0a6fd877]::panic::catch_unwind::<core[a373ad73a504971]::panic::unwind_safe::AssertUnwindSafe<std[617be2ca0a6fd877]::thread::lifecycle::spawn_unchecked<test[aada8e7e76ba119b]::run_test::{closure#1}, ()>::{closure#1}::{closure#0}>, ()>
[INFO] [stdout]                                at /rustc/e3feeb59cd1bdd011a2bfcc0747b55125d9b8527/library/std/src/panic.rs:359:14
[INFO] [stdout]   38:     0x5bf1fb807302 - std[617be2ca0a6fd877]::thread::lifecycle::spawn_unchecked::<test[aada8e7e76ba119b]::run_test::{closure#1}, ()>::{closure#1}
[INFO] [stdout]                                at /rustc/e3feeb59cd1bdd011a2bfcc0747b55125d9b8527/library/std/src/thread/lifecycle.rs:68:26
[INFO] [stdout]   39:     0x5bf1fb807302 - <std[617be2ca0a6fd877]::thread::lifecycle::spawn_unchecked<test[aada8e7e76ba119b]::run_test::{closure#1}, ()>::{closure#1} as core[a373ad73a504971]::ops::function::FnOnce<()>>::call_once::{shim:vtable#0}
[INFO] [stdout]                                at /rustc/e3feeb59cd1bdd011a2bfcc0747b55125d9b8527/library/core/src/ops/function.rs:250:5
[INFO] [stdout]   40:     0x5bf1fb870b8f - <alloc[2e1b2a31b91974c5]::boxed::Box<dyn core[a373ad73a504971]::ops::function::FnOnce<(), Output = ()> + core[a373ad73a504971]::marker::Send> as core[a373ad73a504971]::ops::function::FnOnce<()>>::call_once
[INFO] [stdout]                                at /rustc/e3feeb59cd1bdd011a2bfcc0747b55125d9b8527/library/alloc/src/boxed.rs:2314:9
[INFO] [stdout]   41:     0x5bf1fb870b8f - <std[617be2ca0a6fd877]::sys::thread::unix::Thread>::new::thread_start
[INFO] [stdout]                                at /rustc/e3feeb59cd1bdd011a2bfcc0747b55125d9b8527/library/std/src/sys/thread/unix.rs:127:17
[INFO] [stdout]   42:     0x7214aea2cdfa - <unknown>
[INFO] [stdout]   43:     0x7214aeac03d4 - clone
[INFO] [stdout]   44:                0x0 - <unknown>
[INFO] [stdout] 
[INFO] [stdout] ---- a_skipped_gate_says_it_verified_nothing_rather_than_reporting_success stdout ----
[INFO] [stdout] 
[INFO] [stdout] thread 'a_skipped_gate_says_it_verified_nothing_rather_than_reporting_success' (1847) panicked at tests/seal_check.rs:81:5:
[INFO] [stdout] a non-strict run keeps the skip: bash: /opt/rustwide/workdir/../../scripts/contracts-check.sh: No such file or directory
[INFO] [stdout] 
[INFO] [stdout] 
[INFO] [stdout] stack backtrace:
[INFO] [stdout]    0:     0x5bf1fb871331 - std[617be2ca0a6fd877]::backtrace_rs::backtrace::libunwind::trace
[INFO] [stdout]                                at /rustc/e3feeb59cd1bdd011a2bfcc0747b55125d9b8527/library/std/src/../../backtrace/src/backtrace/libunwind.rs:117:9
[INFO] [stdout]    1:     0x5bf1fb871331 - std[617be2ca0a6fd877]::backtrace_rs::backtrace::trace_unsynchronized::<std[617be2ca0a6fd877]::sys::backtrace::_print_fmt::{closure#1}>
[INFO] [stdout]                                at /rustc/e3feeb59cd1bdd011a2bfcc0747b55125d9b8527/library/std/src/../../backtrace/src/backtrace/mod.rs:66:14
[INFO] [stdout]    2:     0x5bf1fb871331 - std[617be2ca0a6fd877]::sys::backtrace::_print_fmt
[INFO] [stdout]                                at /rustc/e3feeb59cd1bdd011a2bfcc0747b55125d9b8527/library/std/src/sys/backtrace.rs:74:9
[INFO] [stdout]    3:     0x5bf1fb871331 - <<std[617be2ca0a6fd877]::sys::backtrace::BacktraceLock>::print::DisplayBacktrace as core[a373ad73a504971]::fmt::Display>::fmt
[INFO] [stdout]                                at /rustc/e3feeb59cd1bdd011a2bfcc0747b55125d9b8527/library/std/src/sys/backtrace.rs:44:26
[INFO] [stdout]    4:     0x5bf1fb88557a - <core[a373ad73a504971]::fmt::rt::Argument>::fmt
[INFO] [stdout]                                at /rustc/e3feeb59cd1bdd011a2bfcc0747b55125d9b8527/library/core/src/fmt/rt.rs:152:76
[INFO] [stdout]    5:     0x5bf1fb88557a - core[a373ad73a504971]::fmt::write
[INFO] [stdout]    6:     0x5bf1fb8757ac - core[a373ad73a504971]::io::write::default_write_fmt::<alloc[2e1b2a31b91974c5]::vec::Vec<u8>>
[INFO] [stdout]                                at /rustc/e3feeb59cd1bdd011a2bfcc0747b55125d9b8527/library/core/src/io/write.rs:402:11
[INFO] [stdout]    7:     0x5bf1fb8757ac - <alloc[2e1b2a31b91974c5]::vec::Vec<u8> as core[a373ad73a504971]::io::write::Write>::write_fmt
[INFO] [stdout]                                at /rustc/e3feeb59cd1bdd011a2bfcc0747b55125d9b8527/library/core/src/io/write.rs:335:13
[INFO] [stdout]    8:     0x5bf1fb84bd66 - <std[617be2ca0a6fd877]::sys::backtrace::BacktraceLock>::print
[INFO] [stdout]                                at /rustc/e3feeb59cd1bdd011a2bfcc0747b55125d9b8527/library/std/src/sys/backtrace.rs:47:9
[INFO] [stdout]    9:     0x5bf1fb84bd66 - std[617be2ca0a6fd877]::panicking::default_hook::{closure#0}
[INFO] [stdout]                                at /rustc/e3feeb59cd1bdd011a2bfcc0747b55125d9b8527/library/std/src/panicking.rs:289:27
[INFO] [stdout]   10:     0x5bf1fb8692a9 - std[617be2ca0a6fd877]::panicking::default_hook
[INFO] [stdout]                                at /rustc/e3feeb59cd1bdd011a2bfcc0747b55125d9b8527/library/std/src/panicking.rs:313:9
[INFO] [stdout]   11:     0x5bf1fb803c50 - <alloc[2e1b2a31b91974c5]::boxed::Box<dyn for<'a, 'b> core[a373ad73a504971]::ops::function::Fn<(&'a std[617be2ca0a6fd877]::panic::PanicHookInfo<'b>,), Output = ()> + core[a373ad73a504971]::marker::Sync + core[a373ad73a504971]::marker::Send> as core[a373ad73a504971]::ops::function::Fn<(&std[617be2ca0a6fd877]::panic::PanicHookInfo,)>>::call
[INFO] [stdout]                                at /rustc/e3feeb59cd1bdd011a2bfcc0747b55125d9b8527/library/alloc/src/boxed.rs:2328:9
[INFO] [stdout]   12:     0x5bf1fb803c50 - test[aada8e7e76ba119b]::test_main_inner::{closure#0}
[INFO] [stdout]                                at /rustc/e3feeb59cd1bdd011a2bfcc0747b55125d9b8527/library/test/src/lib.rs:137:21
[INFO] [stdout]   13:     0x5bf1fb869462 - <alloc[2e1b2a31b91974c5]::boxed::Box<dyn for<'a, 'b> core[a373ad73a504971]::ops::function::Fn<(&'a std[617be2ca0a6fd877]::panic::PanicHookInfo<'b>,), Output = ()> + core[a373ad73a504971]::marker::Sync + core[a373ad73a504971]::marker::Send> as core[a373ad73a504971]::ops::function::Fn<(&std[617be2ca0a6fd877]::panic::PanicHookInfo,)>>::call
[INFO] [stdout]                                at /rustc/e3feeb59cd1bdd011a2bfcc0747b55125d9b8527/library/alloc/src/boxed.rs:2328:9
[INFO] [stdout]   14:     0x5bf1fb869462 - std[617be2ca0a6fd877]::panicking::panic_with_hook
[INFO] [stdout]                                at /rustc/e3feeb59cd1bdd011a2bfcc0747b55125d9b8527/library/std/src/panicking.rs:819:13
[INFO] [stdout]   15:     0x5bf1fb84be12 - std[617be2ca0a6fd877]::panicking::panic_handler::{closure#0}
[INFO] [stdout]                                at /rustc/e3feeb59cd1bdd011a2bfcc0747b55125d9b8527/library/std/src/panicking.rs:685:13
[INFO] [stdout]   16:     0x5bf1fb844a09 - std[617be2ca0a6fd877]::sys::backtrace::__rust_end_short_backtrace::<std[617be2ca0a6fd877]::panicking::panic_handler::{closure#0}, !>
[INFO] [stdout]                                at /rustc/e3feeb59cd1bdd011a2bfcc0747b55125d9b8527/library/std/src/sys/backtrace.rs:182:18
[INFO] [stdout]   17:     0x5bf1fb84ca1d - __rustc[ea4f61d10b84890b]::rust_begin_unwind
[INFO] [stdout]                                at /rustc/e3feeb59cd1bdd011a2bfcc0747b55125d9b8527/library/std/src/panicking.rs:676:5
[INFO] [stdout]   18:     0x5bf1fb885d0c - core[a373ad73a504971]::panicking::panic_fmt
[INFO] [stdout]                                at /rustc/e3feeb59cd1bdd011a2bfcc0747b55125d9b8527/library/core/src/panicking.rs:80:14
[INFO] [stdout]   19:     0x5bf1fb7e6ec6 - seal_check[f91408fe6f7e4091]::a_skipped_gate_says_it_verified_nothing_rather_than_reporting_success
[INFO] [stdout]                                at /opt/rustwide/workdir/tests/seal_check.rs:81:5
[INFO] [stdout]   20:     0x5bf1fb7e5f07 - seal_check[f91408fe6f7e4091]::a_skipped_gate_says_it_verified_nothing_rather_than_reporting_success::{closure#0}
[INFO] [stdout]                                at /opt/rustwide/workdir/tests/seal_check.rs:74:75
[INFO] [stdout]   21:     0x5bf1fb7eb366 - <seal_check[f91408fe6f7e4091]::a_skipped_gate_says_it_verified_nothing_rather_than_reporting_success::{closure#0} as core[a373ad73a504971]::ops::function::FnOnce<()>>::call_once
[INFO] [stdout]                                at /rustc/e3feeb59cd1bdd011a2bfcc0747b55125d9b8527/library/core/src/ops/function.rs:250:5
[INFO] [stdout]   22:     0x5bf1fb7f709b - <fn() -> core[a373ad73a504971]::result::Result<(), alloc[2e1b2a31b91974c5]::string::String> as core[a373ad73a504971]::ops::function::FnOnce<()>>::call_once
[INFO] [stdout]                                at /rustc/e3feeb59cd1bdd011a2bfcc0747b55125d9b8527/library/core/src/ops/function.rs:250:5
[INFO] [stdout]   23:     0x5bf1fb7f709b - test[aada8e7e76ba119b]::__rust_begin_short_backtrace::<core[a373ad73a504971]::result::Result<(), alloc[2e1b2a31b91974c5]::string::String>, fn() -> core[a373ad73a504971]::result::Result<(), alloc[2e1b2a31b91974c5]::string::String>>
[INFO] [stdout]                                at /rustc/e3feeb59cd1bdd011a2bfcc0747b55125d9b8527/library/test/src/lib.rs:701:18
[INFO] [stdout]   24:     0x5bf1fb804275 - test[aada8e7e76ba119b]::run_test_in_process::{closure#0}
[INFO] [stdout]                                at /rustc/e3feeb59cd1bdd011a2bfcc0747b55125d9b8527/library/test/src/lib.rs:724:74
[INFO] [stdout]   25:     0x5bf1fb804275 - <core[a373ad73a504971]::panic::unwind_safe::AssertUnwindSafe<test[aada8e7e76ba119b]::run_test_in_process::{closure#0}> as core[a373ad73a504971]::ops::function::FnOnce<()>>::call_once
[INFO] [stdout]                                at /rustc/e3feeb59cd1bdd011a2bfcc0747b55125d9b8527/library/core/src/panic/unwind_safe.rs:275:9
[INFO] [stdout]   26:     0x5bf1fb804275 - std[617be2ca0a6fd877]::panicking::catch_unwind::do_call::<core[a373ad73a504971]::panic::unwind_safe::AssertUnwindSafe<test[aada8e7e76ba119b]::run_test_in_process::{closure#0}>, core[a373ad73a504971]::result::Result<(), alloc[2e1b2a31b91974c5]::string::String>>
[INFO] [stdout]                                at /rustc/e3feeb59cd1bdd011a2bfcc0747b55125d9b8527/library/std/src/panicking.rs:573:43
[INFO] [stdout]   27:     0x5bf1fb804275 - std[617be2ca0a6fd877]::panicking::catch_unwind::<core[a373ad73a504971]::result::Result<(), alloc[2e1b2a31b91974c5]::string::String>, core[a373ad73a504971]::panic::unwind_safe::AssertUnwindSafe<test[aada8e7e76ba119b]::run_test_in_process::{closure#0}>>
[INFO] [stdout]                                at /rustc/e3feeb59cd1bdd011a2bfcc0747b55125d9b8527/library/std/src/panicking.rs:541:19
[INFO] [stdout]   28:     0x5bf1fb804275 - std[617be2ca0a6fd877]::panic::catch_unwind::<core[a373ad73a504971]::panic::unwind_safe::AssertUnwindSafe<test[aada8e7e76ba119b]::run_test_in_process::{closure#0}>, core[a373ad73a504971]::result::Result<(), alloc[2e1b2a31b91974c5]::string::String>>
[INFO] [stdout]                                at /rustc/e3feeb59cd1bdd011a2bfcc0747b55125d9b8527/library/std/src/panic.rs:359:14
[INFO] [stdout]   29:     0x5bf1fb804275 - test[aada8e7e76ba119b]::run_test_in_process
[INFO] [stdout]                                at /rustc/e3feeb59cd1bdd011a2bfcc0747b55125d9b8527/library/test/src/lib.rs:724:27
[INFO] [stdout]   30:     0x5bf1fb804275 - test[aada8e7e76ba119b]::run_test::{closure#0}
[INFO] [stdout]                                at /rustc/e3feeb59cd1bdd011a2bfcc0747b55125d9b8527/library/test/src/lib.rs:645:43
[INFO] [stdout]   31:     0x5bf1fb7fdb64 - test[aada8e7e76ba119b]::run_test::{closure#1}
[INFO] [stdout]                                at /rustc/e3feeb59cd1bdd011a2bfcc0747b55125d9b8527/library/test/src/lib.rs:675:41
[INFO] [stdout]   32:     0x5bf1fb7fdb64 - std[617be2ca0a6fd877]::sys::backtrace::__rust_begin_short_backtrace::<test[aada8e7e76ba119b]::run_test::{closure#1}, ()>
[INFO] [stdout]                                at /rustc/e3feeb59cd1bdd011a2bfcc0747b55125d9b8527/library/std/src/sys/backtrace.rs:166:18
[INFO] [stdout]   33:     0x5bf1fb807302 - std[617be2ca0a6fd877]::thread::lifecycle::spawn_unchecked::<test[aada8e7e76ba119b]::run_test::{closure#1}, ()>::{closure#1}::{closure#0}
[INFO] [stdout]                                at /rustc/e3feeb59cd1bdd011a2bfcc0747b55125d9b8527/library/std/src/thread/lifecycle.rs:70:13
[INFO] [stdout]   34:     0x5bf1fb807302 - <core[a373ad73a504971]::panic::unwind_safe::AssertUnwindSafe<std[617be2ca0a6fd877]::thread::lifecycle::spawn_unchecked<test[aada8e7e76ba119b]::run_test::{closure#1}, ()>::{closure#1}::{closure#0}> as core[a373ad73a504971]::ops::function::FnOnce<()>>::call_once
[INFO] [stdout]                                at /rustc/e3feeb59cd1bdd011a2bfcc0747b55125d9b8527/library/core/src/panic/unwind_safe.rs:275:9
[INFO] [stdout]   35:     0x5bf1fb807302 - std[617be2ca0a6fd877]::panicking::catch_unwind::do_call::<core[a373ad73a504971]::panic::unwind_safe::AssertUnwindSafe<std[617be2ca0a6fd877]::thread::lifecycle::spawn_unchecked<test[aada8e7e76ba119b]::run_test::{closure#1}, ()>::{closure#1}::{closure#0}>, ()>
[INFO] [stdout]                                at /rustc/e3feeb59cd1bdd011a2bfcc0747b55125d9b8527/library/std/src/panicking.rs:573:43
[INFO] [stdout]   36:     0x5bf1fb807302 - std[617be2ca0a6fd877]::panicking::catch_unwind::<(), core[a373ad73a504971]::panic::unwind_safe::AssertUnwindSafe<std[617be2ca0a6fd877]::thread::lifecycle::spawn_unchecked<test[aada8e7e76ba119b]::run_test::{closure#1}, ()>::{closure#1}::{closure#0}>>
[INFO] [stdout]                                at /rustc/e3feeb59cd1bdd011a2bfcc0747b55125d9b8527/library/std/src/panicking.rs:541:19
[INFO] [stdout]   37:     0x5bf1fb807302 - std[617be2ca0a6fd877]::panic::catch_unwind::<core[a373ad73a504971]::panic::unwind_safe::AssertUnwindSafe<std[617be2ca0a6fd877]::thread::lifecycle::spawn_unchecked<test[aada8e7e76ba119b]::run_test::{closure#1}, ()>::{closure#1}::{closure#0}>, ()>
[INFO] [stdout]                                at /rustc/e3feeb59cd1bdd011a2bfcc0747b55125d9b8527/library/std/src/panic.rs:359:14
[INFO] [stdout]   38:     0x5bf1fb807302 - std[617be2ca0a6fd877]::thread::lifecycle::spawn_unchecked::<test[aada8e7e76ba119b]::run_test::{closure#1}, ()>::{closure#1}
[INFO] [stdout]                                at /rustc/e3feeb59cd1bdd011a2bfcc0747b55125d9b8527/library/std/src/thread/lifecycle.rs:68:26
[INFO] [stdout]   39:     0x5bf1fb807302 - <std[617be2ca0a6fd877]::thread::lifecycle::spawn_unchecked<test[aada8e7e76ba119b]::run_test::{closure#1}, ()>::{closure#1} as core[a373ad73a504971]::ops::function::FnOnce<()>>::call_once::{shim:vtable#0}
[INFO] [stdout]                                at /rustc/e3feeb59cd1bdd011a2bfcc0747b55125d9b8527/library/core/src/ops/function.rs:250:5
[INFO] [stdout]   40:     0x5bf1fb870b8f - <alloc[2e1b2a31b91974c5]::boxed::Box<dyn core[a373ad73a504971]::ops::function::FnOnce<(), Output = ()> + core[a373ad73a504971]::marker::Send> as core[a373ad73a504971]::ops::function::FnOnce<()>>::call_once
[INFO] [stdout]                                at /rustc/e3feeb59cd1bdd011a2bfcc0747b55125d9b8527/library/alloc/src/boxed.rs:2314:9
[INFO] [stdout]   41:     0x5bf1fb870b8f - <std[617be2ca0a6fd877]::sys::thread::unix::Thread>::new::thread_start
[INFO] [stdout]                                at /rustc/e3feeb59cd1bdd011a2bfcc0747b55125d9b8527/library/std/src/sys/thread/unix.rs:127:17
[INFO] [stdout]   42:     0x7214aea2cdfa - <unknown>
[INFO] [stdout]   43:     0x7214aeac03d4 - clone
[INFO] [stdout]   44:                0x0 - <unknown>
[INFO] [stdout] 
[INFO] [stdout] 
[INFO] [stdout] failures:
[INFO] [stdout]     a_seal_that_could_not_read_its_input_fails_in_strict_mode
[INFO] [stdout]     a_skipped_gate_says_it_verified_nothing_rather_than_reporting_success
[INFO] [stdout]     gate_one_still_runs_when_gate_two_is_unavailable
[INFO] [stdout] 
[INFO] [stdout] test result: FAILED. 0 passed; 3 failed; 0 ignored; 0 measured; 0 filtered out; finished in 0.05s
[INFO] [stdout] 
[INFO] [stderr] error: test failed, to rerun pass `--test seal_check`
[INFO] running `Command { std: "docker" "inspect" "45f402f5401c9fe3859280a13140865b0090c70bdd692b0744e939b71ab84655", kill_on_drop: false }`
[INFO] running `Command { std: "docker" "rm" "-f" "45f402f5401c9fe3859280a13140865b0090c70bdd692b0744e939b71ab84655", kill_on_drop: false }`
[INFO] [stdout] 45f402f5401c9fe3859280a13140865b0090c70bdd692b0744e939b71ab84655
