[INFO] fetching crate tang 0.2.1...
[INFO] testing tang-0.2.1 against 1.99.0-beta.8 for beta-1.100-2
[INFO] extracting crate tang 0.2.1 into /workspace/builds/worker-5-tc1/source
[INFO] started tweaking crates.io crate tang 0.2.1
[INFO] removed 0 missing tests
[INFO] finished tweaking crates.io crate tang 0.2.1
[INFO] tweaked toml for crates.io crate tang 0.2.1 written to /workspace/builds/worker-5-tc1/source/Cargo.toml
[INFO] validating manifest of crates.io crate tang 0.2.1 on toolchain 1.99.0-beta.8
[INFO] running `Command { std: CARGO_HOME="/workspace/cargo-home" RUSTUP_HOME="/workspace/rustup-home" "/workspace/cargo-home/bin/cargo" "+1.99.0-beta.8" "metadata" "--manifest-path" "Cargo.toml" "--no-deps", kill_on_drop: false }`
[INFO] crate crates.io crate tang 0.2.1 already has a lockfile, it will not be regenerated
[INFO] running `Command { std: CARGO_HOME="/workspace/cargo-home" RUSTUP_HOME="/workspace/rustup-home" "/workspace/cargo-home/bin/cargo" "+1.99.0-beta.8" "fetch" "--manifest-path" "Cargo.toml", kill_on_drop: false }`
[INFO] [stderr]     Updating crates.io index
[INFO] [stderr]  Downloading crates ...
[INFO] [stderr]   Downloaded wasm-bindgen-shared v0.2.113
[INFO] [stderr]   Downloaded wasm-bindgen-macro v0.2.113
[INFO] [stderr]   Downloaded wgpu v24.0.5
[INFO] [stderr]   Downloaded windows-core v0.58.0
[INFO] [stderr]   Downloaded wasm-bindgen v0.2.113
[INFO] [stderr]   Downloaded js-sys v0.3.90
[INFO] [stderr]   Downloaded windows-implement v0.58.0
[INFO] [stderr]   Downloaded range-alloc v0.1.4
[INFO] [stderr]   Downloaded profiling-procmacros v1.0.17
[INFO] [stderr]   Downloaded malloc_buf v0.0.6
[INFO] [stderr]   Downloaded spirv v0.3.0+sdk-1.3.268.0
[INFO] [stderr]   Downloaded gpu-alloc-types v0.3.0
[INFO] [stderr]   Downloaded noop_proc_macro v0.3.0
[INFO] [stderr]   Downloaded maybe-rayon v0.1.1
[INFO] [stderr]   Downloaded wgpu-types v24.0.0
[INFO] [stderr]   Downloaded wasm-bindgen-macro-support v0.2.113
[INFO] [stderr]   Downloaded windows-interface v0.58.0
[INFO] [stderr]   Downloaded equator-macro v0.4.2
[INFO] [stderr]   Downloaded avif-serialize v0.8.8
[INFO] [stderr]   Downloaded objc v0.2.7
[INFO] [stderr]   Downloaded block v0.1.6
[INFO] [stderr]   Downloaded gpu-alloc v0.6.0
[INFO] [stderr]   Downloaded rgb v0.8.53
[INFO] [stderr]   Downloaded ravif v0.12.0
[INFO] [stderr]   Downloaded v_frame v0.3.9
[INFO] [stderr]   Downloaded equator v0.4.2
[INFO] [stderr]   Downloaded simd_helpers v0.1.0
[INFO] [stderr]   Downloaded y4m v0.8.0
[INFO] [stderr]   Downloaded as-slice v0.2.1
[INFO] [stderr]   Downloaded wasm-bindgen-futures v0.4.63
[INFO] [stderr]   Downloaded aligned-vec v0.6.4
[INFO] [stderr]   Downloaded interpolate_name v0.2.4
[INFO] [stderr]   Downloaded pastey v0.1.1
[INFO] [stderr]   Downloaded arg_enum_proc_macro v0.3.4
[INFO] [stderr]   Downloaded aligned v0.4.3
[INFO] [stderr]   Downloaded loop9 v0.1.5
[INFO] [stderr]   Downloaded nano-gemm-codegen v0.1.0
[INFO] [stderr]   Downloaded faer-entity v0.20.1
[INFO] [stderr]   Downloaded arbitrary v1.4.2
[INFO] [stderr]   Downloaded gpu-allocator v0.27.0
[INFO] [stderr]   Downloaded nano-gemm-f64 v0.1.0
[INFO] [stderr]   Downloaded matrixcompare-core v0.1.0
[INFO] [stderr]   Downloaded dbgf v0.1.2
[INFO] [stderr]   Downloaded lebe v0.5.3
[INFO] [stderr]   Downloaded nano-gemm-core v0.1.0
[INFO] [stderr]   Downloaded nano-gemm-f32 v0.1.0
[INFO] [stderr]   Downloaded nano-gemm-c64 v0.1.0
[INFO] [stderr]   Downloaded nano-gemm-c32 v0.1.0
[INFO] [stderr]   Downloaded equator v0.2.2
[INFO] [stderr]   Downloaded generativity v1.1.0
[INFO] [stderr]   Downloaded equator-macro v0.2.1
[INFO] [stderr]   Downloaded coe-rs v0.1.2
[INFO] [stderr]   Downloaded dyn-stack v0.11.0
[INFO] [stderr]   Downloaded codespan-reporting v0.11.1
[INFO] [stderr]   Downloaded bitstream-io v4.9.0
[INFO] [stderr]   Downloaded zune-jpeg v0.4.21
[INFO] [stderr]   Downloaded av1-grain v0.2.5
[INFO] [stderr]   Downloaded qoi v0.4.1
[INFO] [stderr]   Downloaded built v0.8.0
[INFO] [stderr]   Downloaded py_literal v0.4.0
[INFO] [stderr]   Downloaded matrixcompare v0.3.0
[INFO] [stderr]   Downloaded gif v0.14.1
[INFO] [stderr]   Downloaded nano-gemm v0.1.3
[INFO] [stderr]   Downloaded zune-jpeg v0.5.12
[INFO] [stderr]   Downloaded core2 v0.4.0
[INFO] [stderr]   Downloaded zune-inflate v0.2.54
[INFO] [stderr]   Downloaded rand_distr v0.4.3
[INFO] [stderr]   Downloaded cc v1.2.56
[INFO] [stderr]   Downloaded image-webp v0.2.4
[INFO] [stderr]   Downloaded imgref v1.12.0
[INFO] [stderr]   Downloaded npyz v0.8.4
[INFO] [stderr]   Downloaded libfuzzer-sys v0.4.12
[INFO] [stderr]   Downloaded nom v8.0.0
[INFO] [stderr]   Downloaded pulp v0.18.22
[INFO] [stderr]   Downloaded glow v0.16.0
[INFO] [stderr]   Downloaded rayon v1.11.0
[INFO] [stderr]   Downloaded moxcms v0.7.11
[INFO] [stderr]   Downloaded wgpu-core v24.0.5
[INFO] [stderr]   Downloaded wgpu-hal v24.0.4
[INFO] [stderr]   Downloaded image v0.25.9
[INFO] [stderr]   Downloaded ndk-sys v0.5.0+25.2.9519653
[INFO] [stderr]   Downloaded exr v1.74.0
[INFO] [stderr]   Downloaded av-scenechange v0.14.1
[INFO] [stderr]   Downloaded web-sys v0.3.90
[INFO] [stderr]   Downloaded naga v24.0.0
[INFO] [stderr]   Downloaded faer v0.20.2
[INFO] [stderr]   Downloaded cudarc v0.12.1
[INFO] [stderr]   Downloaded tiff v0.10.3
[INFO] [stderr]   Downloaded rav1e v0.8.1
[INFO] [stderr]   Downloaded metal v0.31.0
[INFO] [stderr]   Downloaded windows v0.58.0
[INFO] running `Command { std: "docker" "create" "-v" "/var/lib/crater-agent-workspace/builds/worker-5-tc1/source:/opt/rustwide/workdir:ro,Z" "-v" "/var/lib/crater-agent-workspace/builds/worker-5-tc1/target:/opt/rustwide/target:rw,Z" "-v" "/var/lib/crater-agent-workspace/cargo-home:/opt/rustwide/cargo-home:ro,Z" "-v" "/var/lib/crater-agent-workspace/rustup-home:/opt/rustwide/rustup-home:ro,Z" "-m" "1610612736" "--network" "none" "ghcr.io/rust-lang/crates-build-env/linux@sha256:3111399a4047eeb3a02b7a90e478d715f38a8c6669b5c4b49d30a17385265909" "sleep" "infinity", kill_on_drop: false }`
[INFO] [stdout] 1b78c6677b86d361f391367f9862821b211ff27ce724776a5572ff0c253941b9
[INFO] running `Command { std: "docker" "start" "1b78c6677b86d361f391367f9862821b211ff27ce724776a5572ff0c253941b9", kill_on_drop: false }`
[INFO] running `Command { std: "docker" "inspect" "1b78c6677b86d361f391367f9862821b211ff27ce724776a5572ff0c253941b9", kill_on_drop: false }`
[INFO] running `Command { std: "docker" "exec" "-e" "SOURCE_DIR=/opt/rustwide/workdir" "-e" "CARGO_HOME=/opt/rustwide/cargo-home" "-e" "RUSTUP_HOME=/opt/rustwide/rustup-home" "-e" "CARGO_TARGET_DIR=/opt/rustwide/target" "-w" "/opt/rustwide/workdir" "--user" "0:0" "1b78c6677b86d361f391367f9862821b211ff27ce724776a5572ff0c253941b9" "/opt/rustwide/cargo-home/bin/cargo" "+1.99.0-beta.8" "metadata" "--no-deps" "--format-version=1", kill_on_drop: false }`
[INFO] running `Command { std: "docker" "inspect" "1b78c6677b86d361f391367f9862821b211ff27ce724776a5572ff0c253941b9", kill_on_drop: false }`
[INFO] running `Command { std: "docker" "exec" "-e" "SOURCE_DIR=/opt/rustwide/workdir" "-e" "CARGO_HOME=/opt/rustwide/cargo-home" "-e" "RUSTUP_HOME=/opt/rustwide/rustup-home" "-e" "CARGO_TARGET_DIR=/opt/rustwide/target" "-e" "CARGO_INCREMENTAL=0" "-e" "RUST_BACKTRACE=full" "-e" "RUSTFLAGS=--cap-lints=warn" "-e" "RUSTDOCFLAGS=--cap-lints=warn" "-w" "/opt/rustwide/workdir" "--user" "0:0" "1b78c6677b86d361f391367f9862821b211ff27ce724776a5572ff0c253941b9" "/opt/rustwide/cargo-home/bin/cargo" "+1.99.0-beta.8" "build" "--frozen" "--message-format=json", kill_on_drop: false }`
[INFO] [stderr]    Compiling tang v0.2.1 (/opt/rustwide/workdir)
[INFO] [stderr]     Finished `dev` profile [unoptimized + debuginfo] target(s) in 0.44s
[INFO] running `Command { std: "docker" "inspect" "1b78c6677b86d361f391367f9862821b211ff27ce724776a5572ff0c253941b9", kill_on_drop: false }`
[INFO] running `Command { std: "docker" "exec" "-e" "SOURCE_DIR=/opt/rustwide/workdir" "-e" "CARGO_HOME=/opt/rustwide/cargo-home" "-e" "RUSTUP_HOME=/opt/rustwide/rustup-home" "-e" "CARGO_TARGET_DIR=/opt/rustwide/target" "-e" "CARGO_INCREMENTAL=0" "-e" "RUST_BACKTRACE=full" "-e" "RUSTFLAGS=--cap-lints=warn" "-e" "RUSTDOCFLAGS=--cap-lints=warn" "-w" "/opt/rustwide/workdir" "--user" "0:0" "1b78c6677b86d361f391367f9862821b211ff27ce724776a5572ff0c253941b9" "/opt/rustwide/cargo-home/bin/cargo" "+1.99.0-beta.8" "test" "--frozen" "--no-run" "--message-format=json", kill_on_drop: false }`
[INFO] [stderr]    Compiling autocfg v1.5.0
[INFO] [stderr]    Compiling num-traits v0.2.19
[INFO] [stderr]    Compiling approx v0.5.1
[INFO] [stderr]    Compiling tang v0.2.1 (/opt/rustwide/workdir)
[INFO] [stderr]     Finished `test` profile [unoptimized + debuginfo] target(s) in 3.11s
[INFO] running `Command { std: "docker" "inspect" "1b78c6677b86d361f391367f9862821b211ff27ce724776a5572ff0c253941b9", kill_on_drop: false }`
[INFO] running `Command { std: "docker" "exec" "-e" "SOURCE_DIR=/opt/rustwide/workdir" "-e" "CARGO_HOME=/opt/rustwide/cargo-home" "-e" "RUSTUP_HOME=/opt/rustwide/rustup-home" "-e" "CARGO_TARGET_DIR=/opt/rustwide/target" "-e" "CARGO_INCREMENTAL=0" "-e" "RUST_BACKTRACE=full" "-e" "RUSTFLAGS=--cap-lints=warn" "-e" "RUSTDOCFLAGS=--cap-lints=warn" "-w" "/opt/rustwide/workdir" "--user" "0:0" "1b78c6677b86d361f391367f9862821b211ff27ce724776a5572ff0c253941b9" "/opt/rustwide/cargo-home/bin/cargo" "+1.99.0-beta.8" "test" "--frozen", kill_on_drop: false }`
[INFO] [stderr]     Finished `test` profile [unoptimized + debuginfo] target(s) in 0.09s
[INFO] [stderr]      Running unittests src/lib.rs (/opt/rustwide/target/debug/deps/tang-5d9839d6b82f6cf6)
[INFO] [stdout] 
[INFO] [stdout] running 73 tests
[INFO] [stdout] test dir3::tests::deref_to_vec3 ... ok
[INFO] [stdout] test dual::tests::copysign_flips_dual ... ok
[INFO] [stdout] test dir3::tests::axis_constructors ... ok
[INFO] [stdout] test dir3::tests::normalize_on_construct ... ok
[INFO] [stdout] test dual::tests::derivative_of_powf ... ok
[INFO] [stdout] test dual::tests::derivative_of_reciprocal ... ok
[INFO] [stdout] test dual::tests::derivative_of_sin ... ok
[INFO] [stdout] test dual::tests::copysign_no_flip ... ok
[INFO] [stdout] test dual::tests::derivative_of_asinh ... ok
[INFO] [stdout] test dual::tests::derivative_of_sqrt ... ok
[INFO] [stdout] test dual::tests::derivative_of_ln ... ok
[INFO] [stdout] test dual::tests::derivative_of_acosh ... ok
[INFO] [stdout] test dual::tests::derivative_of_square ... ok
[INFO] [stdout] test dual::tests::derivative_of_sinh_cosh ... ok
[INFO] [stdout] test dual::tests::derivative_of_exp ... ok
[INFO] [stdout] test dual::tests::chain_rule ... ok
[INFO] [stdout] test mat3::tests::identity ... ok
[INFO] [stdout] test dual::tests::derivative_of_tanh ... ok
[INFO] [stdout] test mat3::tests::inverse ... ok
[INFO] [stdout] test dual::tests::vec3_with_dual ... ok
[INFO] [stdout] test mat3::tests::determinant ... ok
[INFO] [stdout] test mat3::tests::rotation_roundtrip ... ok
[INFO] [stdout] test mat3::tests::transpose ... ok
[INFO] [stdout] test mat4::tests::compose ... ok
[INFO] [stdout] test mat4::tests::determinant ... ok
[INFO] [stdout] test point2::tests::distance ... ok
[INFO] [stdout] test point2::tests::point_vec_arithmetic ... ok
[INFO] [stdout] test mat4::tests::identity_transform ... ok
[INFO] [stdout] test mat4::tests::inverse_roundtrip ... ok
[INFO] [stdout] test mat4::tests::translation ... ok
[INFO] [stdout] test point3::tests::add_sub_assign ... ok
[INFO] [stdout] test mat4::tests::translation_ignores_vectors ... ok
[INFO] [stdout] test point3::tests::midpoint ... ok
[INFO] [stdout] test point2::tests::add_assign ... ok
[INFO] [stdout] test point3::tests::to_homogeneous ... ok
[INFO] [stdout] test quat::tests::axis_angle_90_degrees ... ok
[INFO] [stdout] test quat::tests::identity_rotation ... ok
[INFO] [stdout] test quat::tests::matrix_roundtrip ... ok
[INFO] [stdout] test scalar::tests::f32_basics ... ok
[INFO] [stdout] test spatial::tests::spatial_mat_block_structure ... ok
[INFO] [stdout] test spatial::tests::spatial_transform_identity ... ok
[INFO] [stdout] test spatial::tests::spatial_transform_inverse_roundtrip ... ok
[INFO] [stdout] test point2::tests::midpoint ... ok
[INFO] [stdout] test point2::tests::point_diff ... ok
[INFO] [stdout] test spatial::tests::spatial_vec_cross_motion ... ok
[INFO] [stdout] test point3::tests::distance ... ok
[INFO] [stdout] test scalar::tests::f64_basics ... ok
[INFO] [stdout] test tests::mat4_add_sub_neg_scale ... ok
[INFO] [stdout] test spatial::tests::sphere_inertia_symmetry ... ok
[INFO] [stdout] test tests::skew_cross_product ... ok
[INFO] [stdout] test tests::spatial_mat_neg_scale_mul_vec ... ok
[INFO] [stdout] test transform::tests::compose_matches_sequential_apply ... ok
[INFO] [stdout] test transform::tests::translation_only ... ok
[INFO] [stdout] test vec2::tests::cross_product_2d ... ok
[INFO] [stdout] test vec2::tests::normalize ... ok
[INFO] [stdout] test vec3::tests::cross_product ... ok
[INFO] [stdout] test tests::skew_antisymmetric ... ok
[INFO] [stdout] test transform::tests::inverse_roundtrip ... ok
[INFO] [stdout] test vec3::tests::dot_product ... ok
[INFO] [stdout] test vec2::tests::dot_product ... ok
[INFO] [stdout] test quat::tests::slerp_endpoints ... ok
[INFO] [stdout] test vec4::tests::add_assign ... ok
[INFO] [stdout] test vec4::tests::dot_product ... ok
[INFO] [stdout] test quat::tests::exp_log_roundtrip ... ok
[INFO] [stdout] test vec3::tests::lerp ... ok
[INFO] [stdout] test vec3::tests::scalar_mul_commutative ... ok
[INFO] [stdout] test vec4::tests::lerp ... ok
[INFO] [stdout] test vec3::tests::normalize ... ok
[INFO] [stdout] test vec4::tests::neg ... ok
[INFO] [stdout] test vec4::tests::normalize ... ok
[INFO] [stdout] test vec4::tests::perspective_divide ... ok
[INFO] [stdout] test vec4::tests::truncate_and_extend ... ok
[INFO] [stderr]      Running tests/algebraic_forbidden.rs (/opt/rustwide/target/debug/deps/algebraic_forbidden-56cd292a4259ead4)
[INFO] [stdout] test vec3::tests::f32_vec3 ... ok
[INFO] [stdout] 
[INFO] [stdout] test result: ok. 73 passed; 0 failed; 0 ignored; 0 measured; 0 filtered out; finished in 0.01s
[INFO] [stdout] 
[INFO] [stdout] 
[INFO] [stdout] running 1 test
[INFO] [stdout] test no_algebraic_ops_in_order_sensitive_files ... FAILED
[INFO] [stdout] 
[INFO] [stdout] failures:
[INFO] [stdout] 
[INFO] [stdout] ---- no_algebraic_ops_in_order_sensitive_files stdout ----
[INFO] [stdout] 
[INFO] [stdout] thread 'no_algebraic_ops_in_order_sensitive_files' (288) panicked at tests/algebraic_forbidden.rs:62:33:
[INFO] [stdout] forbidden-list entry crates/tang/src/predicates.rs is unreadable (No such file or directory (os error 2)) — the file moved or was deleted; update FORBIDDEN
[INFO] [stdout] stack backtrace:
[INFO] [stdout]    0:     0x5ad5c0c0e1e1 - std[70759c8f55707aa4]::backtrace_rs::backtrace::libunwind::trace
[INFO] [stdout]                                at /rustc/dfb0accb7f508ae8be965d8629557221c889dd98/library/std/src/../../backtrace/src/backtrace/libunwind.rs:117:9
[INFO] [stdout]    1:     0x5ad5c0c0e1e1 - std[70759c8f55707aa4]::backtrace_rs::backtrace::trace_unsynchronized::<std[70759c8f55707aa4]::sys::backtrace::_print_fmt::{closure#1}>
[INFO] [stdout]                                at /rustc/dfb0accb7f508ae8be965d8629557221c889dd98/library/std/src/../../backtrace/src/backtrace/mod.rs:66:14
[INFO] [stdout]    2:     0x5ad5c0c0e1e1 - std[70759c8f55707aa4]::sys::backtrace::_print_fmt
[INFO] [stdout]                                at /rustc/dfb0accb7f508ae8be965d8629557221c889dd98/library/std/src/sys/backtrace.rs:74:9
[INFO] [stdout]    3:     0x5ad5c0c0e1e1 - <<std[70759c8f55707aa4]::sys::backtrace::BacktraceLock>::print::DisplayBacktrace as core[df12db4294e9bfd3]::fmt::Display>::fmt
[INFO] [stdout]                                at /rustc/dfb0accb7f508ae8be965d8629557221c889dd98/library/std/src/sys/backtrace.rs:44:26
[INFO] [stdout]    4:     0x5ad5c0c224aa - <core[df12db4294e9bfd3]::fmt::rt::Argument>::fmt
[INFO] [stdout]                                at /rustc/dfb0accb7f508ae8be965d8629557221c889dd98/library/core/src/fmt/rt.rs:152:76
[INFO] [stdout]    5:     0x5ad5c0c224aa - core[df12db4294e9bfd3]::fmt::write
[INFO] [stdout]    6:     0x5ad5c0c1267c - core[df12db4294e9bfd3]::io::write::default_write_fmt::<alloc[2182bb758b4b3781]::vec::Vec<u8>>
[INFO] [stdout]                                at /rustc/dfb0accb7f508ae8be965d8629557221c889dd98/library/core/src/io/write.rs:402:11
[INFO] [stdout]    7:     0x5ad5c0c1267c - <alloc[2182bb758b4b3781]::vec::Vec<u8> as core[df12db4294e9bfd3]::io::write::Write>::write_fmt
[INFO] [stdout]                                at /rustc/dfb0accb7f508ae8be965d8629557221c889dd98/library/core/src/io/write.rs:335:13
[INFO] [stdout]    8:     0x5ad5c0bea1d6 - <std[70759c8f55707aa4]::sys::backtrace::BacktraceLock>::print
[INFO] [stdout]                                at /rustc/dfb0accb7f508ae8be965d8629557221c889dd98/library/std/src/sys/backtrace.rs:47:9
[INFO] [stdout]    9:     0x5ad5c0bea1d6 - std[70759c8f55707aa4]::panicking::default_hook::{closure#0}
[INFO] [stdout]                                at /rustc/dfb0accb7f508ae8be965d8629557221c889dd98/library/std/src/panicking.rs:292:27
[INFO] [stdout]   10:     0x5ad5c0c065d9 - std[70759c8f55707aa4]::panicking::default_hook
[INFO] [stdout]                                at /rustc/dfb0accb7f508ae8be965d8629557221c889dd98/library/std/src/panicking.rs:316:9
[INFO] [stdout]   11:     0x5ad5c0ba2280 - <alloc[2182bb758b4b3781]::boxed::Box<dyn for<'a, 'b> core[df12db4294e9bfd3]::ops::function::Fn<(&'a std[70759c8f55707aa4]::panic::PanicHookInfo<'b>,), Output = ()> + core[df12db4294e9bfd3]::marker::Send + core[df12db4294e9bfd3]::marker::Sync> as core[df12db4294e9bfd3]::ops::function::Fn<(&std[70759c8f55707aa4]::panic::PanicHookInfo,)>>::call
[INFO] [stdout]                                at /rustc/dfb0accb7f508ae8be965d8629557221c889dd98/library/alloc/src/boxed.rs:2334:9
[INFO] [stdout]   12:     0x5ad5c0ba2280 - test[9d35eded1c95d3be]::test_main_inner::<test[9d35eded1c95d3be]::test_main_static::{closure#0}>::{closure#0}
[INFO] [stdout]                                at /rustc/dfb0accb7f508ae8be965d8629557221c889dd98/library/test/src/lib.rs:155:21
[INFO] [stdout]   13:     0x5ad5c0c06792 - <alloc[2182bb758b4b3781]::boxed::Box<dyn for<'a, 'b> core[df12db4294e9bfd3]::ops::function::Fn<(&'a std[70759c8f55707aa4]::panic::PanicHookInfo<'b>,), Output = ()> + core[df12db4294e9bfd3]::marker::Send + core[df12db4294e9bfd3]::marker::Sync> as core[df12db4294e9bfd3]::ops::function::Fn<(&std[70759c8f55707aa4]::panic::PanicHookInfo,)>>::call
[INFO] [stdout]                                at /rustc/dfb0accb7f508ae8be965d8629557221c889dd98/library/alloc/src/boxed.rs:2334:9
[INFO] [stdout]   14:     0x5ad5c0c06792 - std[70759c8f55707aa4]::panicking::panic_with_hook
[INFO] [stdout]                                at /rustc/dfb0accb7f508ae8be965d8629557221c889dd98/library/std/src/panicking.rs:823:13
[INFO] [stdout]   15:     0x5ad5c0bea282 - std[70759c8f55707aa4]::panicking::panic_handler::{closure#0}
[INFO] [stdout]                                at /rustc/dfb0accb7f508ae8be965d8629557221c889dd98/library/std/src/panicking.rs:688:13
[INFO] [stdout]   16:     0x5ad5c0be2e79 - std[70759c8f55707aa4]::sys::backtrace::__rust_end_short_backtrace::<std[70759c8f55707aa4]::panicking::panic_handler::{closure#0}, !>
[INFO] [stdout]                                at /rustc/dfb0accb7f508ae8be965d8629557221c889dd98/library/std/src/sys/backtrace.rs:182:18
[INFO] [stdout]   17:     0x5ad5c0beae7d - __rustc[8fa7c3cbc660c2b3]::rust_begin_unwind
[INFO] [stdout]                                at /rustc/dfb0accb7f508ae8be965d8629557221c889dd98/library/std/src/panicking.rs:679:5
[INFO] [stdout]   18:     0x5ad5c0c22bdc - core[df12db4294e9bfd3]::panicking::panic_fmt
[INFO] [stdout]                                at /rustc/dfb0accb7f508ae8be965d8629557221c889dd98/library/core/src/panicking.rs:80:14
[INFO] [stdout]   19:     0x5ad5c0b8bd07 - algebraic_forbidden[c8df17ce4aef1a82]::no_algebraic_ops_in_order_sensitive_files::{closure#0}
[INFO] [stdout]                                at /opt/rustwide/workdir/tests/algebraic_forbidden.rs:62:33
[INFO] [stdout]   20:     0x5ad5c0b91531 - <core[df12db4294e9bfd3]::result::Result<alloc[2182bb758b4b3781]::string::String, core[df12db4294e9bfd3]::io::error::Error>>::unwrap_or_else::<algebraic_forbidden[c8df17ce4aef1a82]::no_algebraic_ops_in_order_sensitive_files::{closure#0}>
[INFO] [stdout]                                at /rustc/dfb0accb7f508ae8be965d8629557221c889dd98/library/core/src/result.rs:1621:23
[INFO] [stdout]   21:     0x5ad5c0b8c585 - algebraic_forbidden[c8df17ce4aef1a82]::no_algebraic_ops_in_order_sensitive_files
[INFO] [stdout]                                at /opt/rustwide/workdir/tests/algebraic_forbidden.rs:62:14
[INFO] [stdout]   22:     0x5ad5c0b8bc47 - algebraic_forbidden[c8df17ce4aef1a82]::no_algebraic_ops_in_order_sensitive_files::{closure#0}
[INFO] [stdout]                                at /opt/rustwide/workdir/tests/algebraic_forbidden.rs:55:47
[INFO] [stdout]   23:     0x5ad5c0b953c6 - <algebraic_forbidden[c8df17ce4aef1a82]::no_algebraic_ops_in_order_sensitive_files::{closure#0} as core[df12db4294e9bfd3]::ops::function::FnOnce<()>>::call_once
[INFO] [stdout]                                at /rustc/dfb0accb7f508ae8be965d8629557221c889dd98/library/core/src/ops/function.rs:250:5
[INFO] [stdout]   24:     0x5ad5c0b9556b - <fn() -> core[df12db4294e9bfd3]::result::Result<(), alloc[2182bb758b4b3781]::string::String> as core[df12db4294e9bfd3]::ops::function::FnOnce<()>>::call_once
[INFO] [stdout]                                at /rustc/dfb0accb7f508ae8be965d8629557221c889dd98/library/core/src/ops/function.rs:250:5
[INFO] [stdout]   25:     0x5ad5c0b9556b - test[9d35eded1c95d3be]::__rust_begin_short_backtrace::<core[df12db4294e9bfd3]::result::Result<(), alloc[2182bb758b4b3781]::string::String>, fn() -> core[df12db4294e9bfd3]::result::Result<(), alloc[2182bb758b4b3781]::string::String>>
[INFO] [stdout]                                at /rustc/dfb0accb7f508ae8be965d8629557221c889dd98/library/test/src/lib.rs:733:18
[INFO] [stdout]   26:     0x5ad5c0ba2bd5 - test[9d35eded1c95d3be]::run_test_in_process::{closure#0}
[INFO] [stdout]                                at /rustc/dfb0accb7f508ae8be965d8629557221c889dd98/library/test/src/lib.rs:756:74
[INFO] [stdout]   27:     0x5ad5c0ba2bd5 - <core[df12db4294e9bfd3]::panic::unwind_safe::AssertUnwindSafe<test[9d35eded1c95d3be]::run_test_in_process::{closure#0}> as core[df12db4294e9bfd3]::ops::function::FnOnce<()>>::call_once
[INFO] [stdout]                                at /rustc/dfb0accb7f508ae8be965d8629557221c889dd98/library/core/src/panic/unwind_safe.rs:275:9
[INFO] [stdout]   28:     0x5ad5c0ba2bd5 - std[70759c8f55707aa4]::panicking::catch_unwind::do_call::<core[df12db4294e9bfd3]::panic::unwind_safe::AssertUnwindSafe<test[9d35eded1c95d3be]::run_test_in_process::{closure#0}>, core[df12db4294e9bfd3]::result::Result<(), alloc[2182bb758b4b3781]::string::String>>
[INFO] [stdout]                                at /rustc/dfb0accb7f508ae8be965d8629557221c889dd98/library/std/src/panicking.rs:576:43
[INFO] [stdout]   29:     0x5ad5c0ba2bd5 - std[70759c8f55707aa4]::panicking::catch_unwind::<core[df12db4294e9bfd3]::result::Result<(), alloc[2182bb758b4b3781]::string::String>, core[df12db4294e9bfd3]::panic::unwind_safe::AssertUnwindSafe<test[9d35eded1c95d3be]::run_test_in_process::{closure#0}>>
[INFO] [stdout]                                at /rustc/dfb0accb7f508ae8be965d8629557221c889dd98/library/std/src/panicking.rs:544:19
[INFO] [stdout]   30:     0x5ad5c0ba2bd5 - std[70759c8f55707aa4]::panic::catch_unwind::<core[df12db4294e9bfd3]::panic::unwind_safe::AssertUnwindSafe<test[9d35eded1c95d3be]::run_test_in_process::{closure#0}>, core[df12db4294e9bfd3]::result::Result<(), alloc[2182bb758b4b3781]::string::String>>
[INFO] [stdout]                                at /rustc/dfb0accb7f508ae8be965d8629557221c889dd98/library/std/src/panic.rs:359:14
[INFO] [stdout]   31:     0x5ad5c0ba2bd5 - test[9d35eded1c95d3be]::run_test_in_process
[INFO] [stdout]                                at /rustc/dfb0accb7f508ae8be965d8629557221c889dd98/library/test/src/lib.rs:756:27
[INFO] [stdout]   32:     0x5ad5c0ba2bd5 - test[9d35eded1c95d3be]::run_test::{closure#0}
[INFO] [stdout]                                at /rustc/dfb0accb7f508ae8be965d8629557221c889dd98/library/test/src/lib.rs:677:43
[INFO] [stdout]   33:     0x5ad5c0b9c494 - test[9d35eded1c95d3be]::run_test::{closure#1}
[INFO] [stdout]                                at /rustc/dfb0accb7f508ae8be965d8629557221c889dd98/library/test/src/lib.rs:707:41
[INFO] [stdout]   34:     0x5ad5c0b9c494 - std[70759c8f55707aa4]::sys::backtrace::__rust_begin_short_backtrace::<test[9d35eded1c95d3be]::run_test::{closure#1}, ()>
[INFO] [stdout]                                at /rustc/dfb0accb7f508ae8be965d8629557221c889dd98/library/std/src/sys/backtrace.rs:166:18
[INFO] [stdout]   35:     0x5ad5c0ba5d32 - std[70759c8f55707aa4]::thread::lifecycle::spawn_unchecked::<test[9d35eded1c95d3be]::run_test::{closure#1}, ()>::{closure#1}::{closure#0}
[INFO] [stdout]                                at /rustc/dfb0accb7f508ae8be965d8629557221c889dd98/library/std/src/thread/lifecycle.rs:70:13
[INFO] [stdout]   36:     0x5ad5c0ba5d32 - <core[df12db4294e9bfd3]::panic::unwind_safe::AssertUnwindSafe<std[70759c8f55707aa4]::thread::lifecycle::spawn_unchecked<test[9d35eded1c95d3be]::run_test::{closure#1}, ()>::{closure#1}::{closure#0}> as core[df12db4294e9bfd3]::ops::function::FnOnce<()>>::call_once
[INFO] [stdout]                                at /rustc/dfb0accb7f508ae8be965d8629557221c889dd98/library/core/src/panic/unwind_safe.rs:275:9
[INFO] [stdout]   37:     0x5ad5c0ba5d32 - std[70759c8f55707aa4]::panicking::catch_unwind::do_call::<core[df12db4294e9bfd3]::panic::unwind_safe::AssertUnwindSafe<std[70759c8f55707aa4]::thread::lifecycle::spawn_unchecked<test[9d35eded1c95d3be]::run_test::{closure#1}, ()>::{closure#1}::{closure#0}>, ()>
[INFO] [stdout]                                at /rustc/dfb0accb7f508ae8be965d8629557221c889dd98/library/std/src/panicking.rs:576:43
[INFO] [stdout]   38:     0x5ad5c0ba5d32 - std[70759c8f55707aa4]::panicking::catch_unwind::<(), core[df12db4294e9bfd3]::panic::unwind_safe::AssertUnwindSafe<std[70759c8f55707aa4]::thread::lifecycle::spawn_unchecked<test[9d35eded1c95d3be]::run_test::{closure#1}, ()>::{closure#1}::{closure#0}>>
[INFO] [stdout]                                at /rustc/dfb0accb7f508ae8be965d8629557221c889dd98/library/std/src/panicking.rs:544:19
[INFO] [stdout]   39:     0x5ad5c0ba5d32 - std[70759c8f55707aa4]::panic::catch_unwind::<core[df12db4294e9bfd3]::panic::unwind_safe::AssertUnwindSafe<std[70759c8f55707aa4]::thread::lifecycle::spawn_unchecked<test[9d35eded1c95d3be]::run_test::{closure#1}, ()>::{closure#1}::{closure#0}>, ()>
[INFO] [stdout]                                at /rustc/dfb0accb7f508ae8be965d8629557221c889dd98/library/std/src/panic.rs:359:14
[INFO] [stdout]   40:     0x5ad5c0ba5d32 - std[70759c8f55707aa4]::thread::lifecycle::spawn_unchecked::<test[9d35eded1c95d3be]::run_test::{closure#1}, ()>::{closure#1}
[INFO] [stdout]                                at /rustc/dfb0accb7f508ae8be965d8629557221c889dd98/library/std/src/thread/lifecycle.rs:68:26
[INFO] [stdout]   41:     0x5ad5c0ba5d32 - <std[70759c8f55707aa4]::thread::lifecycle::spawn_unchecked<test[9d35eded1c95d3be]::run_test::{closure#1}, ()>::{closure#1} as core[df12db4294e9bfd3]::ops::function::FnOnce<()>>::call_once::{shim:vtable#0}
[INFO] [stdout]                                at /rustc/dfb0accb7f508ae8be965d8629557221c889dd98/library/core/src/ops/function.rs:250:5
[INFO] [stdout]   42:     0x5ad5c0c0d749 - <alloc[2182bb758b4b3781]::boxed::Box<dyn core[df12db4294e9bfd3]::ops::function::FnOnce<(), Output = ()> + core[df12db4294e9bfd3]::marker::Send> as core[df12db4294e9bfd3]::ops::function::FnOnce<()>>::call_once
[INFO] [stdout]                                at /rustc/dfb0accb7f508ae8be965d8629557221c889dd98/library/alloc/src/boxed.rs:2320:9
[INFO] [stdout]   43:     0x5ad5c0c0d749 - <std[70759c8f55707aa4]::sys::thread::unix::Thread>::new::thread_start
[INFO] [stdout]                                at /rustc/dfb0accb7f508ae8be965d8629557221c889dd98/library/std/src/sys/thread/unix.rs:123:17
[INFO] [stdout]   44:     0x719ab4875dfa - <unknown>
[INFO] [stdout]   45:     0x719ab49093d4 - clone
[INFO] [stdout]   46:                0x0 - <unknown>
[INFO] [stdout] 
[INFO] [stdout] 
[INFO] [stdout] failures:
[INFO] [stdout]     no_algebraic_ops_in_order_sensitive_files
[INFO] [stdout] 
[INFO] [stdout] test result: FAILED. 0 passed; 1 failed; 0 ignored; 0 measured; 0 filtered out; finished in 0.06s
[INFO] [stdout] 
[INFO] [stderr] error: test failed, to rerun pass `--test algebraic_forbidden`
[INFO] running `Command { std: "docker" "inspect" "1b78c6677b86d361f391367f9862821b211ff27ce724776a5572ff0c253941b9", kill_on_drop: false }`
[INFO] running `Command { std: "docker" "rm" "-f" "1b78c6677b86d361f391367f9862821b211ff27ce724776a5572ff0c253941b9", kill_on_drop: false }`
[INFO] [stdout] 1b78c6677b86d361f391367f9862821b211ff27ce724776a5572ff0c253941b9
