[INFO] fetching crate tamp-sys 0.1.0...
[INFO] testing tamp-sys-0.1.0 against 1.100.0-beta.1 for beta-1.100-2
[INFO] extracting crate tamp-sys 0.1.0 into /workspace/builds/worker-2-tc2/source
[INFO] started tweaking crates.io crate tamp-sys 0.1.0
[INFO] finished tweaking crates.io crate tamp-sys 0.1.0
[INFO] tweaked toml for crates.io crate tamp-sys 0.1.0 written to /workspace/builds/worker-2-tc2/source/Cargo.toml
[INFO] validating manifest of crates.io crate tamp-sys 0.1.0 on toolchain 1.100.0-beta.1
[INFO] running `Command { std: CARGO_HOME="/workspace/cargo-home" RUSTUP_HOME="/workspace/rustup-home" "/workspace/cargo-home/bin/cargo" "+1.100.0-beta.1" "metadata" "--manifest-path" "Cargo.toml" "--no-deps", kill_on_drop: false }`
[INFO] crate crates.io crate tamp-sys 0.1.0 already has a lockfile, it will not be regenerated
[INFO] running `Command { std: CARGO_HOME="/workspace/cargo-home" RUSTUP_HOME="/workspace/rustup-home" "/workspace/cargo-home/bin/cargo" "+1.100.0-beta.1" "fetch" "--manifest-path" "Cargo.toml", kill_on_drop: false }`
[INFO] running `Command { std: "docker" "create" "-v" "/var/lib/crater-agent-workspace/builds/worker-2-tc2/source:/opt/rustwide/workdir:ro,Z" "-v" "/var/lib/crater-agent-workspace/builds/worker-2-tc2/target:/opt/rustwide/target:rw,Z" "-v" "/var/lib/crater-agent-workspace/cargo-home:/opt/rustwide/cargo-home:ro,Z" "-v" "/var/lib/crater-agent-workspace/rustup-home:/opt/rustwide/rustup-home:ro,Z" "-m" "1610612736" "--network" "none" "ghcr.io/rust-lang/crates-build-env/linux@sha256:3111399a4047eeb3a02b7a90e478d715f38a8c6669b5c4b49d30a17385265909" "sleep" "infinity", kill_on_drop: false }`
[INFO] [stdout] 00dcb3ecdc957c353946265022e03900beb38bde8e4fd1c589e4c867204c3831
[INFO] running `Command { std: "docker" "start" "00dcb3ecdc957c353946265022e03900beb38bde8e4fd1c589e4c867204c3831", kill_on_drop: false }`
[INFO] running `Command { std: "docker" "inspect" "00dcb3ecdc957c353946265022e03900beb38bde8e4fd1c589e4c867204c3831", kill_on_drop: false }`
[INFO] running `Command { std: "docker" "exec" "-e" "SOURCE_DIR=/opt/rustwide/workdir" "-e" "CARGO_HOME=/opt/rustwide/cargo-home" "-e" "RUSTUP_HOME=/opt/rustwide/rustup-home" "-e" "CARGO_TARGET_DIR=/opt/rustwide/target" "-w" "/opt/rustwide/workdir" "--user" "0:0" "00dcb3ecdc957c353946265022e03900beb38bde8e4fd1c589e4c867204c3831" "/opt/rustwide/cargo-home/bin/cargo" "+1.100.0-beta.1" "metadata" "--no-deps" "--format-version=1", kill_on_drop: false }`
[INFO] running `Command { std: "docker" "inspect" "00dcb3ecdc957c353946265022e03900beb38bde8e4fd1c589e4c867204c3831", kill_on_drop: false }`
[INFO] running `Command { std: "docker" "exec" "-e" "SOURCE_DIR=/opt/rustwide/workdir" "-e" "CARGO_HOME=/opt/rustwide/cargo-home" "-e" "RUSTUP_HOME=/opt/rustwide/rustup-home" "-e" "CARGO_TARGET_DIR=/opt/rustwide/target" "-e" "CARGO_INCREMENTAL=0" "-e" "RUST_BACKTRACE=full" "-e" "RUSTFLAGS=--cap-lints=warn" "-e" "RUSTDOCFLAGS=--cap-lints=warn" "-w" "/opt/rustwide/workdir" "--user" "0:0" "00dcb3ecdc957c353946265022e03900beb38bde8e4fd1c589e4c867204c3831" "/opt/rustwide/cargo-home/bin/cargo" "+1.100.0-beta.1" "build" "--frozen" "--message-format=json", kill_on_drop: false }`
[INFO] [stderr]    Compiling proc-macro2 v1.0.101
[INFO] [stderr]    Compiling unicode-ident v1.0.19
[INFO] [stderr]    Compiling libc v0.2.175
[INFO] [stderr]    Compiling memchr v2.7.5
[INFO] [stderr]    Compiling cfg-if v1.0.3
[INFO] [stderr]    Compiling regex-syntax v0.8.6
[INFO] [stderr]    Compiling log v0.4.28
[INFO] [stderr]    Compiling find-msvc-tools v0.1.1
[INFO] [stderr]    Compiling libloading v0.8.8
[INFO] [stderr]    Compiling bitflags v2.9.4
[INFO] [stderr]    Compiling cc v1.2.36
[INFO] [stderr]    Compiling nom v7.1.3
[INFO] [stderr]    Compiling quote v1.0.40
[INFO] [stderr]    Compiling clang-sys v1.8.1
[INFO] [stderr]    Compiling syn v2.0.106
[INFO] [stderr]    Compiling regex-automata v0.4.10
[INFO] [stderr]    Compiling cexpr v0.6.0
[INFO] [stderr]    Compiling regex v1.11.2
[INFO] [stderr]    Compiling prettyplease v0.2.37
[INFO] [stderr]    Compiling bindgen v0.72.1
[INFO] [stderr]    Compiling tamp-sys v0.1.0 (/opt/rustwide/workdir)
[INFO] [stderr]     Finished `dev` profile [unoptimized + debuginfo] target(s) in 32.81s
[INFO] running `Command { std: "docker" "inspect" "00dcb3ecdc957c353946265022e03900beb38bde8e4fd1c589e4c867204c3831", kill_on_drop: false }`
[INFO] running `Command { std: "docker" "exec" "-e" "SOURCE_DIR=/opt/rustwide/workdir" "-e" "CARGO_HOME=/opt/rustwide/cargo-home" "-e" "RUSTUP_HOME=/opt/rustwide/rustup-home" "-e" "CARGO_TARGET_DIR=/opt/rustwide/target" "-e" "CARGO_INCREMENTAL=0" "-e" "RUST_BACKTRACE=full" "-e" "RUSTFLAGS=--cap-lints=warn" "-e" "RUSTDOCFLAGS=--cap-lints=warn" "-w" "/opt/rustwide/workdir" "--user" "0:0" "00dcb3ecdc957c353946265022e03900beb38bde8e4fd1c589e4c867204c3831" "/opt/rustwide/cargo-home/bin/cargo" "+1.100.0-beta.1" "test" "--frozen" "--no-run" "--message-format=json", kill_on_drop: false }`
[INFO] [stderr]    Compiling tamp-sys v0.1.0 (/opt/rustwide/workdir)
[INFO] [stdout] warning: suspicious definition of the runtime `malloc` symbol used by the standard library
[INFO] [stdout]  --> /opt/rustwide/target/debug/build/tamp-sys/fa16f0b28a76ba0a/out/bindings.rs:3:46774
[INFO] [stdout]   |
[INFO] [stdout] 3 | ...} unsafe extern "C" { pub fn malloc (__size : :: core :: ffi :: c_ulong) -> * mut :: core :: ffi :: c_void ; } unsafe extern "C" {...
[INFO] [stdout]   |                          ^^^^^^^^^^^^^^^^^^^^^^^^^^^^^^^^^^^^^^^^^^^^^^^^^^^^^^^^^^^^^^^^^^^^^^^^^^^^^^^^^^^^^^
[INFO] [stdout]   |
[INFO] [stdout]   = note: expected `unsafe extern "C" fn(usize) -> *mut c_void` (for the current target)
[INFO] [stdout]           found    `unsafe extern "C" fn(u64) -> *mut c_void`
[INFO] [stdout]   = help: either fix the signature or remove any attributes like `#[unsafe(no_mangle)]`, `#[unsafe(export_name = "malloc")]`, or `#[link_name = "malloc"]`
[INFO] [stdout]   = help: allow this lint if the signature is compatible
[INFO] [stdout]   = note: `#[warn(suspicious_runtime_symbol_definitions)]` on by default
[INFO] [stdout] 
[INFO] [stdout] 
[INFO] [stdout] warning: suspicious definition of the runtime `realloc` symbol used by the standard library
[INFO] [stdout]  --> /opt/rustwide/target/debug/build/tamp-sys/fa16f0b28a76ba0a/out/bindings.rs:3:47030
[INFO] [stdout]   |
[INFO] [stdout] 3 | ... { pub fn realloc (__ptr : * mut :: core :: ffi :: c_void , __size : :: core :: ffi :: c_ulong) -> * mut :: core :: ffi :: c_void ; } ...
[INFO] [stdout]   |       ^^^^^^^^^^^^^^^^^^^^^^^^^^^^^^^^^^^^^^^^^^^^^^^^^^^^^^^^^^^^^^^^^^^^^^^^^^^^^^^^^^^^^^^^^^^^^^^^^^^^^^^^^^^^^^^^^^^^^^^^^^^^^^^^
[INFO] [stdout]   |
[INFO] [stdout]   = note: expected `unsafe extern "C" fn(*mut c_void, usize) -> *mut c_void` (for the current target)
[INFO] [stdout]           found    `unsafe extern "C" fn(*mut c_void, u64) -> *mut c_void`
[INFO] [stdout]   = help: either fix the signature or remove any attributes like `#[unsafe(no_mangle)]`, `#[unsafe(export_name = "realloc")]`, or `#[link_name = "realloc"]`
[INFO] [stdout]   = help: allow this lint if the signature is compatible
[INFO] [stdout] 
[INFO] [stdout] 
[INFO] [stderr]     Finished `test` profile [unoptimized + debuginfo] target(s) in 0.41s
[INFO] running `Command { std: "docker" "inspect" "00dcb3ecdc957c353946265022e03900beb38bde8e4fd1c589e4c867204c3831", kill_on_drop: false }`
[INFO] running `Command { std: "docker" "exec" "-e" "SOURCE_DIR=/opt/rustwide/workdir" "-e" "CARGO_HOME=/opt/rustwide/cargo-home" "-e" "RUSTUP_HOME=/opt/rustwide/rustup-home" "-e" "CARGO_TARGET_DIR=/opt/rustwide/target" "-e" "CARGO_INCREMENTAL=0" "-e" "RUST_BACKTRACE=full" "-e" "RUSTFLAGS=--cap-lints=warn" "-e" "RUSTDOCFLAGS=--cap-lints=warn" "-w" "/opt/rustwide/workdir" "--user" "0:0" "00dcb3ecdc957c353946265022e03900beb38bde8e4fd1c589e4c867204c3831" "/opt/rustwide/cargo-home/bin/cargo" "+1.100.0-beta.1" "test" "--frozen", kill_on_drop: false }`
[INFO] [stderr] warning: suspicious definition of the runtime `malloc` symbol used by the standard library
[INFO] [stderr]  --> /opt/rustwide/target/debug/build/tamp-sys/fa16f0b28a76ba0a/out/bindings.rs:3:46774
[INFO] [stderr]   |
[INFO] [stderr] 3 | ...} unsafe extern "C" { pub fn malloc (__size : :: core :: ffi :: c_ulong) -> * mut :: core :: ffi :: c_void ; } unsafe extern "C" {...
[INFO] [stderr]   |                          ^^^^^^^^^^^^^^^^^^^^^^^^^^^^^^^^^^^^^^^^^^^^^^^^^^^^^^^^^^^^^^^^^^^^^^^^^^^^^^^^^^^^^^
[INFO] [stderr]   |
[INFO] [stderr]   = note: expected `unsafe extern "C" fn(usize) -> *mut c_void` (for the current target)
[INFO] [stderr]           found    `unsafe extern "C" fn(u64) -> *mut c_void`
[INFO] [stderr]   = help: either fix the signature or remove any attributes like `#[unsafe(no_mangle)]`, `#[unsafe(export_name = "malloc")]`, or `#[link_name = "malloc"]`
[INFO] [stderr]   = help: allow this lint if the signature is compatible
[INFO] [stderr]   = note: `#[warn(suspicious_runtime_symbol_definitions)]` on by default
[INFO] [stderr] 
[INFO] [stderr] warning: suspicious definition of the runtime `realloc` symbol used by the standard library
[INFO] [stderr]  --> /opt/rustwide/target/debug/build/tamp-sys/fa16f0b28a76ba0a/out/bindings.rs:3:47030
[INFO] [stderr]   |
[INFO] [stderr] 3 | ... { pub fn realloc (__ptr : * mut :: core :: ffi :: c_void , __size : :: core :: ffi :: c_ulong) -> * mut :: core :: ffi :: c_void ; } ...
[INFO] [stderr]   |       ^^^^^^^^^^^^^^^^^^^^^^^^^^^^^^^^^^^^^^^^^^^^^^^^^^^^^^^^^^^^^^^^^^^^^^^^^^^^^^^^^^^^^^^^^^^^^^^^^^^^^^^^^^^^^^^^^^^^^^^^^^^^^^^^
[INFO] [stderr]   |
[INFO] [stderr]   = note: expected `unsafe extern "C" fn(*mut c_void, usize) -> *mut c_void` (for the current target)
[INFO] [stderr]           found    `unsafe extern "C" fn(*mut c_void, u64) -> *mut c_void`
[INFO] [stderr]   = help: either fix the signature or remove any attributes like `#[unsafe(no_mangle)]`, `#[unsafe(export_name = "realloc")]`, or `#[link_name = "realloc"]`
[INFO] [stderr]   = help: allow this lint if the signature is compatible
[INFO] [stderr] 
[INFO] [stderr] warning: `tamp-sys` (lib test) generated 2 warnings
[INFO] [stderr]     Finished `test` profile [unoptimized + debuginfo] target(s) in 0.08s
[INFO] [stderr]      Running unittests src/lib.rs (/opt/rustwide/target/debug/build/tamp-sys/a8aeae02ad6a3fdc/out/tamp_sys-a8aeae02ad6a3fdc)
[INFO] [stdout] 
[INFO] [stdout] running 0 tests
[INFO] [stdout] 
[INFO] [stdout] test result: ok. 0 passed; 0 failed; 0 ignored; 0 measured; 0 filtered out; finished in 0.00s
[INFO] [stdout] 
[INFO] [stderr]    Doc-tests tamp_sys
[INFO] [stdout] 
[INFO] [stdout] running 2 tests
[INFO] [stdout] test /opt/rustwide/target/debug/build/tamp-sys/fa16f0b28a76ba0a/out/bindings.rs - tamp_compressor_poll (line 13) ... FAILED
[INFO] [stdout] test /opt/rustwide/target/debug/build/tamp-sys/fa16f0b28a76ba0a/out/bindings.rs - tamp_compressor_poll (line 9) ... FAILED
[INFO] [stdout] 
[INFO] [stdout] failures:
[INFO] [stdout] 
[INFO] [stdout] ---- /opt/rustwide/target/debug/build/tamp-sys/fa16f0b28a76ba0a/out/bindings.rs - tamp_compressor_poll (line 13) stdout ----
[INFO] [stdout] error[E0425]: cannot find value `WINDOW_BITS` in this scope
[INFO] [stdout]   --> /opt/rustwide/target/debug/build/tamp-sys/fa16f0b28a76ba0a/out/bindings.rs:14:7
[INFO] [stdout]    |
[INFO] [stdout] 14 | (16 + WINDOW_BITS)
[INFO] [stdout]    |       ^^^^^^^^^^^ not found in this scope
[INFO] [stdout] 
[INFO] [stdout] error[E0308]: mismatched types
[INFO] [stdout]   --> /opt/rustwide/target/debug/build/tamp-sys/fa16f0b28a76ba0a/out/bindings.rs:14:1
[INFO] [stdout]    |
[INFO] [stdout] 13 | fn main() { #[allow(non_snake_case)] fn _doctest_main__opt_rustwide_target_debug_build_tamp_sys_fa16f0b28a76ba0a_out_bindings_rs_13_0() {
[INFO] [stdout]    |                                                                                                                                        - help: try adding a return type: `-> i32`
[INFO] [stdout] 14 | (16 + WINDOW_BITS)
[INFO] [stdout]    | ^^^^^^^^^^^^^^^^^^ expected `()`, found integer
[INFO] [stdout] 
[INFO] [stdout] error: aborting due to 2 previous errors
[INFO] [stdout] 
[INFO] [stdout] Some errors have detailed explanations: E0308, E0425.
[INFO] [stdout] For more information about an error, try `rustc --explain E0308`.
[INFO] [stdout] Couldn't compile the test.
[INFO] [stdout] ---- /opt/rustwide/target/debug/build/tamp-sys/fa16f0b28a76ba0a/out/bindings.rs - tamp_compressor_poll (line 9) stdout ----
[INFO] [stdout] error[E0425]: cannot find value `WINDOW_BITS` in this scope
[INFO] [stdout]   --> /opt/rustwide/target/debug/build/tamp-sys/fa16f0b28a76ba0a/out/bindings.rs:10:10
[INFO] [stdout]    |
[INFO] [stdout] 10 | (1 + 8 + WINDOW_BITS + 7)
[INFO] [stdout]    |          ^^^^^^^^^^^ not found in this scope
[INFO] [stdout] 
[INFO] [stdout] error[E0308]: mismatched types
[INFO] [stdout]   --> /opt/rustwide/target/debug/build/tamp-sys/fa16f0b28a76ba0a/out/bindings.rs:10:1
[INFO] [stdout]    |
[INFO] [stdout]  9 | fn main() { #[allow(non_snake_case)] fn _doctest_main__opt_rustwide_target_debug_build_tamp_sys_fa16f0b28a76ba0a_out_bindings_rs_9_0() {
[INFO] [stdout]    |                                                                                                                                       - help: try adding a return type: `-> i32`
[INFO] [stdout] 10 | (1 + 8 + WINDOW_BITS + 7)
[INFO] [stdout]    | ^^^^^^^^^^^^^^^^^^^^^^^^^ expected `()`, found integer
[INFO] [stdout] 
[INFO] [stdout] error: aborting due to 2 previous errors
[INFO] [stdout] 
[INFO] [stdout] Some errors have detailed explanations: E0308, E0425.
[INFO] [stdout] For more information about an error, try `rustc --explain E0308`.
[INFO] [stdout] Couldn't compile the test.
[INFO] [stdout] 
[INFO] [stdout] failures:
[INFO] [stdout]     /opt/rustwide/target/debug/build/tamp-sys/fa16f0b28a76ba0a/out/bindings.rs - tamp_compressor_poll (line 13)
[INFO] [stdout]     /opt/rustwide/target/debug/build/tamp-sys/fa16f0b28a76ba0a/out/bindings.rs - tamp_compressor_poll (line 9)
[INFO] [stdout] 
[INFO] [stdout] test result: FAILED. 0 passed; 2 failed; 0 ignored; 0 measured; 0 filtered out; finished in 0.20s
[INFO] [stdout] 
[INFO] [stdout] all doctests ran in 0.64s; merged doctests compilation took 0.44s
[INFO] [stderr] error: doctest failed, to rerun pass `--doc`
[INFO] running `Command { std: "docker" "inspect" "00dcb3ecdc957c353946265022e03900beb38bde8e4fd1c589e4c867204c3831", kill_on_drop: false }`
[INFO] running `Command { std: "docker" "rm" "-f" "00dcb3ecdc957c353946265022e03900beb38bde8e4fd1c589e4c867204c3831", kill_on_drop: false }`
[INFO] [stdout] 00dcb3ecdc957c353946265022e03900beb38bde8e4fd1c589e4c867204c3831
