[INFO] fetching crate tagged-urn 1.71.20...
[INFO] testing tagged-urn-1.71.20 against 1.100.0-beta.1 for beta-1.100-2
[INFO] extracting crate tagged-urn 1.71.20 into /workspace/builds/worker-1-tc2/source
[INFO] started tweaking crates.io crate tagged-urn 1.71.20
[INFO] removed 0 missing tests
[INFO] finished tweaking crates.io crate tagged-urn 1.71.20
[INFO] tweaked toml for crates.io crate tagged-urn 1.71.20 written to /workspace/builds/worker-1-tc2/source/Cargo.toml
[INFO] validating manifest of crates.io crate tagged-urn 1.71.20 on toolchain 1.100.0-beta.1
[INFO] running `Command { std: CARGO_HOME="/workspace/cargo-home" RUSTUP_HOME="/workspace/rustup-home" "/workspace/cargo-home/bin/cargo" "+1.100.0-beta.1" "metadata" "--manifest-path" "Cargo.toml" "--no-deps", kill_on_drop: false }`
[INFO] crate crates.io crate tagged-urn 1.71.20 already has a lockfile, it will not be regenerated
[INFO] running `Command { std: CARGO_HOME="/workspace/cargo-home" RUSTUP_HOME="/workspace/rustup-home" "/workspace/cargo-home/bin/cargo" "+1.100.0-beta.1" "fetch" "--manifest-path" "Cargo.toml", kill_on_drop: false }`
[INFO] running `Command { std: "docker" "create" "-v" "/var/lib/crater-agent-workspace/builds/worker-1-tc2/source:/opt/rustwide/workdir:ro,Z" "-v" "/var/lib/crater-agent-workspace/builds/worker-1-tc2/target:/opt/rustwide/target:rw,Z" "-v" "/var/lib/crater-agent-workspace/cargo-home:/opt/rustwide/cargo-home:ro,Z" "-v" "/var/lib/crater-agent-workspace/rustup-home:/opt/rustwide/rustup-home:ro,Z" "-m" "1610612736" "--network" "none" "ghcr.io/rust-lang/crates-build-env/linux@sha256:3111399a4047eeb3a02b7a90e478d715f38a8c6669b5c4b49d30a17385265909" "sleep" "infinity", kill_on_drop: false }`
[INFO] [stdout] c616fbae788b2d186c29199197c7052b3bd2b51f541ba4ab9effab4ba7a423c8
[INFO] running `Command { std: "docker" "start" "c616fbae788b2d186c29199197c7052b3bd2b51f541ba4ab9effab4ba7a423c8", kill_on_drop: false }`
[INFO] running `Command { std: "docker" "inspect" "c616fbae788b2d186c29199197c7052b3bd2b51f541ba4ab9effab4ba7a423c8", kill_on_drop: false }`
[INFO] running `Command { std: "docker" "exec" "-e" "SOURCE_DIR=/opt/rustwide/workdir" "-e" "CARGO_HOME=/opt/rustwide/cargo-home" "-e" "RUSTUP_HOME=/opt/rustwide/rustup-home" "-e" "CARGO_TARGET_DIR=/opt/rustwide/target" "-w" "/opt/rustwide/workdir" "--user" "0:0" "c616fbae788b2d186c29199197c7052b3bd2b51f541ba4ab9effab4ba7a423c8" "/opt/rustwide/cargo-home/bin/cargo" "+1.100.0-beta.1" "metadata" "--no-deps" "--format-version=1", kill_on_drop: false }`
[INFO] running `Command { std: "docker" "inspect" "c616fbae788b2d186c29199197c7052b3bd2b51f541ba4ab9effab4ba7a423c8", kill_on_drop: false }`
[INFO] running `Command { std: "docker" "exec" "-e" "SOURCE_DIR=/opt/rustwide/workdir" "-e" "CARGO_HOME=/opt/rustwide/cargo-home" "-e" "RUSTUP_HOME=/opt/rustwide/rustup-home" "-e" "CARGO_TARGET_DIR=/opt/rustwide/target" "-e" "CARGO_INCREMENTAL=0" "-e" "RUST_BACKTRACE=full" "-e" "RUSTFLAGS=--cap-lints=warn" "-e" "RUSTDOCFLAGS=--cap-lints=warn" "-w" "/opt/rustwide/workdir" "--user" "0:0" "c616fbae788b2d186c29199197c7052b3bd2b51f541ba4ab9effab4ba7a423c8" "/opt/rustwide/cargo-home/bin/cargo" "+1.100.0-beta.1" "build" "--frozen" "--message-format=json", kill_on_drop: false }`
[INFO] [stderr]    Compiling proc-macro2 v1.0.107
[INFO] [stderr]    Compiling quote v1.0.47
[INFO] [stderr]    Compiling aho-corasick v1.1.5
[INFO] [stderr]    Compiling num-integer v0.1.47
[INFO] [stderr]    Compiling getrandom v0.3.4
[INFO] [stderr]    Compiling num-bigint v0.4.8
[INFO] [stderr]    Compiling syn v3.0.3
[INFO] [stderr]    Compiling regex-automata v0.4.18
[INFO] [stderr]    Compiling lungo-runtime v1.78.3254
[INFO] [stderr]    Compiling serde_derive v1.0.229
[INFO] [stderr]    Compiling regex v1.13.1
[INFO] [stderr]    Compiling lungo v1.78.3254
[INFO] [stderr]    Compiling serde v1.0.229
[INFO] [stderr]    Compiling tagged-urn v1.71.20 (/opt/rustwide/workdir)
[INFO] [stderr] warning: unused dependency `regex`
[INFO] [stderr]  --> Cargo.toml:4:15
[INFO] [stderr]   |
[INFO] [stderr] 4 | [dependencies.regex]
[INFO] [stderr]   |               ^^^^^^
[INFO] [stderr]   |
[INFO] [stderr]   = note: `cargo::unused_dependencies` is set to `warn` by default
[INFO] [stderr] help: consider removing the dependency on `regex`
[INFO] [stderr] warning: unused dependency `serde_json`
[INFO] [stderr]   --> Cargo.toml:11:15
[INFO] [stderr]    |
[INFO] [stderr] 11 | [dependencies.serde_json]
[INFO] [stderr]    |               ^^^^^^^^^^^
[INFO] [stderr]    |
[INFO] [stderr] help: consider removing the dependency on `serde_json`
[INFO] [stderr] warning: `tagged-urn` (manifest) generated 2 warnings
[INFO] [stderr]     Finished `dev` profile [unoptimized + debuginfo] target(s) in 11.52s
[INFO] running `Command { std: "docker" "inspect" "c616fbae788b2d186c29199197c7052b3bd2b51f541ba4ab9effab4ba7a423c8", kill_on_drop: false }`
[INFO] running `Command { std: "docker" "exec" "-e" "SOURCE_DIR=/opt/rustwide/workdir" "-e" "CARGO_HOME=/opt/rustwide/cargo-home" "-e" "RUSTUP_HOME=/opt/rustwide/rustup-home" "-e" "CARGO_TARGET_DIR=/opt/rustwide/target" "-e" "CARGO_INCREMENTAL=0" "-e" "RUST_BACKTRACE=full" "-e" "RUSTFLAGS=--cap-lints=warn" "-e" "RUSTDOCFLAGS=--cap-lints=warn" "-w" "/opt/rustwide/workdir" "--user" "0:0" "c616fbae788b2d186c29199197c7052b3bd2b51f541ba4ab9effab4ba7a423c8" "/opt/rustwide/cargo-home/bin/cargo" "+1.100.0-beta.1" "test" "--frozen" "--no-run" "--message-format=json", kill_on_drop: false }`
[INFO] [stderr]    Compiling tagged-urn v1.71.20 (/opt/rustwide/workdir)
[INFO] [stderr] warning: unused dependency `regex`
[INFO] [stderr]  --> Cargo.toml:4:15
[INFO] [stderr]   |
[INFO] [stderr] 4 | [dependencies.regex]
[INFO] [stderr]   |               ^^^^^^
[INFO] [stderr]   |
[INFO] [stderr]   = note: `cargo::unused_dependencies` is set to `warn` by default
[INFO] [stderr] help: consider removing the dependency on `regex`
[INFO] [stderr] warning: unused dependency `serde_json`
[INFO] [stderr]   --> Cargo.toml:11:15
[INFO] [stderr]    |
[INFO] [stderr] 11 | [dependencies.serde_json]
[INFO] [stderr]    |               ^^^^^^^^^^^
[INFO] [stderr]    |
[INFO] [stderr] help: consider removing the dependency on `serde_json`
[INFO] [stderr] help: to still use for development builds, move to `dev-dependencies`
[INFO] [stderr] warning: unused dependency `serde_json`
[INFO] [stderr]   --> Cargo.toml:14:19
[INFO] [stderr]    |
[INFO] [stderr] 14 | [dev-dependencies.serde_json]
[INFO] [stderr]    |                   ^^^^^^^^^^^
[INFO] [stderr]    |
[INFO] [stderr] help: consider removing the dependency on `serde_json`
[INFO] [stderr] help: to still use for development builds, move to `dev-dependencies`
[INFO] [stderr] warning: `tagged-urn` (manifest) generated 3 warnings
[INFO] [stderr]     Finished `test` profile [unoptimized + debuginfo] target(s) in 2.01s
[INFO] running `Command { std: "docker" "inspect" "c616fbae788b2d186c29199197c7052b3bd2b51f541ba4ab9effab4ba7a423c8", kill_on_drop: false }`
[INFO] running `Command { std: "docker" "exec" "-e" "SOURCE_DIR=/opt/rustwide/workdir" "-e" "CARGO_HOME=/opt/rustwide/cargo-home" "-e" "RUSTUP_HOME=/opt/rustwide/rustup-home" "-e" "CARGO_TARGET_DIR=/opt/rustwide/target" "-e" "CARGO_INCREMENTAL=0" "-e" "RUST_BACKTRACE=full" "-e" "RUSTFLAGS=--cap-lints=warn" "-e" "RUSTDOCFLAGS=--cap-lints=warn" "-w" "/opt/rustwide/workdir" "--user" "0:0" "c616fbae788b2d186c29199197c7052b3bd2b51f541ba4ab9effab4ba7a423c8" "/opt/rustwide/cargo-home/bin/cargo" "+1.100.0-beta.1" "test" "--frozen", kill_on_drop: false }`
[INFO] [stderr] warning: unused dependency `regex`
[INFO] [stderr]  --> Cargo.toml:4:15
[INFO] [stderr]   |
[INFO] [stderr] 4 | [dependencies.regex]
[INFO] [stderr]   |               ^^^^^^
[INFO] [stderr]   |
[INFO] [stderr]   = note: `cargo::unused_dependencies` is set to `warn` by default
[INFO] [stderr] help: consider removing the dependency on `regex`
[INFO] [stderr] warning: unused dependency `serde_json`
[INFO] [stderr]   --> Cargo.toml:11:15
[INFO] [stderr]    |
[INFO] [stderr] 11 | [dependencies.serde_json]
[INFO] [stderr]    |               ^^^^^^^^^^^
[INFO] [stderr]    |
[INFO] [stderr] help: consider removing the dependency on `serde_json`
[INFO] [stderr] help: to still use for development builds, move to `dev-dependencies`
[INFO] [stderr] warning: unused dependency `serde_json`
[INFO] [stderr]   --> Cargo.toml:14:19
[INFO] [stderr]    |
[INFO] [stderr] 14 | [dev-dependencies.serde_json]
[INFO] [stderr]    |                   ^^^^^^^^^^^
[INFO] [stderr]    |
[INFO] [stderr] help: consider removing the dependency on `serde_json`
[INFO] [stderr] help: to still use for development builds, move to `dev-dependencies`
[INFO] [stderr] warning: `tagged-urn` (manifest) generated 3 warnings
[INFO] [stderr]     Finished `test` profile [unoptimized + debuginfo] target(s) in 0.05s
[INFO] [stderr]      Running unittests src/lib.rs (/opt/rustwide/target/debug/build/tagged-urn/feb890a1fa2156cd/out/tagged_urn-feb890a1fa2156cd)
[INFO] [stdout] 
[INFO] [stdout] running 96 tests
[INFO] [stdout] test tagged_urn::tests::test0501_tagged_urn_creation ... ok
[INFO] [stdout] test tagged_urn::tests::test0504_prefix_mismatch_error ... ok
[INFO] [stdout] test tagged_urn::tests::test0502_custom_prefix ... ok
[INFO] [stdout] test tagged_urn::tests::test0503_prefix_case_insensitive ... ok
[INFO] [stdout] test tagged_urn::tests::test0506_unquoted_values_lowercased ... ok
[INFO] [stdout] test tagged_urn::tests::test0505_builder_with_prefix ... ok
[INFO] [stdout] test tagged_urn::tests::test0509_quoted_value_escape_sequences ... ok
[INFO] [stdout] test tagged_urn::tests::test0508_quoted_value_special_chars ... ok
[INFO] [stdout] test tagged_urn::test0001_tag_order_normalization ... ok
[INFO] [stdout] test tagged_urn::tests::test0510_mixed_quoted_unquoted ... ok
[INFO] [stdout] test tagged_urn::tests::test0515_round_trip_quoted ... ok
[INFO] [stdout] test tagged_urn::tests::test0507_quoted_values_preserve_case ... ok
[INFO] [stdout] test tagged_urn::tests::test0512_invalid_escape_sequence_error ... ok
[INFO] [stdout] test tagged_urn::tests::test0516_round_trip_escapes ... ok
[INFO] [stdout] test tagged_urn::tests::test0511_unterminated_quote_error ... ok
[INFO] [stdout] test tagged_urn::tests::test0513_serialization_smart_quoting ... ok
[INFO] [stdout] test tagged_urn::tests::test0519_canonical_string_format ... ok
[INFO] [stdout] test tagged_urn::tests::test0517_prefix_required ... ok
[INFO] [stdout] test tagged_urn::tests::test0514_round_trip_simple ... ok
[INFO] [stdout] test tagged_urn::tests::test0522_missing_tag_handling ... ok
[INFO] [stdout] test tagged_urn::tests::test0518_trailing_semicolon_equivalence ... ok
[INFO] [stdout] test tagged_urn::tests::test0520_tag_matching ... ok
[INFO] [stdout] test tagged_urn::tests::test0521_matching_case_sensitive_values ... ok
[INFO] [stdout] test tagged_urn::tests::test0527_best_match ... ok
[INFO] [stdout] test tagged_urn::tests::test0530_wildcard_tag ... ok
[INFO] [stdout] test tagged_urn::tests::test0531_empty_tagged_urn ... ok
[INFO] [stdout] test tagged_urn::tests::test0532_empty_with_custom_prefix ... ok
[INFO] [stdout] test tagged_urn::tests::test0526_directional_accepts_with_tag_overlap ... ok
[INFO] [stdout] test tagged_urn::tests::test0534_wildcard_restrictions ... ok
[INFO] [stdout] test tagged_urn::tests::test0535_duplicate_key_rejection ... ok
[INFO] [stdout] test tagged_urn::tests::test0529_merge_prefix_mismatch ... ok
[INFO] [stdout] test tagged_urn::tests::test0525_builder_preserves_case ... ok
[INFO] [stdout] test tagged_urn::tests::test0523_specificity ... ok
[INFO] [stdout] test tagged_urn::tests::test0537_empty_value_error ... ok
[INFO] [stdout] test tagged_urn::tests::test0538_has_tag_case_sensitive ... ok
[INFO] [stdout] test tagged_urn::tests::test0539_with_tag_preserves_value ... ok
[INFO] [stdout] test tagged_urn::tests::test0528_merge_and_subset ... ok
[INFO] [stdout] test tagged_urn::tests::test0524_builder ... ok
[INFO] [stdout] test tagged_urn::tests::test0540_with_tag_rejects_empty_value ... ok
[INFO] [stdout] test tagged_urn::tests::test0542_semantic_equivalence ... ok
[INFO] [stdout] test tagged_urn::tests::test0543_matching_semantics_test1_exact_match ... ok
[INFO] [stdout] test tagged_urn::tests::test0544_matching_semantics_test2_instance_missing_tag ... ok
[INFO] [stdout] test tagged_urn::tests::test0546_matching_semantics_test4_request_has_wildcard ... ok
[INFO] [stdout] test tagged_urn::tests::test0547_matching_semantics_test5_urn_has_wildcard ... ok
[INFO] [stdout] test tagged_urn::tests::test0545_matching_semantics_test3_urn_has_extra_tag ... ok
[INFO] [stdout] test tagged_urn::tests::test0536_numeric_key_restriction ... ok
[INFO] [stdout] test tagged_urn::tests::test0549_matching_semantics_test7_pattern_has_extra_tag ... ok
[INFO] [stdout] test tagged_urn::tests::test0548_matching_semantics_test6_value_mismatch ... ok
[INFO] [stdout] test tagged_urn::tests::test0552_matching_different_prefixes_error ... ok
[INFO] [stdout] test tagged_urn::tests::test0541_builder_rejects_empty_value ... ok
[INFO] [stdout] test tagged_urn::tests::test0533_extended_character_support ... ok
[INFO] [stdout] test tagged_urn::tests::test0551_matching_semantics_test9_cross_dimension_constraints ... ok
[INFO] [stdout] test tagged_urn::tests::test0550_matching_semantics_test8_empty_pattern_matches_anything ... ok
[INFO] [stdout] test tagged_urn::tests::test0556_valueless_tag_at_end ... ok
[INFO] [stdout] test tagged_urn::tests::test0555_valueless_tag_mixed_with_valued ... ok
[INFO] [stdout] test tagged_urn::tests::test0557_valueless_tag_equivalence_to_wildcard ... ok
[INFO] [stdout] test tagged_urn::tests::test0554_valueless_tag_parsing_multiple ... ok
[INFO] [stdout] test tagged_urn::tests::test0558_valueless_tag_matching ... ok
[INFO] [stdout] test tagged_urn::tests::test0559_valueless_tag_in_pattern ... ok
[INFO] [stdout] test tagged_urn::tests::test0561_valueless_tag_roundtrip ... ok
[INFO] [stdout] test tagged_urn::tests::test0563_empty_value_still_error ... ok
[INFO] [stdout] test tagged_urn::tests::test0562_valueless_tag_case_normalization ... ok
[INFO] [stdout] test tagged_urn::tests::test0564_valueless_tag_directional_accepts ... ok
[INFO] [stdout] test tagged_urn::tests::test0565_valueless_numeric_key_still_rejected ... ok
[INFO] [stdout] test tagged_urn::tests::test0566_whitespace_in_input_rejected ... ok
[INFO] [stdout] test tagged_urn::tests::test0567_unspecified_question_mark_parsing ... ok
[INFO] [stdout] test tagged_urn::tests::test0568_must_not_have_exclamation_parsing ... ok
[INFO] [stdout] test tagged_urn::tests::test0569_question_mark_pattern_matches_anything ... ok
[INFO] [stdout] test tagged_urn::tests::test0553_valueless_tag_parsing_single ... ok
[INFO] [stdout] test tagged_urn::tests::test0560_valueless_tag_specificity ... ok
[INFO] [stdout] test tagged_urn::tests::test0570_question_mark_in_instance ... ok
[INFO] [stdout] test tagged_urn::tests::test0572_must_not_have_in_instance ... ok
[INFO] [stdout] test tagged_urn::tests::test0574_mixed_special_values ... ok
[INFO] [stdout] test tagged_urn::tests::test0576_bidirectional_accepts_with_special_values ... ok
[INFO] [stdout] test tagged_urn::tests::test0571_must_not_have_pattern_requires_absent ... ok
[INFO] [stdout] test tagged_urn::tests::test578_equivalent_identical_tags ... ok
[INFO] [stdout] test tagged_urn::tests::test0577_specificity_with_special_values ... ok
[INFO] [stdout] test tagged_urn::tests::test579_not_equivalent_when_one_more_specific ... ok
[INFO] [stdout] test tagged_urn::tests::test587_builder_fluent_api ... ok
[INFO] [stdout] test tagged_urn::tests::test580_comparable_specialization_chain ... ok
[INFO] [stdout] test tagged_urn::tests::test590_builder_empty_build ... ok
[INFO] [stdout] test tagged_urn::tests::test588_builder_custom_tags ... ok
[INFO] [stdout] test tagged_urn::tests::test591_builder_single_tag ... ok
[INFO] [stdout] test tagged_urn::tests::test585_string_variants ... ok
[INFO] [stdout] test tagged_urn::tests::test589_builder_tag_overrides ... ok
[INFO] [stdout] test tagged_urn::tests::test592_builder_complex ... ok
[INFO] [stdout] test tagged_urn::tests::test586_special_values ... ok
[INFO] [stdout] test tagged_urn::tests::test593_builder_wildcards ... ok
[INFO] [stdout] test tagged_urn::tests::test584_empty_tags_comparable_to_all ... ok
[INFO] [stdout] test tagged_urn::tests::test582_equivalent_implies_comparable ... ok
[INFO] [stdout] test tagged_urn::tests::test0575_serialization_round_trip_special_values ... ok
[INFO] [stdout] test tagged_urn::tests::test594_builder_custom_prefix ... ok
[INFO] [stdout] test tagged_urn::tests::test595_builder_matching_with_built_urn ... ok
[INFO] [stdout] test tagged_urn::tests::test0573_full_cross_product_matching ... ok
[INFO] [stdout] test tagged_urn::tests::test581_incomparable_different_branches ... ok
[INFO] [stdout] test tagged_urn::tests::test583_prefix_mismatch_errors ... ok
[INFO] [stdout] 
[INFO] [stdout] test result: ok. 96 passed; 0 failed; 0 ignored; 0 measured; 0 filtered out; finished in 0.02s
[INFO] [stdout] 
[INFO] [stderr]      Running tests/formal_conformance.rs (/opt/rustwide/target/debug/build/tagged-urn/98195f3f57fc4784/out/formal_conformance-98195f3f57fc4784)
[INFO] [stdout] 
[INFO] [stdout] running 1 test
[INFO] [stdout] test test599_every_row_of_the_model_s_table ... FAILED
[INFO] [stdout] 
[INFO] [stdout] failures:
[INFO] [stdout] 
[INFO] [stdout] ---- test599_every_row_of_the_model_s_table stdout ----
[INFO] [stdout] 
[INFO] [stdout] thread 'test599_every_row_of_the_model_s_table' (541) panicked at tests/formal_conformance.rs:18:61:
[INFO] [stdout] the model's table: Os { code: 2, kind: NotFound, message: "No such file or directory" }
[INFO] [stdout] stack backtrace:
[INFO] [stdout]    0:     0x56a158f0a951 - std[617be2ca0a6fd877]::backtrace_rs::backtrace::libunwind::trace
[INFO] [stdout]                                at /rustc/e3feeb59cd1bdd011a2bfcc0747b55125d9b8527/library/std/src/../../backtrace/src/backtrace/libunwind.rs:117:9
[INFO] [stdout]    1:     0x56a158f0a951 - std[617be2ca0a6fd877]::backtrace_rs::backtrace::trace_unsynchronized::<std[617be2ca0a6fd877]::sys::backtrace::_print_fmt::{closure#1}>
[INFO] [stdout]                                at /rustc/e3feeb59cd1bdd011a2bfcc0747b55125d9b8527/library/std/src/../../backtrace/src/backtrace/mod.rs:66:14
[INFO] [stdout]    2:     0x56a158f0a951 - std[617be2ca0a6fd877]::sys::backtrace::_print_fmt
[INFO] [stdout]                                at /rustc/e3feeb59cd1bdd011a2bfcc0747b55125d9b8527/library/std/src/sys/backtrace.rs:74:9
[INFO] [stdout]    3:     0x56a158f0a951 - <<std[617be2ca0a6fd877]::sys::backtrace::BacktraceLock>::print::DisplayBacktrace as core[a373ad73a504971]::fmt::Display>::fmt
[INFO] [stdout]                                at /rustc/e3feeb59cd1bdd011a2bfcc0747b55125d9b8527/library/std/src/sys/backtrace.rs:44:26
[INFO] [stdout]    4:     0x56a158f2041a - <core[a373ad73a504971]::fmt::rt::Argument>::fmt
[INFO] [stdout]                                at /rustc/e3feeb59cd1bdd011a2bfcc0747b55125d9b8527/library/core/src/fmt/rt.rs:152:76
[INFO] [stdout]    5:     0x56a158f2041a - core[a373ad73a504971]::fmt::write
[INFO] [stdout]    6:     0x56a158f0f0ec - core[a373ad73a504971]::io::write::default_write_fmt::<alloc[2e1b2a31b91974c5]::vec::Vec<u8>>
[INFO] [stdout]                                at /rustc/e3feeb59cd1bdd011a2bfcc0747b55125d9b8527/library/core/src/io/write.rs:402:11
[INFO] [stdout]    7:     0x56a158f0f0ec - <alloc[2e1b2a31b91974c5]::vec::Vec<u8> as core[a373ad73a504971]::io::write::Write>::write_fmt
[INFO] [stdout]                                at /rustc/e3feeb59cd1bdd011a2bfcc0747b55125d9b8527/library/core/src/io/write.rs:335:13
[INFO] [stdout]    8:     0x56a158ee6576 - <std[617be2ca0a6fd877]::sys::backtrace::BacktraceLock>::print
[INFO] [stdout]                                at /rustc/e3feeb59cd1bdd011a2bfcc0747b55125d9b8527/library/std/src/sys/backtrace.rs:47:9
[INFO] [stdout]    9:     0x56a158ee6576 - std[617be2ca0a6fd877]::panicking::default_hook::{closure#0}
[INFO] [stdout]                                at /rustc/e3feeb59cd1bdd011a2bfcc0747b55125d9b8527/library/std/src/panicking.rs:289:27
[INFO] [stdout]   10:     0x56a158f02bf9 - std[617be2ca0a6fd877]::panicking::default_hook
[INFO] [stdout]                                at /rustc/e3feeb59cd1bdd011a2bfcc0747b55125d9b8527/library/std/src/panicking.rs:313:9
[INFO] [stdout]   11:     0x56a158dfdb10 - <alloc[2e1b2a31b91974c5]::boxed::Box<dyn for<'a, 'b> core[a373ad73a504971]::ops::function::Fn<(&'a std[617be2ca0a6fd877]::panic::PanicHookInfo<'b>,), Output = ()> + core[a373ad73a504971]::marker::Sync + core[a373ad73a504971]::marker::Send> as core[a373ad73a504971]::ops::function::Fn<(&std[617be2ca0a6fd877]::panic::PanicHookInfo,)>>::call
[INFO] [stdout]                                at /rustc/e3feeb59cd1bdd011a2bfcc0747b55125d9b8527/library/alloc/src/boxed.rs:2328:9
[INFO] [stdout]   12:     0x56a158dfdb10 - test[aada8e7e76ba119b]::test_main_inner::{closure#0}
[INFO] [stdout]                                at /rustc/e3feeb59cd1bdd011a2bfcc0747b55125d9b8527/library/test/src/lib.rs:137:21
[INFO] [stdout]   13:     0x56a158f02db2 - <alloc[2e1b2a31b91974c5]::boxed::Box<dyn for<'a, 'b> core[a373ad73a504971]::ops::function::Fn<(&'a std[617be2ca0a6fd877]::panic::PanicHookInfo<'b>,), Output = ()> + core[a373ad73a504971]::marker::Sync + core[a373ad73a504971]::marker::Send> as core[a373ad73a504971]::ops::function::Fn<(&std[617be2ca0a6fd877]::panic::PanicHookInfo,)>>::call
[INFO] [stdout]                                at /rustc/e3feeb59cd1bdd011a2bfcc0747b55125d9b8527/library/alloc/src/boxed.rs:2328:9
[INFO] [stdout]   14:     0x56a158f02db2 - std[617be2ca0a6fd877]::panicking::panic_with_hook
[INFO] [stdout]                                at /rustc/e3feeb59cd1bdd011a2bfcc0747b55125d9b8527/library/std/src/panicking.rs:819:13
[INFO] [stdout]   15:     0x56a158ee6622 - std[617be2ca0a6fd877]::panicking::panic_handler::{closure#0}
[INFO] [stdout]                                at /rustc/e3feeb59cd1bdd011a2bfcc0747b55125d9b8527/library/std/src/panicking.rs:685:13
[INFO] [stdout]   16:     0x56a158edec19 - std[617be2ca0a6fd877]::sys::backtrace::__rust_end_short_backtrace::<std[617be2ca0a6fd877]::panicking::panic_handler::{closure#0}, !>
[INFO] [stdout]                                at /rustc/e3feeb59cd1bdd011a2bfcc0747b55125d9b8527/library/std/src/sys/backtrace.rs:182:18
[INFO] [stdout]   17:     0x56a158ee733d - __rustc[ea4f61d10b84890b]::rust_begin_unwind
[INFO] [stdout]                                at /rustc/e3feeb59cd1bdd011a2bfcc0747b55125d9b8527/library/std/src/panicking.rs:676:5
[INFO] [stdout]   18:     0x56a158f20c0c - core[a373ad73a504971]::panicking::panic_fmt
[INFO] [stdout]                                at /rustc/e3feeb59cd1bdd011a2bfcc0747b55125d9b8527/library/core/src/panicking.rs:80:14
[INFO] [stdout]   19:     0x56a158f20962 - core[a373ad73a504971]::result::unwrap_failed
[INFO] [stdout]                                at /rustc/e3feeb59cd1bdd011a2bfcc0747b55125d9b8527/library/core/src/result.rs:1870:5
[INFO] [stdout]   20:     0x56a158dc7073 - <core[a373ad73a504971]::result::Result<alloc[2e1b2a31b91974c5]::string::String, core[a373ad73a504971]::io::error::Error>>::expect
[INFO] [stdout]                                at /rustc/e3feeb59cd1bdd011a2bfcc0747b55125d9b8527/library/core/src/result.rs:1184:23
[INFO] [stdout]   21:     0x56a158dc5190 - formal_conformance[f9b15037b195cebb]::test599_every_row_of_the_model_s_table
[INFO] [stdout]                                at /opt/rustwide/workdir/tests/formal_conformance.rs:18:61
[INFO] [stdout]   22:     0x56a158dc4f77 - formal_conformance[f9b15037b195cebb]::test599_every_row_of_the_model_s_table::{closure#0}
[INFO] [stdout]                                at /opt/rustwide/workdir/tests/formal_conformance.rs:15:44
[INFO] [stdout]   23:     0x56a158dc7986 - <formal_conformance[f9b15037b195cebb]::test599_every_row_of_the_model_s_table::{closure#0} as core[a373ad73a504971]::ops::function::FnOnce<()>>::call_once
[INFO] [stdout]                                at /rustc/e3feeb59cd1bdd011a2bfcc0747b55125d9b8527/library/core/src/ops/function.rs:250:5
[INFO] [stdout]   24:     0x56a158df0f5b - <fn() -> core[a373ad73a504971]::result::Result<(), alloc[2e1b2a31b91974c5]::string::String> as core[a373ad73a504971]::ops::function::FnOnce<()>>::call_once
[INFO] [stdout]                                at /rustc/e3feeb59cd1bdd011a2bfcc0747b55125d9b8527/library/core/src/ops/function.rs:250:5
[INFO] [stdout]   25:     0x56a158df0f5b - test[aada8e7e76ba119b]::__rust_begin_short_backtrace::<core[a373ad73a504971]::result::Result<(), alloc[2e1b2a31b91974c5]::string::String>, fn() -> core[a373ad73a504971]::result::Result<(), alloc[2e1b2a31b91974c5]::string::String>>
[INFO] [stdout]                                at /rustc/e3feeb59cd1bdd011a2bfcc0747b55125d9b8527/library/test/src/lib.rs:701:18
[INFO] [stdout]   26:     0x56a158dfe135 - test[aada8e7e76ba119b]::run_test_in_process::{closure#0}
[INFO] [stdout]                                at /rustc/e3feeb59cd1bdd011a2bfcc0747b55125d9b8527/library/test/src/lib.rs:724:74
[INFO] [stdout]   27:     0x56a158dfe135 - <core[a373ad73a504971]::panic::unwind_safe::AssertUnwindSafe<test[aada8e7e76ba119b]::run_test_in_process::{closure#0}> as core[a373ad73a504971]::ops::function::FnOnce<()>>::call_once
[INFO] [stdout]                                at /rustc/e3feeb59cd1bdd011a2bfcc0747b55125d9b8527/library/core/src/panic/unwind_safe.rs:275:9
[INFO] [stdout]   28:     0x56a158dfe135 - std[617be2ca0a6fd877]::panicking::catch_unwind::do_call::<core[a373ad73a504971]::panic::unwind_safe::AssertUnwindSafe<test[aada8e7e76ba119b]::run_test_in_process::{closure#0}>, core[a373ad73a504971]::result::Result<(), alloc[2e1b2a31b91974c5]::string::String>>
[INFO] [stdout]                                at /rustc/e3feeb59cd1bdd011a2bfcc0747b55125d9b8527/library/std/src/panicking.rs:573:43
[INFO] [stdout]   29:     0x56a158dfe135 - std[617be2ca0a6fd877]::panicking::catch_unwind::<core[a373ad73a504971]::result::Result<(), alloc[2e1b2a31b91974c5]::string::String>, core[a373ad73a504971]::panic::unwind_safe::AssertUnwindSafe<test[aada8e7e76ba119b]::run_test_in_process::{closure#0}>>
[INFO] [stdout]                                at /rustc/e3feeb59cd1bdd011a2bfcc0747b55125d9b8527/library/std/src/panicking.rs:541:19
[INFO] [stdout]   30:     0x56a158dfe135 - std[617be2ca0a6fd877]::panic::catch_unwind::<core[a373ad73a504971]::panic::unwind_safe::AssertUnwindSafe<test[aada8e7e76ba119b]::run_test_in_process::{closure#0}>, core[a373ad73a504971]::result::Result<(), alloc[2e1b2a31b91974c5]::string::String>>
[INFO] [stdout]                                at /rustc/e3feeb59cd1bdd011a2bfcc0747b55125d9b8527/library/std/src/panic.rs:359:14
[INFO] [stdout]   31:     0x56a158dfe135 - test[aada8e7e76ba119b]::run_test_in_process
[INFO] [stdout]                                at /rustc/e3feeb59cd1bdd011a2bfcc0747b55125d9b8527/library/test/src/lib.rs:724:27
[INFO] [stdout]   32:     0x56a158dfe135 - test[aada8e7e76ba119b]::run_test::{closure#0}
[INFO] [stdout]                                at /rustc/e3feeb59cd1bdd011a2bfcc0747b55125d9b8527/library/test/src/lib.rs:645:43
[INFO] [stdout]   33:     0x56a158df7a24 - test[aada8e7e76ba119b]::run_test::{closure#1}
[INFO] [stdout]                                at /rustc/e3feeb59cd1bdd011a2bfcc0747b55125d9b8527/library/test/src/lib.rs:675:41
[INFO] [stdout]   34:     0x56a158df7a24 - std[617be2ca0a6fd877]::sys::backtrace::__rust_begin_short_backtrace::<test[aada8e7e76ba119b]::run_test::{closure#1}, ()>
[INFO] [stdout]                                at /rustc/e3feeb59cd1bdd011a2bfcc0747b55125d9b8527/library/std/src/sys/backtrace.rs:166:18
[INFO] [stdout]   35:     0x56a158e011c2 - std[617be2ca0a6fd877]::thread::lifecycle::spawn_unchecked::<test[aada8e7e76ba119b]::run_test::{closure#1}, ()>::{closure#1}::{closure#0}
[INFO] [stdout]                                at /rustc/e3feeb59cd1bdd011a2bfcc0747b55125d9b8527/library/std/src/thread/lifecycle.rs:70:13
[INFO] [stdout]   36:     0x56a158e011c2 - <core[a373ad73a504971]::panic::unwind_safe::AssertUnwindSafe<std[617be2ca0a6fd877]::thread::lifecycle::spawn_unchecked<test[aada8e7e76ba119b]::run_test::{closure#1}, ()>::{closure#1}::{closure#0}> as core[a373ad73a504971]::ops::function::FnOnce<()>>::call_once
[INFO] [stdout]                                at /rustc/e3feeb59cd1bdd011a2bfcc0747b55125d9b8527/library/core/src/panic/unwind_safe.rs:275:9
[INFO] [stdout]   37:     0x56a158e011c2 - std[617be2ca0a6fd877]::panicking::catch_unwind::do_call::<core[a373ad73a504971]::panic::unwind_safe::AssertUnwindSafe<std[617be2ca0a6fd877]::thread::lifecycle::spawn_unchecked<test[aada8e7e76ba119b]::run_test::{closure#1}, ()>::{closure#1}::{closure#0}>, ()>
[INFO] [stdout]                                at /rustc/e3feeb59cd1bdd011a2bfcc0747b55125d9b8527/library/std/src/panicking.rs:573:43
[INFO] [stdout]   38:     0x56a158e011c2 - std[617be2ca0a6fd877]::panicking::catch_unwind::<(), core[a373ad73a504971]::panic::unwind_safe::AssertUnwindSafe<std[617be2ca0a6fd877]::thread::lifecycle::spawn_unchecked<test[aada8e7e76ba119b]::run_test::{closure#1}, ()>::{closure#1}::{closure#0}>>
[INFO] [stdout]                                at /rustc/e3feeb59cd1bdd011a2bfcc0747b55125d9b8527/library/std/src/panicking.rs:541:19
[INFO] [stdout]   39:     0x56a158e011c2 - std[617be2ca0a6fd877]::panic::catch_unwind::<core[a373ad73a504971]::panic::unwind_safe::AssertUnwindSafe<std[617be2ca0a6fd877]::thread::lifecycle::spawn_unchecked<test[aada8e7e76ba119b]::run_test::{closure#1}, ()>::{closure#1}::{closure#0}>, ()>
[INFO] [stdout]                                at /rustc/e3feeb59cd1bdd011a2bfcc0747b55125d9b8527/library/std/src/panic.rs:359:14
[INFO] [stdout]   40:     0x56a158e011c2 - std[617be2ca0a6fd877]::thread::lifecycle::spawn_unchecked::<test[aada8e7e76ba119b]::run_test::{closure#1}, ()>::{closure#1}
[INFO] [stdout]                                at /rustc/e3feeb59cd1bdd011a2bfcc0747b55125d9b8527/library/std/src/thread/lifecycle.rs:68:26
[INFO] [stdout]   41:     0x56a158e011c2 - <std[617be2ca0a6fd877]::thread::lifecycle::spawn_unchecked<test[aada8e7e76ba119b]::run_test::{closure#1}, ()>::{closure#1} as core[a373ad73a504971]::ops::function::FnOnce<()>>::call_once::{shim:vtable#0}
[INFO] [stdout]                                at /rustc/e3feeb59cd1bdd011a2bfcc0747b55125d9b8527/library/core/src/ops/function.rs:250:5
[INFO] [stdout]   42:     0x56a158f09e4f - <alloc[2e1b2a31b91974c5]::boxed::Box<dyn core[a373ad73a504971]::ops::function::FnOnce<(), Output = ()> + core[a373ad73a504971]::marker::Send> as core[a373ad73a504971]::ops::function::FnOnce<()>>::call_once
[INFO] [stdout]                                at /rustc/e3feeb59cd1bdd011a2bfcc0747b55125d9b8527/library/alloc/src/boxed.rs:2314:9
[INFO] [stdout]   43:     0x56a158f09e4f - <std[617be2ca0a6fd877]::sys::thread::unix::Thread>::new::thread_start
[INFO] [stdout]                                at /rustc/e3feeb59cd1bdd011a2bfcc0747b55125d9b8527/library/std/src/sys/thread/unix.rs:127:17
[INFO] [stdout]   44:     0x76300834bdfa - <unknown>
[INFO] [stdout]   45:     0x7630083df3d4 - clone
[INFO] [stdout]   46:                0x0 - <unknown>
[INFO] [stdout] 
[INFO] [stdout] 
[INFO] [stdout] failures:
[INFO] [stdout]     test599_every_row_of_the_model_s_table
[INFO] [stdout] 
[INFO] [stdout] test result: FAILED. 0 passed; 1 failed; 0 ignored; 0 measured; 0 filtered out; finished in 0.03s
[INFO] [stdout] 
[INFO] [stderr] error: test failed, to rerun pass `--test formal_conformance`
[INFO] running `Command { std: "docker" "inspect" "c616fbae788b2d186c29199197c7052b3bd2b51f541ba4ab9effab4ba7a423c8", kill_on_drop: false }`
[INFO] running `Command { std: "docker" "rm" "-f" "c616fbae788b2d186c29199197c7052b3bd2b51f541ba4ab9effab4ba7a423c8", kill_on_drop: false }`
[INFO] [stdout] c616fbae788b2d186c29199197c7052b3bd2b51f541ba4ab9effab4ba7a423c8
