[INFO] fetching crate tacet-eval 0.1.11...
[INFO] testing tacet-eval-0.1.11 against 1.99.0-beta.8 for beta-1.100-2
[INFO] extracting crate tacet-eval 0.1.11 into /workspace/builds/worker-4-tc1/source
[INFO] started tweaking crates.io crate tacet-eval 0.1.11
[INFO] removed 0 missing examples
[INFO] removed 0 missing tests
[INFO] finished tweaking crates.io crate tacet-eval 0.1.11
[INFO] tweaked toml for crates.io crate tacet-eval 0.1.11 written to /workspace/builds/worker-4-tc1/source/Cargo.toml
[INFO] validating manifest of crates.io crate tacet-eval 0.1.11 on toolchain 1.99.0-beta.8
[INFO] running `Command { std: CARGO_HOME="/workspace/cargo-home" RUSTUP_HOME="/workspace/rustup-home" "/workspace/cargo-home/bin/cargo" "+1.99.0-beta.8" "metadata" "--manifest-path" "Cargo.toml" "--no-deps", kill_on_drop: false }`
[INFO] crate crates.io crate tacet-eval 0.1.11 already has a lockfile, it will not be regenerated
[INFO] running `Command { std: CARGO_HOME="/workspace/cargo-home" RUSTUP_HOME="/workspace/rustup-home" "/workspace/cargo-home/bin/cargo" "+1.99.0-beta.8" "fetch" "--manifest-path" "Cargo.toml", kill_on_drop: false }`
[INFO] [stderr]     Blocking waiting for file lock on package cache
[INFO] [stderr]     Updating crates.io index
[INFO] [stderr]     Blocking waiting for file lock on package cache
[INFO] [stderr]  Downloading crates ...
[INFO] [stderr]   Downloaded tacet-skills v0.1.2
[INFO] [stderr]   Downloaded tacet-zip v0.1.2
[INFO] [stderr]   Downloaded tacet-kernel v0.1.6
[INFO] [stderr]   Downloaded serde_plain v1.0.2
[INFO] [stderr]   Downloaded tacet-memory v0.1.2
[INFO] [stderr]   Downloaded tacet-web v0.1.6
[INFO] [stderr]   Downloaded ug-metal v0.5.0
[INFO] [stderr]   Downloaded bytemuck_derive v1.11.0
[INFO] [stderr]   Downloaded tacet-mcp v0.2.1
[INFO] [stderr]   Downloaded tacet-grammar v0.2.1
[INFO] [stderr]   Downloaded candle-nn v0.11.0
[INFO] [stderr]   Downloaded tacet-engine v0.1.12
[INFO] [stderr]   Downloaded candle-metal-kernels v0.11.0
[INFO] [stderr]   Downloaded tacet-tools v0.1.15
[INFO] [stderr]   Downloaded candle-transformers v0.11.0
[INFO] [stderr]   Downloaded cudarc v0.19.8
[INFO] [stderr]   Downloaded metal v0.29.0
[INFO] running `Command { std: "docker" "create" "-v" "/var/lib/crater-agent-workspace/builds/worker-4-tc1/source:/opt/rustwide/workdir:ro,Z" "-v" "/var/lib/crater-agent-workspace/builds/worker-4-tc1/target:/opt/rustwide/target:rw,Z" "-v" "/var/lib/crater-agent-workspace/cargo-home:/opt/rustwide/cargo-home:ro,Z" "-v" "/var/lib/crater-agent-workspace/rustup-home:/opt/rustwide/rustup-home:ro,Z" "-m" "1610612736" "--network" "none" "ghcr.io/rust-lang/crates-build-env/linux@sha256:3111399a4047eeb3a02b7a90e478d715f38a8c6669b5c4b49d30a17385265909" "sleep" "infinity", kill_on_drop: false }`
[INFO] [stdout] 432828f000409d5693e557208dc63af2f4b8d1fca32eb1df248d4b7bae293d83
[INFO] running `Command { std: "docker" "start" "432828f000409d5693e557208dc63af2f4b8d1fca32eb1df248d4b7bae293d83", kill_on_drop: false }`
[INFO] running `Command { std: "docker" "inspect" "432828f000409d5693e557208dc63af2f4b8d1fca32eb1df248d4b7bae293d83", kill_on_drop: false }`
[INFO] running `Command { std: "docker" "exec" "-e" "SOURCE_DIR=/opt/rustwide/workdir" "-e" "CARGO_HOME=/opt/rustwide/cargo-home" "-e" "RUSTUP_HOME=/opt/rustwide/rustup-home" "-e" "CARGO_TARGET_DIR=/opt/rustwide/target" "-w" "/opt/rustwide/workdir" "--user" "0:0" "432828f000409d5693e557208dc63af2f4b8d1fca32eb1df248d4b7bae293d83" "/opt/rustwide/cargo-home/bin/cargo" "+1.99.0-beta.8" "metadata" "--no-deps" "--format-version=1", kill_on_drop: false }`
[INFO] running `Command { std: "docker" "inspect" "432828f000409d5693e557208dc63af2f4b8d1fca32eb1df248d4b7bae293d83", kill_on_drop: false }`
[INFO] running `Command { std: "docker" "exec" "-e" "SOURCE_DIR=/opt/rustwide/workdir" "-e" "CARGO_HOME=/opt/rustwide/cargo-home" "-e" "RUSTUP_HOME=/opt/rustwide/rustup-home" "-e" "CARGO_TARGET_DIR=/opt/rustwide/target" "-e" "CARGO_INCREMENTAL=0" "-e" "RUST_BACKTRACE=full" "-e" "RUSTFLAGS=--cap-lints=warn" "-e" "RUSTDOCFLAGS=--cap-lints=warn" "-w" "/opt/rustwide/workdir" "--user" "0:0" "432828f000409d5693e557208dc63af2f4b8d1fca32eb1df248d4b7bae293d83" "/opt/rustwide/cargo-home/bin/cargo" "+1.99.0-beta.8" "build" "--frozen" "--message-format=json", kill_on_drop: false }`
[INFO] [stderr]    Compiling thiserror v2.0.19
[INFO] [stderr]    Compiling libc v0.2.186
[INFO] [stderr]    Compiling cc v1.3.0
[INFO] [stderr]    Compiling zeroize v1.9.0
[INFO] [stderr]    Compiling httparse v1.10.1
[INFO] [stderr]    Compiling log v0.4.33
[INFO] [stderr]    Compiling rustls v0.23.42
[INFO] [stderr]    Compiling syn v3.0.2
[INFO] [stderr]    Compiling serde_json v1.0.151
[INFO] [stderr]    Compiling http v1.4.2
[INFO] [stderr]    Compiling utf8-zero v0.8.1
[INFO] [stderr]    Compiling tacet-zip v0.1.2
[INFO] [stderr]    Compiling rustls-pki-types v1.15.0
[INFO] [stderr]    Compiling webpki-roots v1.0.9
[INFO] [stderr]    Compiling ureq-proto v0.6.0
[INFO] [stderr]    Compiling ring v0.17.14
[INFO] [stderr]    Compiling getrandom v0.2.17
[INFO] [stderr]    Compiling thiserror-impl v2.0.19
[INFO] [stderr]    Compiling serde_derive v1.0.229
[INFO] [stderr]    Compiling serde v1.0.229
[INFO] [stderr]    Compiling tacet-kernel v0.1.6
[INFO] [stderr]    Compiling tacet-skills v0.1.2
[INFO] [stderr]    Compiling tacet-grammar v0.2.1
[INFO] [stderr]    Compiling tacet-engine v0.1.12
[INFO] [stderr]    Compiling tacet-memory v0.1.2
[INFO] [stderr]    Compiling rustls-webpki v0.103.13
[INFO] [stderr]    Compiling ureq v3.3.0
[INFO] [stderr]    Compiling tacet-web v0.1.6
[INFO] [stderr]    Compiling tacet-mcp v0.2.1
[INFO] [stderr]    Compiling tacet-tools v0.1.15
[INFO] [stderr]    Compiling tacet-eval v0.1.11 (/opt/rustwide/workdir)
[INFO] [stderr]     Finished `dev` profile [unoptimized + debuginfo] target(s) in 21.20s
[INFO] running `Command { std: "docker" "inspect" "432828f000409d5693e557208dc63af2f4b8d1fca32eb1df248d4b7bae293d83", kill_on_drop: false }`
[INFO] running `Command { std: "docker" "exec" "-e" "SOURCE_DIR=/opt/rustwide/workdir" "-e" "CARGO_HOME=/opt/rustwide/cargo-home" "-e" "RUSTUP_HOME=/opt/rustwide/rustup-home" "-e" "CARGO_TARGET_DIR=/opt/rustwide/target" "-e" "CARGO_INCREMENTAL=0" "-e" "RUST_BACKTRACE=full" "-e" "RUSTFLAGS=--cap-lints=warn" "-e" "RUSTDOCFLAGS=--cap-lints=warn" "-w" "/opt/rustwide/workdir" "--user" "0:0" "432828f000409d5693e557208dc63af2f4b8d1fca32eb1df248d4b7bae293d83" "/opt/rustwide/cargo-home/bin/cargo" "+1.99.0-beta.8" "test" "--frozen" "--no-run" "--message-format=json", kill_on_drop: false }`
[INFO] [stderr]    Compiling tacet-eval v0.1.11 (/opt/rustwide/workdir)
[INFO] [stderr]     Finished `test` profile [unoptimized + debuginfo] target(s) in 4.14s
[INFO] running `Command { std: "docker" "inspect" "432828f000409d5693e557208dc63af2f4b8d1fca32eb1df248d4b7bae293d83", kill_on_drop: false }`
[INFO] running `Command { std: "docker" "exec" "-e" "SOURCE_DIR=/opt/rustwide/workdir" "-e" "CARGO_HOME=/opt/rustwide/cargo-home" "-e" "RUSTUP_HOME=/opt/rustwide/rustup-home" "-e" "CARGO_TARGET_DIR=/opt/rustwide/target" "-e" "CARGO_INCREMENTAL=0" "-e" "RUST_BACKTRACE=full" "-e" "RUSTFLAGS=--cap-lints=warn" "-e" "RUSTDOCFLAGS=--cap-lints=warn" "-w" "/opt/rustwide/workdir" "--user" "0:0" "432828f000409d5693e557208dc63af2f4b8d1fca32eb1df248d4b7bae293d83" "/opt/rustwide/cargo-home/bin/cargo" "+1.99.0-beta.8" "test" "--frozen", kill_on_drop: false }`
[INFO] [stderr]     Finished `test` profile [unoptimized + debuginfo] target(s) in 0.08s
[INFO] [stderr]      Running unittests src/lib.rs (/opt/rustwide/target/debug/deps/tacet_eval-6ea07d28467acca7)
[INFO] [stdout] 
[INFO] [stdout] running 66 tests
[INFO] [stdout] test analysis::tests::a_perfect_rate_is_not_certainty ... ok
[INFO] [stdout] test analysis::tests::the_auroc_interval_shows_what_eight_errors_buy ... ok
[INFO] [stdout] test analysis::tests::auroc_matches_hand_computed_cases ... ok
[INFO] [stdout] test analysis::tests::the_sign_test_matches_hand_computed_values ... ok
[INFO] [stdout] test bench::tests::a_case_expecting_a_tool_the_file_did_not_declare_is_refused ... ok
[INFO] [stdout] test bench::tests::a_case_that_contradicts_its_category_is_refused ... ok
[INFO] [stdout] test bench::tests::a_file_naming_a_tool_this_machine_lacks_is_reported_before_anything_runs ... ok
[INFO] [stdout] test analysis::tests::the_suite_size_a_claim_needs ... ok
[INFO] [stdout] test analysis::tests::a_wash_bootstrap_includes_zero ... ok
[INFO] [stdout] test analysis::tests::the_generator_does_not_get_stuck ... ok
[INFO] [stdout] test bench::tests::a_forbidden_tool_need_not_be_declared_but_an_expected_one_must_be ... ok
[INFO] [stdout] test runner::tests::a_digit_run_is_taken_whole_and_separators_split_it ... ok
[INFO] [stdout] test bench::tests::a_model_that_fails_the_irrelevance_gate_scores_below_one_that_misses_a_tool ... ok
[INFO] [stdout] test bench::tests::a_well_formed_file_parses_and_lands_on_the_runner_s_own_cases ... ok
[INFO] [stdout] test bench::tests::the_composite_is_the_weighted_mean_it_claims_to_be ... ok
[INFO] [stdout] test bench::tests::two_cases_with_the_same_name_are_refused ... ok
[INFO] [stdout] test bench::tests::an_axis_with_no_cases_is_left_out_rather_than_counted_against ... ok
[INFO] [stdout] test tests::every_group_of_cases_reaches_the_suite ... ok
[INFO] [stdout] test tests::the_case_set_is_wide_enough_and_the_names_are_unique ... ok
[INFO] [stdout] test analysis::tests::the_bootstrap_is_reproducible_and_brackets_the_truth ... ok
[INFO] [stdout] test tests::a_broken_case_is_caught ... ok
[INFO] [stdout] test tests::there_are_cases_that_must_not_call_a_tool ... ok
[INFO] [stdout] test tool_selection::language_table::an_answer_with_nothing_to_read_is_not_judged ... ok
[INFO] [stdout] test runner::tests::a_toolless_turn_is_not_grounded ... ok
[INFO] [stdout] test tool_selection::language_table::every_language_has_a_distinct_code_that_parses_back ... ok
[INFO] [stdout] test tool_selection::language_table::no_two_languages_claim_the_same_function_word ... ok
[INFO] [stdout] test tool_selection::language_table::each_language_recognises_itself_and_no_other ... ok
[INFO] [stdout] test tool_selection::ordering_probe::print_ordering ... ignored, diagnostic: prints, asserts nothing
[INFO] [stdout] test tool_selection::progress::a_duration_is_readable_at_the_scale_this_suite_actually_reaches ... ok
[INFO] [stdout] test tool_selection::progress::the_projection_is_the_running_mean_over_what_is_left ... ok
[INFO] [stdout] test tool_selection::language_table::no_two_languages_claim_the_same_letter ... ok
[INFO] [stdout] test tests::a_case_fails_if_a_tool_is_called_for_a_greeting ... ok
[INFO] [stdout] test tool_selection::suite_coverage::the_suite_carries_every_tool_it_is_shown ... FAILED
[INFO] [stdout] test tool_selection::tests::the_case_names_are_unique ... ok
[INFO] [stdout] test runner::tests::a_number_the_tool_never_produced_fails_a_grounded_case ... ok
[INFO] [stdout] test runner::tests::an_answer_that_stays_inside_the_tool_output_passes ... ok
[INFO] [stdout] test runner::tests::bulk_data_is_kept_out_of_the_prompt_and_forbidden_cannot_say_so ... ok
[INFO] [stdout] test tool_selection::tests::the_report_counts_the_two_rates_separately ... ok
[INFO] [stdout] test tool_selection::tests::the_time_intent_is_measured_with_different_phrasings ... ok
[INFO] [stdout] test tool_selection::tests::there_are_at_least_five_irrelevance_cases ... ok
[INFO] [stdout] test tool_selection::tests::there_are_at_least_three_multi_turn_cases ... ok
[INFO] [stdout] test runner::tests::a_cancelled_turn_writes_nothing ... ok
[INFO] [stdout] test tool_selection::trace_format::a_message_is_cut_by_character_so_turkish_does_not_panic ... ok
[INFO] [stdout] test tool_selection::trace_format::a_short_message_is_left_alone ... ok
[INFO] [stdout] test tool_selection::trace_format::control_characters_cannot_break_the_one_line_shape ... ok
[INFO] [stdout] test tool_selection::trigger_lint::an_answer_in_the_wrong_language_fails_the_language_gate ... ok
[INFO] [stdout] test tool_selection::trigger_lint::an_answer_with_no_words_is_not_judged_for_language ... ok
[INFO] [stdout] test runner::tests::the_approval_gate_has_two_arms_and_the_flag_chooses ... ok
[INFO] [stdout] test tool_selection::tests::the_expected_tools_exist_in_the_catalog ... ok
[INFO] [stdout] test tool_selection::trigger_lint::the_ascii_capital_i_is_not_a_turkish_letter ... ok
[INFO] [stdout] test tool_selection::trigger_lint::no_irrelevant_message_scores_on_any_profile ... ok
[INFO] [stdout] test tool_selection::tests::a_missing_tool_is_told_apart_from_a_regression ... ok
[INFO] [stdout] test tool_selection::tests::there_are_at_least_two_cases_for_every_tool ... ok
[INFO] [stdout] test tool_selection::tests::a_dried_tool_keeps_its_identity ... ok
[INFO] [stdout] test tool_selection::trigger_lint::no_suite_message_leaves_two_skills_tied ... ok
[INFO] [stdout] test tool_selection::tests::the_expected_tool_survives_the_budget_in_turkish_too ... ok
[INFO] [stdout] test tool_selection::tests::the_expected_tool_does_not_drop_out_of_the_routers_budget ... ok
[INFO] [stdout] test routing::tests::the_counts_agree_with_the_outcomes ... ok
[INFO] [stdout] test tool_selection::trigger_lint::the_suite_messages_reach_the_skill_guides_production_would_attach ... ok
[INFO] [stdout] test routing::tests::the_cases_name_tools_that_exist ... ok
[INFO] [stdout] test routing::tests::every_expected_tool_reaches_the_model ... ok
[INFO] [stdout] test routing::tests::a_connected_server_does_not_push_the_expected_tool_out_of_the_budget ... ok
[INFO] [stdout] test tests::the_report_json_and_table_give_the_same_number ... ok
[INFO] [stdout] test routing::tests::the_routing_run_is_deterministic ... ok
[INFO] [stdout] test tests::all_the_cases_pass_on_the_fake_engine ... ok
[INFO] [stdout] test tests::the_run_is_deterministic ... ok
[INFO] [stdout] 
[INFO] [stdout] failures:
[INFO] [stdout] 
[INFO] [stdout] ---- tool_selection::suite_coverage::the_suite_carries_every_tool_it_is_shown stdout ----
[INFO] [stdout] 
[INFO] [stdout] thread 'tool_selection::suite_coverage::the_suite_carries_every_tool_it_is_shown' (1251) panicked at src/tool_selection.rs:3848:13:
[INFO] [stdout] search_filter is excluded from the suite on the promise of a benchmark, and /opt/rustwide/workdir/../../benchmarks/tasks/search_filter.json does not exist
[INFO] [stdout] stack backtrace:
[INFO] [stdout]    0:     0x61d8696b7ce1 - std[70759c8f55707aa4]::backtrace_rs::backtrace::libunwind::trace
[INFO] [stdout]                                at /rustc/dfb0accb7f508ae8be965d8629557221c889dd98/library/std/src/../../backtrace/src/backtrace/libunwind.rs:117:9
[INFO] [stdout]    1:     0x61d8696b7ce1 - std[70759c8f55707aa4]::backtrace_rs::backtrace::trace_unsynchronized::<std[70759c8f55707aa4]::sys::backtrace::_print_fmt::{closure#1}>
[INFO] [stdout]                                at /rustc/dfb0accb7f508ae8be965d8629557221c889dd98/library/std/src/../../backtrace/src/backtrace/mod.rs:66:14
[INFO] [stdout]    2:     0x61d8696b7ce1 - std[70759c8f55707aa4]::sys::backtrace::_print_fmt
[INFO] [stdout]                                at /rustc/dfb0accb7f508ae8be965d8629557221c889dd98/library/std/src/sys/backtrace.rs:74:9
[INFO] [stdout]    3:     0x61d8696b7ce1 - <<std[70759c8f55707aa4]::sys::backtrace::BacktraceLock>::print::DisplayBacktrace as core[df12db4294e9bfd3]::fmt::Display>::fmt
[INFO] [stdout]                                at /rustc/dfb0accb7f508ae8be965d8629557221c889dd98/library/std/src/sys/backtrace.rs:44:26
[INFO] [stdout]    4:     0x61d8696d0b2a - <core[df12db4294e9bfd3]::fmt::rt::Argument>::fmt
[INFO] [stdout]                                at /rustc/dfb0accb7f508ae8be965d8629557221c889dd98/library/core/src/fmt/rt.rs:152:76
[INFO] [stdout]    5:     0x61d8696d0b2a - core[df12db4294e9bfd3]::fmt::write
[INFO] [stdout]    6:     0x61d8696bcc1c - core[df12db4294e9bfd3]::io::write::default_write_fmt::<alloc[2182bb758b4b3781]::vec::Vec<u8>>
[INFO] [stdout]                                at /rustc/dfb0accb7f508ae8be965d8629557221c889dd98/library/core/src/io/write.rs:402:11
[INFO] [stdout]    7:     0x61d8696bcc1c - <alloc[2182bb758b4b3781]::vec::Vec<u8> as core[df12db4294e9bfd3]::io::write::Write>::write_fmt
[INFO] [stdout]                                at /rustc/dfb0accb7f508ae8be965d8629557221c889dd98/library/core/src/io/write.rs:335:13
[INFO] [stdout]    8:     0x61d86968f836 - <std[70759c8f55707aa4]::sys::backtrace::BacktraceLock>::print
[INFO] [stdout]                                at /rustc/dfb0accb7f508ae8be965d8629557221c889dd98/library/std/src/sys/backtrace.rs:47:9
[INFO] [stdout]    9:     0x61d86968f836 - std[70759c8f55707aa4]::panicking::default_hook::{closure#0}
[INFO] [stdout]                                at /rustc/dfb0accb7f508ae8be965d8629557221c889dd98/library/std/src/panicking.rs:292:27
[INFO] [stdout]   10:     0x61d8696ae759 - std[70759c8f55707aa4]::panicking::default_hook
[INFO] [stdout]                                at /rustc/dfb0accb7f508ae8be965d8629557221c889dd98/library/std/src/panicking.rs:316:9
[INFO] [stdout]   11:     0x61d869179710 - <alloc[2182bb758b4b3781]::boxed::Box<dyn for<'a, 'b> core[df12db4294e9bfd3]::ops::function::Fn<(&'a std[70759c8f55707aa4]::panic::PanicHookInfo<'b>,), Output = ()> + core[df12db4294e9bfd3]::marker::Send + core[df12db4294e9bfd3]::marker::Sync> as core[df12db4294e9bfd3]::ops::function::Fn<(&std[70759c8f55707aa4]::panic::PanicHookInfo,)>>::call
[INFO] [stdout]                                at /rustc/dfb0accb7f508ae8be965d8629557221c889dd98/library/alloc/src/boxed.rs:2334:9
[INFO] [stdout]   12:     0x61d869179710 - test[9d35eded1c95d3be]::test_main_inner::<test[9d35eded1c95d3be]::test_main_static::{closure#0}>::{closure#0}
[INFO] [stdout]                                at /rustc/dfb0accb7f508ae8be965d8629557221c889dd98/library/test/src/lib.rs:155:21
[INFO] [stdout]   13:     0x61d8696ae912 - <alloc[2182bb758b4b3781]::boxed::Box<dyn for<'a, 'b> core[df12db4294e9bfd3]::ops::function::Fn<(&'a std[70759c8f55707aa4]::panic::PanicHookInfo<'b>,), Output = ()> + core[df12db4294e9bfd3]::marker::Send + core[df12db4294e9bfd3]::marker::Sync> as core[df12db4294e9bfd3]::ops::function::Fn<(&std[70759c8f55707aa4]::panic::PanicHookInfo,)>>::call
[INFO] [stdout]                                at /rustc/dfb0accb7f508ae8be965d8629557221c889dd98/library/alloc/src/boxed.rs:2334:9
[INFO] [stdout]   14:     0x61d8696ae912 - std[70759c8f55707aa4]::panicking::panic_with_hook
[INFO] [stdout]                                at /rustc/dfb0accb7f508ae8be965d8629557221c889dd98/library/std/src/panicking.rs:823:13
[INFO] [stdout]   15:     0x61d86968f8e2 - std[70759c8f55707aa4]::panicking::panic_handler::{closure#0}
[INFO] [stdout]                                at /rustc/dfb0accb7f508ae8be965d8629557221c889dd98/library/std/src/panicking.rs:688:13
[INFO] [stdout]   16:     0x61d869688209 - std[70759c8f55707aa4]::sys::backtrace::__rust_end_short_backtrace::<std[70759c8f55707aa4]::panicking::panic_handler::{closure#0}, !>
[INFO] [stdout]                                at /rustc/dfb0accb7f508ae8be965d8629557221c889dd98/library/std/src/sys/backtrace.rs:182:18
[INFO] [stdout]   17:     0x61d86969087d - __rustc[8fa7c3cbc660c2b3]::rust_begin_unwind
[INFO] [stdout]                                at /rustc/dfb0accb7f508ae8be965d8629557221c889dd98/library/std/src/panicking.rs:679:5
[INFO] [stdout]   18:     0x61d8696d131c - core[df12db4294e9bfd3]::panicking::panic_fmt
[INFO] [stdout]                                at /rustc/dfb0accb7f508ae8be965d8629557221c889dd98/library/core/src/panicking.rs:80:14
[INFO] [stdout]   19:     0x61d8691299e0 - tacet_eval[f96167dbb5253cf4]::tool_selection::suite_coverage::the_suite_carries_every_tool_it_is_shown
[INFO] [stdout]                                at /opt/rustwide/workdir/src/tool_selection.rs:3848:13
[INFO] [stdout]   20:     0x61d869126ab7 - tacet_eval[f96167dbb5253cf4]::tool_selection::suite_coverage::the_suite_carries_every_tool_it_is_shown::{closure#0}
[INFO] [stdout]                                at /opt/rustwide/workdir/src/tool_selection.rs:3836:50
[INFO] [stdout]   21:     0x61d8691425d6 - <tacet_eval[f96167dbb5253cf4]::tool_selection::suite_coverage::the_suite_carries_every_tool_it_is_shown::{closure#0} as core[df12db4294e9bfd3]::ops::function::FnOnce<()>>::call_once
[INFO] [stdout]                                at /rustc/dfb0accb7f508ae8be965d8629557221c889dd98/library/core/src/ops/function.rs:250:5
[INFO] [stdout]   22:     0x61d86916c9fb - <fn() -> core[df12db4294e9bfd3]::result::Result<(), alloc[2182bb758b4b3781]::string::String> as core[df12db4294e9bfd3]::ops::function::FnOnce<()>>::call_once
[INFO] [stdout]                                at /rustc/dfb0accb7f508ae8be965d8629557221c889dd98/library/core/src/ops/function.rs:250:5
[INFO] [stdout]   23:     0x61d86916c9fb - test[9d35eded1c95d3be]::__rust_begin_short_backtrace::<core[df12db4294e9bfd3]::result::Result<(), alloc[2182bb758b4b3781]::string::String>, fn() -> core[df12db4294e9bfd3]::result::Result<(), alloc[2182bb758b4b3781]::string::String>>
[INFO] [stdout]                                at /rustc/dfb0accb7f508ae8be965d8629557221c889dd98/library/test/src/lib.rs:733:18
[INFO] [stdout]   24:     0x61d86917a065 - test[9d35eded1c95d3be]::run_test_in_process::{closure#0}
[INFO] [stdout]                                at /rustc/dfb0accb7f508ae8be965d8629557221c889dd98/library/test/src/lib.rs:756:74
[INFO] [stdout]   25:     0x61d86917a065 - <core[df12db4294e9bfd3]::panic::unwind_safe::AssertUnwindSafe<test[9d35eded1c95d3be]::run_test_in_process::{closure#0}> as core[df12db4294e9bfd3]::ops::function::FnOnce<()>>::call_once
[INFO] [stdout]                                at /rustc/dfb0accb7f508ae8be965d8629557221c889dd98/library/core/src/panic/unwind_safe.rs:275:9
[INFO] [stdout]   26:     0x61d86917a065 - std[70759c8f55707aa4]::panicking::catch_unwind::do_call::<core[df12db4294e9bfd3]::panic::unwind_safe::AssertUnwindSafe<test[9d35eded1c95d3be]::run_test_in_process::{closure#0}>, core[df12db4294e9bfd3]::result::Result<(), alloc[2182bb758b4b3781]::string::String>>
[INFO] [stdout]                                at /rustc/dfb0accb7f508ae8be965d8629557221c889dd98/library/std/src/panicking.rs:576:43
[INFO] [stdout]   27:     0x61d86917a065 - std[70759c8f55707aa4]::panicking::catch_unwind::<core[df12db4294e9bfd3]::result::Result<(), alloc[2182bb758b4b3781]::string::String>, core[df12db4294e9bfd3]::panic::unwind_safe::AssertUnwindSafe<test[9d35eded1c95d3be]::run_test_in_process::{closure#0}>>
[INFO] [stdout]                                at /rustc/dfb0accb7f508ae8be965d8629557221c889dd98/library/std/src/panicking.rs:544:19
[INFO] [stdout]   28:     0x61d86917a065 - std[70759c8f55707aa4]::panic::catch_unwind::<core[df12db4294e9bfd3]::panic::unwind_safe::AssertUnwindSafe<test[9d35eded1c95d3be]::run_test_in_process::{closure#0}>, core[df12db4294e9bfd3]::result::Result<(), alloc[2182bb758b4b3781]::string::String>>
[INFO] [stdout]                                at /rustc/dfb0accb7f508ae8be965d8629557221c889dd98/library/std/src/panic.rs:359:14
[INFO] [stdout]   29:     0x61d86917a065 - test[9d35eded1c95d3be]::run_test_in_process
[INFO] [stdout]                                at /rustc/dfb0accb7f508ae8be965d8629557221c889dd98/library/test/src/lib.rs:756:27
[INFO] [stdout]   30:     0x61d86917a065 - test[9d35eded1c95d3be]::run_test::{closure#0}
[INFO] [stdout]                                at /rustc/dfb0accb7f508ae8be965d8629557221c889dd98/library/test/src/lib.rs:677:43
[INFO] [stdout]   31:     0x61d869173924 - test[9d35eded1c95d3be]::run_test::{closure#1}
[INFO] [stdout]                                at /rustc/dfb0accb7f508ae8be965d8629557221c889dd98/library/test/src/lib.rs:707:41
[INFO] [stdout]   32:     0x61d869173924 - std[70759c8f55707aa4]::sys::backtrace::__rust_begin_short_backtrace::<test[9d35eded1c95d3be]::run_test::{closure#1}, ()>
[INFO] [stdout]                                at /rustc/dfb0accb7f508ae8be965d8629557221c889dd98/library/std/src/sys/backtrace.rs:166:18
[INFO] [stdout]   33:     0x61d86917d1c2 - std[70759c8f55707aa4]::thread::lifecycle::spawn_unchecked::<test[9d35eded1c95d3be]::run_test::{closure#1}, ()>::{closure#1}::{closure#0}
[INFO] [stdout]                                at /rustc/dfb0accb7f508ae8be965d8629557221c889dd98/library/std/src/thread/lifecycle.rs:70:13
[INFO] [stdout]   34:     0x61d86917d1c2 - <core[df12db4294e9bfd3]::panic::unwind_safe::AssertUnwindSafe<std[70759c8f55707aa4]::thread::lifecycle::spawn_unchecked<test[9d35eded1c95d3be]::run_test::{closure#1}, ()>::{closure#1}::{closure#0}> as core[df12db4294e9bfd3]::ops::function::FnOnce<()>>::call_once
[INFO] [stdout]                                at /rustc/dfb0accb7f508ae8be965d8629557221c889dd98/library/core/src/panic/unwind_safe.rs:275:9
[INFO] [stdout]   35:     0x61d86917d1c2 - std[70759c8f55707aa4]::panicking::catch_unwind::do_call::<core[df12db4294e9bfd3]::panic::unwind_safe::AssertUnwindSafe<std[70759c8f55707aa4]::thread::lifecycle::spawn_unchecked<test[9d35eded1c95d3be]::run_test::{closure#1}, ()>::{closure#1}::{closure#0}>, ()>
[INFO] [stdout]                                at /rustc/dfb0accb7f508ae8be965d8629557221c889dd98/library/std/src/panicking.rs:576:43
[INFO] [stdout]   36:     0x61d86917d1c2 - std[70759c8f55707aa4]::panicking::catch_unwind::<(), core[df12db4294e9bfd3]::panic::unwind_safe::AssertUnwindSafe<std[70759c8f55707aa4]::thread::lifecycle::spawn_unchecked<test[9d35eded1c95d3be]::run_test::{closure#1}, ()>::{closure#1}::{closure#0}>>
[INFO] [stdout]                                at /rustc/dfb0accb7f508ae8be965d8629557221c889dd98/library/std/src/panicking.rs:544:19
[INFO] [stdout]   37:     0x61d86917d1c2 - std[70759c8f55707aa4]::panic::catch_unwind::<core[df12db4294e9bfd3]::panic::unwind_safe::AssertUnwindSafe<std[70759c8f55707aa4]::thread::lifecycle::spawn_unchecked<test[9d35eded1c95d3be]::run_test::{closure#1}, ()>::{closure#1}::{closure#0}>, ()>
[INFO] [stdout]                                at /rustc/dfb0accb7f508ae8be965d8629557221c889dd98/library/std/src/panic.rs:359:14
[INFO] [stdout]   38:     0x61d86917d1c2 - std[70759c8f55707aa4]::thread::lifecycle::spawn_unchecked::<test[9d35eded1c95d3be]::run_test::{closure#1}, ()>::{closure#1}
[INFO] [stdout]                                at /rustc/dfb0accb7f508ae8be965d8629557221c889dd98/library/std/src/thread/lifecycle.rs:68:26
[INFO] [stdout]   39:     0x61d86917d1c2 - <std[70759c8f55707aa4]::thread::lifecycle::spawn_unchecked<test[9d35eded1c95d3be]::run_test::{closure#1}, ()>::{closure#1} as core[df12db4294e9bfd3]::ops::function::FnOnce<()>>::call_once::{shim:vtable#0}
[INFO] [stdout]                                at /rustc/dfb0accb7f508ae8be965d8629557221c889dd98/library/core/src/ops/function.rs:250:5
[INFO] [stdout]   40:     0x61d8696b6819 - <alloc[2182bb758b4b3781]::boxed::Box<dyn core[df12db4294e9bfd3]::ops::function::FnOnce<(), Output = ()> + core[df12db4294e9bfd3]::marker::Send> as core[df12db4294e9bfd3]::ops::function::FnOnce<()>>::call_once
[INFO] [stdout]                                at /rustc/dfb0accb7f508ae8be965d8629557221c889dd98/library/alloc/src/boxed.rs:2320:9
[INFO] [stdout]   41:     0x61d8696b6819 - <std[70759c8f55707aa4]::sys::thread::unix::Thread>::new::thread_start
[INFO] [stdout]                                at /rustc/dfb0accb7f508ae8be965d8629557221c889dd98/library/std/src/sys/thread/unix.rs:123:17
[INFO] [stdout]   42:     0x752087ebddfa - <unknown>
[INFO] [stdout]   43:     0x752087f513d4 - clone
[INFO] [stdout]   44:                0x0 - <unknown>
[INFO] [stdout] 
[INFO] [stdout] 
[INFO] [stdout] failures:
[INFO] [stdout]     tool_selection::suite_coverage::the_suite_carries_every_tool_it_is_shown
[INFO] [stdout] 
[INFO] [stdout] test result: FAILED. 64 passed; 1 failed; 1 ignored; 0 measured; 0 filtered out; finished in 10.28s
[INFO] [stdout] 
[INFO] [stderr] error: test failed, to rerun pass `--lib`
[INFO] running `Command { std: "docker" "inspect" "432828f000409d5693e557208dc63af2f4b8d1fca32eb1df248d4b7bae293d83", kill_on_drop: false }`
[INFO] running `Command { std: "docker" "rm" "-f" "432828f000409d5693e557208dc63af2f4b8d1fca32eb1df248d4b7bae293d83", kill_on_drop: false }`
[INFO] [stdout] 432828f000409d5693e557208dc63af2f4b8d1fca32eb1df248d4b7bae293d83
