[INFO] fetching crate sz-orm-queue 9.0.0...
[INFO] testing sz-orm-queue-9.0.0 against 1.99.0-beta.8 for beta-1.100-2
[INFO] extracting crate sz-orm-queue 9.0.0 into /workspace/builds/worker-7-tc1/source
[INFO] started tweaking crates.io crate sz-orm-queue 9.0.0
[INFO] removed 0 missing tests
[INFO] finished tweaking crates.io crate sz-orm-queue 9.0.0
[INFO] tweaked toml for crates.io crate sz-orm-queue 9.0.0 written to /workspace/builds/worker-7-tc1/source/Cargo.toml
[INFO] validating manifest of crates.io crate sz-orm-queue 9.0.0 on toolchain 1.99.0-beta.8
[INFO] running `Command { std: CARGO_HOME="/workspace/cargo-home" RUSTUP_HOME="/workspace/rustup-home" "/workspace/cargo-home/bin/cargo" "+1.99.0-beta.8" "metadata" "--manifest-path" "Cargo.toml" "--no-deps", kill_on_drop: false }`
[INFO] crate crates.io crate sz-orm-queue 9.0.0 already has a lockfile, it will not be regenerated
[INFO] running `Command { std: CARGO_HOME="/workspace/cargo-home" RUSTUP_HOME="/workspace/rustup-home" "/workspace/cargo-home/bin/cargo" "+1.99.0-beta.8" "fetch" "--manifest-path" "Cargo.toml", kill_on_drop: false }`
[INFO] [stderr]     Updating crates.io index
[INFO] [stderr]  Downloading crates ...
[INFO] [stderr]   Downloaded sz-orm-masking v9.0.0
[INFO] [stderr]   Downloaded tokio-test v0.4.5
[INFO] [stderr]   Downloaded rdkafka v0.36.2
[INFO] [stderr]   Downloaded prost-derive v0.13.5
[INFO] [stderr]   Downloaded murmur3 v0.5.2
[INFO] [stderr]   Downloaded prost-types v0.13.5
[INFO] [stderr]   Downloaded resolv-conf v0.7.6
[INFO] [stderr]   Downloaded prost-build v0.13.5
[INFO] [stderr]   Downloaded ipconfig v0.3.4
[INFO] [stderr]   Downloaded rustls-connector v0.23.6
[INFO] [stderr]   Downloaded multimap v0.10.1
[INFO] [stderr]   Downloaded lapin v4.10.0
[INFO] [stderr]   Downloaded async-rs v0.8.11
[INFO] [stderr]   Downloaded hickory-net v0.26.1
[INFO] [stderr]   Downloaded amq-protocol-types v10.6.2
[INFO] [stderr]   Downloaded prost v0.13.5
[INFO] [stderr]   Downloaded hickory-resolver v0.26.1
[INFO] [stderr]   Downloaded async-global-executor v3.1.0
[INFO] [stderr]   Downloaded async-compat v0.2.5
[INFO] [stderr]   Downloaded async-nats v0.38.0
[INFO] [stderr]   Downloaded futures-rustls v0.26.0
[INFO] [stderr]   Downloaded amq-protocol v10.6.2
[INFO] [stderr]   Downloaded p12-keystore v0.2.1
[INFO] [stderr]   Downloaded prefix-trie v0.8.4
[INFO] [stderr]   Downloaded amq-protocol-uri v10.6.2
[INFO] [stderr]   Downloaded pkcs12 v0.1.0
[INFO] [stderr]   Downloaded tryhard v0.5.2
[INFO] [stderr]   Downloaded amq-protocol-tcp v10.6.2
[INFO] [stderr]   Downloaded cms v0.2.3
[INFO] [stderr]   Downloaded signatory v0.27.1
[INFO] [stderr]   Downloaded flagset v0.4.7
[INFO] [stderr]   Downloaded nuid v0.5.0
[INFO] [stderr]   Downloaded pkcs5 v0.7.1
[INFO] [stderr]   Downloaded der_derive v0.7.3
[INFO] [stderr]   Downloaded serde_nanos v0.1.4
[INFO] [stderr]   Downloaded pulsar v6.8.0
[INFO] [stderr]   Downloaded rdkafka-sys v4.10.0+2.12.1
[INFO] [stderr]   Downloaded x509-cert v0.2.5
[INFO] [stderr]   Downloaded nkeys v0.4.5
[INFO] [stderr]   Downloaded tokio-websockets v0.10.1
[INFO] [stderr]   Downloaded des v0.8.1
[INFO] [stderr]   Downloaded hickory-proto v0.26.1
[INFO] [stderr]   Downloaded rustls-webpki v0.102.8
[INFO] [stderr]   Downloaded rc2 v0.8.1
[INFO] [stderr]   Downloaded tcp-stream v0.34.14
[INFO] [stderr]   Downloaded rustls-native-certs v0.7.3
[INFO] running `Command { std: "docker" "create" "-v" "/var/lib/crater-agent-workspace/builds/worker-7-tc1/source:/opt/rustwide/workdir:ro,Z" "-v" "/var/lib/crater-agent-workspace/builds/worker-7-tc1/target:/opt/rustwide/target:rw,Z" "-v" "/var/lib/crater-agent-workspace/cargo-home:/opt/rustwide/cargo-home:ro,Z" "-v" "/var/lib/crater-agent-workspace/rustup-home:/opt/rustwide/rustup-home:ro,Z" "-m" "1610612736" "--network" "none" "ghcr.io/rust-lang/crates-build-env/linux@sha256:3111399a4047eeb3a02b7a90e478d715f38a8c6669b5c4b49d30a17385265909" "sleep" "infinity", kill_on_drop: false }`
[INFO] [stdout] a0331b3c277f7d527da8b00cb20d9406d8a3e774cbe34ac453efa863bf48df6d
[INFO] running `Command { std: "docker" "start" "a0331b3c277f7d527da8b00cb20d9406d8a3e774cbe34ac453efa863bf48df6d", kill_on_drop: false }`
[INFO] running `Command { std: "docker" "inspect" "a0331b3c277f7d527da8b00cb20d9406d8a3e774cbe34ac453efa863bf48df6d", kill_on_drop: false }`
[INFO] running `Command { std: "docker" "exec" "-e" "SOURCE_DIR=/opt/rustwide/workdir" "-e" "CARGO_HOME=/opt/rustwide/cargo-home" "-e" "RUSTUP_HOME=/opt/rustwide/rustup-home" "-e" "CARGO_TARGET_DIR=/opt/rustwide/target" "-w" "/opt/rustwide/workdir" "--user" "0:0" "a0331b3c277f7d527da8b00cb20d9406d8a3e774cbe34ac453efa863bf48df6d" "/opt/rustwide/cargo-home/bin/cargo" "+1.99.0-beta.8" "metadata" "--no-deps" "--format-version=1", kill_on_drop: false }`
[INFO] running `Command { std: "docker" "inspect" "a0331b3c277f7d527da8b00cb20d9406d8a3e774cbe34ac453efa863bf48df6d", kill_on_drop: false }`
[INFO] running `Command { std: "docker" "exec" "-e" "SOURCE_DIR=/opt/rustwide/workdir" "-e" "CARGO_HOME=/opt/rustwide/cargo-home" "-e" "RUSTUP_HOME=/opt/rustwide/rustup-home" "-e" "CARGO_TARGET_DIR=/opt/rustwide/target" "-e" "CARGO_INCREMENTAL=0" "-e" "RUST_BACKTRACE=full" "-e" "RUSTFLAGS=--cap-lints=warn" "-e" "RUSTDOCFLAGS=--cap-lints=warn" "-w" "/opt/rustwide/workdir" "--user" "0:0" "a0331b3c277f7d527da8b00cb20d9406d8a3e774cbe34ac453efa863bf48df6d" "/opt/rustwide/cargo-home/bin/cargo" "+1.99.0-beta.8" "build" "--frozen" "--message-format=json", kill_on_drop: false }`
[INFO] [stderr]    Compiling libc v0.2.189
[INFO] [stderr]    Compiling futures-core v0.3.33
[INFO] [stderr]    Compiling memchr v2.8.3
[INFO] [stderr]    Compiling futures-sink v0.3.33
[INFO] [stderr]    Compiling proc-macro2 v1.0.107
[INFO] [stderr]    Compiling parking_lot_core v0.9.12
[INFO] [stderr]    Compiling serde_core v1.0.229
[INFO] [stderr]    Compiling futures-io v0.3.33
[INFO] [stderr]    Compiling futures-task v0.3.33
[INFO] [stderr]    Compiling zmij v1.0.23
[INFO] [stderr]    Compiling smallvec v1.15.2
[INFO] [stderr]    Compiling serde v1.0.229
[INFO] [stderr]    Compiling lock_api v0.4.14
[INFO] [stderr]    Compiling thiserror v2.0.19
[INFO] [stderr]    Compiling serde_json v1.0.151
[INFO] [stderr]    Compiling futures-channel v0.3.33
[INFO] [stderr]    Compiling quote v1.0.47
[INFO] [stderr]    Compiling syn v2.0.119
[INFO] [stderr]    Compiling syn v3.0.3
[INFO] [stderr]    Compiling errno v0.3.14
[INFO] [stderr]    Compiling mio v1.2.2
[INFO] [stderr]    Compiling socket2 v0.6.5
[INFO] [stderr]    Compiling signal-hook-registry v1.4.8
[INFO] [stderr]    Compiling parking_lot v0.12.5
[INFO] [stderr]    Compiling futures-macro v0.3.33
[INFO] [stderr]    Compiling tokio-macros v2.7.1
[INFO] [stderr]    Compiling tokio v1.53.1
[INFO] [stderr]    Compiling serde_derive v1.0.229
[INFO] [stderr]    Compiling thiserror-impl v2.0.19
[INFO] [stderr]    Compiling async-trait v0.1.91
[INFO] [stderr]    Compiling futures-util v0.3.33
[INFO] [stderr]    Compiling futures-executor v0.3.33
[INFO] [stderr]    Compiling futures v0.3.33
[INFO] [stderr]    Compiling sz-orm-queue v9.0.0 (/opt/rustwide/workdir)
[INFO] [stderr]     Finished `dev` profile [unoptimized + debuginfo] target(s) in 25.65s
[INFO] running `Command { std: "docker" "inspect" "a0331b3c277f7d527da8b00cb20d9406d8a3e774cbe34ac453efa863bf48df6d", kill_on_drop: false }`
[INFO] running `Command { std: "docker" "exec" "-e" "SOURCE_DIR=/opt/rustwide/workdir" "-e" "CARGO_HOME=/opt/rustwide/cargo-home" "-e" "RUSTUP_HOME=/opt/rustwide/rustup-home" "-e" "CARGO_TARGET_DIR=/opt/rustwide/target" "-e" "CARGO_INCREMENTAL=0" "-e" "RUST_BACKTRACE=full" "-e" "RUSTFLAGS=--cap-lints=warn" "-e" "RUSTDOCFLAGS=--cap-lints=warn" "-w" "/opt/rustwide/workdir" "--user" "0:0" "a0331b3c277f7d527da8b00cb20d9406d8a3e774cbe34ac453efa863bf48df6d" "/opt/rustwide/cargo-home/bin/cargo" "+1.99.0-beta.8" "test" "--frozen" "--no-run" "--message-format=json", kill_on_drop: false }`
[INFO] [stderr]    Compiling futures-core v0.3.33
[INFO] [stderr]    Compiling tokio v1.53.1
[INFO] [stderr]    Compiling futures-channel v0.3.33
[INFO] [stderr]    Compiling futures-util v0.3.33
[INFO] [stderr]    Compiling futures-executor v0.3.33
[INFO] [stderr]    Compiling futures v0.3.33
[INFO] [stderr]    Compiling tokio-stream v0.1.19
[INFO] [stderr]    Compiling sz-orm-queue v9.0.0 (/opt/rustwide/workdir)
[INFO] [stderr]    Compiling tokio-test v0.4.5
[INFO] [stderr]     Finished `test` profile [unoptimized + debuginfo] target(s) in 16.31s
[INFO] running `Command { std: "docker" "inspect" "a0331b3c277f7d527da8b00cb20d9406d8a3e774cbe34ac453efa863bf48df6d", kill_on_drop: false }`
[INFO] running `Command { std: "docker" "exec" "-e" "SOURCE_DIR=/opt/rustwide/workdir" "-e" "CARGO_HOME=/opt/rustwide/cargo-home" "-e" "RUSTUP_HOME=/opt/rustwide/rustup-home" "-e" "CARGO_TARGET_DIR=/opt/rustwide/target" "-e" "CARGO_INCREMENTAL=0" "-e" "RUST_BACKTRACE=full" "-e" "RUSTFLAGS=--cap-lints=warn" "-e" "RUSTDOCFLAGS=--cap-lints=warn" "-w" "/opt/rustwide/workdir" "--user" "0:0" "a0331b3c277f7d527da8b00cb20d9406d8a3e774cbe34ac453efa863bf48df6d" "/opt/rustwide/cargo-home/bin/cargo" "+1.99.0-beta.8" "test" "--frozen", kill_on_drop: false }`
[INFO] [stderr]     Finished `test` profile [unoptimized + debuginfo] target(s) in 0.14s
[INFO] [stderr]      Running unittests src/lib.rs (/opt/rustwide/target/debug/deps/sz_orm_queue-fca3fcfc82412648)
[INFO] [stdout] 
[INFO] [stdout] running 82 tests
[INFO] [stdout] test pulsar::tests::test_pulsar_consume_empty ... ok
[INFO] [stdout] test kafka::tests::test_kafka_consume_empty ... ok
[INFO] [stdout] test activemq::tests::test_activemq_publish_and_consume ... ok
[INFO] [stdout] test kafka::tests::test_kafka_subscribe_increments ... ok
[INFO] [stdout] test kafka::tests::test_kafka_multiple_messages_order ... ok
[INFO] [stdout] test nats::tests::test_nats_subscribe ... ok
[INFO] [stdout] test activemq::tests::test_activemq_consume_empty ... ok
[INFO] [stdout] test pulsar::tests::test_pulsar_publish_and_consume ... ok
[INFO] [stdout] test pulsar::tests::test_pulsar_subscribe ... ok
[INFO] [stdout] test activemq::tests::test_activemq_subscribe ... ok
[INFO] [stdout] test kafka::tests::test_kafka_ack_unknown ... ok
[INFO] [stdout] test queue::tests::test_backpressure_drop_newest ... ok
[INFO] [stdout] test nats::tests::test_nats_publish_and_consume ... ok
[INFO] [stdout] test queue::tests::test_consume_dead_letter_empty ... ok
[INFO] [stdout] test queue::tests::test_dead_letter_count_after_reject ... ok
[INFO] [stdout] test queue::tests::test_in_memory_queue_basic ... ok
[INFO] [stdout] test queue::tests::test_backpressure_drop_oldest ... ok
[INFO] [stdout] test queue::tests::test_backpressure_reject ... ok
[INFO] [stdout] test queue::tests::test_l2_next_id_overflow_protection ... ok
[INFO] [stdout] test queue::tests::test_consume_dead_letter ... ok
[INFO] [stdout] test queue::tests::test_dead_letter_count_empty_topic ... ok
[INFO] [stdout] test queue::tests::test_reconnect_no_retry_on_non_connection_error ... ok
[INFO] [stdout] test queue::tests::test_nack_unknown_message_id_returns_error ... ok
[INFO] [stdout] test queue::tests::test_l2_next_id_near_max ... ok
[INFO] [stdout] test queue::tests::test_nack_requeues_message_with_retry_count ... ok
[INFO] [stdout] test queue::tests::test_nack_increments_retry_count ... ok
[INFO] [stdout] test queue::tests::test_reconnect_policy_next_delay_capped_at_max ... ok
[INFO] [stdout] test queue::tests::test_nack_max_retries_sends_to_dlx ... ok
[INFO] [stdout] test queue::tests::test_reconnect_policy_zero_attempt ... ok
[INFO] [stdout] test queue::tests::test_nack_max_retries_zero_sends_to_dlx_immediately ... ok
[INFO] [stdout] test queue::tests::test_reject_does_not_increment_retry_count ... ok
[INFO] [stdout] test queue::tests::test_reconnect_policy_next_delay_exponential ... ok
[INFO] [stdout] test queue::tests::test_reconnect_policy_default_values ... ok
[INFO] [stdout] test queue::tests::test_requeue_dead_letter_not_found ... ok
[INFO] [stdout] test rabbitmq::tests::test_rabbitmq_ack_unknown ... ok
[INFO] [stdout] test queue::tests::test_reject_empty_in_flight_returns_error ... ok
[INFO] [stdout] test rabbitmq::tests::test_rabbitmq_consume_empty ... ok
[INFO] [stdout] test queue::tests::test_reject_sends_to_dead_letter_queue ... ok
[INFO] [stdout] test rabbitmq::tests::test_rabbitmq_publish_and_consume ... ok
[INFO] [stdout] test rocketmq::tests::test_rocketmq_consume_empty ... ok
[INFO] [stdout] test rocketmq::tests::test_rocketmq_publish_and_consume ... ok
[INFO] [stdout] test queue::tests::test_reject_unknown_message_id_returns_error ... ok
[INFO] [stdout] test rabbitmq::tests::test_rabbitmq_subscribe_increments ... ok
[INFO] [stdout] test rocketmq::tests::test_rocketmq_subscribe ... ok
[INFO] [stdout] test queue::tests::test_requeue_dead_letter_resets_retry_count ... ok
[INFO] [stdout] test tests::test_h3_in_memory_queue_limit_isolated_per_topic ... ok
[INFO] [stdout] test tests::test_in_memory_queue_fifo_order ... ok
[INFO] [stdout] test tests::test_h3_in_memory_queue_max_messages_limit ... ok
[INFO] [stdout] test tests::test_in_memory_queue_consume_empty ... ok
[INFO] [stdout] test queue::tests::test_reconnect_gives_up_after_max_retries ... ok
[INFO] [stdout] test tests::test_in_memory_queue_multiple_topics ... ok
[INFO] [stdout] test tests::test_message_headers ... ok
[INFO] [stdout] test tests::test_in_memory_queue_ack_unknown_id ... ok
[INFO] [stdout] test tests::test_in_memory_queue_ack ... ok
[INFO] [stdout] test tests::test_kafka_config_default ... ok
[INFO] [stdout] test tests::test_in_memory_queue_subscribe ... ok
[INFO] [stdout] test tests::test_message_json ... ok
[INFO] [stdout] test tests::test_active_config_default ... ok
[INFO] [stdout] test queue::tests::test_reconnect_retries_on_connection_error ... ok
[INFO] [stdout] test tests::test_message_new ... ok
[INFO] [stdout] test tests::test_message_timestamp_set ... ok
[INFO] [stdout] test tests::test_message_with_key ... ok
[INFO] [stdout] test tests::test_message_text ... ok
[INFO] [stdout] test tests::test_nats_config_default ... ok
[INFO] [stdout] test tests::test_pulsar_config_default ... ok
[INFO] [stdout] test tests::test_in_memory_queue_publish_and_consume ... ok
[INFO] [stdout] test tests::test_queue_config_builder ... ok
[INFO] [stdout] test tests::test_queue_wrapper_ack_unknown ... ok
[INFO] [stdout] test tests::test_rocket_config_default ... ok
[INFO] [stdout] test tests::test_queue_wrapper_consume_empty ... ok
[INFO] [stdout] test tests::test_queue_wrapper_with_each_provider ... ok
[INFO] [stdout] test tests::test_queue_wrapper_publish_and_consume ... ok
[INFO] [stdout] test tests::test_queue_wrapper_subscribe_and_ack ... ok
[INFO] [stdout] test tests::test_rabbit_config_default ... ok
[INFO] [stdout] test tests::test_queue_config_default ... ok
[INFO] [stdout] test tests::test_queue_wrapper_publish ... ok
[INFO] [stdout] test kafka::tests::test_kafka_publish_and_consume ... ok
[INFO] [stdout] test nats::tests::test_nats_consume_empty ... ok
[INFO] [stdout] test queue::tests::test_backpressure_block_unblocks_on_consume ... ok
[INFO] [stdout] test queue::tests::test_backpressure_block_times_out_when_queue_stays_full ... ok
[INFO] [stdout] test queue::tests::test_backpressure_block_isolated_per_topic ... ok
[INFO] [stderr]      Running tests/error_test.rs (/opt/rustwide/target/debug/deps/error_test-c0cf5dfbd876175a)
[INFO] [stdout] test tests::test_h3_in_memory_queue_default_limit_accepts_normal_usage ... ok
[INFO] [stdout] 
[INFO] [stdout] test result: ok. 82 passed; 0 failed; 0 ignored; 0 measured; 0 filtered out; finished in 0.12s
[INFO] [stdout] 
[INFO] [stdout] 
[INFO] [stdout] running 7 tests
[INFO] [stdout] test test_json ... ok
[INFO] [stdout] test test_connection ... ok
[INFO] [stdout] test test_not_supported ... ok
[INFO] [stdout] test test_subscribe ... ok
[INFO] [stdout] test test_error_trait ... ok
[INFO] [stdout] test test_from_serde_json_error ... ok
[INFO] [stdout] test test_publish ... ok
[INFO] [stdout] 
[INFO] [stdout] test result: ok. 7 passed; 0 failed; 0 ignored; 0 measured; 0 filtered out; finished in 0.00s
[INFO] [stdout] 
[INFO] [stderr]      Running tests/phantom1_wiring.rs (/opt/rustwide/target/debug/deps/phantom1_wiring-406f077d1af58ae5)
[INFO] [stdout] 
[INFO] [stdout] running 1 test
[INFO] [stderr] error: test failed, to rerun pass `--test phantom1_wiring`
[INFO] [stdout] test phantom1_wiring_all_symbols_connected ... FAILED
[INFO] [stdout] 
[INFO] [stdout] failures:
[INFO] [stdout] 
[INFO] [stdout] ---- phantom1_wiring_all_symbols_connected stdout ----
[INFO] [stdout] 
[INFO] [stdout] thread 'phantom1_wiring_all_symbols_connected' (1050) panicked at tests/phantom1_wiring.rs:20:5:
[INFO] [stdout] assertion `left == right` failed: 预期 33 个接线成功，实际 0
[INFO] [stdout] stdout:
[INFO] [stdout] 
[INFO] [stdout] stderr:
[INFO] [stdout] error: package(s) `sz-orm-cli` not found in workspace `/opt/rustwide/workdir`
[INFO] [stdout] 
[INFO] [stdout]   left: 0
[INFO] [stdout]  right: 33
[INFO] [stdout] stack backtrace:
[INFO] [stdout]    0:     0x6194e43d3ba1 - std[70759c8f55707aa4]::backtrace_rs::backtrace::libunwind::trace
[INFO] [stdout]                                at /rustc/dfb0accb7f508ae8be965d8629557221c889dd98/library/std/src/../../backtrace/src/backtrace/libunwind.rs:117:9
[INFO] [stdout]    1:     0x6194e43d3ba1 - std[70759c8f55707aa4]::backtrace_rs::backtrace::trace_unsynchronized::<std[70759c8f55707aa4]::sys::backtrace::_print_fmt::{closure#1}>
[INFO] [stdout]                                at /rustc/dfb0accb7f508ae8be965d8629557221c889dd98/library/std/src/../../backtrace/src/backtrace/mod.rs:66:14
[INFO] [stdout]    2:     0x6194e43d3ba1 - std[70759c8f55707aa4]::sys::backtrace::_print_fmt
[INFO] [stdout]                                at /rustc/dfb0accb7f508ae8be965d8629557221c889dd98/library/std/src/sys/backtrace.rs:74:9
[INFO] [stdout]    3:     0x6194e43d3ba1 - <<std[70759c8f55707aa4]::sys::backtrace::BacktraceLock>::print::DisplayBacktrace as core[df12db4294e9bfd3]::fmt::Display>::fmt
[INFO] [stdout]                                at /rustc/dfb0accb7f508ae8be965d8629557221c889dd98/library/std/src/sys/backtrace.rs:44:26
[INFO] [stdout]    4:     0x6194e43e7daa - <core[df12db4294e9bfd3]::fmt::rt::Argument>::fmt
[INFO] [stdout]                                at /rustc/dfb0accb7f508ae8be965d8629557221c889dd98/library/core/src/fmt/rt.rs:152:76
[INFO] [stdout]    5:     0x6194e43e7daa - core[df12db4294e9bfd3]::fmt::write
[INFO] [stdout]    6:     0x6194e43d803c - core[df12db4294e9bfd3]::io::write::default_write_fmt::<alloc[2182bb758b4b3781]::vec::Vec<u8>>
[INFO] [stdout]                                at /rustc/dfb0accb7f508ae8be965d8629557221c889dd98/library/core/src/io/write.rs:402:11
[INFO] [stdout]    7:     0x6194e43d803c - <alloc[2182bb758b4b3781]::vec::Vec<u8> as core[df12db4294e9bfd3]::io::write::Write>::write_fmt
[INFO] [stdout]                                at /rustc/dfb0accb7f508ae8be965d8629557221c889dd98/library/core/src/io/write.rs:335:13
[INFO] [stdout]    8:     0x6194e43b0096 - <std[70759c8f55707aa4]::sys::backtrace::BacktraceLock>::print
[INFO] [stdout]                                at /rustc/dfb0accb7f508ae8be965d8629557221c889dd98/library/std/src/sys/backtrace.rs:47:9
[INFO] [stdout]    9:     0x6194e43b0096 - std[70759c8f55707aa4]::panicking::default_hook::{closure#0}
[INFO] [stdout]                                at /rustc/dfb0accb7f508ae8be965d8629557221c889dd98/library/std/src/panicking.rs:292:27
[INFO] [stdout]   10:     0x6194e43cc309 - std[70759c8f55707aa4]::panicking::default_hook
[INFO] [stdout]                                at /rustc/dfb0accb7f508ae8be965d8629557221c889dd98/library/std/src/panicking.rs:316:9
[INFO] [stdout]   11:     0x6194e4368690 - <alloc[2182bb758b4b3781]::boxed::Box<dyn for<'a, 'b> core[df12db4294e9bfd3]::ops::function::Fn<(&'a std[70759c8f55707aa4]::panic::PanicHookInfo<'b>,), Output = ()> + core[df12db4294e9bfd3]::marker::Send + core[df12db4294e9bfd3]::marker::Sync> as core[df12db4294e9bfd3]::ops::function::Fn<(&std[70759c8f55707aa4]::panic::PanicHookInfo,)>>::call
[INFO] [stdout]                                at /rustc/dfb0accb7f508ae8be965d8629557221c889dd98/library/alloc/src/boxed.rs:2334:9
[INFO] [stdout]   12:     0x6194e4368690 - test[9d35eded1c95d3be]::test_main_inner::<test[9d35eded1c95d3be]::test_main_static::{closure#0}>::{closure#0}
[INFO] [stdout]                                at /rustc/dfb0accb7f508ae8be965d8629557221c889dd98/library/test/src/lib.rs:155:21
[INFO] [stdout]   13:     0x6194e43cc4c2 - <alloc[2182bb758b4b3781]::boxed::Box<dyn for<'a, 'b> core[df12db4294e9bfd3]::ops::function::Fn<(&'a std[70759c8f55707aa4]::panic::PanicHookInfo<'b>,), Output = ()> + core[df12db4294e9bfd3]::marker::Send + core[df12db4294e9bfd3]::marker::Sync> as core[df12db4294e9bfd3]::ops::function::Fn<(&std[70759c8f55707aa4]::panic::PanicHookInfo,)>>::call
[INFO] [stdout]                                at /rustc/dfb0accb7f508ae8be965d8629557221c889dd98/library/alloc/src/boxed.rs:2334:9
[INFO] [stdout]   14:     0x6194e43cc4c2 - std[70759c8f55707aa4]::panicking::panic_with_hook
[INFO] [stdout]                                at /rustc/dfb0accb7f508ae8be965d8629557221c889dd98/library/std/src/panicking.rs:823:13
[INFO] [stdout]   15:     0x6194e43b0142 - std[70759c8f55707aa4]::panicking::panic_handler::{closure#0}
[INFO] [stdout]                                at /rustc/dfb0accb7f508ae8be965d8629557221c889dd98/library/std/src/panicking.rs:688:13
[INFO] [stdout]   16:     0x6194e43a8ec9 - std[70759c8f55707aa4]::sys::backtrace::__rust_end_short_backtrace::<std[70759c8f55707aa4]::panicking::panic_handler::{closure#0}, !>
[INFO] [stdout]                                at /rustc/dfb0accb7f508ae8be965d8629557221c889dd98/library/std/src/sys/backtrace.rs:182:18
[INFO] [stdout]   17:     0x6194e43b0d3d - __rustc[8fa7c3cbc660c2b3]::rust_begin_unwind
[INFO] [stdout]                                at /rustc/dfb0accb7f508ae8be965d8629557221c889dd98/library/std/src/panicking.rs:679:5
[INFO] [stdout]   18:     0x6194e43e84dc - core[df12db4294e9bfd3]::panicking::panic_fmt
[INFO] [stdout]                                at /rustc/dfb0accb7f508ae8be965d8629557221c889dd98/library/core/src/panicking.rs:80:14
[INFO] [stdout]   19:     0x6194e43e8453 - core[df12db4294e9bfd3]::panicking::assert_failed_inner
[INFO] [stdout]                                at /rustc/dfb0accb7f508ae8be965d8629557221c889dd98/library/core/src/panicking.rs:447:23
[INFO] [stdout]   20:     0x6194e43e4ce8 - core[df12db4294e9bfd3]::panicking::assert_failed::<usize, usize>
[INFO] [stdout]                                at /rustc/dfb0accb7f508ae8be965d8629557221c889dd98/library/core/src/panicking.rs:407:5
[INFO] [stdout]   21:     0x6194e4357a15 - phantom1_wiring[e2255857c15402a9]::phantom1_wiring_all_symbols_connected
[INFO] [stdout]                                at /opt/rustwide/workdir/tests/phantom1_wiring.rs:20:5
[INFO] [stdout]   22:     0x6194e43573d7 - phantom1_wiring[e2255857c15402a9]::phantom1_wiring_all_symbols_connected::{closure#0}
[INFO] [stdout]                                at /opt/rustwide/workdir/tests/phantom1_wiring.rs:4:43
[INFO] [stdout]   23:     0x6194e435b666 - <phantom1_wiring[e2255857c15402a9]::phantom1_wiring_all_symbols_connected::{closure#0} as core[df12db4294e9bfd3]::ops::function::FnOnce<()>>::call_once
[INFO] [stdout]                                at /rustc/dfb0accb7f508ae8be965d8629557221c889dd98/library/core/src/ops/function.rs:250:5
[INFO] [stdout]   24:     0x6194e435b97b - <fn() -> core[df12db4294e9bfd3]::result::Result<(), alloc[2182bb758b4b3781]::string::String> as core[df12db4294e9bfd3]::ops::function::FnOnce<()>>::call_once
[INFO] [stdout]                                at /rustc/dfb0accb7f508ae8be965d8629557221c889dd98/library/core/src/ops/function.rs:250:5
[INFO] [stdout]   25:     0x6194e435b97b - test[9d35eded1c95d3be]::__rust_begin_short_backtrace::<core[df12db4294e9bfd3]::result::Result<(), alloc[2182bb758b4b3781]::string::String>, fn() -> core[df12db4294e9bfd3]::result::Result<(), alloc[2182bb758b4b3781]::string::String>>
[INFO] [stdout]                                at /rustc/dfb0accb7f508ae8be965d8629557221c889dd98/library/test/src/lib.rs:733:18
[INFO] [stdout]   26:     0x6194e4368fe5 - test[9d35eded1c95d3be]::run_test_in_process::{closure#0}
[INFO] [stdout]                                at /rustc/dfb0accb7f508ae8be965d8629557221c889dd98/library/test/src/lib.rs:756:74
[INFO] [stdout]   27:     0x6194e4368fe5 - <core[df12db4294e9bfd3]::panic::unwind_safe::AssertUnwindSafe<test[9d35eded1c95d3be]::run_test_in_process::{closure#0}> as core[df12db4294e9bfd3]::ops::function::FnOnce<()>>::call_once
[INFO] [stdout]                                at /rustc/dfb0accb7f508ae8be965d8629557221c889dd98/library/core/src/panic/unwind_safe.rs:275:9
[INFO] [stdout]   28:     0x6194e4368fe5 - std[70759c8f55707aa4]::panicking::catch_unwind::do_call::<core[df12db4294e9bfd3]::panic::unwind_safe::AssertUnwindSafe<test[9d35eded1c95d3be]::run_test_in_process::{closure#0}>, core[df12db4294e9bfd3]::result::Result<(), alloc[2182bb758b4b3781]::string::String>>
[INFO] [stdout]                                at /rustc/dfb0accb7f508ae8be965d8629557221c889dd98/library/std/src/panicking.rs:576:43
[INFO] [stdout]   29:     0x6194e4368fe5 - std[70759c8f55707aa4]::panicking::catch_unwind::<core[df12db4294e9bfd3]::result::Result<(), alloc[2182bb758b4b3781]::string::String>, core[df12db4294e9bfd3]::panic::unwind_safe::AssertUnwindSafe<test[9d35eded1c95d3be]::run_test_in_process::{closure#0}>>
[INFO] [stdout]                                at /rustc/dfb0accb7f508ae8be965d8629557221c889dd98/library/std/src/panicking.rs:544:19
[INFO] [stdout]   30:     0x6194e4368fe5 - std[70759c8f55707aa4]::panic::catch_unwind::<core[df12db4294e9bfd3]::panic::unwind_safe::AssertUnwindSafe<test[9d35eded1c95d3be]::run_test_in_process::{closure#0}>, core[df12db4294e9bfd3]::result::Result<(), alloc[2182bb758b4b3781]::string::String>>
[INFO] [stdout]                                at /rustc/dfb0accb7f508ae8be965d8629557221c889dd98/library/std/src/panic.rs:359:14
[INFO] [stdout]   31:     0x6194e4368fe5 - test[9d35eded1c95d3be]::run_test_in_process
[INFO] [stdout]                                at /rustc/dfb0accb7f508ae8be965d8629557221c889dd98/library/test/src/lib.rs:756:27
[INFO] [stdout]   32:     0x6194e4368fe5 - test[9d35eded1c95d3be]::run_test::{closure#0}
[INFO] [stdout]                                at /rustc/dfb0accb7f508ae8be965d8629557221c889dd98/library/test/src/lib.rs:677:43
[INFO] [stdout]   33:     0x6194e43628a4 - test[9d35eded1c95d3be]::run_test::{closure#1}
[INFO] [stdout]                                at /rustc/dfb0accb7f508ae8be965d8629557221c889dd98/library/test/src/lib.rs:707:41
[INFO] [stdout]   34:     0x6194e43628a4 - std[70759c8f55707aa4]::sys::backtrace::__rust_begin_short_backtrace::<test[9d35eded1c95d3be]::run_test::{closure#1}, ()>
[INFO] [stdout]                                at /rustc/dfb0accb7f508ae8be965d8629557221c889dd98/library/std/src/sys/backtrace.rs:166:18
[INFO] [stdout]   35:     0x6194e436c142 - std[70759c8f55707aa4]::thread::lifecycle::spawn_unchecked::<test[9d35eded1c95d3be]::run_test::{closure#1}, ()>::{closure#1}::{closure#0}
[INFO] [stdout]                                at /rustc/dfb0accb7f508ae8be965d8629557221c889dd98/library/std/src/thread/lifecycle.rs:70:13
[INFO] [stdout]   36:     0x6194e436c142 - <core[df12db4294e9bfd3]::panic::unwind_safe::AssertUnwindSafe<std[70759c8f55707aa4]::thread::lifecycle::spawn_unchecked<test[9d35eded1c95d3be]::run_test::{closure#1}, ()>::{closure#1}::{closure#0}> as core[df12db4294e9bfd3]::ops::function::FnOnce<()>>::call_once
[INFO] [stdout]                                at /rustc/dfb0accb7f508ae8be965d8629557221c889dd98/library/core/src/panic/unwind_safe.rs:275:9
[INFO] [stdout]   37:     0x6194e436c142 - std[70759c8f55707aa4]::panicking::catch_unwind::do_call::<core[df12db4294e9bfd3]::panic::unwind_safe::AssertUnwindSafe<std[70759c8f55707aa4]::thread::lifecycle::spawn_unchecked<test[9d35eded1c95d3be]::run_test::{closure#1}, ()>::{closure#1}::{closure#0}>, ()>
[INFO] [stdout]                                at /rustc/dfb0accb7f508ae8be965d8629557221c889dd98/library/std/src/panicking.rs:576:43
[INFO] [stdout]   38:     0x6194e436c142 - std[70759c8f55707aa4]::panicking::catch_unwind::<(), core[df12db4294e9bfd3]::panic::unwind_safe::AssertUnwindSafe<std[70759c8f55707aa4]::thread::lifecycle::spawn_unchecked<test[9d35eded1c95d3be]::run_test::{closure#1}, ()>::{closure#1}::{closure#0}>>
[INFO] [stdout]                                at /rustc/dfb0accb7f508ae8be965d8629557221c889dd98/library/std/src/panicking.rs:544:19
[INFO] [stdout]   39:     0x6194e436c142 - std[70759c8f55707aa4]::panic::catch_unwind::<core[df12db4294e9bfd3]::panic::unwind_safe::AssertUnwindSafe<std[70759c8f55707aa4]::thread::lifecycle::spawn_unchecked<test[9d35eded1c95d3be]::run_test::{closure#1}, ()>::{closure#1}::{closure#0}>, ()>
[INFO] [stdout]                                at /rustc/dfb0accb7f508ae8be965d8629557221c889dd98/library/std/src/panic.rs:359:14
[INFO] [stdout]   40:     0x6194e436c142 - std[70759c8f55707aa4]::thread::lifecycle::spawn_unchecked::<test[9d35eded1c95d3be]::run_test::{closure#1}, ()>::{closure#1}
[INFO] [stdout]                                at /rustc/dfb0accb7f508ae8be965d8629557221c889dd98/library/std/src/thread/lifecycle.rs:68:26
[INFO] [stdout]   41:     0x6194e436c142 - <std[70759c8f55707aa4]::thread::lifecycle::spawn_unchecked<test[9d35eded1c95d3be]::run_test::{closure#1}, ()>::{closure#1} as core[df12db4294e9bfd3]::ops::function::FnOnce<()>>::call_once::{shim:vtable#0}
[INFO] [stdout]                                at /rustc/dfb0accb7f508ae8be965d8629557221c889dd98/library/core/src/ops/function.rs:250:5
[INFO] [stdout]   42:     0x6194e43d3479 - <alloc[2182bb758b4b3781]::boxed::Box<dyn core[df12db4294e9bfd3]::ops::function::FnOnce<(), Output = ()> + core[df12db4294e9bfd3]::marker::Send> as core[df12db4294e9bfd3]::ops::function::FnOnce<()>>::call_once
[INFO] [stdout]                                at /rustc/dfb0accb7f508ae8be965d8629557221c889dd98/library/alloc/src/boxed.rs:2320:9
[INFO] [stdout]   43:     0x6194e43d3479 - <std[70759c8f55707aa4]::sys::thread::unix::Thread>::new::thread_start
[INFO] [stdout]                                at /rustc/dfb0accb7f508ae8be965d8629557221c889dd98/library/std/src/sys/thread/unix.rs:123:17
[INFO] [stdout]   44:     0x785f8a9b9dfa - <unknown>
[INFO] [stdout]   45:     0x785f8aa4d3d4 - clone
[INFO] [stdout]   46:                0x0 - <unknown>
[INFO] [stdout] 
[INFO] [stdout] 
[INFO] [stdout] failures:
[INFO] [stdout]     phantom1_wiring_all_symbols_connected
[INFO] [stdout] 
[INFO] [stdout] test result: FAILED. 0 passed; 1 failed; 0 ignored; 0 measured; 0 filtered out; finished in 0.09s
[INFO] [stdout] 
[INFO] running `Command { std: "docker" "inspect" "a0331b3c277f7d527da8b00cb20d9406d8a3e774cbe34ac453efa863bf48df6d", kill_on_drop: false }`
[INFO] running `Command { std: "docker" "rm" "-f" "a0331b3c277f7d527da8b00cb20d9406d8a3e774cbe34ac453efa863bf48df6d", kill_on_drop: false }`
[INFO] [stdout] a0331b3c277f7d527da8b00cb20d9406d8a3e774cbe34ac453efa863bf48df6d
