[INFO] fetching crate surge-cli 1.0.0-beta.64...
[INFO] testing surge-cli-1.0.0-beta.64 against 1.99.0-beta.8 for beta-1.100-2
[INFO] extracting crate surge-cli 1.0.0-beta.64 into /workspace/builds/worker-7-tc1/source
[INFO] started tweaking crates.io crate surge-cli 1.0.0-beta.64
[INFO] removed 0 missing tests
[INFO] finished tweaking crates.io crate surge-cli 1.0.0-beta.64
[INFO] tweaked toml for crates.io crate surge-cli 1.0.0-beta.64 written to /workspace/builds/worker-7-tc1/source/Cargo.toml
[INFO] validating manifest of crates.io crate surge-cli 1.0.0-beta.64 on toolchain 1.99.0-beta.8
[INFO] running `Command { std: CARGO_HOME="/workspace/cargo-home" RUSTUP_HOME="/workspace/rustup-home" "/workspace/cargo-home/bin/cargo" "+1.99.0-beta.8" "metadata" "--manifest-path" "Cargo.toml" "--no-deps", kill_on_drop: false }`
[INFO] crate crates.io crate surge-cli 1.0.0-beta.64 already has a lockfile, it will not be regenerated
[INFO] running `Command { std: CARGO_HOME="/workspace/cargo-home" RUSTUP_HOME="/workspace/rustup-home" "/workspace/cargo-home/bin/cargo" "+1.99.0-beta.8" "fetch" "--manifest-path" "Cargo.toml", kill_on_drop: false }`
[INFO] [stderr]     Blocking waiting for file lock on package cache
[INFO] [stderr]     Updating crates.io index
[INFO] [stderr]     Blocking waiting for file lock on package cache
[INFO] [stderr]  Downloading crates ...
[INFO] [stderr]   Downloaded zstd v0.14.0
[INFO] [stderr]   Downloaded zstd-safe v8.0.0
[INFO] [stderr]   Downloaded libredox v0.1.14
[INFO] [stderr]   Downloaded crypto-common v0.2.1
[INFO] [stderr]   Downloaded find-msvc-tools v0.1.13
[INFO] [stderr]   Downloaded which v8.0.6
[INFO] [stderr]   Downloaded filetime v0.2.27
[INFO] [stderr]   Downloaded redox_syscall v0.7.3
[INFO] [stderr]   Downloaded cc v1.4.7
[INFO] [stderr]   Downloaded tokio-macros v2.6.1
[INFO] [stderr]   Downloaded block-buffer v0.12.0
[INFO] [stderr]   Downloaded socket2 v0.6.2
[INFO] [stderr]   Downloaded objc2-open-directory v0.3.2
[INFO] [stderr]   Downloaded digest v0.11.2
[INFO] [stderr]   Downloaded hybrid-array v0.4.8
[INFO] [stderr]   Downloaded quinn-udp v0.5.14
[INFO] [stderr]   Downloaded unit-prefix v0.5.2
[INFO] [stderr]   Downloaded quinn v0.11.9
[INFO] [stderr]   Downloaded iri-string v0.7.10
[INFO] [stderr]   Downloaded indicatif v0.18.6
[INFO] [stderr]   Downloaded clap_derive v4.6.3
[INFO] [stderr]   Downloaded dialoguer v0.12.0
[INFO] [stderr]   Downloaded clap v4.6.3
[INFO] [stderr]   Downloaded sysinfo v0.39.6
[INFO] [stderr]   Downloaded hyper v1.8.1
[INFO] [stderr]   Downloaded webpki-roots v1.0.6
[INFO] [stderr]   Downloaded objc2-io-kit v0.3.2
[INFO] [stderr]   Downloaded quick-xml v0.42.0
[INFO] [stderr]   Downloaded syn v3.0.1
[INFO] [stderr]   Downloaded surge-core v1.0.0-beta.64
[INFO] [stderr]   Downloaded nix v0.31.3
[INFO] [stderr]   Downloaded tokio v1.50.0
[INFO] running `Command { std: "docker" "create" "-v" "/var/lib/crater-agent-workspace/builds/worker-7-tc1/source:/opt/rustwide/workdir:ro,Z" "-v" "/var/lib/crater-agent-workspace/builds/worker-7-tc1/target:/opt/rustwide/target:rw,Z" "-v" "/var/lib/crater-agent-workspace/cargo-home:/opt/rustwide/cargo-home:ro,Z" "-v" "/var/lib/crater-agent-workspace/rustup-home:/opt/rustwide/rustup-home:ro,Z" "-m" "1610612736" "--network" "none" "ghcr.io/rust-lang/crates-build-env/linux@sha256:3111399a4047eeb3a02b7a90e478d715f38a8c6669b5c4b49d30a17385265909" "sleep" "infinity", kill_on_drop: false }`
[INFO] [stdout] 5b13ef7c0046a24abd891cf0df608fc5ce0cf2f00adbeacb913c6b5ce989c172
[INFO] running `Command { std: "docker" "start" "5b13ef7c0046a24abd891cf0df608fc5ce0cf2f00adbeacb913c6b5ce989c172", kill_on_drop: false }`
[INFO] running `Command { std: "docker" "inspect" "5b13ef7c0046a24abd891cf0df608fc5ce0cf2f00adbeacb913c6b5ce989c172", kill_on_drop: false }`
[INFO] running `Command { std: "docker" "exec" "-e" "SOURCE_DIR=/opt/rustwide/workdir" "-e" "CARGO_HOME=/opt/rustwide/cargo-home" "-e" "RUSTUP_HOME=/opt/rustwide/rustup-home" "-e" "CARGO_TARGET_DIR=/opt/rustwide/target" "-w" "/opt/rustwide/workdir" "--user" "0:0" "5b13ef7c0046a24abd891cf0df608fc5ce0cf2f00adbeacb913c6b5ce989c172" "/opt/rustwide/cargo-home/bin/cargo" "+1.99.0-beta.8" "metadata" "--no-deps" "--format-version=1", kill_on_drop: false }`
[INFO] running `Command { std: "docker" "inspect" "5b13ef7c0046a24abd891cf0df608fc5ce0cf2f00adbeacb913c6b5ce989c172", kill_on_drop: false }`
[INFO] running `Command { std: "docker" "exec" "-e" "SOURCE_DIR=/opt/rustwide/workdir" "-e" "CARGO_HOME=/opt/rustwide/cargo-home" "-e" "RUSTUP_HOME=/opt/rustwide/rustup-home" "-e" "CARGO_TARGET_DIR=/opt/rustwide/target" "-e" "CARGO_INCREMENTAL=0" "-e" "RUST_BACKTRACE=full" "-e" "RUSTFLAGS=--cap-lints=warn" "-e" "RUSTDOCFLAGS=--cap-lints=warn" "-w" "/opt/rustwide/workdir" "--user" "0:0" "5b13ef7c0046a24abd891cf0df608fc5ce0cf2f00adbeacb913c6b5ce989c172" "/opt/rustwide/cargo-home/bin/cargo" "+1.99.0-beta.8" "build" "--frozen" "--message-format=json", kill_on_drop: false }`
[INFO] [stderr]    Compiling syn v2.0.117
[INFO] [stderr]    Compiling libc v0.2.189
[INFO] [stderr]    Compiling find-msvc-tools v0.1.13
[INFO] [stderr]    Compiling smallvec v1.15.1
[INFO] [stderr]    Compiling syn v3.0.1
[INFO] [stderr]    Compiling stable_deref_trait v1.2.1
[INFO] [stderr]    Compiling bytes v1.11.1
[INFO] [stderr]    Compiling itoa v1.0.17
[INFO] [stderr]    Compiling zeroize v1.8.2
[INFO] [stderr]    Compiling writeable v0.6.2
[INFO] [stderr]    Compiling litemap v0.8.1
[INFO] [stderr]    Compiling bitflags v2.13.0
[INFO] [stderr]    Compiling icu_properties_data v2.1.2
[INFO] [stderr]    Compiling typenum v1.19.0
[INFO] [stderr]    Compiling icu_normalizer_data v2.1.1
[INFO] [stderr]    Compiling serde_core v1.0.229
[INFO] [stderr]    Compiling rustls-pki-types v1.14.0
[INFO] [stderr]    Compiling tracing-core v0.1.36
[INFO] [stderr]    Compiling pkg-config v0.3.32
[INFO] [stderr]    Compiling futures-task v0.3.34
[INFO] [stderr]    Compiling rustix v1.1.4
[INFO] [stderr]    Compiling httparse v1.10.1
[INFO] [stderr]    Compiling slab v0.4.12
[INFO] [stderr]    Compiling rustls v0.23.37
[INFO] [stderr]    Compiling try-lock v0.2.5
[INFO] [stderr]    Compiling tower-service v0.3.3
[INFO] [stderr]    Compiling getrandom v0.4.2
[INFO] [stderr]    Compiling linux-raw-sys v0.12.1
[INFO] [stderr]    Compiling serde v1.0.229
[INFO] [stderr]    Compiling want v0.3.1
[INFO] [stderr]    Compiling futures-channel v0.3.32
[INFO] [stderr]    Compiling memchr v2.8.0
[INFO] [stderr]    Compiling zmij v1.0.21
[INFO] [stderr]    Compiling atomic-waker v1.1.2
[INFO] [stderr]    Compiling form_urlencoded v1.2.2
[INFO] [stderr]    Compiling sync_wrapper v1.0.2
[INFO] [stderr]    Compiling tower-layer v0.3.3
[INFO] [stderr]    Compiling zstd-safe v8.0.0
[INFO] [stderr]    Compiling utf8parse v0.2.2
[INFO] [stderr]    Compiling utf8_iter v1.0.4
[INFO] [stderr]    Compiling ipnet v2.12.0
[INFO] [stderr]    Compiling ryu v1.0.23
[INFO] [stderr]    Compiling http v1.4.0
[INFO] [stderr]    Compiling log v0.4.33
[INFO] [stderr]    Compiling cfg_aliases v0.2.1
[INFO] [stderr]    Compiling nix v0.31.3
[INFO] [stderr]    Compiling anstyle-parse v1.0.0
[INFO] [stderr]    Compiling webpki-roots v1.0.6
[INFO] [stderr]    Compiling is_terminal_polyfill v1.70.2
[INFO] [stderr]    Compiling portable-atomic v1.13.1
[INFO] [stderr]    Compiling fastrand v2.3.0
[INFO] [stderr]    Compiling hybrid-array v0.4.8
[INFO] [stderr]    Compiling thiserror v2.0.20
[INFO] [stderr]    Compiling colorchoice v1.0.4
[INFO] [stderr]    Compiling anstyle v1.0.14
[INFO] [stderr]    Compiling hashbrown v0.16.1
[INFO] [stderr]    Compiling unicode-width v0.2.2
[INFO] [stderr]    Compiling anstyle-query v1.1.5
[INFO] [stderr]    Compiling iri-string v0.7.10
[INFO] [stderr]    Compiling regex-automata v0.4.14
[INFO] [stderr]    Compiling jobserver v0.1.34
[INFO] [stderr]    Compiling anstream v1.0.0
[INFO] [stderr]    Compiling strsim v0.11.1
[INFO] [stderr]    Compiling cc v1.4.7
[INFO] [stderr]    Compiling clap_lex v1.0.0
[INFO] [stderr]    Compiling unsafe-libyaml v0.2.11
[INFO] [stderr]    Compiling cpufeatures v0.3.0
[INFO] [stderr]    Compiling lazy_static v1.5.0
[INFO] [stderr]    Compiling chrono v0.4.45
[INFO] [stderr]    Compiling block-buffer v0.12.0
[INFO] [stderr]    Compiling crypto-common v0.2.1
[INFO] [stderr]    Compiling sharded-slab v0.1.7
[INFO] [stderr]    Compiling indexmap v2.13.0
[INFO] [stderr]    Compiling http-body v1.0.1
[INFO] [stderr]    Compiling http-body-util v0.1.3
[INFO] [stderr]    Compiling clap_builder v4.6.2
[INFO] [stderr]    Compiling quick-xml v0.42.0
[INFO] [stderr]    Compiling tracing-log v0.2.0
[INFO] [stderr]    Compiling thread_local v1.1.9
[INFO] [stderr]    Compiling errno v0.3.14
[INFO] [stderr]    Compiling parking_lot_core v0.9.12
[INFO] [stderr]    Compiling signal-hook-registry v1.4.8
[INFO] [stderr]    Compiling mio v1.1.1
[INFO] [stderr]    Compiling socket2 v0.6.2
[INFO] [stderr]    Compiling getrandom v0.2.17
[INFO] [stderr]    Compiling parking_lot v0.12.5
[INFO] [stderr]    Compiling digest v0.11.2
[INFO] [stderr]    Compiling serde_json v1.0.151
[INFO] [stderr]    Compiling console v0.16.4
[INFO] [stderr]    Compiling filetime v0.2.27
[INFO] [stderr]    Compiling sha2 v0.11.0
[INFO] [stderr]    Compiling uuid v1.26.1
[INFO] [stderr]    Compiling fs2 v0.4.3
[INFO] [stderr]    Compiling sysinfo v0.39.6
[INFO] [stderr]    Compiling nu-ansi-term v0.50.3
[INFO] [stderr]    Compiling unit-prefix v0.5.2
[INFO] [stderr]    Compiling base64 v0.23.1
[INFO] [stderr]    Compiling xattr v1.6.1
[INFO] [stderr]    Compiling ring v0.17.14
[INFO] [stderr]    Compiling zstd-sys v2.1.0+zstd.1.5.7
[INFO] [stderr]    Compiling surge-core v1.0.0-beta.64
[INFO] [stderr]    Compiling tempfile v3.27.0
[INFO] [stderr]    Compiling tar v0.4.46
[INFO] [stderr]    Compiling matchers v0.2.0
[INFO] [stderr]    Compiling shell-words v1.1.1
[INFO] [stderr]    Compiling synstructure v0.13.2
[INFO] [stderr]    Compiling dialoguer v0.12.0
[INFO] [stderr]    Compiling indicatif v0.18.6
[INFO] [stderr]    Compiling which v8.0.6
[INFO] [stderr]    Compiling futures-macro v0.3.34
[INFO] [stderr]    Compiling serde_derive v1.0.229
[INFO] [stderr]    Compiling thiserror-impl v2.0.20
[INFO] [stderr]    Compiling async-trait v0.1.92
[INFO] [stderr]    Compiling zerofrom-derive v0.1.6
[INFO] [stderr]    Compiling yoke-derive v0.8.1
[INFO] [stderr]    Compiling zerovec-derive v0.11.2
[INFO] [stderr]    Compiling displaydoc v0.2.5
[INFO] [stderr]    Compiling tokio-macros v2.6.1
[INFO] [stderr]    Compiling futures-util v0.3.34
[INFO] [stderr]    Compiling tracing-attributes v0.1.31
[INFO] [stderr]    Compiling clap_derive v4.6.3
[INFO] [stderr]    Compiling tokio v1.50.0
[INFO] [stderr]    Compiling zerofrom v0.1.6
[INFO] [stderr]    Compiling yoke v0.8.1
[INFO] [stderr]    Compiling zerovec v0.11.5
[INFO] [stderr]    Compiling zerotrie v0.2.3
[INFO] [stderr]    Compiling tracing v0.1.44
[INFO] [stderr]    Compiling tracing-subscriber v0.3.23
[INFO] [stderr]    Compiling tinystr v0.8.2
[INFO] [stderr]    Compiling potential_utf v0.1.4
[INFO] [stderr]    Compiling icu_collections v2.1.1
[INFO] [stderr]    Compiling icu_locale_core v2.1.1
[INFO] [stderr]    Compiling clap v4.6.3
[INFO] [stderr]    Compiling zstd v0.14.0
[INFO] [stderr]    Compiling serde_urlencoded v0.7.1
[INFO] [stderr]    Compiling serde_yaml v0.9.34+deprecated
[INFO] [stderr]    Compiling icu_provider v2.1.1
[INFO] [stderr]    Compiling rustls-webpki v0.103.13
[INFO] [stderr]    Compiling icu_normalizer v2.1.1
[INFO] [stderr]    Compiling icu_properties v2.1.2
[INFO] [stderr]    Compiling idna_adapter v1.2.1
[INFO] [stderr]    Compiling idna v1.1.0
[INFO] [stderr]    Compiling url v2.5.8
[INFO] [stderr]    Compiling hyper v1.8.1
[INFO] [stderr]    Compiling tower v0.5.3
[INFO] [stderr]    Compiling tokio-util v0.7.18
[INFO] [stderr]    Compiling tower-http v0.6.8
[INFO] [stderr]    Compiling hyper-util v0.1.20
[INFO] [stderr]    Compiling tokio-rustls v0.26.4
[INFO] [stderr]    Compiling hyper-rustls v0.27.7
[INFO] [stderr]    Compiling reqwest v0.12.28
[INFO] [stderr]    Compiling surge-cli v1.0.0-beta.64 (/opt/rustwide/workdir)
[INFO] [stderr]     Finished `dev` profile [unoptimized + debuginfo] target(s) in 1m 21s
[INFO] running `Command { std: "docker" "inspect" "5b13ef7c0046a24abd891cf0df608fc5ce0cf2f00adbeacb913c6b5ce989c172", kill_on_drop: false }`
[INFO] running `Command { std: "docker" "exec" "-e" "SOURCE_DIR=/opt/rustwide/workdir" "-e" "CARGO_HOME=/opt/rustwide/cargo-home" "-e" "RUSTUP_HOME=/opt/rustwide/rustup-home" "-e" "CARGO_TARGET_DIR=/opt/rustwide/target" "-e" "CARGO_INCREMENTAL=0" "-e" "RUST_BACKTRACE=full" "-e" "RUSTFLAGS=--cap-lints=warn" "-e" "RUSTDOCFLAGS=--cap-lints=warn" "-w" "/opt/rustwide/workdir" "--user" "0:0" "5b13ef7c0046a24abd891cf0df608fc5ce0cf2f00adbeacb913c6b5ce989c172" "/opt/rustwide/cargo-home/bin/cargo" "+1.99.0-beta.8" "test" "--frozen" "--no-run" "--message-format=json", kill_on_drop: false }`
[INFO] [stderr]    Compiling surge-cli v1.0.0-beta.64 (/opt/rustwide/workdir)
[INFO] [stderr]     Finished `test` profile [unoptimized + debuginfo] target(s) in 18.06s
[INFO] running `Command { std: "docker" "inspect" "5b13ef7c0046a24abd891cf0df608fc5ce0cf2f00adbeacb913c6b5ce989c172", kill_on_drop: false }`
[INFO] running `Command { std: "docker" "exec" "-e" "SOURCE_DIR=/opt/rustwide/workdir" "-e" "CARGO_HOME=/opt/rustwide/cargo-home" "-e" "RUSTUP_HOME=/opt/rustwide/rustup-home" "-e" "CARGO_TARGET_DIR=/opt/rustwide/target" "-e" "CARGO_INCREMENTAL=0" "-e" "RUST_BACKTRACE=full" "-e" "RUSTFLAGS=--cap-lints=warn" "-e" "RUSTDOCFLAGS=--cap-lints=warn" "-w" "/opt/rustwide/workdir" "--user" "0:0" "5b13ef7c0046a24abd891cf0df608fc5ce0cf2f00adbeacb913c6b5ce989c172" "/opt/rustwide/cargo-home/bin/cargo" "+1.99.0-beta.8" "test" "--frozen", kill_on_drop: false }`
[INFO] [stderr]     Finished `test` profile [unoptimized + debuginfo] target(s) in 0.36s
[INFO] [stderr]      Running unittests src/main.rs (/opt/rustwide/target/debug/deps/surge-da1dd61d7803e541)
[INFO] [stdout] 
[INFO] [stdout] running 251 tests
[INFO] [stdout] test cli::tests::install_verify_stage_flag_parses ... ok
[INFO] [stdout] test cli::tests::install_force_flag_parses ... ok
[INFO] [stdout] test cli::tests::fleet_status_tailscale_parses_repeated_nodes ... ok
[INFO] [stdout] test cli::tests::install_verify_stage_conflicts_with_stage ... ok
[INFO] [stdout] test cli::tests::restore_channel_requires_installers_flag ... ok
[INFO] [stdout] test cli::tests::restore_channel_parses_in_installers_mode ... ok
[INFO] [stdout] test cli::tests::restore_upload_installers_requires_installers_flag ... ok
[INFO] [stdout] test commands::fleet_status::tailscale::tests::classify_node_detects_degraded_process_state ... ok
[INFO] [stdout] test commands::fleet_status::tailscale::tests::classify_node_detects_stale_version ... ok
[INFO] [stdout] test commands::fleet_status::tailscale::tests::classify_node_detects_wrong_app ... ok
[INFO] [stdout] test commands::fleet_status::tailscale::tests::classify_node_detects_wrong_channel ... ok
[INFO] [stdout] test commands::fleet_status::probe::tests::parse_remote_probe_reads_sections ... ok
[INFO] [stdout] test commands::fleet_status::tailscale::tests::classify_node_marks_matching_runtime_healthy ... ok
[INFO] [stdout] test cli::tests::install_platform_mismatch_flag_parses ... ok
[INFO] [stdout] test cli::tests::restore_package_file_requires_installers_flag ... ok
[INFO] [stdout] test commands::install::compatibility::evaluation::tests::detects_explicit_incompatibility ... ok
[INFO] [stdout] test cli::tests::restore_upload_installers_conflicts_with_package_file ... ok
[INFO] [stdout] test commands::fleet_status::tailscale::tests::collect_nodes_combines_inline_and_file_entries ... ok
[INFO] [stdout] test commands::install::compatibility::evaluation::tests::wildcard_supports_runtime_patterns ... ok
[INFO] [stdout] test commands::install::compatibility::evaluation::tests::detects_missing_runtime_marker ... ok
[INFO] [stdout] test commands::install::compatibility::fingerprint::tests::parses_remote_fingerprint_output ... ok
[INFO] [stdout] test commands::install::compatibility::evaluation::tests::reports_unknown_when_package_manager_cannot_probe ... ok
[INFO] [stdout] test commands::install::remote::detached::tests::cleanup_command_targets_expected_paths ... ok
[INFO] [stdout] test commands::install::remote::detached::stage_tests::isolated_stage_monitor_worker ... ok
[INFO] [stdout] test commands::install::remote::detached::tests::launch_command_detaches_and_reports_pid ... ok
[INFO] [stdout] test commands::install::remote::detached::tests::launch_command_without_flags ... ok
[INFO] [stdout] test commands::install::compatibility::evaluation::tests::evaluates_compatible_runtime ... ok
[INFO] [stdout] test commands::install::remote::detached::tests::parse_remote_detached_install_probe_reads_fields ... ok
[INFO] [stdout] test commands::install::remote::detached::tests::probe_command_reports_pid_aliveness_and_log_size ... ok
[INFO] [stdout] test commands::install::remote::detached::tests::quiet_stage_gets_the_full_progress_timeout ... ok
[INFO] [stdout] test commands::install::remote::execution::tests::build_remote_installer_install_command_includes_expected_values_and_paths ... ok
[INFO] [stdout] test commands::install::remote::detached::tests::probe_rejects_invalid_result ... ok
[INFO] [stdout] test commands::install::remote::detached::tests::stage_rejects_failed_or_missing_installer_result ... ok
[INFO] [stdout] test commands::install::remote::detached::tests::stage_waits_for_its_installer_result ... ok
[INFO] [stdout] test commands::demote::tests::execute_errors_when_release_is_not_on_requested_channel ... ok
[INFO] [stdout] test commands::install::remote::installer_stage::tests::chunk_command_appends_expected_range_and_finalizes_last_chunk ... ok
[INFO] [stdout] test commands::install::remote::installer_stage::tests::cleanup_command_uses_self_safe_transfer_patterns ... ok
[INFO] [stdout] test commands::install::remote::execution::tests::build_remote_installer_install_command_trims_expected_hash ... ok
[INFO] [stdout] test commands::install::remote::installer_stage::tests::parse_installer_stage_probe_reads_states ... ok
[INFO] [stdout] test commands::compact::tests::compact_keeps_releases_that_other_channels_still_restore_through ... ok
[INFO] [stdout] test commands::install::remote::operation::tests::fingerprint_tracks_request_intent_and_ignores_credential_rotation ... ok
[INFO] [stdout] test commands::install::remote::execution::tests::execute_remote_installer_install_command_rejects_size_mismatch ... ok
[INFO] [stdout] test commands::compact::tests::compact_requires_explicit_channel_when_multiple_channels_exist ... ok
[INFO] [stdout] test commands::demote::tests::execute_removes_requested_channel_and_preserves_others ... ok
[INFO] [stdout] test commands::compact::tests::compact_materializes_latest_delta_only_release_before_pruning_history ... ok
[INFO] [stdout] test commands::install::remote::detached::tests::cleanup_preserves_a_different_operation_and_live_installer ... ok
[INFO] [stdout] test commands::install::remote::execution::tests::execute_remote_installer_install_command_rejects_sha256_mismatch ... ok
[INFO] [stdout] test commands::install::remote::lock::tests::node_local_lock_serializes_controllers_and_releases_on_disconnect ... ok
[INFO] [stdout] test commands::compact::tests::compact_auto_selects_single_available_channel_when_channel_omitted ... ok
[INFO] [stdout] test commands::install::remote::execution::tests::execute_remote_installer_install_command_round_trips_payload ... ok
[INFO] [stderr] coreutils: unknown program 'demoapp'
[INFO] [stdout] test commands::compact::tests::compact_prunes_mixed_full_and_delta_history_to_latest_full_only ... ok
[INFO] [stderr] coreutils: unknown program 'demoapp'
[INFO] [stderr] coreutils: unknown program 'demoapp'
[INFO] [stderr] coreutils: unknown program 'old-app'
[INFO] [stdout] test commands::install::remote::runtime::runtime_probe_tests::process_probe_rejects_out_of_tree_symlink ... ok
[INFO] [stderr] coreutils: unknown program 'demoapp'
[INFO] [stdout] test commands::install::remote::detached_identity::tests::probe_distinguishes_current_reused_and_unverified_pids ... ok
[INFO] [stderr] coreutils: unknown program 'demoapp'
[INFO] [stderr] kill: (3030): No such process
[INFO] [stdout] test commands::install::remote::runtime::runtime_probe_tests::process_probe_rejects_child_of_another_supervisor ... ok
[INFO] [stderr] kill: (3074): No such process
[INFO] [stdout] test commands::install::remote::runtime::runtime_probe_tests::process_probe_rejects_current_child_without_target_version_proof ... ok
[INFO] [stderr] kill: (3037): No such process
[INFO] [stdout] test commands::install::remote::runtime::runtime_probe_tests::process_probe_rejects_process_using_replaced_active_executable ... ok
[INFO] [stdout] test commands::install::remote::stage_manifest::tests::stage_manifest_lists_files_with_hashes ... ok
[INFO] [stdout] test commands::install::remote::stage_manifest::tests::verify_command_reports_ready_or_missing_entries ... ok
[INFO] [stdout] test commands::install::tests::build_remote_app_copy_activation_script_exports_env_and_lifecycle_hooks ... ok
[INFO] [stderr] coreutils: unknown program 'demoapp'
[INFO] [stderr] kill: (3054): No such process
[INFO] [stdout] test commands::install::remote::runtime::runtime_probe_tests::process_probe_rejects_superseded_app_alongside_current_child ... ok
[INFO] [stdout] test commands::install::tests::build_remote_app_copy_activation_script_restores_runtime_metadata_after_persistent_copy ... ok
[INFO] [stdout] test commands::install::tests::build_remote_installer_manifest_includes_remote_launch_environment ... ok
[INFO] [stderr] kill: (3046): No such process
[INFO] [stderr] kill: (3059): No such process
[INFO] [stderr] kill: (3038): No such process
[INFO] [stdout] test commands::install::tests::build_remote_paths_exist_probe_quotes_paths ... ok
[INFO] [stdout] test commands::install::tests::build_remote_process_verification_probe_checks_app_version_and_supervisor ... ok
[INFO] [stdout] test commands::install::tests::build_remote_process_verification_probe_is_valid_shell_syntax ... ok
[INFO] [stdout] test commands::install::tests::build_remote_runtime_start_command_restarts_direct_app_without_supervisor ... ok
[INFO] [stdout] test commands::install::tests::build_remote_runtime_start_command_restarts_through_supervisor ... ok
[INFO] [stdout] test commands::install::tests::build_remote_stage_cleanup_command_quotes_install_root ... ok
[INFO] [stdout] test commands::install::tests::build_remote_staged_installer_setup_command_quotes_install_root ... ok
[INFO] [stdout] test commands::install::tests::build_remote_stop_supervisor_command_is_valid_shell_syntax ... ok
[INFO] [stdout] test commands::install::tests::build_remote_stop_supervisor_command_quotes_install_root ... ok
[INFO] [stdout] test commands::install::remote::runtime::runtime_probe_tests::process_probe_rejects_supervisor_id_in_forwarded_child_arguments ... ok
[INFO] [stdout] test commands::install::tests::collect_available_channels_deduplicates_and_sorts ... ok
[INFO] [stdout] test commands::install::tests::collect_install_channel_options_defaults_to_stable ... ok
[INFO] [stdout] test commands::install::tests::collect_install_channel_options_falls_back_to_manifest_channels ... ok
[INFO] [stdout] test commands::install::tests::collect_install_channel_options_prefers_release_index_channels ... ok
[INFO] [stdout] test commands::install::tests::collect_target_options_for_app_infers_os_from_rid ... ok
[INFO] [stdout] test commands::install::tests::derive_rid_candidates_cover_cpu_cuda_variants ... ok
[INFO] [stdout] test commands::install::tests::derive_rid_candidates_cover_reference_manifest_targets ... ok
[INFO] [stdout] test commands::install::tests::derive_rid_candidates_gpu ... ok
[INFO] [stdout] test commands::install::tests::build_storage_config_without_manifest_reads_generic_storage_env_overrides ... ok
[INFO] [stdout] test commands::install::tests::download_release_archive_reconstructs_missing_full_from_deltas ... ok
[INFO] [stdout] test commands::install::tests::ensure_supported_tailscale_rid_accepts_linux ... ok
[INFO] [stdout] test commands::install::tests::ensure_supported_tailscale_rid_rejects_windows ... ok
[INFO] [stdout] test commands::install::tests::download_release_archive_reuses_valid_cached_full_package ... ok
[INFO] [stdout] test commands::install::tests::force_flag_bypasses_remote_install_skip ... ok
[INFO] [stdout] test commands::install::tests::format_target_option_label_single_segment_rid ... ok
[INFO] [stdout] test commands::install::tests::format_target_option_label_uses_os_arch_format ... ok
[INFO] [stdout] test commands::install::tests::infer_os_from_rid_maps_common_prefixes ... ok
[INFO] [stdout] test commands::install::tests::install_package_locally_creates_expected_app_layout ... ok
[INFO] [stdout] test commands::install::tests::install_package_locally_replaces_existing_app_directory ... ok
[INFO] [stdout] test commands::install::tests::local_rid_incompatibility_warnings_detect_os_arch_and_gpu_mismatch ... ok
[INFO] [stdout] test commands::install::tests::missing_remote_installer_error_mentions_keys_and_host_mismatch ... ok
[INFO] [stdout] test commands::install::tests::parse_remote_install_state_extracts_version_and_channel ... ok
[INFO] [stdout] test commands::install::tests::parse_remote_install_state_requires_version ... ok
[INFO] [stdout] test commands::install::tests::parse_remote_launch_environment_reads_graphical_session_vars ... ok
[INFO] [stdout] test commands::install::tests::parse_remote_staged_payload_identity_round_trips_json ... ok
[INFO] [stdout] test commands::install::tests::parse_rid_signature_extracts_os_arch_and_gpu_hint ... ok
[INFO] [stdout] test commands::install::tests::plan_remote_published_installer_carries_manifest_cache_policy ... ok
[INFO] [stdout] test commands::install::tests::plan_remote_published_installer_drops_default_channel_mismatch_blocker ... ok
[INFO] [stdout] test commands::install::tests::plan_remote_published_installer_uses_requested_channel_key ... ok
[INFO] [stdout] test commands::install::tests::execute_installs_selected_release_locally_from_backend ... ok
[INFO] [stdout] test commands::install::tests::plan_remote_published_installer_without_manifest_uses_requested_channel ... ok
[INFO] [stdout] test commands::install::tests::remote_convergence_plan_falls_back_to_full_when_delta_is_unsupported ... ok
[INFO] [stdout] test commands::install::tests::remote_convergence_plan_reinstalls_current_install_when_active_executable_is_missing ... ok
[INFO] [stdout] test commands::install::tests::remote_convergence_plan_reinstalls_same_version_when_app_id_differs ... ok
[INFO] [stdout] test commands::install::tests::remote_convergence_plan_repairs_current_install_metadata ... ok
[INFO] [stdout] test commands::install::tests::remote_convergence_plan_skips_current_install_unless_forced ... ok
[INFO] [stdout] test commands::install::tests::remote_convergence_plan_uses_clean_install_when_no_install_exists ... ok
[INFO] [stdout] test commands::install::tests::remote_convergence_plan_uses_delta_for_stale_existing_install ... ok
[INFO] [stdout] test commands::install::tests::published_installer_public_url_uses_azure_endpoint_and_bucket ... ok
[INFO] [stdout] test commands::install::tests::remote_launch_environment_probe_checks_systemd_and_session_processes ... ok
[INFO] [stdout] test commands::install::tests::remote_process_verification_waits_for_delayed_supervisor_proof ... ok
[INFO] [stdout] test commands::install::tests::remote_install_matches_requires_matching_app_channel_and_version ... ok
[INFO] [stdout] test commands::install::tests::remote_staged_payload_identity_changes_when_channel_or_artifact_changes ... ok
[INFO] [stdout] test commands::install::tests::resolve_install_app_id_without_manifest_uses_release_index_value ... ok
[INFO] [stdout] test commands::install::tests::resolve_install_channel_auto_selects_single_available_channel ... ok
[INFO] [stdout] test commands::install::tests::resolve_install_channel_requires_explicit_choice_when_multiple_channels_exist ... ok
[INFO] [stdout] test commands::install::tests::resolve_install_channel_auto_selects_single_configured_channel_when_index_is_empty ... ok
[INFO] [stdout] test commands::install::tests::resolve_install_channel_uses_explicit_override ... ok
[INFO] [stdout] test commands::install::tests::resolve_install_target_selection_uses_requested_rid_when_unique ... ok
[INFO] [stdout] test commands::install::tests::resolve_tailscale_rid_without_manifest_uses_single_index_rid ... ok
[INFO] [stdout] test commands::install::tests::resolve_targets_plain_node_with_node_user ... ok
[INFO] [stdout] test commands::install::tests::resolve_targets_plain_node_without_user ... ok
[INFO] [stdout] test commands::install::tests::resolve_targets_user_at_node_keeps_file_target_host_only ... ok
[INFO] [stdout] test commands::install::tests::select_latest_remote_legacy_app_dir_ignores_non_version_directories ... ok
[INFO] [stdout] test commands::install::tests::select_latest_remote_legacy_app_dir_uses_semver_ordering ... ok
[INFO] [stdout] test commands::install::tests::select_release_falls_back_to_generic ... ok
[INFO] [stdout] test commands::install::tests::select_release_honors_selected_os_filter ... ok
[INFO] [stdout] test commands::install::tests::select_release_prefers_first_matching_candidate ... ok
[INFO] [stdout] test commands::install::tests::resolve_install_target_selection_auto_selects_single_option ... ok
[INFO] [stdout] test commands::install::tests::select_release_supports_cpu_cuda_variants ... ok
[INFO] [stdout] test commands::install::remote::runtime::runtime_probe_tests::process_probe_accepts_original_watched_app ... FAILED
[INFO] [stdout] test commands::install::tests::select_remote_tailscale_transfer_strategy_prefers_staged_online_installer_cache ... ok
[INFO] [stdout] test commands::install::tests::select_remote_tailscale_transfer_strategy_disables_published_installers_for_stage_mode ... ok
[INFO] [stdout] test commands::install::remote::runtime::runtime_probe_tests::process_probe_accepts_current_child_after_watched_process_exits ... FAILED
[INFO] [stdout] test commands::install::remote::runtime::runtime_probe_tests::process_probe_accepts_in_tree_symlink_after_respawn ... FAILED
[INFO] [stdout] test commands::install::tests::shell_single_quote_escapes_apostrophes ... ok
[INFO] [stdout] test commands::install::tests::select_remote_tailscale_transfer_strategy_uses_online_installer_for_online_reinstall_repairs ... ok
[INFO] [stdout] test commands::install::tests::select_remote_installer_mode_prefers_online_for_remote_storage ... ok
[INFO] [stdout] test commands::list::tests::append_prefix_handles_empty_values ... ok
[INFO] [stdout] test commands::install::tests::select_remote_tailscale_transfer_strategy_uses_app_copy_when_stage_reduces_transfer ... ok
[INFO] [stdout] test commands::list::tests::build_overview_row_picks_latest_per_channel ... ok
[INFO] [stdout] test commands::list::tests::humanize_publish_timestamp_keeps_invalid_values ... ok
[INFO] [stdout] test commands::list::tests::humanize_publish_timestamp_formats_date_and_relative_age ... ok
[INFO] [stdout] test commands::lock::tests::acquire_requires_lock_configuration ... ok
[INFO] [stdout] test commands::lock::tests::acquire_and_release_use_manifest_lock_server ... ok
[INFO] [stdout] test commands::install::tests::try_prepare_published_installer_without_manifest_preserves_embedded_cache_policy ... ok
[INFO] [stdout] test commands::list::tests::fetch_release_index_for_app_prefers_scoped_prefix_on_multi_app_manifest ... ok
[INFO] [stdout] test commands::install::tests::try_prepare_published_installer_for_tailscale_rewrites_manifest_for_remote_env ... ok
[INFO] [stdout] test commands::install::remote::runtime::runtime_probe_tests::process_probe_rejects_unrelated_app_with_matching_supervisor_arguments ... ok
[INFO] [stdout] test commands::pack::tests::ensure_host_compatible_rid_rejects_cross_target_arch ... ok
[INFO] [stdout] test commands::install::remote::runtime::runtime_probe_tests::process_probe_rejects_reused_watched_pid_identity ... ok
[INFO] [stdout] test commands::pack::tests::execute_installers_only_package_manifest_includes_delta_chain_when_direct_full_is_missing ... ok
[INFO] [stdout] test commands::install::remote::runtime::runtime_probe_tests::process_probe_rejects_unrelated_supervisor_with_target_first_run_argument ... ok
[INFO] [stdout] test commands::install::remote::detached::tests::detached_launch_command_runs_installer_detached_and_reports_pid ... FAILED
[INFO] [stdout] test commands::install::remote::runtime::runtime_probe_tests::process_probe_requires_parent_proof_for_legacy_watch_without_start_time ... FAILED
[INFO] [stdout] test commands::install::remote::runtime::runtime_probe_tests::process_probe_rejects_watched_process_with_spoofed_app_arguments ... ok
[INFO] [stdout] test commands::install::remote::detached::tests::detached_launch_fails_when_the_child_never_publishes_a_pid ... ok
[INFO] [stdout] test commands::promote::tests::execute_degrades_to_full_only_when_previous_channel_release_chain_is_broken ... ok
[INFO] [stdout] test commands::promote::tests::execute_is_noop_when_release_already_on_channel ... ok
[INFO] [stdout] test commands::install::remote::runtime::runtime_probe_tests::process_probe_rejects_supervisor_id_prefix_match ... FAILED
[INFO] [stdout] test commands::install::remote::runtime::runtime_probe_tests::process_probe_rejects_retained_symlink_target_changed_between_releases ... FAILED
[INFO] [stdout] test commands::promote::tests::execute_promotes_full_only_release_when_previous_channel_full_cannot_be_restored ... ok
[INFO] [stdout] test commands::install::tests::build_remote_app_copy_activation_script_preserves_persistent_assets_and_prunes_snapshots ... ok
[INFO] [stdout] test commands::pack::tests::execute_installers_only_writes_package_manifest_without_downloading_or_building ... ok
[INFO] [stdout] test commands::promote::tests::execute_materializes_missing_full_before_adding_channel ... ok
[INFO] [stdout] test commands::promote::tests::execute_promotes_checkpoint_full_without_channel_delta_rebuild ... ok
[INFO] [stdout] test commands::promote::tests::execute_rejects_promotion_when_missing_full_cannot_be_restored ... ok
[INFO] [stdout] test commands::promote::tests::execute_adds_requested_channel_and_sorts_membership ... ok
[INFO] [stdout] test commands::promote::tests::execute_promotes_legacy_full_only_release_without_channel_delta ... ok
[INFO] [stdout] test commands::restore::tests::execute_restores_only_matching_files_and_release_index ... ok
[INFO] [stdout] test commands::restore::tests::restore_match_always_keeps_release_index ... ok
[INFO] [stdout] test commands::restore::tests::restore_match_filters_app_rid_and_optional_version ... ok
[INFO] [stdout] test commands::setup::convergence::tests::installer_runtime_environment_merges_into_update_release_environment ... ok
[INFO] [stdout] test commands::promote::tests::execute_rebuilds_channel_delta_when_promoting_across_skipped_versions ... ok
[INFO] [stdout] test commands::push::tests::execute_uploads_checkpoint_full_without_dropping_direct_delta ... ok
[INFO] [stdout] test commands::restore::tests::execute_restores_requested_release_from_storage_when_packages_dir_is_missing ... ok
[INFO] [stdout] test commands::setup::status::tests::record_failed_uses_pre_attempt_failed_record_for_backoff ... ok
[INFO] [stdout] test commands::setup::tests::execute_installs_bundled_payload_and_writes_runtime_manifest ... ok
[INFO] [stdout] test commands::setup::tests::execute_preserves_persistent_assets_and_prunes_stale_snapshots ... ok
[INFO] [stdout] test commands::setup::tests::execute_prunes_release_graph_artifacts_when_cache_policy_keeps_latest_full ... ok
[INFO] [stdout] test commands::setup::tests::execute_prunes_stale_artifact_cache_entries_after_online_setup ... ok
[INFO] [stdout] test commands::setup::tests::execute_stage_persists_bundled_payload_in_artifact_cache_without_installing ... ok
[INFO] [stdout] test commands::setup::tests::execute_records_failed_status_with_phase_context ... ok
[INFO] [stdout] test commands::setup::tests::execute_stage_prunes_bundled_payload_cache_when_policy_keeps_latest_full ... ok
[INFO] [stdout] test commands::setup::tests::progress_reporter_emits_message_for_each_distinct_phase_label ... ok
[INFO] [stdout] test commands::setup::tests::progress_reporter_emits_time_based_update_between_percent_buckets ... ok
[INFO] [stdout] test commands::setup::tests::progress_reporter_logs_each_percent_bucket_once ... ok
[INFO] [stdout] test commands::setup::tests::execute_stage_persists_online_installer_cache_without_installing ... ok
[INFO] [stdout] test commands::setup::tests::staged_installer_identity_preserves_storage_prefix ... ok
[INFO] [stdout] test commands::tests::test_build_app_scoped_storage_config_scopes_only_for_multi_app_manifest ... ok
[INFO] [stdout] test commands::tests::test_build_app_scoped_storage_config_uses_loaded_env_overlay ... ok
[INFO] [stdout] test commands::tests::test_build_storage_config_from_installer_manifest_uses_loaded_env_overlay ... ok
[INFO] [stdout] test commands::setup::tests::resolve_package_downloads_when_bundled_payload_is_missing ... ok
[INFO] [stdout] test commands::tests::test_ensure_mutating_storage_access_accepts_azure_account_and_key ... ok
[INFO] [stdout] test commands::tests::test_ensure_mutating_storage_access_accepts_gcs_oauth_token ... ok
[INFO] [stdout] test commands::tests::test_ensure_mutating_storage_access_rejects_azure_without_key ... ok
[INFO] [stdout] test commands::setup::tests::execute_retains_installed_full_in_artifact_cache_when_release_graph_prunes_it ... ok
[INFO] [stdout] test commands::tests::test_parse_storage_provider_supports_aliases ... ok
[INFO] [stdout] test commands::push::tests::execute_records_full_encoding_from_package_metadata ... ok
[INFO] [stdout] test commands::setup::tests::execute_converges_existing_online_install_with_delta_chain_and_repairs_metadata ... ok
[INFO] [stdout] test commands::tests::test_compact_materializes_latest_full_and_preserves_other_channels ... ok
[INFO] [stdout] test commands::tests::test_push_multi_app_uses_app_scoped_release_index ... ok
[INFO] [stdout] test commands::tests::test_resolve_app_and_rid_defaults_single_target ... ok
[INFO] [stdout] test commands::tests::test_resolve_app_requires_explicit_value_when_manifest_is_ambiguous ... ok
[INFO] [stdout] test commands::tests::test_resolve_app_with_rid_hint_picks_unique_matching_app ... ok
[INFO] [stdout] test commands::tests::test_resolve_app_with_rid_hint_rejects_ambiguous_match ... ok
[INFO] [stdout] test commands::tests::test_resolve_app_with_rid_hint_rejects_missing_rid_in_multi_app_manifest ... ok
[INFO] [stdout] test commands::tests::test_storage_credentials_resolve_azure_keys ... ok
[INFO] [stdout] test commands::tests::test_storage_credentials_resolve_github_token_to_secret_key ... ok
[INFO] [stdout] test commands::tests::test_storage_credentials_resolve_s3_keys ... ok
[INFO] [stdout] test commands::tune::tests::build_manifest_with_policy_updates_pack_block ... ok
[INFO] [stdout] test commands::tune::tests::choose_recommended_prefers_fast_candidate_within_size_budget ... ok
[INFO] [stdout] test commands::tune::tests::configure_benchmark_context_uses_original_manifest_scope_for_env_lookup ... ok
[INFO] [stdout] test commands::tune::tests::execute_pack_writes_recommended_policy_to_manifest ... ok
[INFO] [stdout] test envfile::tests::app_env_files_for_missing_directory_returns_empty ... ok
[INFO] [stdout] test envfile::tests::candidate_paths_include_project_root_when_manifest_lives_in_dot_surge ... ok
[INFO] [stdout] test envfile::tests::candidate_paths_use_manifest_directory_for_custom_manifest_locations ... ok
[INFO] [stdout] test envfile::tests::load_storage_env_files_applies_later_candidates_after_earlier_ones ... ok
[INFO] [stdout] test envfile::tests::load_storage_env_files_keeps_scopes_isolated ... ok
[INFO] [stdout] test envfile::tests::load_storage_env_files_parses_export_and_quoted_values ... ok
[INFO] [stdout] test envfile::tests::load_storage_env_files_supports_per_app_overlays ... ok
[INFO] [stdout] test envfile::tests::scan_directory_for_relative_candidates_uses_current_directory ... ok
[INFO] [stdout] test formatters::tests::format_byte_progress_includes_percent ... ok
[INFO] [stdout] test formatters::tests::format_duration_prefers_ms_for_subsecond_values ... ok
[INFO] [stdout] test formatters::tests::format_duration_uses_minutes_for_60s_and_above ... ok
[INFO] [stdout] test formatters::tests::format_duration_uses_seconds_for_under_a_minute ... ok
[INFO] [stdout] test commands::tests::test_push_records_archive_chunked_delta_patch_format ... ok
[INFO] [stdout] test logline::tests::prefixed_levels_produce_label_and_elapsed ... ok
[INFO] [stdout] test logline::tests::unprefixed_levels_return_none ... ok
[INFO] [stdout] test logline::tests::success_level_uses_ok_label ... ok
[INFO] [stdout] test prompts::tests::format_app_label_includes_distro_and_variant ... ok
[INFO] [stdout] test prompts::tests::format_app_label_omits_empty_variant ... ok
[INFO] [stdout] test prompts::tests::format_rid_label_includes_distro_and_variant ... ok
[INFO] [stdout] test prompts::tests::format_rid_label_plain_rid ... ok
[INFO] [stdout] test prompts::tests::format_app_label_falls_back_to_app_id ... ok
[INFO] [stdout] test commands::tests::test_push_records_chunked_delta_patch_format ... ok
[INFO] [stdout] test commands::install::remote::detached::stage_tests::stage_monitor_uses_job_result_and_exact_cache_in_isolated_transport ... ok
[INFO] [stdout] test commands::tests::test_push_uploads_delta_only_after_first_full_for_rid ... ok
[INFO] [stdout] test commands::pack::tests::build_installers_gui_only_does_not_require_console_launcher ... ok
[INFO] [stdout] test commands::pack::tests::build_installers_uses_app_scoped_prefix_in_multi_app_manifest ... ok
[INFO] [stdout] test commands::pack::tests::build_installers_resolves_icon_relative_to_manifest_root_parent ... ok
[INFO] [stdout] test commands::pack::tests::execute_installers_only_creates_online_and_offline_installers has been running for over 60 seconds
[INFO] [stdout] test commands::pack::tests::execute_installers_only_rebuilds_missing_direct_full_from_deltas has been running for over 60 seconds
[INFO] [stdout] test commands::pack::tests::execute_installers_only_uploads_installers_to_requested_channel_key has been running for over 60 seconds
[INFO] [stdout] test commands::pack::tests::execute_installers_only_uploads_installers_to_storage has been running for over 60 seconds
[INFO] [stdout] test commands::pack::tests::execute_installers_only_uses_requested_channel_for_selection_and_installer_manifest has been running for over 60 seconds
[INFO] [stdout] test commands::pack::tests::execute_pack_uses_default_dot_surge_artifacts_layout has been running for over 60 seconds
[INFO] [stdout] test commands::promote::tests::execute_rebuilds_channel_delta_with_multithreaded_pack_preserves_full_sha256 has been running for over 60 seconds
[INFO] [stdout] test commands::pack::tests::execute_installers_only_uses_requested_channel_for_selection_and_installer_manifest ... ok
[INFO] [stdout] test commands::pack::tests::execute_installers_only_rebuilds_missing_direct_full_from_deltas ... ok
[INFO] [stdout] test commands::tests::test_pack_push_promote_demote_smoke has been running for over 60 seconds
[INFO] [stdout] test commands::pack::tests::execute_pack_uses_default_dot_surge_artifacts_layout ... ok
[INFO] [stdout] test commands::pack::tests::execute_installers_only_creates_online_and_offline_installers ... ok
[INFO] [stdout] test commands::tests::test_pack_push_promote_demote_smoke ... ok
[INFO] [stdout] test commands::pack::tests::execute_installers_only_uploads_installers_to_requested_channel_key ... ok
[INFO] [stdout] test commands::pack::tests::execute_installers_only_uploads_installers_to_storage ... ok
[INFO] [stdout] test commands::promote::tests::execute_rebuilds_channel_delta_with_multithreaded_pack_preserves_full_sha256 ... ok
[INFO] [stdout] 
[INFO] [stdout] failures:
[INFO] [stdout] 
[INFO] [stdout] ---- commands::install::remote::runtime::runtime_probe_tests::process_probe_accepts_original_watched_app stdout ----
[INFO] [stdout] 
[INFO] [stdout] thread 'commands::install::remote::runtime::runtime_probe_tests::process_probe_accepts_original_watched_app' (2986) panicked at src/commands/install/remote/runtime_probe_tests.rs:264:5:
[INFO] [stdout] assertion `left == right` failed
[INFO] [stdout]   left: "app process for /tmp/.tmpQWbI4n/app/demoapp was not found"
[INFO] [stdout]  right: "ready"
[INFO] [stdout] stack backtrace:
[INFO] [stdout]    0:     0x55dd8d62b0b1 - std[70759c8f55707aa4]::backtrace_rs::backtrace::libunwind::trace
[INFO] [stdout]                                at /rustc/dfb0accb7f508ae8be965d8629557221c889dd98/library/std/src/../../backtrace/src/backtrace/libunwind.rs:117:9
[INFO] [stdout]    1:     0x55dd8d62b0b1 - std[70759c8f55707aa4]::backtrace_rs::backtrace::trace_unsynchronized::<std[70759c8f55707aa4]::sys::backtrace::_print_fmt::{closure#1}>
[INFO] [stdout]                                at /rustc/dfb0accb7f508ae8be965d8629557221c889dd98/library/std/src/../../backtrace/src/backtrace/mod.rs:66:14
[INFO] [stdout]    2:     0x55dd8d62b0b1 - std[70759c8f55707aa4]::sys::backtrace::_print_fmt
[INFO] [stdout]                                at /rustc/dfb0accb7f508ae8be965d8629557221c889dd98/library/std/src/sys/backtrace.rs:74:9
[INFO] [stdout]    3:     0x55dd8d62b0b1 - <<std[70759c8f55707aa4]::sys::backtrace::BacktraceLock>::print::DisplayBacktrace as core[df12db4294e9bfd3]::fmt::Display>::fmt
[INFO] [stdout]                                at /rustc/dfb0accb7f508ae8be965d8629557221c889dd98/library/std/src/sys/backtrace.rs:44:26
[INFO] [stdout]    4:     0x55dd8d64432a - <core[df12db4294e9bfd3]::fmt::rt::Argument>::fmt
[INFO] [stdout]                                at /rustc/dfb0accb7f508ae8be965d8629557221c889dd98/library/core/src/fmt/rt.rs:152:76
[INFO] [stdout]    5:     0x55dd8d64432a - core[df12db4294e9bfd3]::fmt::write
[INFO] [stdout]    6:     0x55dd8d630a7c - core[df12db4294e9bfd3]::io::write::default_write_fmt::<alloc[2182bb758b4b3781]::vec::Vec<u8>>
[INFO] [stdout]                                at /rustc/dfb0accb7f508ae8be965d8629557221c889dd98/library/core/src/io/write.rs:402:11
[INFO] [stdout]    7:     0x55dd8d630a7c - <alloc[2182bb758b4b3781]::vec::Vec<u8> as core[df12db4294e9bfd3]::io::write::Write>::write_fmt
[INFO] [stdout]                                at /rustc/dfb0accb7f508ae8be965d8629557221c889dd98/library/core/src/io/write.rs:335:13
[INFO] [stdout]    8:     0x55dd8d600286 - <std[70759c8f55707aa4]::sys::backtrace::BacktraceLock>::print
[INFO] [stdout]                                at /rustc/dfb0accb7f508ae8be965d8629557221c889dd98/library/std/src/sys/backtrace.rs:47:9
[INFO] [stdout]    9:     0x55dd8d600286 - std[70759c8f55707aa4]::panicking::default_hook::{closure#0}
[INFO] [stdout]                                at /rustc/dfb0accb7f508ae8be965d8629557221c889dd98/library/std/src/panicking.rs:292:27
[INFO] [stdout]   10:     0x55dd8d61ffa9 - std[70759c8f55707aa4]::panicking::default_hook
[INFO] [stdout]                                at /rustc/dfb0accb7f508ae8be965d8629557221c889dd98/library/std/src/panicking.rs:316:9
[INFO] [stdout]   11:     0x55dd8c988c40 - <alloc[2182bb758b4b3781]::boxed::Box<dyn for<'a, 'b> core[df12db4294e9bfd3]::ops::function::Fn<(&'a std[70759c8f55707aa4]::panic::PanicHookInfo<'b>,), Output = ()> + core[df12db4294e9bfd3]::marker::Send + core[df12db4294e9bfd3]::marker::Sync> as core[df12db4294e9bfd3]::ops::function::Fn<(&std[70759c8f55707aa4]::panic::PanicHookInfo,)>>::call
[INFO] [stdout]                                at /rustc/dfb0accb7f508ae8be965d8629557221c889dd98/library/alloc/src/boxed.rs:2334:9
[INFO] [stdout]   12:     0x55dd8c988c40 - test[9d35eded1c95d3be]::test_main_inner::<test[9d35eded1c95d3be]::test_main_static::{closure#0}>::{closure#0}
[INFO] [stdout]                                at /rustc/dfb0accb7f508ae8be965d8629557221c889dd98/library/test/src/lib.rs:155:21
[INFO] [stdout]   13:     0x55dd8d6202d2 - <alloc[2182bb758b4b3781]::boxed::Box<dyn for<'a, 'b> core[df12db4294e9bfd3]::ops::function::Fn<(&'a std[70759c8f55707aa4]::panic::PanicHookInfo<'b>,), Output = ()> + core[df12db4294e9bfd3]::marker::Send + core[df12db4294e9bfd3]::marker::Sync> as core[df12db4294e9bfd3]::ops::function::Fn<(&std[70759c8f55707aa4]::panic::PanicHookInfo,)>>::call
[INFO] [stdout]                                at /rustc/dfb0accb7f508ae8be965d8629557221c889dd98/library/alloc/src/boxed.rs:2334:9
[INFO] [stdout]   14:     0x55dd8d6202d2 - std[70759c8f55707aa4]::panicking::panic_with_hook
[INFO] [stdout]                                at /rustc/dfb0accb7f508ae8be965d8629557221c889dd98/library/std/src/panicking.rs:823:13
[INFO] [stdout]   15:     0x55dd8d600332 - std[70759c8f55707aa4]::panicking::panic_handler::{closure#0}
[INFO] [stdout]                                at /rustc/dfb0accb7f508ae8be965d8629557221c889dd98/library/std/src/panicking.rs:688:13
[INFO] [stdout]   16:     0x55dd8d5f8969 - std[70759c8f55707aa4]::sys::backtrace::__rust_end_short_backtrace::<std[70759c8f55707aa4]::panicking::panic_handler::{closure#0}, !>
[INFO] [stdout]                                at /rustc/dfb0accb7f508ae8be965d8629557221c889dd98/library/std/src/sys/backtrace.rs:182:18
[INFO] [stdout]   17:     0x55dd8d60152d - __rustc[8fa7c3cbc660c2b3]::rust_begin_unwind
[INFO] [stdout]                                at /rustc/dfb0accb7f508ae8be965d8629557221c889dd98/library/std/src/panicking.rs:679:5
[INFO] [stdout]   18:     0x55dd8d644b7c - core[df12db4294e9bfd3]::panicking::panic_fmt
[INFO] [stdout]                                at /rustc/dfb0accb7f508ae8be965d8629557221c889dd98/library/core/src/panicking.rs:80:14
[INFO] [stdout]   19:     0x55dd8d6449e3 - core[df12db4294e9bfd3]::panicking::assert_failed_inner
[INFO] [stdout]                                at /rustc/dfb0accb7f508ae8be965d8629557221c889dd98/library/core/src/panicking.rs:452:17
[INFO] [stdout]   20:     0x55dd8c69cf1b - core[df12db4294e9bfd3]::panicking::assert_failed::<alloc[2182bb758b4b3781]::string::String, &str>
[INFO] [stdout]                                at /rustc/dfb0accb7f508ae8be965d8629557221c889dd98/library/core/src/panicking.rs:407:5
[INFO] [stdout]   21:     0x55dd8c894374 - surge[cb86a729107c9844]::commands::install::remote::runtime::runtime_probe_tests::process_probe_accepts_original_watched_app
[INFO] [stdout]                                at /opt/rustwide/workdir/src/commands/install/remote/runtime_probe_tests.rs:264:5
[INFO] [stdout]   22:     0x55dd8c87bae7 - surge[cb86a729107c9844]::commands::install::remote::runtime::runtime_probe_tests::process_probe_accepts_original_watched_app::{closure#0}
[INFO] [stdout]                                at /opt/rustwide/workdir/src/commands/install/remote/runtime_probe_tests.rs:263:48
[INFO] [stdout]   23:     0x55dd8c7b6186 - <surge[cb86a729107c9844]::commands::install::remote::runtime::runtime_probe_tests::process_probe_accepts_original_watched_app::{closure#0} as core[df12db4294e9bfd3]::ops::function::FnOnce<()>>::call_once
[INFO] [stdout]                                at /rustc/dfb0accb7f508ae8be965d8629557221c889dd98/library/core/src/ops/function.rs:250:5
[INFO] [stdout]   24:     0x55dd8c97bf2b - <fn() -> core[df12db4294e9bfd3]::result::Result<(), alloc[2182bb758b4b3781]::string::String> as core[df12db4294e9bfd3]::ops::function::FnOnce<()>>::call_once
[INFO] [stdout]                                at /rustc/dfb0accb7f508ae8be965d8629557221c889dd98/library/core/src/ops/function.rs:250:5
[INFO] [stdout]   25:     0x55dd8c97bf2b - test[9d35eded1c95d3be]::__rust_begin_short_backtrace::<core[df12db4294e9bfd3]::result::Result<(), alloc[2182bb758b4b3781]::string::String>, fn() -> core[df12db4294e9bfd3]::result::Result<(), alloc[2182bb758b4b3781]::string::String>>
[INFO] [stdout]                                at /rustc/dfb0accb7f508ae8be965d8629557221c889dd98/library/test/src/lib.rs:733:18
[INFO] [stdout]   26:     0x55dd8c989595 - test[9d35eded1c95d3be]::run_test_in_process::{closure#0}
[INFO] [stdout]                                at /rustc/dfb0accb7f508ae8be965d8629557221c889dd98/library/test/src/lib.rs:756:74
[INFO] [stdout]   27:     0x55dd8c989595 - <core[df12db4294e9bfd3]::panic::unwind_safe::AssertUnwindSafe<test[9d35eded1c95d3be]::run_test_in_process::{closure#0}> as core[df12db4294e9bfd3]::ops::function::FnOnce<()>>::call_once
[INFO] [stdout]                                at /rustc/dfb0accb7f508ae8be965d8629557221c889dd98/library/core/src/panic/unwind_safe.rs:275:9
[INFO] [stdout]   28:     0x55dd8c989595 - std[70759c8f55707aa4]::panicking::catch_unwind::do_call::<core[df12db4294e9bfd3]::panic::unwind_safe::AssertUnwindSafe<test[9d35eded1c95d3be]::run_test_in_process::{closure#0}>, core[df12db4294e9bfd3]::result::Result<(), alloc[2182bb758b4b3781]::string::String>>
[INFO] [stdout]                                at /rustc/dfb0accb7f508ae8be965d8629557221c889dd98/library/std/src/panicking.rs:576:43
[INFO] [stdout]   29:     0x55dd8c989595 - std[70759c8f55707aa4]::panicking::catch_unwind::<core[df12db4294e9bfd3]::result::Result<(), alloc[2182bb758b4b3781]::string::String>, core[df12db4294e9bfd3]::panic::unwind_safe::AssertUnwindSafe<test[9d35eded1c95d3be]::run_test_in_process::{closure#0}>>
[INFO] [stdout]                                at /rustc/dfb0accb7f508ae8be965d8629557221c889dd98/library/std/src/panicking.rs:544:19
[INFO] [stdout]   30:     0x55dd8c989595 - std[70759c8f55707aa4]::panic::catch_unwind::<core[df12db4294e9bfd3]::panic::unwind_safe::AssertUnwindSafe<test[9d35eded1c95d3be]::run_test_in_process::{closure#0}>, core[df12db4294e9bfd3]::result::Result<(), alloc[2182bb758b4b3781]::string::String>>
[INFO] [stdout]                                at /rustc/dfb0accb7f508ae8be965d8629557221c889dd98/library/std/src/panic.rs:359:14
[INFO] [stdout]   31:     0x55dd8c989595 - test[9d35eded1c95d3be]::run_test_in_process
[INFO] [stdout]                                at /rustc/dfb0accb7f508ae8be965d8629557221c889dd98/library/test/src/lib.rs:756:27
[INFO] [stdout]   32:     0x55dd8c989595 - test[9d35eded1c95d3be]::run_test::{closure#0}
[INFO] [stdout]                                at /rustc/dfb0accb7f508ae8be965d8629557221c889dd98/library/test/src/lib.rs:677:43
[INFO] [stdout]   33:     0x55dd8c982e54 - test[9d35eded1c95d3be]::run_test::{closure#1}
[INFO] [stdout]                                at /rustc/dfb0accb7f508ae8be965d8629557221c889dd98/library/test/src/lib.rs:707:41
[INFO] [stdout]   34:     0x55dd8c982e54 - std[70759c8f55707aa4]::sys::backtrace::__rust_begin_short_backtrace::<test[9d35eded1c95d3be]::run_test::{closure#1}, ()>
[INFO] [stdout]                                at /rustc/dfb0accb7f508ae8be965d8629557221c889dd98/library/std/src/sys/backtrace.rs:166:18
[INFO] [stdout]   35:     0x55dd8c98c6f2 - std[70759c8f55707aa4]::thread::lifecycle::spawn_unchecked::<test[9d35eded1c95d3be]::run_test::{closure#1}, ()>::{closure#1}::{closure#0}
[INFO] [stdout]                                at /rustc/dfb0accb7f508ae8be965d8629557221c889dd98/library/std/src/thread/lifecycle.rs:70:13
[INFO] [stdout]   36:     0x55dd8c98c6f2 - <core[df12db4294e9bfd3]::panic::unwind_safe::AssertUnwindSafe<std[70759c8f55707aa4]::thread::lifecycle::spawn_unchecked<test[9d35eded1c95d3be]::run_test::{closure#1}, ()>::{closure#1}::{closure#0}> as core[df12db4294e9bfd3]::ops::function::FnOnce<()>>::call_once
[INFO] [stdout]                                at /rustc/dfb0accb7f508ae8be965d8629557221c889dd98/library/core/src/panic/unwind_safe.rs:275:9
[INFO] [stdout]   37:     0x55dd8c98c6f2 - std[70759c8f55707aa4]::panicking::catch_unwind::do_call::<core[df12db4294e9bfd3]::panic::unwind_safe::AssertUnwindSafe<std[70759c8f55707aa4]::thread::lifecycle::spawn_unchecked<test[9d35eded1c95d3be]::run_test::{closure#1}, ()>::{closure#1}::{closure#0}>, ()>
[INFO] [stdout]                                at /rustc/dfb0accb7f508ae8be965d8629557221c889dd98/library/std/src/panicking.rs:576:43
[INFO] [stdout]   38:     0x55dd8c98c6f2 - std[70759c8f55707aa4]::panicking::catch_unwind::<(), core[df12db4294e9bfd3]::panic::unwind_safe::AssertUnwindSafe<std[70759c8f55707aa4]::thread::lifecycle::spawn_unchecked<test[9d35eded1c95d3be]::run_test::{closure#1}, ()>::{closure#1}::{closure#0}>>
[INFO] [stdout]                                at /rustc/dfb0accb7f508ae8be965d8629557221c889dd98/library/std/src/panicking.rs:544:19
[INFO] [stdout]   39:     0x55dd8c98c6f2 - std[70759c8f55707aa4]::panic::catch_unwind::<core[df12db4294e9bfd3]::panic::unwind_safe::AssertUnwindSafe<std[70759c8f55707aa4]::thread::lifecycle::spawn_unchecked<test[9d35eded1c95d3be]::run_test::{closure#1}, ()>::{closure#1}::{closure#0}>, ()>
[INFO] [stdout]                                at /rustc/dfb0accb7f508ae8be965d8629557221c889dd98/library/std/src/panic.rs:359:14
[INFO] [stdout]   40:     0x55dd8c98c6f2 - std[70759c8f55707aa4]::thread::lifecycle::spawn_unchecked::<test[9d35eded1c95d3be]::run_test::{closure#1}, ()>::{closure#1}
[INFO] [stdout]                                at /rustc/dfb0accb7f508ae8be965d8629557221c889dd98/library/std/src/thread/lifecycle.rs:68:26
[INFO] [stdout]   41:     0x55dd8c98c6f2 - <std[70759c8f55707aa4]::thread::lifecycle::spawn_unchecked<test[9d35eded1c95d3be]::run_test::{closure#1}, ()>::{closure#1} as core[df12db4294e9bfd3]::ops::function::FnOnce<()>>::call_once::{shim:vtable#0}
[INFO] [stdout]                                at /rustc/dfb0accb7f508ae8be965d8629557221c889dd98/library/core/src/ops/function.rs:250:5
[INFO] [stdout]   42:     0x55dd8d629a49 - <alloc[2182bb758b4b3781]::boxed::Box<dyn core[df12db4294e9bfd3]::ops::function::FnOnce<(), Output = ()> + core[df12db4294e9bfd3]::marker::Send> as core[df12db4294e9bfd3]::ops::function::FnOnce<()>>::call_once
[INFO] [stdout]                                at /rustc/dfb0accb7f508ae8be965d8629557221c889dd98/library/alloc/src/boxed.rs:2320:9
[INFO] [stdout]   43:     0x55dd8d629a49 - <std[70759c8f55707aa4]::sys::thread::unix::Thread>::new::thread_start
[INFO] [stdout]                                at /rustc/dfb0accb7f508ae8be965d8629557221c889dd98/library/std/src/sys/thread/unix.rs:123:17
[INFO] [stdout]   44:     0x79611ae82dfa - <unknown>
[INFO] [stdout]   45:     0x79611af163d4 - clone
[INFO] [stdout]   46:                0x0 - <unknown>
[INFO] [stdout] 
[INFO] [stdout] ---- commands::install::remote::runtime::runtime_probe_tests::process_probe_accepts_current_child_after_watched_process_exits stdout ----
[INFO] [stdout] 
[INFO] [stdout] thread 'commands::install::remote::runtime::runtime_probe_tests::process_probe_accepts_current_child_after_watched_process_exits' (2982) panicked at src/commands/install/remote/runtime_probe_tests.rs:112:5:
[INFO] [stdout] assertion `left == right` failed
[INFO] [stdout]   left: "app process for /tmp/.tmpNXZ3vX/app/demoapp was not found"
[INFO] [stdout]  right: "ready"
[INFO] [stdout] stack backtrace:
[INFO] [stdout]    0:     0x55dd8d62b0b1 - std[70759c8f55707aa4]::backtrace_rs::backtrace::libunwind::trace
[INFO] [stdout]                                at /rustc/dfb0accb7f508ae8be965d8629557221c889dd98/library/std/src/../../backtrace/src/backtrace/libunwind.rs:117:9
[INFO] [stdout]    1:     0x55dd8d62b0b1 - std[70759c8f55707aa4]::backtrace_rs::backtrace::trace_unsynchronized::<std[70759c8f55707aa4]::sys::backtrace::_print_fmt::{closure#1}>
[INFO] [stdout]                                at /rustc/dfb0accb7f508ae8be965d8629557221c889dd98/library/std/src/../../backtrace/src/backtrace/mod.rs:66:14
[INFO] [stdout]    2:     0x55dd8d62b0b1 - std[70759c8f55707aa4]::sys::backtrace::_print_fmt
[INFO] [stdout]                                at /rustc/dfb0accb7f508ae8be965d8629557221c889dd98/library/std/src/sys/backtrace.rs:74:9
[INFO] [stdout]    3:     0x55dd8d62b0b1 - <<std[70759c8f55707aa4]::sys::backtrace::BacktraceLock>::print::DisplayBacktrace as core[df12db4294e9bfd3]::fmt::Display>::fmt
[INFO] [stdout]                                at /rustc/dfb0accb7f508ae8be965d8629557221c889dd98/library/std/src/sys/backtrace.rs:44:26
[INFO] [stdout]    4:     0x55dd8d64432a - <core[df12db4294e9bfd3]::fmt::rt::Argument>::fmt
[INFO] [stdout]                                at /rustc/dfb0accb7f508ae8be965d8629557221c889dd98/library/core/src/fmt/rt.rs:152:76
[INFO] [stdout]    5:     0x55dd8d64432a - core[df12db4294e9bfd3]::fmt::write
[INFO] [stdout]    6:     0x55dd8d630a7c - core[df12db4294e9bfd3]::io::write::default_write_fmt::<alloc[2182bb758b4b3781]::vec::Vec<u8>>
[INFO] [stdout]                                at /rustc/dfb0accb7f508ae8be965d8629557221c889dd98/library/core/src/io/write.rs:402:11
[INFO] [stdout]    7:     0x55dd8d630a7c - <alloc[2182bb758b4b3781]::vec::Vec<u8> as core[df12db4294e9bfd3]::io::write::Write>::write_fmt
[INFO] [stdout]                                at /rustc/dfb0accb7f508ae8be965d8629557221c889dd98/library/core/src/io/write.rs:335:13
[INFO] [stdout]    8:     0x55dd8d600286 - <std[70759c8f55707aa4]::sys::backtrace::BacktraceLock>::print
[INFO] [stdout]                                at /rustc/dfb0accb7f508ae8be965d8629557221c889dd98/library/std/src/sys/backtrace.rs:47:9
[INFO] [stdout]    9:     0x55dd8d600286 - std[70759c8f55707aa4]::panicking::default_hook::{closure#0}
[INFO] [stdout]                                at /rustc/dfb0accb7f508ae8be965d8629557221c889dd98/library/std/src/panicking.rs:292:27
[INFO] [stdout]   10:     0x55dd8d61ffa9 - std[70759c8f55707aa4]::panicking::default_hook
[INFO] [stdout]                                at /rustc/dfb0accb7f508ae8be965d8629557221c889dd98/library/std/src/panicking.rs:316:9
[INFO] [stdout]   11:     0x55dd8c988c40 - <alloc[2182bb758b4b3781]::boxed::Box<dyn for<'a, 'b> core[df12db4294e9bfd3]::ops::function::Fn<(&'a std[70759c8f55707aa4]::panic::PanicHookInfo<'b>,), Output = ()> + core[df12db4294e9bfd3]::marker::Send + core[df12db4294e9bfd3]::marker::Sync> as core[df12db4294e9bfd3]::ops::function::Fn<(&std[70759c8f55707aa4]::panic::PanicHookInfo,)>>::call
[INFO] [stdout]                                at /rustc/dfb0accb7f508ae8be965d8629557221c889dd98/library/alloc/src/boxed.rs:2334:9
[INFO] [stdout]   12:     0x55dd8c988c40 - test[9d35eded1c95d3be]::test_main_inner::<test[9d35eded1c95d3be]::test_main_static::{closure#0}>::{closure#0}
[INFO] [stdout]                                at /rustc/dfb0accb7f508ae8be965d8629557221c889dd98/library/test/src/lib.rs:155:21
[INFO] [stdout]   13:     0x55dd8d6202d2 - <alloc[2182bb758b4b3781]::boxed::Box<dyn for<'a, 'b> core[df12db4294e9bfd3]::ops::function::Fn<(&'a std[70759c8f55707aa4]::panic::PanicHookInfo<'b>,), Output = ()> + core[df12db4294e9bfd3]::marker::Send + core[df12db4294e9bfd3]::marker::Sync> as core[df12db4294e9bfd3]::ops::function::Fn<(&std[70759c8f55707aa4]::panic::PanicHookInfo,)>>::call
[INFO] [stdout]                                at /rustc/dfb0accb7f508ae8be965d8629557221c889dd98/library/alloc/src/boxed.rs:2334:9
[INFO] [stdout]   14:     0x55dd8d6202d2 - std[70759c8f55707aa4]::panicking::panic_with_hook
[INFO] [stdout]                                at /rustc/dfb0accb7f508ae8be965d8629557221c889dd98/library/std/src/panicking.rs:823:13
[INFO] [stdout]   15:     0x55dd8d600332 - std[70759c8f55707aa4]::panicking::panic_handler::{closure#0}
[INFO] [stdout]                                at /rustc/dfb0accb7f508ae8be965d8629557221c889dd98/library/std/src/panicking.rs:688:13
[INFO] [stdout]   16:     0x55dd8d5f8969 - std[70759c8f55707aa4]::sys::backtrace::__rust_end_short_backtrace::<std[70759c8f55707aa4]::panicking::panic_handler::{closure#0}, !>
[INFO] [stdout]                                at /rustc/dfb0accb7f508ae8be965d8629557221c889dd98/library/std/src/sys/backtrace.rs:182:18
[INFO] [stdout]   17:     0x55dd8d60152d - __rustc[8fa7c3cbc660c2b3]::rust_begin_unwind
[INFO] [stdout]                                at /rustc/dfb0accb7f508ae8be965d8629557221c889dd98/library/std/src/panicking.rs:679:5
[INFO] [stdout]   18:     0x55dd8d644b7c - core[df12db4294e9bfd3]::panicking::panic_fmt
[INFO] [stdout]                                at /rustc/dfb0accb7f508ae8be965d8629557221c889dd98/library/core/src/panicking.rs:80:14
[INFO] [stdout]   19:     0x55dd8d6449e3 - core[df12db4294e9bfd3]::panicking::assert_failed_inner
[INFO] [stdout]                                at /rustc/dfb0accb7f508ae8be965d8629557221c889dd98/library/core/src/panicking.rs:452:17
[INFO] [stdout]   20:     0x55dd8c69cf1b - core[df12db4294e9bfd3]::panicking::assert_failed::<alloc[2182bb758b4b3781]::string::String, &str>
[INFO] [stdout]                                at /rustc/dfb0accb7f508ae8be965d8629557221c889dd98/library/core/src/panicking.rs:407:5
[INFO] [stdout]   21:     0x55dd8c895eaa - surge[cb86a729107c9844]::commands::install::remote::runtime::runtime_probe_tests::process_probe_accepts_current_child_after_watched_process_exits
[INFO] [stdout]                                at /opt/rustwide/workdir/src/commands/install/remote/runtime_probe_tests.rs:112:5
[INFO] [stdout]   22:     0x55dd8c87bc37 - surge[cb86a729107c9844]::commands::install::remote::runtime::runtime_probe_tests::process_probe_accepts_current_child_after_watched_process_exits::{closure#0}
[INFO] [stdout]                                at /opt/rustwide/workdir/src/commands/install/remote/runtime_probe_tests.rs:102:69
[INFO] [stdout]   23:     0x55dd8c7b6266 - <surge[cb86a729107c9844]::commands::install::remote::runtime::runtime_probe_tests::process_probe_accepts_current_child_after_watched_process_exits::{closure#0} as core[df12db4294e9bfd3]::ops::function::FnOnce<()>>::call_once
[INFO] [stdout]                                at /rustc/dfb0accb7f508ae8be965d8629557221c889dd98/library/core/src/ops/function.rs:250:5
[INFO] [stdout]   24:     0x55dd8c97bf2b - <fn() -> core[df12db4294e9bfd3]::result::Result<(), alloc[2182bb758b4b3781]::string::String> as core[df12db4294e9bfd3]::ops::function::FnOnce<()>>::call_once
[INFO] [stdout]                                at /rustc/dfb0accb7f508ae8be965d8629557221c889dd98/library/core/src/ops/function.rs:250:5
[INFO] [stdout]   25:     0x55dd8c97bf2b - test[9d35eded1c95d3be]::__rust_begin_short_backtrace::<core[df12db4294e9bfd3]::result::Result<(), alloc[2182bb758b4b3781]::string::String>, fn() -> core[df12db4294e9bfd3]::result::Result<(), alloc[2182bb758b4b3781]::string::String>>
[INFO] [stdout]                                at /rustc/dfb0accb7f508ae8be965d8629557221c889dd98/library/test/src/lib.rs:733:18
[INFO] [stdout]   26:     0x55dd8c989595 - test[9d35eded1c95d3be]::run_test_in_process::{closure#0}
[INFO] [stdout]                                at /rustc/dfb0accb7f508ae8be965d8629557221c889dd98/library/test/src/lib.rs:756:74
[INFO] [stdout]   27:     0x55dd8c989595 - <core[df12db4294e9bfd3]::panic::unwind_safe::AssertUnwindSafe<test[9d35eded1c95d3be]::run_test_in_process::{closure#0}> as core[df12db4294e9bfd3]::ops::function::FnOnce<()>>::call_once
[INFO] [stdout]                                at /rustc/dfb0accb7f508ae8be965d8629557221c889dd98/library/core/src/panic/unwind_safe.rs:275:9
[INFO] [stdout]   28:     0x55dd8c989595 - std[70759c8f55707aa4]::panicking::catch_unwind::do_call::<core[df12db4294e9bfd3]::panic::unwind_safe::AssertUnwindSafe<test[9d35eded1c95d3be]::run_test_in_process::{closure#0}>, core[df12db4294e9bfd3]::result::Result<(), alloc[2182bb758b4b3781]::string::String>>
[INFO] [stdout]                                at /rustc/dfb0accb7f508ae8be965d8629557221c889dd98/library/std/src/panicking.rs:576:43
[INFO] [stdout]   29:     0x55dd8c989595 - std[70759c8f55707aa4]::panicking::catch_unwind::<core[df12db4294e9bfd3]::result::Result<(), alloc[2182bb758b4b3781]::string::String>, core[df12db4294e9bfd3]::panic::unwind_safe::AssertUnwindSafe<test[9d35eded1c95d3be]::run_test_in_process::{closure#0}>>
[INFO] [stdout]                                at /rustc/dfb0accb7f508ae8be965d8629557221c889dd98/library/std/src/panicking.rs:544:19
[INFO] [stdout]   30:     0x55dd8c989595 - std[70759c8f55707aa4]::panic::catch_unwind::<core[df12db4294e9bfd3]::panic::unwind_safe::AssertUnwindSafe<test[9d35eded1c95d3be]::run_test_in_process::{closure#0}>, core[df12db4294e9bfd3]::result::Result<(), alloc[2182bb758b4b3781]::string::String>>
[INFO] [stdout]                                at /rustc/dfb0accb7f508ae8be965d8629557221c889dd98/library/std/src/panic.rs:359:14
[INFO] [stdout]   31:     0x55dd8c989595 - test[9d35eded1c95d3be]::run_test_in_process
[INFO] [stdout]                                at /rustc/dfb0accb7f508ae8be965d8629557221c889dd98/library/test/src/lib.rs:756:27
[INFO] [stdout]   32:     0x55dd8c989595 - test[9d35eded1c95d3be]::run_test::{closure#0}
[INFO] [stdout]                                at /rustc/dfb0accb7f508ae8be965d8629557221c889dd98/library/test/src/lib.rs:677:43
[INFO] [stdout]   33:     0x55dd8c982e54 - test[9d35eded1c95d3be]::run_test::{closure#1}
[INFO] [stdout]                                at /rustc/dfb0accb7f508ae8be965d8629557221c889dd98/library/test/src/lib.rs:707:41
[INFO] [stdout]   34:     0x55dd8c982e54 - std[70759c8f55707aa4]::sys::backtrace::__rust_begin_short_backtrace::<test[9d35eded1c95d3be]::run_test::{closure#1}, ()>
[INFO] [stdout]                                at /rustc/dfb0accb7f508ae8be965d8629557221c889dd98/library/std/src/sys/backtrace.rs:166:18
[INFO] [stdout]   35:     0x55dd8c98c6f2 - std[70759c8f55707aa4]::thread::lifecycle::spawn_unchecked::<test[9d35eded1c95d3be]::run_test::{closure#1}, ()>::{closure#1}::{closure#0}
[INFO] [stdout]                                at /rustc/dfb0accb7f508ae8be965d8629557221c889dd98/library/std/src/thread/lifecycle.rs:70:13
[INFO] [stdout]   36:     0x55dd8c98c6f2 - <core[df12db4294e9bfd3]::panic::unwind_safe::AssertUnwindSafe<std[70759c8f55707aa4]::thread::lifecycle::spawn_unchecked<test[9d35eded1c95d3be]::run_test::{closure#1}, ()>::{closure#1}::{closure#0}> as core[df12db4294e9bfd3]::ops::function::FnOnce<()>>::call_once
[INFO] [stdout]                                at /rustc/dfb0accb7f508ae8be965d8629557221c889dd98/library/core/src/panic/unwind_safe.rs:275:9
[INFO] [stdout]   37:     0x55dd8c98c6f2 - std[70759c8f55707aa4]::panicking::catch_unwind::do_call::<core[df12db4294e9bfd3]::panic::unwind_safe::AssertUnwindSafe<std[70759c8f55707aa4]::thread::lifecycle::spawn_unchecked<test[9d35eded1c95d3be]::run_test::{closure#1}, ()>::{closure#1}::{closure#0}>, ()>
[INFO] [stdout]                                at /rustc/dfb0accb7f508ae8be965d8629557221c889dd98/library/std/src/panicking.rs:576:43
[INFO] [stdout]   38:     0x55dd8c98c6f2 - std[70759c8f55707aa4]::panicking::catch_unwind::<(), core[df12db4294e9bfd3]::panic::unwind_safe::AssertUnwindSafe<std[70759c8f55707aa4]::thread::lifecycle::spawn_unchecked<test[9d35eded1c95d3be]::run_test::{closure#1}, ()>::{closure#1}::{closure#0}>>
[INFO] [stdout]                                at /rustc/dfb0accb7f508ae8be965d8629557221c889dd98/library/std/src/panicking.rs:544:19
[INFO] [stdout]   39:     0x55dd8c98c6f2 - std[70759c8f55707aa4]::panic::catch_unwind::<core[df12db4294e9bfd3]::panic::unwind_safe::AssertUnwindSafe<std[70759c8f55707aa4]::thread::lifecycle::spawn_unchecked<test[9d35eded1c95d3be]::run_test::{closure#1}, ()>::{closure#1}::{closure#0}>, ()>
[INFO] [stdout]                                at /rustc/dfb0accb7f508ae8be965d8629557221c889dd98/library/std/src/panic.rs:359:14
[INFO] [stdout]   40:     0x55dd8c98c6f2 - std[70759c8f55707aa4]::thread::lifecycle::spawn_unchecked::<test[9d35eded1c95d3be]::run_test::{closure#1}, ()>::{closure#1}
[INFO] [stdout]                                at /rustc/dfb0accb7f508ae8be965d8629557221c889dd98/library/std/src/thread/lifecycle.rs:68:26
[INFO] [stdout]   41:     0x55dd8c98c6f2 - <std[70759c8f55707aa4]::thread::lifecycle::spawn_unchecked<test[9d35eded1c95d3be]::run_test::{closure#1}, ()>::{closure#1} as core[df12db4294e9bfd3]::ops::function::FnOnce<()>>::call_once::{shim:vtable#0}
[INFO] [stdout]                                at /rustc/dfb0accb7f508ae8be965d8629557221c889dd98/library/core/src/ops/function.rs:250:5
[INFO] [stdout]   42:     0x55dd8d629a49 - <alloc[2182bb758b4b3781]::boxed::Box<dyn core[df12db4294e9bfd3]::ops::function::FnOnce<(), Output = ()> + core[df12db4294e9bfd3]::marker::Send> as core[df12db4294e9bfd3]::ops::function::FnOnce<()>>::call_once
[INFO] [stdout]                                at /rustc/dfb0accb7f508ae8be965d8629557221c889dd98/library/alloc/src/boxed.rs:2320:9
[INFO] [stdout]   43:     0x55dd8d629a49 - <std[70759c8f55707aa4]::sys::thread::unix::Thread>::new::thread_start
[INFO] [stdout]                                at /rustc/dfb0accb7f508ae8be965d8629557221c889dd98/library/std/src/sys/thread/unix.rs:123:17
[INFO] [stdout]   44:     0x79611ae82dfa - <unknown>
[INFO] [stdout]   45:     0x79611af163d4 - clone
[INFO] [stdout]   46:                0x0 - <unknown>
[INFO] [stdout] 
[INFO] [stdout] ---- commands::install::remote::runtime::runtime_probe_tests::process_probe_accepts_in_tree_symlink_after_respawn stdout ----
[INFO] [stdout] 
[INFO] [stdout] thread 'commands::install::remote::runtime::runtime_probe_tests::process_probe_accepts_in_tree_symlink_after_respawn' (2983) panicked at src/commands/install/remote/runtime_probe_tests.rs:288:5:
[INFO] [stdout] assertion `left == right` failed
[INFO] [stdout]   left: "app process for /tmp/.tmpVnJVnu/app/demoapp was not found"
[INFO] [stdout]  right: "ready"
[INFO] [stdout] stack backtrace:
[INFO] [stdout]    0:     0x55dd8d62b0b1 - std[70759c8f55707aa4]::backtrace_rs::backtrace::libunwind::trace
[INFO] [stdout]                                at /rustc/dfb0accb7f508ae8be965d8629557221c889dd98/library/std/src/../../backtrace/src/backtrace/libunwind.rs:117:9
[INFO] [stdout]    1:     0x55dd8d62b0b1 - std[70759c8f55707aa4]::backtrace_rs::backtrace::trace_unsynchronized::<std[70759c8f55707aa4]::sys::backtrace::_print_fmt::{closure#1}>
[INFO] [stdout]                                at /rustc/dfb0accb7f508ae8be965d8629557221c889dd98/library/std/src/../../backtrace/src/backtrace/mod.rs:66:14
[INFO] [stdout]    2:     0x55dd8d62b0b1 - std[70759c8f55707aa4]::sys::backtrace::_print_fmt
[INFO] [stdout]                                at /rustc/dfb0accb7f508ae8be965d8629557221c889dd98/library/std/src/sys/backtrace.rs:74:9
[INFO] [stdout]    3:     0x55dd8d62b0b1 - <<std[70759c8f55707aa4]::sys::backtrace::BacktraceLock>::print::DisplayBacktrace as core[df12db4294e9bfd3]::fmt::Display>::fmt
[INFO] [stdout]                                at /rustc/dfb0accb7f508ae8be965d8629557221c889dd98/library/std/src/sys/backtrace.rs:44:26
[INFO] [stdout]    4:     0x55dd8d64432a - <core[df12db4294e9bfd3]::fmt::rt::Argument>::fmt
[INFO] [stdout]                                at /rustc/dfb0accb7f508ae8be965d8629557221c889dd98/library/core/src/fmt/rt.rs:152:76
[INFO] [stdout]    5:     0x55dd8d64432a - core[df12db4294e9bfd3]::fmt::write
[INFO] [stdout]    6:     0x55dd8d630a7c - core[df12db4294e9bfd3]::io::write::default_write_fmt::<alloc[2182bb758b4b3781]::vec::Vec<u8>>
[INFO] [stdout]                                at /rustc/dfb0accb7f508ae8be965d8629557221c889dd98/library/core/src/io/write.rs:402:11
[INFO] [stdout]    7:     0x55dd8d630a7c - <alloc[2182bb758b4b3781]::vec::Vec<u8> as core[df12db4294e9bfd3]::io::write::Write>::write_fmt
[INFO] [stdout]                                at /rustc/dfb0accb7f508ae8be965d8629557221c889dd98/library/core/src/io/write.rs:335:13
[INFO] [stdout]    8:     0x55dd8d600286 - <std[70759c8f55707aa4]::sys::backtrace::BacktraceLock>::print
[INFO] [stdout]                                at /rustc/dfb0accb7f508ae8be965d8629557221c889dd98/library/std/src/sys/backtrace.rs:47:9
[INFO] [stdout]    9:     0x55dd8d600286 - std[70759c8f55707aa4]::panicking::default_hook::{closure#0}
[INFO] [stdout]                                at /rustc/dfb0accb7f508ae8be965d8629557221c889dd98/library/std/src/panicking.rs:292:27
[INFO] [stdout]   10:     0x55dd8d61ffa9 - std[70759c8f55707aa4]::panicking::default_hook
[INFO] [stdout]                                at /rustc/dfb0accb7f508ae8be965d8629557221c889dd98/library/std/src/panicking.rs:316:9
[INFO] [stdout]   11:     0x55dd8c988c40 - <alloc[2182bb758b4b3781]::boxed::Box<dyn for<'a, 'b> core[df12db4294e9bfd3]::ops::function::Fn<(&'a std[70759c8f55707aa4]::panic::PanicHookInfo<'b>,), Output = ()> + core[df12db4294e9bfd3]::marker::Send + core[df12db4294e9bfd3]::marker::Sync> as core[df12db4294e9bfd3]::ops::function::Fn<(&std[70759c8f55707aa4]::panic::PanicHookInfo,)>>::call
[INFO] [stdout]                                at /rustc/dfb0accb7f508ae8be965d8629557221c889dd98/library/alloc/src/boxed.rs:2334:9
[INFO] [stdout]   12:     0x55dd8c988c40 - test[9d35eded1c95d3be]::test_main_inner::<test[9d35eded1c95d3be]::test_main_static::{closure#0}>::{closure#0}
[INFO] [stdout]                                at /rustc/dfb0accb7f508ae8be965d8629557221c889dd98/library/test/src/lib.rs:155:21
[INFO] [stdout]   13:     0x55dd8d6202d2 - <alloc[2182bb758b4b3781]::boxed::Box<dyn for<'a, 'b> core[df12db4294e9bfd3]::ops::function::Fn<(&'a std[70759c8f55707aa4]::panic::PanicHookInfo<'b>,), Output = ()> + core[df12db4294e9bfd3]::marker::Send + core[df12db4294e9bfd3]::marker::Sync> as core[df12db4294e9bfd3]::ops::function::Fn<(&std[70759c8f55707aa4]::panic::PanicHookInfo,)>>::call
[INFO] [stdout]                                at /rustc/dfb0accb7f508ae8be965d8629557221c889dd98/library/alloc/src/boxed.rs:2334:9
[INFO] [stdout]   14:     0x55dd8d6202d2 - std[70759c8f55707aa4]::panicking::panic_with_hook
[INFO] [stdout]                                at /rustc/dfb0accb7f508ae8be965d8629557221c889dd98/library/std/src/panicking.rs:823:13
[INFO] [stdout]   15:     0x55dd8d600332 - std[70759c8f55707aa4]::panicking::panic_handler::{closure#0}
[INFO] [stdout]                                at /rustc/dfb0accb7f508ae8be965d8629557221c889dd98/library/std/src/panicking.rs:688:13
[INFO] [stdout]   16:     0x55dd8d5f8969 - std[70759c8f55707aa4]::sys::backtrace::__rust_end_short_backtrace::<std[70759c8f55707aa4]::panicking::panic_handler::{closure#0}, !>
[INFO] [stdout]                                at /rustc/dfb0accb7f508ae8be965d8629557221c889dd98/library/std/src/sys/backtrace.rs:182:18
[INFO] [stdout]   17:     0x55dd8d60152d - __rustc[8fa7c3cbc660c2b3]::rust_begin_unwind
[INFO] [stdout]                                at /rustc/dfb0accb7f508ae8be965d8629557221c889dd98/library/std/src/panicking.rs:679:5
[INFO] [stdout]   18:     0x55dd8d644b7c - core[df12db4294e9bfd3]::panicking::panic_fmt
[INFO] [stdout]                                at /rustc/dfb0accb7f508ae8be965d8629557221c889dd98/library/core/src/panicking.rs:80:14
[INFO] [stdout]   19:     0x55dd8d6449e3 - core[df12db4294e9bfd3]::panicking::assert_failed_inner
[INFO] [stdout]                                at /rustc/dfb0accb7f508ae8be965d8629557221c889dd98/library/core/src/panicking.rs:452:17
[INFO] [stdout]   20:     0x55dd8c69cf1b - core[df12db4294e9bfd3]::panicking::assert_failed::<alloc[2182bb758b4b3781]::string::String, &str>
[INFO] [stdout]                                at /rustc/dfb0accb7f508ae8be965d8629557221c889dd98/library/core/src/panicking.rs:407:5
[INFO] [stdout]   21:     0x55dd8c894f01 - surge[cb86a729107c9844]::commands::install::remote::runtime::runtime_probe_tests::process_probe_accepts_in_tree_symlink_after_respawn
[INFO] [stdout]                                at /opt/rustwide/workdir/src/commands/install/remote/runtime_probe_tests.rs:288:5
[INFO] [stdout]   22:     0x55dd8c87bba7 - surge[cb86a729107c9844]::commands::install::remote::runtime::runtime_probe_tests::process_probe_accepts_in_tree_symlink_after_respawn::{closure#0}
[INFO] [stdout]                                at /opt/rustwide/workdir/src/commands/install/remote/runtime_probe_tests.rs:278:57
[INFO] [stdout]   23:     0x55dd8c7b6206 - <surge[cb86a729107c9844]::commands::install::remote::runtime::runtime_probe_tests::process_probe_accepts_in_tree_symlink_after_respawn::{closure#0} as core[df12db4294e9bfd3]::ops::function::FnOnce<()>>::call_once
[INFO] [stdout]                                at /rustc/dfb0accb7f508ae8be965d8629557221c889dd98/library/core/src/ops/function.rs:250:5
[INFO] [stdout]   24:     0x55dd8c97bf2b - <fn() -> core[df12db4294e9bfd3]::result::Result<(), alloc[2182bb758b4b3781]::string::String> as core[df12db4294e9bfd3]::ops::function::FnOnce<()>>::call_once
[INFO] [stdout]                                at /rustc/dfb0accb7f508ae8be965d8629557221c889dd98/library/core/src/ops/function.rs:250:5
[INFO] [stdout]   25:     0x55dd8c97bf2b - test[9d35eded1c95d3be]::__rust_begin_short_backtrace::<core[df12db4294e9bfd3]::result::Result<(), alloc[2182bb758b4b3781]::string::String>, fn() -> core[df12db4294e9bfd3]::result::Result<(), alloc[2182bb758b4b3781]::string::String>>
[INFO] [stdout]                                at /rustc/dfb0accb7f508ae8be965d8629557221c889dd98/library/test/src/lib.rs:733:18
[INFO] [stdout]   26:     0x55dd8c989595 - test[9d35eded1c95d3be]::run_test_in_process::{closure#0}
[INFO] [stdout]                                at /rustc/dfb0accb7f508ae8be965d8629557221c889dd98/library/test/src/lib.rs:756:74
[INFO] [stdout]   27:     0x55dd8c989595 - <core[df12db4294e9bfd3]::panic::unwind_safe::AssertUnwindSafe<test[9d35eded1c95d3be]::run_test_in_process::{closure#0}> as core[df12db4294e9bfd3]::ops::function::FnOnce<()>>::call_once
[INFO] [stdout]                                at /rustc/dfb0accb7f508ae8be965d8629557221c889dd98/library/core/src/panic/unwind_safe.rs:275:9
[INFO] [stdout]   28:     0x55dd8c989595 - std[70759c8f55707aa4]::panicking::catch_unwind::do_call::<core[df12db4294e9bfd3]::panic::unwind_safe::AssertUnwindSafe<test[9d35eded1c95d3be]::run_test_in_process::{closure#0}>, core[df12db4294e9bfd3]::result::Result<(), alloc[2182bb758b4b3781]::string::String>>
[INFO] [stdout]                                at /rustc/dfb0accb7f508ae8be965d8629557221c889dd98/library/std/src/panicking.rs:576:43
[INFO] [stdout]   29:     0x55dd8c989595 - std[70759c8f55707aa4]::panicking::catch_unwind::<core[df12db4294e9bfd3]::result::Result<(), alloc[2182bb758b4b3781]::string::String>, core[df12db4294e9bfd3]::panic::unwind_safe::AssertUnwindSafe<test[9d35eded1c95d3be]::run_test_in_process::{closure#0}>>
[INFO] [stdout]                                at /rustc/dfb0accb7f508ae8be965d8629557221c889dd98/library/std/src/panicking.rs:544:19
[INFO] [stdout]   30:     0x55dd8c989595 - std[70759c8f55707aa4]::panic::catch_unwind::<core[df12db4294e9bfd3]::panic::unwind_safe::AssertUnwindSafe<test[9d35eded1c95d3be]::run_test_in_process::{closure#0}>, core[df12db4294e9bfd3]::result::Result<(), alloc[2182bb758b4b3781]::string::String>>
[INFO] [stdout]                                at /rustc/dfb0accb7f508ae8be965d8629557221c889dd98/library/std/src/panic.rs:359:14
[INFO] [stdout]   31:     0x55dd8c989595 - test[9d35eded1c95d3be]::run_test_in_process
[INFO] [stdout]                                at /rustc/dfb0accb7f508ae8be965d8629557221c889dd98/library/test/src/lib.rs:756:27
[INFO] [stdout]   32:     0x55dd8c989595 - test[9d35eded1c95d3be]::run_test::{closure#0}
[INFO] [stdout]                                at /rustc/dfb0accb7f508ae8be965d8629557221c889dd98/library/test/src/lib.rs:677:43
[INFO] [stdout]   33:     0x55dd8c982e54 - test[9d35eded1c95d3be]::run_test::{closure#1}
[INFO] [stdout]                                at /rustc/dfb0accb7f508ae8be965d8629557221c889dd98/library/test/src/lib.rs:707:41
[INFO] [stdout]   34:     0x55dd8c982e54 - std[70759c8f55707aa4]::sys::backtrace::__rust_begin_short_backtrace::<test[9d35eded1c95d3be]::run_test::{closure#1}, ()>
[INFO] [stdout]                                at /rustc/dfb0accb7f508ae8be965d8629557221c889dd98/library/std/src/sys/backtrace.rs:166:18
[INFO] [stdout]   35:     0x55dd8c98c6f2 - std[70759c8f55707aa4]::thread::lifecycle::spawn_unchecked::<test[9d35eded1c95d3be]::run_test::{closure#1}, ()>::{closure#1}::{closure#0}
[INFO] [stdout]                                at /rustc/dfb0accb7f508ae8be965d8629557221c889dd98/library/std/src/thread/lifecycle.rs:70:13
[INFO] [stdout]   36:     0x55dd8c98c6f2 - <core[df12db4294e9bfd3]::panic::unwind_safe::AssertUnwindSafe<std[70759c8f55707aa4]::thread::lifecycle::spawn_unchecked<test[9d35eded1c95d3be]::run_test::{closure#1}, ()>::{closure#1}::{closure#0}> as core[df12db4294e9bfd3]::ops::function::FnOnce<()>>::call_once
[INFO] [stdout]                                at /rustc/dfb0accb7f508ae8be965d8629557221c889dd98/library/core/src/panic/unwind_safe.rs:275:9
[INFO] [stdout]   37:     0x55dd8c98c6f2 - std[70759c8f55707aa4]::panicking::catch_unwind::do_call::<core[df12db4294e9bfd3]::panic::unwind_safe::AssertUnwindSafe<std[70759c8f55707aa4]::thread::lifecycle::spawn_unchecked<test[9d35eded1c95d3be]::run_test::{closure#1}, ()>::{closure#1}::{closure#0}>, ()>
[INFO] [stdout]                                at /rustc/dfb0accb7f508ae8be965d8629557221c889dd98/library/std/src/panicking.rs:576:43
[INFO] [stdout]   38:     0x55dd8c98c6f2 - std[70759c8f55707aa4]::panicking::catch_unwind::<(), core[df12db4294e9bfd3]::panic::unwind_safe::AssertUnwindSafe<std[70759c8f55707aa4]::thread::lifecycle::spawn_unchecked<test[9d35eded1c95d3be]::run_test::{closure#1}, ()>::{closure#1}::{closure#0}>>
[INFO] [stdout]                                at /rustc/dfb0accb7f508ae8be965d8629557221c889dd98/library/std/src/panicking.rs:544:19
[INFO] [stdout]   39:     0x55dd8c98c6f2 - std[70759c8f55707aa4]::panic::catch_unwind::<core[df12db4294e9bfd3]::panic::unwind_safe::AssertUnwindSafe<std[70759c8f55707aa4]::thread::lifecycle::spawn_unchecked<test[9d35eded1c95d3be]::run_test::{closure#1}, ()>::{closure#1}::{closure#0}>, ()>
[INFO] [stdout]                                at /rustc/dfb0accb7f508ae8be965d8629557221c889dd98/library/std/src/panic.rs:359:14
[INFO] [stdout]   40:     0x55dd8c98c6f2 - std[70759c8f55707aa4]::thread::lifecycle::spawn_unchecked::<test[9d35eded1c95d3be]::run_test::{closure#1}, ()>::{closure#1}
[INFO] [stdout]                                at /rustc/dfb0accb7f508ae8be965d8629557221c889dd98/library/std/src/thread/lifecycle.rs:68:26
[INFO] [stdout]   41:     0x55dd8c98c6f2 - <std[70759c8f55707aa4]::thread::lifecycle::spawn_unchecked<test[9d35eded1c95d3be]::run_test::{closure#1}, ()>::{closure#1} as core[df12db4294e9bfd3]::ops::function::FnOnce<()>>::call_once::{shim:vtable#0}
[INFO] [stdout]                                at /rustc/dfb0accb7f508ae8be965d8629557221c889dd98/library/core/src/ops/function.rs:250:5
[INFO] [stdout]   42:     0x55dd8d629a49 - <alloc[2182bb758b4b3781]::boxed::Box<dyn core[df12db4294e9bfd3]::ops::function::FnOnce<(), Output = ()> + core[df12db4294e9bfd3]::marker::Send> as core[df12db4294e9bfd3]::ops::function::FnOnce<()>>::call_once
[INFO] [stdout]                                at /rustc/dfb0accb7f508ae8be965d8629557221c889dd98/library/alloc/src/boxed.rs:2320:9
[INFO] [stdout]   43:     0x55dd8d629a49 - <std[70759c8f55707aa4]::sys::thread::unix::Thread>::new::thread_start
[INFO] [stdout]                                at /rustc/dfb0accb7f508ae8be965d8629557221c889dd98/library/std/src/sys/thread/unix.rs:123:17
[INFO] [stdout]   44:     0x79611ae82dfa - <unknown>
[INFO] [stdout]   45:     0x79611af163d4 - clone
[INFO] [stdout]   46:                0x0 - <unknown>
[INFO] [stdout] 
[INFO] [stdout] ---- commands::install::remote::detached::tests::detached_launch_command_runs_installer_detached_and_reports_pid stdout ----
[INFO] [stdout] 
[INFO] [stdout] thread 'commands::install::remote::detached::tests::detached_launch_command_runs_installer_detached_and_reports_pid' (2868) panicked at src/commands/install/remote/detached.rs:658:9:
[INFO] [stdout] installer should have exited
[INFO] [stdout] stack backtrace:
[INFO] [stdout]    0:     0x55dd8d62b0b1 - std[70759c8f55707aa4]::backtrace_rs::backtrace::libunwind::trace
[INFO] [stdout]                                at /rustc/dfb0accb7f508ae8be965d8629557221c889dd98/library/std/src/../../backtrace/src/backtrace/libunwind.rs:117:9
[INFO] [stdout]    1:     0x55dd8d62b0b1 - std[70759c8f55707aa4]::backtrace_rs::backtrace::trace_unsynchronized::<std[70759c8f55707aa4]::sys::backtrace::_print_fmt::{closure#1}>
[INFO] [stdout]                                at /rustc/dfb0accb7f508ae8be965d8629557221c889dd98/library/std/src/../../backtrace/src/backtrace/mod.rs:66:14
[INFO] [stdout]    2:     0x55dd8d62b0b1 - std[70759c8f55707aa4]::sys::backtrace::_print_fmt
[INFO] [stdout]                                at /rustc/dfb0accb7f508ae8be965d8629557221c889dd98/library/std/src/sys/backtrace.rs:74:9
[INFO] [stdout]    3:     0x55dd8d62b0b1 - <<std[70759c8f55707aa4]::sys::backtrace::BacktraceLock>::print::DisplayBacktrace as core[df12db4294e9bfd3]::fmt::Display>::fmt
[INFO] [stdout]                                at /rustc/dfb0accb7f508ae8be965d8629557221c889dd98/library/std/src/sys/backtrace.rs:44:26
[INFO] [stdout]    4:     0x55dd8d64432a - <core[df12db4294e9bfd3]::fmt::rt::Argument>::fmt
[INFO] [stdout]                                at /rustc/dfb0accb7f508ae8be965d8629557221c889dd98/library/core/src/fmt/rt.rs:152:76
[INFO] [stdout]    5:     0x55dd8d64432a - core[df12db4294e9bfd3]::fmt::write
[INFO] [stdout]    6:     0x55dd8d630a7c - core[df12db4294e9bfd3]::io::write::default_write_fmt::<alloc[2182bb758b4b3781]::vec::Vec<u8>>
[INFO] [stdout]                                at /rustc/dfb0accb7f508ae8be965d8629557221c889dd98/library/core/src/io/write.rs:402:11
[INFO] [stdout]    7:     0x55dd8d630a7c - <alloc[2182bb758b4b3781]::vec::Vec<u8> as core[df12db4294e9bfd3]::io::write::Write>::write_fmt
[INFO] [stdout]                                at /rustc/dfb0accb7f508ae8be965d8629557221c889dd98/library/core/src/io/write.rs:335:13
[INFO] [stdout]    8:     0x55dd8d600286 - <std[70759c8f55707aa4]::sys::backtrace::BacktraceLock>::print
[INFO] [stdout]                                at /rustc/dfb0accb7f508ae8be965d8629557221c889dd98/library/std/src/sys/backtrace.rs:47:9
[INFO] [stdout]    9:     0x55dd8d600286 - std[70759c8f55707aa4]::panicking::default_hook::{closure#0}
[INFO] [stdout]                                at /rustc/dfb0accb7f508ae8be965d8629557221c889dd98/library/std/src/panicking.rs:292:27
[INFO] [stdout]   10:     0x55dd8d61ffa9 - std[70759c8f55707aa4]::panicking::default_hook
[INFO] [stdout]                                at /rustc/dfb0accb7f508ae8be965d8629557221c889dd98/library/std/src/panicking.rs:316:9
[INFO] [stdout]   11:     0x55dd8c988c40 - <alloc[2182bb758b4b3781]::boxed::Box<dyn for<'a, 'b> core[df12db4294e9bfd3]::ops::function::Fn<(&'a std[70759c8f55707aa4]::panic::PanicHookInfo<'b>,), Output = ()> + core[df12db4294e9bfd3]::marker::Send + core[df12db4294e9bfd3]::marker::Sync> as core[df12db4294e9bfd3]::ops::function::Fn<(&std[70759c8f55707aa4]::panic::PanicHookInfo,)>>::call
[INFO] [stdout]                                at /rustc/dfb0accb7f508ae8be965d8629557221c889dd98/library/alloc/src/boxed.rs:2334:9
[INFO] [stdout]   12:     0x55dd8c988c40 - test[9d35eded1c95d3be]::test_main_inner::<test[9d35eded1c95d3be]::test_main_static::{closure#0}>::{closure#0}
[INFO] [stdout]                                at /rustc/dfb0accb7f508ae8be965d8629557221c889dd98/library/test/src/lib.rs:155:21
[INFO] [stdout]   13:     0x55dd8d6202d2 - <alloc[2182bb758b4b3781]::boxed::Box<dyn for<'a, 'b> core[df12db4294e9bfd3]::ops::function::Fn<(&'a std[70759c8f55707aa4]::panic::PanicHookInfo<'b>,), Output = ()> + core[df12db4294e9bfd3]::marker::Send + core[df12db4294e9bfd3]::marker::Sync> as core[df12db4294e9bfd3]::ops::function::Fn<(&std[70759c8f55707aa4]::panic::PanicHookInfo,)>>::call
[INFO] [stdout]                                at /rustc/dfb0accb7f508ae8be965d8629557221c889dd98/library/alloc/src/boxed.rs:2334:9
[INFO] [stdout]   14:     0x55dd8d6202d2 - std[70759c8f55707aa4]::panicking::panic_with_hook
[INFO] [stdout]                                at /rustc/dfb0accb7f508ae8be965d8629557221c889dd98/library/std/src/panicking.rs:823:13
[INFO] [stdout]   15:     0x55dd8d600364 - std[70759c8f55707aa4]::panicking::panic_handler::{closure#0}
[INFO] [stdout]                                at /rustc/dfb0accb7f508ae8be965d8629557221c889dd98/library/std/src/panicking.rs:681:13
[INFO] [stdout]   16:     0x55dd8d5f8969 - std[70759c8f55707aa4]::sys::backtrace::__rust_end_short_backtrace::<std[70759c8f55707aa4]::panicking::panic_handler::{closure#0}, !>
[INFO] [stdout]                                at /rustc/dfb0accb7f508ae8be965d8629557221c889dd98/library/std/src/sys/backtrace.rs:182:18
[INFO] [stdout]   17:     0x55dd8d60152d - __rustc[8fa7c3cbc660c2b3]::rust_begin_unwind
[INFO] [stdout]                                at /rustc/dfb0accb7f508ae8be965d8629557221c889dd98/library/std/src/panicking.rs:679:5
[INFO] [stdout]   18:     0x55dd8d644b7c - core[df12db4294e9bfd3]::panicking::panic_fmt
[INFO] [stdout]                                at /rustc/dfb0accb7f508ae8be965d8629557221c889dd98/library/core/src/panicking.rs:80:14
[INFO] [stdout]   19:     0x55dd8c8d5fda - surge[cb86a729107c9844]::commands::install::remote::detached::tests::detached_launch_command_runs_installer_detached_and_reports_pid
[INFO] [stdout]                                at /opt/rustwide/workdir/src/commands/install/remote/detached.rs:658:9
[INFO] [stdout]   20:     0x55dd8c8c2837 - surge[cb86a729107c9844]::commands::install::remote::detached::tests::detached_launch_command_runs_installer_detached_and_reports_pid::{closure#0}
[INFO] [stdout]                                at /opt/rustwide/workdir/src/commands/install/remote/detached.rs:600:73
[INFO] [stdout]   21:     0x55dd8c7b6506 - <surge[cb86a729107c9844]::commands::install::remote::detached::tests::detached_launch_command_runs_installer_detached_and_reports_pid::{closure#0} as core[df12db4294e9bfd3]::ops::function::FnOnce<()>>::call_once
[INFO] [stdout]                                at /rustc/dfb0accb7f508ae8be965d8629557221c889dd98/library/core/src/ops/function.rs:250:5
[INFO] [stdout]   22:     0x55dd8c97bf2b - <fn() -> core[df12db4294e9bfd3]::result::Result<(), alloc[2182bb758b4b3781]::string::String> as core[df12db4294e9bfd3]::ops::function::FnOnce<()>>::call_once
[INFO] [stdout]                                at /rustc/dfb0accb7f508ae8be965d8629557221c889dd98/library/core/src/ops/function.rs:250:5
[INFO] [stdout]   23:     0x55dd8c97bf2b - test[9d35eded1c95d3be]::__rust_begin_short_backtrace::<core[df12db4294e9bfd3]::result::Result<(), alloc[2182bb758b4b3781]::string::String>, fn() -> core[df12db4294e9bfd3]::result::Result<(), alloc[2182bb758b4b3781]::string::String>>
[INFO] [stdout]                                at /rustc/dfb0accb7f508ae8be965d8629557221c889dd98/library/test/src/lib.rs:733:18
[INFO] [stdout]   24:     0x55dd8c989595 - test[9d35eded1c95d3be]::run_test_in_process::{closure#0}
[INFO] [stdout]                                at /rustc/dfb0accb7f508ae8be965d8629557221c889dd98/library/test/src/lib.rs:756:74
[INFO] [stdout]   25:     0x55dd8c989595 - <core[df12db4294e9bfd3]::panic::unwind_safe::AssertUnwindSafe<test[9d35eded1c95d3be]::run_test_in_process::{closure#0}> as core[df12db4294e9bfd3]::ops::function::FnOnce<()>>::call_once
[INFO] [stdout]                                at /rustc/dfb0accb7f508ae8be965d8629557221c889dd98/library/core/src/panic/unwind_safe.rs:275:9
[INFO] [stdout]   26:     0x55dd8c989595 - std[70759c8f55707aa4]::panicking::catch_unwind::do_call::<core[df12db4294e9bfd3]::panic::unwind_safe::AssertUnwindSafe<test[9d35eded1c95d3be]::run_test_in_process::{closure#0}>, core[df12db4294e9bfd3]::result::Result<(), alloc[2182bb758b4b3781]::string::String>>
[INFO] [stdout]                                at /rustc/dfb0accb7f508ae8be965d8629557221c889dd98/library/std/src/panicking.rs:576:43
[INFO] [stdout]   27:     0x55dd8c989595 - std[70759c8f55707aa4]::panicking::catch_unwind::<core[df12db4294e9bfd3]::result::Result<(), alloc[2182bb758b4b3781]::string::String>, core[df12db4294e9bfd3]::panic::unwind_safe::AssertUnwindSafe<test[9d35eded1c95d3be]::run_test_in_process::{closure#0}>>
[INFO] [stdout]                                at /rustc/dfb0accb7f508ae8be965d8629557221c889dd98/library/std/src/panicking.rs:544:19
[INFO] [stdout]   28:     0x55dd8c989595 - std[70759c8f55707aa4]::panic::catch_unwind::<core[df12db4294e9bfd3]::panic::unwind_safe::AssertUnwindSafe<test[9d35eded1c95d3be]::run_test_in_process::{closure#0}>, core[df12db4294e9bfd3]::result::Result<(), alloc[2182bb758b4b3781]::string::String>>
[INFO] [stdout]                                at /rustc/dfb0accb7f508ae8be965d8629557221c889dd98/library/std/src/panic.rs:359:14
[INFO] [stdout]   29:     0x55dd8c989595 - test[9d35eded1c95d3be]::run_test_in_process
[INFO] [stdout]                                at /rustc/dfb0accb7f508ae8be965d8629557221c889dd98/library/test/src/lib.rs:756:27
[INFO] [stdout]   30:     0x55dd8c989595 - test[9d35eded1c95d3be]::run_test::{closure#0}
[INFO] [stdout]                                at /rustc/dfb0accb7f508ae8be965d8629557221c889dd98/library/test/src/lib.rs:677:43
[INFO] [stdout]   31:     0x55dd8c982e54 - test[9d35eded1c95d3be]::run_test::{closure#1}
[INFO] [stdout]                                at /rustc/dfb0accb7f508ae8be965d8629557221c889dd98/library/test/src/lib.rs:707:41
[INFO] [stdout]   32:     0x55dd8c982e54 - std[70759c8f55707aa4]::sys::backtrace::__rust_begin_short_backtrace::<test[9d35eded1c95d3be]::run_test::{closure#1}, ()>
[INFO] [stdout]                                at /rustc/dfb0accb7f508ae8be965d8629557221c889dd98/library/std/src/sys/backtrace.rs:166:18
[INFO] [stdout]   33:     0x55dd8c98c6f2 - std[70759c8f55707aa4]::thread::lifecycle::spawn_unchecked::<test[9d35eded1c95d3be]::run_test::{closure#1}, ()>::{closure#1}::{closure#0}
[INFO] [stdout]                                at /rustc/dfb0accb7f508ae8be965d8629557221c889dd98/library/std/src/thread/lifecycle.rs:70:13
[INFO] [stdout]   34:     0x55dd8c98c6f2 - <core[df12db4294e9bfd3]::panic::unwind_safe::AssertUnwindSafe<std[70759c8f55707aa4]::thread::lifecycle::spawn_unchecked<test[9d35eded1c95d3be]::run_test::{closure#1}, ()>::{closure#1}::{closure#0}> as core[df12db4294e9bfd3]::ops::function::FnOnce<()>>::call_once
[INFO] [stdout]                                at /rustc/dfb0accb7f508ae8be965d8629557221c889dd98/library/core/src/panic/unwind_safe.rs:275:9
[INFO] [stdout]   35:     0x55dd8c98c6f2 - std[70759c8f55707aa4]::panicking::catch_unwind::do_call::<core[df12db4294e9bfd3]::panic::unwind_safe::AssertUnwindSafe<std[70759c8f55707aa4]::thread::lifecycle::spawn_unchecked<test[9d35eded1c95d3be]::run_test::{closure#1}, ()>::{closure#1}::{closure#0}>, ()>
[INFO] [stdout]                                at /rustc/dfb0accb7f508ae8be965d8629557221c889dd98/library/std/src/panicking.rs:576:43
[INFO] [stdout]   36:     0x55dd8c98c6f2 - std[70759c8f55707aa4]::panicking::catch_unwind::<(), core[df12db4294e9bfd3]::panic::unwind_safe::AssertUnwindSafe<std[70759c8f55707aa4]::thread::lifecycle::spawn_unchecked<test[9d35eded1c95d3be]::run_test::{closure#1}, ()>::{closure#1}::{closure#0}>>
[INFO] [stdout]                                at /rustc/dfb0accb7f508ae8be965d8629557221c889dd98/library/std/src/panicking.rs:544:19
[INFO] [stdout]   37:     0x55dd8c98c6f2 - std[70759c8f55707aa4]::panic::catch_unwind::<core[df12db4294e9bfd3]::panic::unwind_safe::AssertUnwindSafe<std[70759c8f55707aa4]::thread::lifecycle::spawn_unchecked<test[9d35eded1c95d3be]::run_test::{closure#1}, ()>::{closure#1}::{closure#0}>, ()>
[INFO] [stdout]                                at /rustc/dfb0accb7f508ae8be965d8629557221c889dd98/library/std/src/panic.rs:359:14
[INFO] [stdout]   38:     0x55dd8c98c6f2 - std[70759c8f55707aa4]::thread::lifecycle::spawn_unchecked::<test[9d35eded1c95d3be]::run_test::{closure#1}, ()>::{closure#1}
[INFO] [stdout]                                at /rustc/dfb0accb7f508ae8be965d8629557221c889dd98/library/std/src/thread/lifecycle.rs:68:26
[INFO] [stdout]   39:     0x55dd8c98c6f2 - <std[70759c8f55707aa4]::thread::lifecycle::spawn_unchecked<test[9d35eded1c95d3be]::run_test::{closure#1}, ()>::{closure#1} as core[df12db4294e9bfd3]::ops::function::FnOnce<()>>::call_once::{shim:vtable#0}
[INFO] [stdout]                                at /rustc/dfb0accb7f508ae8be965d8629557221c889dd98/library/core/src/ops/function.rs:250:5
[INFO] [stdout]   40:     0x55dd8d629a49 - <alloc[2182bb758b4b3781]::boxed::Box<dyn core[df12db4294e9bfd3]::ops::function::FnOnce<(), Output = ()> + core[df12db4294e9bfd3]::marker::Send> as core[df12db4294e9bfd3]::ops::function::FnOnce<()>>::call_once
[INFO] [stdout]                                at /rustc/dfb0accb7f508ae8be965d8629557221c889dd98/library/alloc/src/boxed.rs:2320:9
[INFO] [stdout]   41:     0x55dd8d629a49 - <std[70759c8f55707aa4]::sys::thread::unix::Thread>::new::thread_start
[INFO] [stdout]                                at /rustc/dfb0accb7f508ae8be965d8629557221c889dd98/library/std/src/sys/thread/unix.rs:123:17
[INFO] [stdout]   42:     0x79611ae82dfa - <unknown>
[INFO] [stdout]   43:     0x79611af163d4 - clone
[INFO] [stdout]   44:                0x0 - <unknown>
[INFO] [stdout] 
[INFO] [stdout] ---- commands::install::remote::runtime::runtime_probe_tests::process_probe_requires_parent_proof_for_legacy_watch_without_start_time stdout ----
[INFO] [stdout] 
[INFO] [stdout] thread 'commands::install::remote::runtime::runtime_probe_tests::process_probe_requires_parent_proof_for_legacy_watch_without_start_time' (6472) panicked at src/commands/install/remote/runtime_probe_tests.rs:274:5:
[INFO] [stdout] assertion failed: probe_original_watched_app(None).contains("lacks start-time identity")
[INFO] [stdout] stack backtrace:
[INFO] [stdout]    0:     0x55dd8d62b0b1 - std[70759c8f55707aa4]::backtrace_rs::backtrace::libunwind::trace
[INFO] [stdout]                                at /rustc/dfb0accb7f508ae8be965d8629557221c889dd98/library/std/src/../../backtrace/src/backtrace/libunwind.rs:117:9
[INFO] [stdout]    1:     0x55dd8d62b0b1 - std[70759c8f55707aa4]::backtrace_rs::backtrace::trace_unsynchronized::<std[70759c8f55707aa4]::sys::backtrace::_print_fmt::{closure#1}>
[INFO] [stdout]                                at /rustc/dfb0accb7f508ae8be965d8629557221c889dd98/library/std/src/../../backtrace/src/backtrace/mod.rs:66:14
[INFO] [stdout]    2:     0x55dd8d62b0b1 - std[70759c8f55707aa4]::sys::backtrace::_print_fmt
[INFO] [stdout]                                at /rustc/dfb0accb7f508ae8be965d8629557221c889dd98/library/std/src/sys/backtrace.rs:74:9
[INFO] [stdout]    3:     0x55dd8d62b0b1 - <<std[70759c8f55707aa4]::sys::backtrace::BacktraceLock>::print::DisplayBacktrace as core[df12db4294e9bfd3]::fmt::Display>::fmt
[INFO] [stdout]                                at /rustc/dfb0accb7f508ae8be965d8629557221c889dd98/library/std/src/sys/backtrace.rs:44:26
[INFO] [stdout]    4:     0x55dd8d64432a - <core[df12db4294e9bfd3]::fmt::rt::Argument>::fmt
[INFO] [stdout]                                at /rustc/dfb0accb7f508ae8be965d8629557221c889dd98/library/core/src/fmt/rt.rs:152:76
[INFO] [stdout]    5:     0x55dd8d64432a - core[df12db4294e9bfd3]::fmt::write
[INFO] [stdout]    6:     0x55dd8d630a7c - core[df12db4294e9bfd3]::io::write::default_write_fmt::<alloc[2182bb758b4b3781]::vec::Vec<u8>>
[INFO] [stdout]                                at /rustc/dfb0accb7f508ae8be965d8629557221c889dd98/library/core/src/io/write.rs:402:11
[INFO] [stdout]    7:     0x55dd8d630a7c - <alloc[2182bb758b4b3781]::vec::Vec<u8> as core[df12db4294e9bfd3]::io::write::Write>::write_fmt
[INFO] [stdout]                                at /rustc/dfb0accb7f508ae8be965d8629557221c889dd98/library/core/src/io/write.rs:335:13
[INFO] [stdout]    8:     0x55dd8d600286 - <std[70759c8f55707aa4]::sys::backtrace::BacktraceLock>::print
[INFO] [stdout]                                at /rustc/dfb0accb7f508ae8be965d8629557221c889dd98/library/std/src/sys/backtrace.rs:47:9
[INFO] [stdout]    9:     0x55dd8d600286 - std[70759c8f55707aa4]::panicking::default_hook::{closure#0}
[INFO] [stdout]                                at /rustc/dfb0accb7f508ae8be965d8629557221c889dd98/library/std/src/panicking.rs:292:27
[INFO] [stdout]   10:     0x55dd8d61ffa9 - std[70759c8f55707aa4]::panicking::default_hook
[INFO] [stdout]                                at /rustc/dfb0accb7f508ae8be965d8629557221c889dd98/library/std/src/panicking.rs:316:9
[INFO] [stdout]   11:     0x55dd8c988c40 - <alloc[2182bb758b4b3781]::boxed::Box<dyn for<'a, 'b> core[df12db4294e9bfd3]::ops::function::Fn<(&'a std[70759c8f55707aa4]::panic::PanicHookInfo<'b>,), Output = ()> + core[df12db4294e9bfd3]::marker::Send + core[df12db4294e9bfd3]::marker::Sync> as core[df12db4294e9bfd3]::ops::function::Fn<(&std[70759c8f55707aa4]::panic::PanicHookInfo,)>>::call
[INFO] [stdout]                                at /rustc/dfb0accb7f508ae8be965d8629557221c889dd98/library/alloc/src/boxed.rs:2334:9
[INFO] [stdout]   12:     0x55dd8c988c40 - test[9d35eded1c95d3be]::test_main_inner::<test[9d35eded1c95d3be]::test_main_static::{closure#0}>::{closure#0}
[INFO] [stdout]                                at /rustc/dfb0accb7f508ae8be965d8629557221c889dd98/library/test/src/lib.rs:155:21
[INFO] [stdout]   13:     0x55dd8d6202d2 - <alloc[2182bb758b4b3781]::boxed::Box<dyn for<'a, 'b> core[df12db4294e9bfd3]::ops::function::Fn<(&'a std[70759c8f55707aa4]::panic::PanicHookInfo<'b>,), Output = ()> + core[df12db4294e9bfd3]::marker::Send + core[df12db4294e9bfd3]::marker::Sync> as core[df12db4294e9bfd3]::ops::function::Fn<(&std[70759c8f55707aa4]::panic::PanicHookInfo,)>>::call
[INFO] [stdout]                                at /rustc/dfb0accb7f508ae8be965d8629557221c889dd98/library/alloc/src/boxed.rs:2334:9
[INFO] [stdout]   14:     0x55dd8d6202d2 - std[70759c8f55707aa4]::panicking::panic_with_hook
[INFO] [stdout]                                at /rustc/dfb0accb7f508ae8be965d8629557221c889dd98/library/std/src/panicking.rs:823:13
[INFO] [stdout]   15:     0x55dd8d600364 - std[70759c8f55707aa4]::panicking::panic_handler::{closure#0}
[INFO] [stdout]                                at /rustc/dfb0accb7f508ae8be965d8629557221c889dd98/library/std/src/panicking.rs:681:13
[INFO] [stdout]   16:     0x55dd8d5f8969 - std[70759c8f55707aa4]::sys::backtrace::__rust_end_short_backtrace::<std[70759c8f55707aa4]::panicking::panic_handler::{closure#0}, !>
[INFO] [stdout]                                at /rustc/dfb0accb7f508ae8be965d8629557221c889dd98/library/std/src/sys/backtrace.rs:182:18
[INFO] [stdout]   17:     0x55dd8d60152d - __rustc[8fa7c3cbc660c2b3]::rust_begin_unwind
[INFO] [stdout]                                at /rustc/dfb0accb7f508ae8be965d8629557221c889dd98/library/std/src/panicking.rs:679:5
[INFO] [stdout]   18:     0x55dd8d644b7c - core[df12db4294e9bfd3]::panicking::panic_fmt
[INFO] [stdout]                                at /rustc/dfb0accb7f508ae8be965d8629557221c889dd98/library/core/src/panicking.rs:80:14
[INFO] [stdout]   19:     0x55dd8d644b42 - core[df12db4294e9bfd3]::panicking::panic
[INFO] [stdout]                                at /rustc/dfb0accb7f508ae8be965d8629557221c889dd98/library/core/src/panicking.rs:150:5
[INFO] [stdout]   20:     0x55dd8c897d91 - surge[cb86a729107c9844]::commands::install::remote::runtime::runtime_probe_tests::process_probe_requires_parent_proof_for_legacy_watch_without_start_time
[INFO] [stdout]                                at /opt/rustwide/workdir/src/commands/install/remote/runtime_probe_tests.rs:274:5
[INFO] [stdout]   21:     0x55dd8c87bd57 - surge[cb86a729107c9844]::commands::install::remote::runtime::runtime_probe_tests::process_probe_requires_parent_proof_for_legacy_watch_without_start_time::{closure#0}
[INFO] [stdout]                                at /opt/rustwide/workdir/src/commands/install/remote/runtime_probe_tests.rs:273:77
[INFO] [stdout]   22:     0x55dd8c7b6326 - <surge[cb86a729107c9844]::commands::install::remote::runtime::runtime_probe_tests::process_probe_requires_parent_proof_for_legacy_watch_without_start_time::{closure#0} as core[df12db4294e9bfd3]::ops::function::FnOnce<()>>::call_once
[INFO] [stdout]                                at /rustc/dfb0accb7f508ae8be965d8629557221c889dd98/library/core/src/ops/function.rs:250:5
[INFO] [stdout]   23:     0x55dd8c97bf2b - <fn() -> core[df12db4294e9bfd3]::result::Result<(), alloc[2182bb758b4b3781]::string::String> as core[df12db4294e9bfd3]::ops::function::FnOnce<()>>::call_once
[INFO] [stdout]                                at /rustc/dfb0accb7f508ae8be965d8629557221c889dd98/library/core/src/ops/function.rs:250:5
[INFO] [stdout]   24:     0x55dd8c97bf2b - test[9d35eded1c95d3be]::__rust_begin_short_backtrace::<core[df12db4294e9bfd3]::result::Result<(), alloc[2182bb758b4b3781]::string::String>, fn() -> core[df12db4294e9bfd3]::result::Result<(), alloc[2182bb758b4b3781]::string::String>>
[INFO] [stdout]                                at /rustc/dfb0accb7f508ae8be965d8629557221c889dd98/library/test/src/lib.rs:733:18
[INFO] [stdout]   25:     0x55dd8c989595 - test[9d35eded1c95d3be]::run_test_in_process::{closure#0}
[INFO] [stdout]                                at /rustc/dfb0accb7f508ae8be965d8629557221c889dd98/library/test/src/lib.rs:756:74
[INFO] [stdout]   26:     0x55dd8c989595 - <core[df12db4294e9bfd3]::panic::unwind_safe::AssertUnwindSafe<test[9d35eded1c95d3be]::run_test_in_process::{closure#0}> as core[df12db4294e9bfd3]::ops::function::FnOnce<()>>::call_once
[INFO] [stdout]                                at /rustc/dfb0accb7f508ae8be965d8629557221c889dd98/library/core/src/panic/unwind_safe.rs:275:9
[INFO] [stdout]   27:     0x55dd8c989595 - std[70759c8f55707aa4]::panicking::catch_unwind::do_call::<core[df12db4294e9bfd3]::panic::unwind_safe::AssertUnwindSafe<test[9d35eded1c95d3be]::run_test_in_process::{closure#0}>, core[df12db4294e9bfd3]::result::Result<(), alloc[2182bb758b4b3781]::string::String>>
[INFO] [stdout]                                at /rustc/dfb0accb7f508ae8be965d8629557221c889dd98/library/std/src/panicking.rs:576:43
[INFO] [stdout]   28:     0x55dd8c989595 - std[70759c8f55707aa4]::panicking::catch_unwind::<core[df12db4294e9bfd3]::result::Result<(), alloc[2182bb758b4b3781]::string::String>, core[df12db4294e9bfd3]::panic::unwind_safe::AssertUnwindSafe<test[9d35eded1c95d3be]::run_test_in_process::{closure#0}>>
[INFO] [stdout]                                at /rustc/dfb0accb7f508ae8be965d8629557221c889dd98/library/std/src/panicking.rs:544:19
[INFO] [stdout]   29:     0x55dd8c989595 - std[70759c8f55707aa4]::panic::catch_unwind::<core[df12db4294e9bfd3]::panic::unwind_safe::AssertUnwindSafe<test[9d35eded1c95d3be]::run_test_in_process::{closure#0}>, core[df12db4294e9bfd3]::result::Result<(), alloc[2182bb758b4b3781]::string::String>>
[INFO] [stdout]                                at /rustc/dfb0accb7f508ae8be965d8629557221c889dd98/library/std/src/panic.rs:359:14
[INFO] [stdout]   30:     0x55dd8c989595 - test[9d35eded1c95d3be]::run_test_in_process
[INFO] [stdout]                                at /rustc/dfb0accb7f508ae8be965d8629557221c889dd98/library/test/src/lib.rs:756:27
[INFO] [stdout]   31:     0x55dd8c989595 - test[9d35eded1c95d3be]::run_test::{closure#0}
[INFO] [stdout]                                at /rustc/dfb0accb7f508ae8be965d8629557221c889dd98/library/test/src/lib.rs:677:43
[INFO] [stdout]   32:     0x55dd8c982e54 - test[9d35eded1c95d3be]::run_test::{closure#1}
[INFO] [stdout]                                at /rustc/dfb0accb7f508ae8be965d8629557221c889dd98/library/test/src/lib.rs:707:41
[INFO] [stdout]   33:     0x55dd8c982e54 - std[70759c8f55707aa4]::sys::backtrace::__rust_begin_short_backtrace::<test[9d35eded1c95d3be]::run_test::{closure#1}, ()>
[INFO] [stdout]                                at /rustc/dfb0accb7f508ae8be965d8629557221c889dd98/library/std/src/sys/backtrace.rs:166:18
[INFO] [stdout]   34:     0x55dd8c98c6f2 - std[70759c8f55707aa4]::thread::lifecycle::spawn_unchecked::<test[9d35eded1c95d3be]::run_test::{closure#1}, ()>::{closure#1}::{closure#0}
[INFO] [stdout]                                at /rustc/dfb0accb7f508ae8be965d8629557221c889dd98/library/std/src/thread/lifecycle.rs:70:13
[INFO] [stdout]   35:     0x55dd8c98c6f2 - <core[df12db4294e9bfd3]::panic::unwind_safe::AssertUnwindSafe<std[70759c8f55707aa4]::thread::lifecycle::spawn_unchecked<test[9d35eded1c95d3be]::run_test::{closure#1}, ()>::{closure#1}::{closure#0}> as core[df12db4294e9bfd3]::ops::function::FnOnce<()>>::call_once
[INFO] [stdout]                                at /rustc/dfb0accb7f508ae8be965d8629557221c889dd98/library/core/src/panic/unwind_safe.rs:275:9
[INFO] [stdout]   36:     0x55dd8c98c6f2 - std[70759c8f55707aa4]::panicking::catch_unwind::do_call::<core[df12db4294e9bfd3]::panic::unwind_safe::AssertUnwindSafe<std[70759c8f55707aa4]::thread::lifecycle::spawn_unchecked<test[9d35eded1c95d3be]::run_test::{closure#1}, ()>::{closure#1}::{closure#0}>, ()>
[INFO] [stdout]                                at /rustc/dfb0accb7f508ae8be965d8629557221c889dd98/library/std/src/panicking.rs:576:43
[INFO] [stdout]   37:     0x55dd8c98c6f2 - std[70759c8f55707aa4]::panicking::catch_unwind::<(), core[df12db4294e9bfd3]::panic::unwind_safe::AssertUnwindSafe<std[70759c8f55707aa4]::thread::lifecycle::spawn_unchecked<test[9d35eded1c95d3be]::run_test::{closure#1}, ()>::{closure#1}::{closure#0}>>
[INFO] [stdout]                                at /rustc/dfb0accb7f508ae8be965d8629557221c889dd98/library/std/src/panicking.rs:544:19
[INFO] [stdout]   38:     0x55dd8c98c6f2 - std[70759c8f55707aa4]::panic::catch_unwind::<core[df12db4294e9bfd3]::panic::unwind_safe::AssertUnwindSafe<std[70759c8f55707aa4]::thread::lifecycle::spawn_unchecked<test[9d35eded1c95d3be]::run_test::{closure#1}, ()>::{closure#1}::{closure#0}>, ()>
[INFO] [stdout]                                at /rustc/dfb0accb7f508ae8be965d8629557221c889dd98/library/std/src/panic.rs:359:14
[INFO] [stdout]   39:     0x55dd8c98c6f2 - std[70759c8f55707aa4]::thread::lifecycle::spawn_unchecked::<test[9d35eded1c95d3be]::run_test::{closure#1}, ()>::{closure#1}
[INFO] [stdout]                                at /rustc/dfb0accb7f508ae8be965d8629557221c889dd98/library/std/src/thread/lifecycle.rs:68:26
[INFO] [stdout]   40:     0x55dd8c98c6f2 - <std[70759c8f55707aa4]::thread::lifecycle::spawn_unchecked<test[9d35eded1c95d3be]::run_test::{closure#1}, ()>::{closure#1} as core[df12db4294e9bfd3]::ops::function::FnOnce<()>>::call_once::{shim:vtable#0}
[INFO] [stdout]                                at /rustc/dfb0accb7f508ae8be965d8629557221c889dd98/library/core/src/ops/function.rs:250:5
[INFO] [stdout]   41:     0x55dd8d629a49 - <alloc[2182bb758b4b3781]::boxed::Box<dyn core[df12db4294e9bfd3]::ops::function::FnOnce<(), Output = ()> + core[df12db4294e9bfd3]::marker::Send> as core[df12db4294e9bfd3]::ops::function::FnOnce<()>>::call_once
[INFO] [stdout]                                at /rustc/dfb0accb7f508ae8be965d8629557221c889dd98/library/alloc/src/boxed.rs:2320:9
[INFO] [stdout]   42:     0x55dd8d629a49 - <std[70759c8f55707aa4]::sys::thread::unix::Thread>::new::thread_start
[INFO] [stdout]                                at /rustc/dfb0accb7f508ae8be965d8629557221c889dd98/library/std/src/sys/thread/unix.rs:123:17
[INFO] [stdout]   43:     0x79611ae82dfa - <unknown>
[INFO] [stdout]   44:     0x79611af163d4 - clone
[INFO] [stdout]   45:                0x0 - <unknown>
[INFO] [stdout] 
[INFO] [stdout] ---- commands::install::remote::runtime::runtime_probe_tests::process_probe_rejects_supervisor_id_prefix_match stdout ----
[INFO] [stdout] 
[INFO] [stdout] thread 'commands::install::remote::runtime::runtime_probe_tests::process_probe_rejects_supervisor_id_prefix_match' (3050) panicked at src/commands/install/remote/runtime_probe_tests.rs:90:9:
[INFO] [stdout] child did not exec the fixture app
[INFO] [stdout] stack backtrace:
[INFO] [stdout]    0:     0x55dd8d62b0b1 - std[70759c8f55707aa4]::backtrace_rs::backtrace::libunwind::trace
[INFO] [stdout]                                at /rustc/dfb0accb7f508ae8be965d8629557221c889dd98/library/std/src/../../backtrace/src/backtrace/libunwind.rs:117:9
[INFO] [stdout]    1:     0x55dd8d62b0b1 - std[70759c8f55707aa4]::backtrace_rs::backtrace::trace_unsynchronized::<std[70759c8f55707aa4]::sys::backtrace::_print_fmt::{closure#1}>
[INFO] [stdout]                                at /rustc/dfb0accb7f508ae8be965d8629557221c889dd98/library/std/src/../../backtrace/src/backtrace/mod.rs:66:14
[INFO] [stdout]    2:     0x55dd8d62b0b1 - std[70759c8f55707aa4]::sys::backtrace::_print_fmt
[INFO] [stdout]                                at /rustc/dfb0accb7f508ae8be965d8629557221c889dd98/library/std/src/sys/backtrace.rs:74:9
[INFO] [stdout]    3:     0x55dd8d62b0b1 - <<std[70759c8f55707aa4]::sys::backtrace::BacktraceLock>::print::DisplayBacktrace as core[df12db4294e9bfd3]::fmt::Display>::fmt
[INFO] [stdout]                                at /rustc/dfb0accb7f508ae8be965d8629557221c889dd98/library/std/src/sys/backtrace.rs:44:26
[INFO] [stdout]    4:     0x55dd8d64432a - <core[df12db4294e9bfd3]::fmt::rt::Argument>::fmt
[INFO] [stdout]                                at /rustc/dfb0accb7f508ae8be965d8629557221c889dd98/library/core/src/fmt/rt.rs:152:76
[INFO] [stdout]    5:     0x55dd8d64432a - core[df12db4294e9bfd3]::fmt::write
[INFO] [stdout]    6:     0x55dd8d630a7c - core[df12db4294e9bfd3]::io::write::default_write_fmt::<alloc[2182bb758b4b3781]::vec::Vec<u8>>
[INFO] [stdout]                                at /rustc/dfb0accb7f508ae8be965d8629557221c889dd98/library/core/src/io/write.rs:402:11
[INFO] [stdout]    7:     0x55dd8d630a7c - <alloc[2182bb758b4b3781]::vec::Vec<u8> as core[df12db4294e9bfd3]::io::write::Write>::write_fmt
[INFO] [stdout]                                at /rustc/dfb0accb7f508ae8be965d8629557221c889dd98/library/core/src/io/write.rs:335:13
[INFO] [stdout]    8:     0x55dd8d600286 - <std[70759c8f55707aa4]::sys::backtrace::BacktraceLock>::print
[INFO] [stdout]                                at /rustc/dfb0accb7f508ae8be965d8629557221c889dd98/library/std/src/sys/backtrace.rs:47:9
[INFO] [stdout]    9:     0x55dd8d600286 - std[70759c8f55707aa4]::panicking::default_hook::{closure#0}
[INFO] [stdout]                                at /rustc/dfb0accb7f508ae8be965d8629557221c889dd98/library/std/src/panicking.rs:292:27
[INFO] [stdout]   10:     0x55dd8d61ffa9 - std[70759c8f55707aa4]::panicking::default_hook
[INFO] [stdout]                                at /rustc/dfb0accb7f508ae8be965d8629557221c889dd98/library/std/src/panicking.rs:316:9
[INFO] [stdout]   11:     0x55dd8c988c40 - <alloc[2182bb758b4b3781]::boxed::Box<dyn for<'a, 'b> core[df12db4294e9bfd3]::ops::function::Fn<(&'a std[70759c8f55707aa4]::panic::PanicHookInfo<'b>,), Output = ()> + core[df12db4294e9bfd3]::marker::Send + core[df12db4294e9bfd3]::marker::Sync> as core[df12db4294e9bfd3]::ops::function::Fn<(&std[70759c8f55707aa4]::panic::PanicHookInfo,)>>::call
[INFO] [stdout]                                at /rustc/dfb0accb7f508ae8be965d8629557221c889dd98/library/alloc/src/boxed.rs:2334:9
[INFO] [stdout]   12:     0x55dd8c988c40 - test[9d35eded1c95d3be]::test_main_inner::<test[9d35eded1c95d3be]::test_main_static::{closure#0}>::{closure#0}
[INFO] [stdout]                                at /rustc/dfb0accb7f508ae8be965d8629557221c889dd98/library/test/src/lib.rs:155:21
[INFO] [stdout]   13:     0x55dd8d6202d2 - <alloc[2182bb758b4b3781]::boxed::Box<dyn for<'a, 'b> core[df12db4294e9bfd3]::ops::function::Fn<(&'a std[70759c8f55707aa4]::panic::PanicHookInfo<'b>,), Output = ()> + core[df12db4294e9bfd3]::marker::Send + core[df12db4294e9bfd3]::marker::Sync> as core[df12db4294e9bfd3]::ops::function::Fn<(&std[70759c8f55707aa4]::panic::PanicHookInfo,)>>::call
[INFO] [stdout]                                at /rustc/dfb0accb7f508ae8be965d8629557221c889dd98/library/alloc/src/boxed.rs:2334:9
[INFO] [stdout]   14:     0x55dd8d6202d2 - std[70759c8f55707aa4]::panicking::panic_with_hook
[INFO] [stdout]                                at /rustc/dfb0accb7f508ae8be965d8629557221c889dd98/library/std/src/panicking.rs:823:13
[INFO] [stdout]   15:     0x55dd8d600364 - std[70759c8f55707aa4]::panicking::panic_handler::{closure#0}
[INFO] [stdout]                                at /rustc/dfb0accb7f508ae8be965d8629557221c889dd98/library/std/src/panicking.rs:681:13
[INFO] [stdout]   16:     0x55dd8d5f8969 - std[70759c8f55707aa4]::sys::backtrace::__rust_end_short_backtrace::<std[70759c8f55707aa4]::panicking::panic_handler::{closure#0}, !>
[INFO] [stdout]                                at /rustc/dfb0accb7f508ae8be965d8629557221c889dd98/library/std/src/sys/backtrace.rs:182:18
[INFO] [stdout]   17:     0x55dd8d60152d - __rustc[8fa7c3cbc660c2b3]::rust_begin_unwind
[INFO] [stdout]                                at /rustc/dfb0accb7f508ae8be965d8629557221c889dd98/library/std/src/panicking.rs:679:5
[INFO] [stdout]   18:     0x55dd8d644b7c - core[df12db4294e9bfd3]::panicking::panic_fmt
[INFO] [stdout]                                at /rustc/dfb0accb7f508ae8be965d8629557221c889dd98/library/core/src/panicking.rs:80:14
[INFO] [stdout]   19:     0x55dd8c892d12 - surge[cb86a729107c9844]::commands::install::remote::runtime::runtime_probe_tests::spawn_supervisor_with_args
[INFO] [stdout]                                at /opt/rustwide/workdir/src/commands/install/remote/runtime_probe_tests.rs:90:9
[INFO] [stdout]   20:     0x55dd8c891a50 - surge[cb86a729107c9844]::commands::install::remote::runtime::runtime_probe_tests::spawn_supervisor
[INFO] [stdout]                                at /opt/rustwide/workdir/src/commands/install/remote/runtime_probe_tests.rs:53:5
[INFO] [stdout]   21:     0x55dd8c89445f - surge[cb86a729107c9844]::commands::install::remote::runtime::runtime_probe_tests::process_probe_rejects_supervisor_id_prefix_match
[INFO] [stdout]                                at /opt/rustwide/workdir/src/commands/install/remote/runtime_probe_tests.rs:185:5
[INFO] [stdout]   22:     0x55dd8c87bb17 - surge[cb86a729107c9844]::commands::install::remote::runtime::runtime_probe_tests::process_probe_rejects_supervisor_id_prefix_match::{closure#0}
[INFO] [stdout]                                at /opt/rustwide/workdir/src/commands/install/remote/runtime_probe_tests.rs:182:54
[INFO] [stdout]   23:     0x55dd8c7b61a6 - <surge[cb86a729107c9844]::commands::install::remote::runtime::runtime_probe_tests::process_probe_rejects_supervisor_id_prefix_match::{closure#0} as core[df12db4294e9bfd3]::ops::function::FnOnce<()>>::call_once
[INFO] [stdout]                                at /rustc/dfb0accb7f508ae8be965d8629557221c889dd98/library/core/src/ops/function.rs:250:5
[INFO] [stdout]   24:     0x55dd8c97bf2b - <fn() -> core[df12db4294e9bfd3]::result::Result<(), alloc[2182bb758b4b3781]::string::String> as core[df12db4294e9bfd3]::ops::function::FnOnce<()>>::call_once
[INFO] [stdout]                                at /rustc/dfb0accb7f508ae8be965d8629557221c889dd98/library/core/src/ops/function.rs:250:5
[INFO] [stdout]   25:     0x55dd8c97bf2b - test[9d35eded1c95d3be]::__rust_begin_short_backtrace::<core[df12db4294e9bfd3]::result::Result<(), alloc[2182bb758b4b3781]::string::String>, fn() -> core[df12db4294e9bfd3]::result::Result<(), alloc[2182bb758b4b3781]::string::String>>
[INFO] [stdout]                                at /rustc/dfb0accb7f508ae8be965d8629557221c889dd98/library/test/src/lib.rs:733:18
[INFO] [stdout]   26:     0x55dd8c989595 - test[9d35eded1c95d3be]::run_test_in_process::{closure#0}
[INFO] [stdout]                                at /rustc/dfb0accb7f508ae8be965d8629557221c889dd98/library/test/src/lib.rs:756:74
[INFO] [stdout]   27:     0x55dd8c989595 - <core[df12db4294e9bfd3]::panic::unwind_safe::AssertUnwindSafe<test[9d35eded1c95d3be]::run_test_in_process::{closure#0}> as core[df12db4294e9bfd3]::ops::function::FnOnce<()>>::call_once
[INFO] [stdout]                                at /rustc/dfb0accb7f508ae8be965d8629557221c889dd98/library/core/src/panic/unwind_safe.rs:275:9
[INFO] [stdout]   28:     0x55dd8c989595 - std[70759c8f55707aa4]::panicking::catch_unwind::do_call::<core[df12db4294e9bfd3]::panic::unwind_safe::AssertUnwindSafe<test[9d35eded1c95d3be]::run_test_in_process::{closure#0}>, core[df12db4294e9bfd3]::result::Result<(), alloc[2182bb758b4b3781]::string::String>>
[INFO] [stdout]                                at /rustc/dfb0accb7f508ae8be965d8629557221c889dd98/library/std/src/panicking.rs:576:43
[INFO] [stdout]   29:     0x55dd8c989595 - std[70759c8f55707aa4]::panicking::catch_unwind::<core[df12db4294e9bfd3]::result::Result<(), alloc[2182bb758b4b3781]::string::String>, core[df12db4294e9bfd3]::panic::unwind_safe::AssertUnwindSafe<test[9d35eded1c95d3be]::run_test_in_process::{closure#0}>>
[INFO] [stdout]                                at /rustc/dfb0accb7f508ae8be965d8629557221c889dd98/library/std/src/panicking.rs:544:19
[INFO] [stdout]   30:     0x55dd8c989595 - std[70759c8f55707aa4]::panic::catch_unwind::<core[df12db4294e9bfd3]::panic::unwind_safe::AssertUnwindSafe<test[9d35eded1c95d3be]::run_test_in_process::{closure#0}>, core[df12db4294e9bfd3]::result::Result<(), alloc[2182bb758b4b3781]::string::String>>
[INFO] [stdout]                                at /rustc/dfb0accb7f508ae8be965d8629557221c889dd98/library/std/src/panic.rs:359:14
[INFO] [stdout]   31:     0x55dd8c989595 - test[9d35eded1c95d3be]::run_test_in_process
[INFO] [stdout]                                at /rustc/dfb0accb7f508ae8be965d8629557221c889dd98/library/test/src/lib.rs:756:27
[INFO] [stdout]   32:     0x55dd8c989595 - test[9d35eded1c95d3be]::run_test::{closure#0}
[INFO] [stdout]                                at /rustc/dfb0accb7f508ae8be965d8629557221c889dd98/library/test/src/lib.rs:677:43
[INFO] [stdout]   33:     0x55dd8c982e54 - test[9d35eded1c95d3be]::run_test::{closure#1}
[INFO] [stdout]                                at /rustc/dfb0accb7f508ae8be965d8629557221c889dd98/library/test/src/lib.rs:707:41
[INFO] [stdout]   34:     0x55dd8c982e54 - std[70759c8f55707aa4]::sys::backtrace::__rust_begin_short_backtrace::<test[9d35eded1c95d3be]::run_test::{closure#1}, ()>
[INFO] [stdout]                                at /rustc/dfb0accb7f508ae8be965d8629557221c889dd98/library/std/src/sys/backtrace.rs:166:18
[INFO] [stdout]   35:     0x55dd8c98c6f2 - std[70759c8f55707aa4]::thread::lifecycle::spawn_unchecked::<test[9d35eded1c95d3be]::run_test::{closure#1}, ()>::{closure#1}::{closure#0}
[INFO] [stdout]                                at /rustc/dfb0accb7f508ae8be965d8629557221c889dd98/library/std/src/thread/lifecycle.rs:70:13
[INFO] [stdout]   36:     0x55dd8c98c6f2 - <core[df12db4294e9bfd3]::panic::unwind_safe::AssertUnwindSafe<std[70759c8f55707aa4]::thread::lifecycle::spawn_unchecked<test[9d35eded1c95d3be]::run_test::{closure#1}, ()>::{closure#1}::{closure#0}> as core[df12db4294e9bfd3]::ops::function::FnOnce<()>>::call_once
[INFO] [stdout]                                at /rustc/dfb0accb7f508ae8be965d8629557221c889dd98/library/core/src/panic/unwind_safe.rs:275:9
[INFO] [stdout]   37:     0x55dd8c98c6f2 - std[70759c8f55707aa4]::panicking::catch_unwind::do_call::<core[df12db4294e9bfd3]::panic::unwind_safe::AssertUnwindSafe<std[70759c8f55707aa4]::thread::lifecycle::spawn_unchecked<test[9d35eded1c95d3be]::run_test::{closure#1}, ()>::{closure#1}::{closure#0}>, ()>
[INFO] [stdout]                                at /rustc/dfb0accb7f508ae8be965d8629557221c889dd98/library/std/src/panicking.rs:576:43
[INFO] [stdout]   38:     0x55dd8c98c6f2 - std[70759c8f55707aa4]::panicking::catch_unwind::<(), core[df12db4294e9bfd3]::panic::unwind_safe::AssertUnwindSafe<std[70759c8f55707aa4]::thread::lifecycle::spawn_unchecked<test[9d35eded1c95d3be]::run_test::{closure#1}, ()>::{closure#1}::{closure#0}>>
[INFO] [stdout]                                at /rustc/dfb0accb7f508ae8be965d8629557221c889dd98/library/std/src/panicking.rs:544:19
[INFO] [stdout]   39:     0x55dd8c98c6f2 - std[70759c8f55707aa4]::panic::catch_unwind::<core[df12db4294e9bfd3]::panic::unwind_safe::AssertUnwindSafe<std[70759c8f55707aa4]::thread::lifecycle::spawn_unchecked<test[9d35eded1c95d3be]::run_test::{closure#1}, ()>::{closure#1}::{closure#0}>, ()>
[INFO] [stdout]                                at /rustc/dfb0accb7f508ae8be965d8629557221c889dd98/library/std/src/panic.rs:359:14
[INFO] [stdout]   40:     0x55dd8c98c6f2 - std[70759c8f55707aa4]::thread::lifecycle::spawn_unchecked::<test[9d35eded1c95d3be]::run_test::{closure#1}, ()>::{closure#1}
[INFO] [stdout]                                at /rustc/dfb0accb7f508ae8be965d8629557221c889dd98/library/std/src/thread/lifecycle.rs:68:26
[INFO] [stdout]   41:     0x55dd8c98c6f2 - <std[70759c8f55707aa4]::thread::lifecycle::spawn_unchecked<test[9d35eded1c95d3be]::run_test::{closure#1}, ()>::{closure#1} as core[df12db4294e9bfd3]::ops::function::FnOnce<()>>::call_once::{shim:vtable#0}
[INFO] [stdout]                                at /rustc/dfb0accb7f508ae8be965d8629557221c889dd98/library/core/src/ops/function.rs:250:5
[INFO] [stdout]   42:     0x55dd8d629a49 - <alloc[2182bb758b4b3781]::boxed::Box<dyn core[df12db4294e9bfd3]::ops::function::FnOnce<(), Output = ()> + core[df12db4294e9bfd3]::marker::Send> as core[df12db4294e9bfd3]::ops::function::FnOnce<()>>::call_once
[INFO] [stdout]                                at /rustc/dfb0accb7f508ae8be965d8629557221c889dd98/library/alloc/src/boxed.rs:2320:9
[INFO] [stdout]   43:     0x55dd8d629a49 - <std[70759c8f55707aa4]::sys::thread::unix::Thread>::new::thread_start
[INFO] [stdout]                                at /rustc/dfb0accb7f508ae8be965d8629557221c889dd98/library/std/src/sys/thread/unix.rs:123:17
[INFO] [stdout]   44:     0x79611ae82dfa - <unknown>
[INFO] [stdout]   45:     0x79611af163d4 - clone
[INFO] [stdout]   46:                0x0 - <unknown>
[INFO] [stdout] 
[INFO] [stdout] ---- commands::install::remote::runtime::runtime_probe_tests::process_probe_rejects_retained_symlink_target_changed_between_releases stdout ----
[INFO] [stdout] 
[INFO] [stdout] thread 'commands::install::remote::runtime::runtime_probe_tests::process_probe_rejects_retained_symlink_target_changed_between_releases' (3014) panicked at src/commands/install/remote/runtime_probe_tests.rs:90:9:
[INFO] [stdout] child did not exec the fixture app
[INFO] [stdout] stack backtrace:
[INFO] [stdout]    0:     0x55dd8d62b0b1 - std[70759c8f55707aa4]::backtrace_rs::backtrace::libunwind::trace
[INFO] [stdout]                                at /rustc/dfb0accb7f508ae8be965d8629557221c889dd98/library/std/src/../../backtrace/src/backtrace/libunwind.rs:117:9
[INFO] [stdout]    1:     0x55dd8d62b0b1 - std[70759c8f55707aa4]::backtrace_rs::backtrace::trace_unsynchronized::<std[70759c8f55707aa4]::sys::backtrace::_print_fmt::{closure#1}>
[INFO] [stdout]                                at /rustc/dfb0accb7f508ae8be965d8629557221c889dd98/library/std/src/../../backtrace/src/backtrace/mod.rs:66:14
[INFO] [stdout]    2:     0x55dd8d62b0b1 - std[70759c8f55707aa4]::sys::backtrace::_print_fmt
[INFO] [stdout]                                at /rustc/dfb0accb7f508ae8be965d8629557221c889dd98/library/std/src/sys/backtrace.rs:74:9
[INFO] [stdout]    3:     0x55dd8d62b0b1 - <<std[70759c8f55707aa4]::sys::backtrace::BacktraceLock>::print::DisplayBacktrace as core[df12db4294e9bfd3]::fmt::Display>::fmt
[INFO] [stdout]                                at /rustc/dfb0accb7f508ae8be965d8629557221c889dd98/library/std/src/sys/backtrace.rs:44:26
[INFO] [stdout]    4:     0x55dd8d64432a - <core[df12db4294e9bfd3]::fmt::rt::Argument>::fmt
[INFO] [stdout]                                at /rustc/dfb0accb7f508ae8be965d8629557221c889dd98/library/core/src/fmt/rt.rs:152:76
[INFO] [stdout]    5:     0x55dd8d64432a - core[df12db4294e9bfd3]::fmt::write
[INFO] [stdout]    6:     0x55dd8d630a7c - core[df12db4294e9bfd3]::io::write::default_write_fmt::<alloc[2182bb758b4b3781]::vec::Vec<u8>>
[INFO] [stdout]                                at /rustc/dfb0accb7f508ae8be965d8629557221c889dd98/library/core/src/io/write.rs:402:11
[INFO] [stdout]    7:     0x55dd8d630a7c - <alloc[2182bb758b4b3781]::vec::Vec<u8> as core[df12db4294e9bfd3]::io::write::Write>::write_fmt
[INFO] [stdout]                                at /rustc/dfb0accb7f508ae8be965d8629557221c889dd98/library/core/src/io/write.rs:335:13
[INFO] [stdout]    8:     0x55dd8d600286 - <std[70759c8f55707aa4]::sys::backtrace::BacktraceLock>::print
[INFO] [stdout]                                at /rustc/dfb0accb7f508ae8be965d8629557221c889dd98/library/std/src/sys/backtrace.rs:47:9
[INFO] [stdout]    9:     0x55dd8d600286 - std[70759c8f55707aa4]::panicking::default_hook::{closure#0}
[INFO] [stdout]                                at /rustc/dfb0accb7f508ae8be965d8629557221c889dd98/library/std/src/panicking.rs:292:27
[INFO] [stdout]   10:     0x55dd8d61ffa9 - std[70759c8f55707aa4]::panicking::default_hook
[INFO] [stdout]                                at /rustc/dfb0accb7f508ae8be965d8629557221c889dd98/library/std/src/panicking.rs:316:9
[INFO] [stdout]   11:     0x55dd8c988c40 - <alloc[2182bb758b4b3781]::boxed::Box<dyn for<'a, 'b> core[df12db4294e9bfd3]::ops::function::Fn<(&'a std[70759c8f55707aa4]::panic::PanicHookInfo<'b>,), Output = ()> + core[df12db4294e9bfd3]::marker::Send + core[df12db4294e9bfd3]::marker::Sync> as core[df12db4294e9bfd3]::ops::function::Fn<(&std[70759c8f55707aa4]::panic::PanicHookInfo,)>>::call
[INFO] [stdout]                                at /rustc/dfb0accb7f508ae8be965d8629557221c889dd98/library/alloc/src/boxed.rs:2334:9
[INFO] [stdout]   12:     0x55dd8c988c40 - test[9d35eded1c95d3be]::test_main_inner::<test[9d35eded1c95d3be]::test_main_static::{closure#0}>::{closure#0}
[INFO] [stdout]                                at /rustc/dfb0accb7f508ae8be965d8629557221c889dd98/library/test/src/lib.rs:155:21
[INFO] [stdout]   13:     0x55dd8d6202d2 - <alloc[2182bb758b4b3781]::boxed::Box<dyn for<'a, 'b> core[df12db4294e9bfd3]::ops::function::Fn<(&'a std[70759c8f55707aa4]::panic::PanicHookInfo<'b>,), Output = ()> + core[df12db4294e9bfd3]::marker::Send + core[df12db4294e9bfd3]::marker::Sync> as core[df12db4294e9bfd3]::ops::function::Fn<(&std[70759c8f55707aa4]::panic::PanicHookInfo,)>>::call
[INFO] [stdout]                                at /rustc/dfb0accb7f508ae8be965d8629557221c889dd98/library/alloc/src/boxed.rs:2334:9
[INFO] [stdout]   14:     0x55dd8d6202d2 - std[70759c8f55707aa4]::panicking::panic_with_hook
[INFO] [stdout]                                at /rustc/dfb0accb7f508ae8be965d8629557221c889dd98/library/std/src/panicking.rs:823:13
[INFO] [stdout]   15:     0x55dd8d600364 - std[70759c8f55707aa4]::panicking::panic_handler::{closure#0}
[INFO] [stdout]                                at /rustc/dfb0accb7f508ae8be965d8629557221c889dd98/library/std/src/panicking.rs:681:13
[INFO] [stdout]   16:     0x55dd8d5f8969 - std[70759c8f55707aa4]::sys::backtrace::__rust_end_short_backtrace::<std[70759c8f55707aa4]::panicking::panic_handler::{closure#0}, !>
[INFO] [stdout]                                at /rustc/dfb0accb7f508ae8be965d8629557221c889dd98/library/std/src/sys/backtrace.rs:182:18
[INFO] [stdout]   17:     0x55dd8d60152d - __rustc[8fa7c3cbc660c2b3]::rust_begin_unwind
[INFO] [stdout]                                at /rustc/dfb0accb7f508ae8be965d8629557221c889dd98/library/std/src/panicking.rs:679:5
[INFO] [stdout]   18:     0x55dd8d644b7c - core[df12db4294e9bfd3]::panicking::panic_fmt
[INFO] [stdout]                                at /rustc/dfb0accb7f508ae8be965d8629557221c889dd98/library/core/src/panicking.rs:80:14
[INFO] [stdout]   19:     0x55dd8c892d12 - surge[cb86a729107c9844]::commands::install::remote::runtime::runtime_probe_tests::spawn_supervisor_with_args
[INFO] [stdout]                                at /opt/rustwide/workdir/src/commands/install/remote/runtime_probe_tests.rs:90:9
[INFO] [stdout]   20:     0x55dd8c891a50 - surge[cb86a729107c9844]::commands::install::remote::runtime::runtime_probe_tests::spawn_supervisor
[INFO] [stdout]                                at /opt/rustwide/workdir/src/commands/install/remote/runtime_probe_tests.rs:53:5
[INFO] [stdout]   21:     0x55dd8c8975c1 - surge[cb86a729107c9844]::commands::install::remote::runtime::runtime_probe_tests::process_probe_rejects_retained_symlink_target_changed_between_releases
[INFO] [stdout]                                at /opt/rustwide/workdir/src/commands/install/remote/runtime_probe_tests.rs:319:5
[INFO] [stdout]   22:     0x55dd8c87bcf7 - surge[cb86a729107c9844]::commands::install::remote::runtime::runtime_probe_tests::process_probe_rejects_retained_symlink_target_changed_between_releases::{closure#0}
[INFO] [stdout]                                at /opt/rustwide/workdir/src/commands/install/remote/runtime_probe_tests.rs:305:76
[INFO] [stdout]   23:     0x55dd8c7b62e6 - <surge[cb86a729107c9844]::commands::install::remote::runtime::runtime_probe_tests::process_probe_rejects_retained_symlink_target_changed_between_releases::{closure#0} as core[df12db4294e9bfd3]::ops::function::FnOnce<()>>::call_once
[INFO] [stdout]                                at /rustc/dfb0accb7f508ae8be965d8629557221c889dd98/library/core/src/ops/function.rs:250:5
[INFO] [stdout]   24:     0x55dd8c97bf2b - <fn() -> core[df12db4294e9bfd3]::result::Result<(), alloc[2182bb758b4b3781]::string::String> as core[df12db4294e9bfd3]::ops::function::FnOnce<()>>::call_once
[INFO] [stdout]                                at /rustc/dfb0accb7f508ae8be965d8629557221c889dd98/library/core/src/ops/function.rs:250:5
[INFO] [stdout]   25:     0x55dd8c97bf2b - test[9d35eded1c95d3be]::__rust_begin_short_backtrace::<core[df12db4294e9bfd3]::result::Result<(), alloc[2182bb758b4b3781]::string::String>, fn() -> core[df12db4294e9bfd3]::result::Result<(), alloc[2182bb758b4b3781]::string::String>>
[INFO] [stdout]                                at /rustc/dfb0accb7f508ae8be965d8629557221c889dd98/library/test/src/lib.rs:733:18
[INFO] [stdout]   26:     0x55dd8c989595 - test[9d35eded1c95d3be]::run_test_in_process::{closure#0}
[INFO] [stdout]                                at /rustc/dfb0accb7f508ae8be965d8629557221c889dd98/library/test/src/lib.rs:756:74
[INFO] [stdout]   27:     0x55dd8c989595 - <core[df12db4294e9bfd3]::panic::unwind_safe::AssertUnwindSafe<test[9d35eded1c95d3be]::run_test_in_process::{closure#0}> as core[df12db4294e9bfd3]::ops::function::FnOnce<()>>::call_once
[INFO] [stdout]                                at /rustc/dfb0accb7f508ae8be965d8629557221c889dd98/library/core/src/panic/unwind_safe.rs:275:9
[INFO] [stdout]   28:     0x55dd8c989595 - std[70759c8f55707aa4]::panicking::catch_unwind::do_call::<core[df12db4294e9bfd3]::panic::unwind_safe::AssertUnwindSafe<test[9d35eded1c95d3be]::run_test_in_process::{closure#0}>, core[df12db4294e9bfd3]::result::Result<(), alloc[2182bb758b4b3781]::string::String>>
[INFO] [stdout]                                at /rustc/dfb0accb7f508ae8be965d8629557221c889dd98/library/std/src/panicking.rs:576:43
[INFO] [stdout]   29:     0x55dd8c989595 - std[70759c8f55707aa4]::panicking::catch_unwind::<core[df12db4294e9bfd3]::result::Result<(), alloc[2182bb758b4b3781]::string::String>, core[df12db4294e9bfd3]::panic::unwind_safe::AssertUnwindSafe<test[9d35eded1c95d3be]::run_test_in_process::{closure#0}>>
[INFO] [stdout]                                at /rustc/dfb0accb7f508ae8be965d8629557221c889dd98/library/std/src/panicking.rs:544:19
[INFO] [stdout]   30:     0x55dd8c989595 - std[70759c8f55707aa4]::panic::catch_unwind::<core[df12db4294e9bfd3]::panic::unwind_safe::AssertUnwindSafe<test[9d35eded1c95d3be]::run_test_in_process::{closure#0}>, core[df12db4294e9bfd3]::result::Result<(), alloc[2182bb758b4b3781]::string::String>>
[INFO] [stdout]                                at /rustc/dfb0accb7f508ae8be965d8629557221c889dd98/library/std/src/panic.rs:359:14
[INFO] [stdout]   31:     0x55dd8c989595 - test[9d35eded1c95d3be]::run_test_in_process
[INFO] [stdout]                                at /rustc/dfb0accb7f508ae8be965d8629557221c889dd98/library/test/src/lib.rs:756:27
[INFO] [stdout]   32:     0x55dd8c989595 - test[9d35eded1c95d3be]::run_test::{closure#0}
[INFO] [stdout]                                at /rustc/dfb0accb7f508ae8be965d8629557221c889dd98/library/test/src/lib.rs:677:43
[INFO] [stdout]   33:     0x55dd8c982e54 - test[9d35eded1c95d3be]::run_test::{closure#1}
[INFO] [stdout]                                at /rustc/dfb0accb7f508ae8be965d8629557221c889dd98/library/test/src/lib.rs:707:41
[INFO] [stdout]   34:     0x55dd8c982e54 - std[70759c8f55707aa4]::sys::backtrace::__rust_begin_short_backtrace::<test[9d35eded1c95d3be]::run_test::{closure#1}, ()>
[INFO] [stdout]                                at /rustc/dfb0accb7f508ae8be965d8629557221c889dd98/library/std/src/sys/backtrace.rs:166:18
[INFO] [stdout]   35:     0x55dd8c98c6f2 - std[70759c8f55707aa4]::thread::lifecycle::spawn_unchecked::<test[9d35eded1c95d3be]::run_test::{closure#1}, ()>::{closure#1}::{closure#0}
[INFO] [stdout]                                at /rustc/dfb0accb7f508ae8be965d8629557221c889dd98/library/std/src/thread/lifecycle.rs:70:13
[INFO] [stdout]   36:     0x55dd8c98c6f2 - <core[df12db4294e9bfd3]::panic::unwind_safe::AssertUnwindSafe<std[70759c8f55707aa4]::thread::lifecycle::spawn_unchecked<test[9d35eded1c95d3be]::run_test::{closure#1}, ()>::{closure#1}::{closure#0}> as core[df12db4294e9bfd3]::ops::function::FnOnce<()>>::call_once
[INFO] [stdout]                                at /rustc/dfb0accb7f508ae8be965d8629557221c889dd98/library/core/src/panic/unwind_safe.rs:275:9
[INFO] [stdout]   37:     0x55dd8c98c6f2 - std[70759c8f55707aa4]::panicking::catch_unwind::do_call::<core[df12db4294e9bfd3]::panic::unwind_safe::AssertUnwindSafe<std[70759c8f55707aa4]::thread::lifecycle::spawn_unchecked<test[9d35eded1c95d3be]::run_test::{closure#1}, ()>::{closure#1}::{closure#0}>, ()>
[INFO] [stdout]                                at /rustc/dfb0accb7f508ae8be965d8629557221c889dd98/library/std/src/panicking.rs:576:43
[INFO] [stdout]   38:     0x55dd8c98c6f2 - std[70759c8f55707aa4]::panicking::catch_unwind::<(), core[df12db4294e9bfd3]::panic::unwind_safe::AssertUnwindSafe<std[70759c8f55707aa4]::thread::lifecycle::spawn_unchecked<test[9d35eded1c95d3be]::run_test::{closure#1}, ()>::{closure#1}::{closure#0}>>
[INFO] [stdout]                                at /rustc/dfb0accb7f508ae8be965d8629557221c889dd98/library/std/src/panicking.rs:544:19
[INFO] [stdout]   39:     0x55dd8c98c6f2 - std[70759c8f55707aa4]::panic::catch_unwind::<core[df12db4294e9bfd3]::panic::unwind_safe::AssertUnwindSafe<std[70759c8f55707aa4]::thread::lifecycle::spawn_unchecked<test[9d35eded1c95d3be]::run_test::{closure#1}, ()>::{closure#1}::{closure#0}>, ()>
[INFO] [stdout]                                at /rustc/dfb0accb7f508ae8be965d8629557221c889dd98/library/std/src/panic.rs:359:14
[INFO] [stdout]   40:     0x55dd8c98c6f2 - std[70759c8f55707aa4]::thread::lifecycle::spawn_unchecked::<test[9d35eded1c95d3be]::run_test::{closure#1}, ()>::{closure#1}
[INFO] [stdout]                                at /rustc/dfb0accb7f508ae8be965d8629557221c889dd98/library/std/src/thread/lifecycle.rs:68:26
[INFO] [stdout]   41:     0x55dd8c98c6f2 - <std[70759c8f55707aa4]::thread::lifecycle::spawn_unchecked<test[9d35eded1c95d3be]::run_test::{closure#1}, ()>::{closure#1} as core[df12db4294e9bfd3]::ops::function::FnOnce<()>>::call_once::{shim:vtable#0}
[INFO] [stdout]                                at /rustc/dfb0accb7f508ae8be965d8629557221c889dd98/library/core/src/ops/function.rs:250:5
[INFO] [stdout]   42:     0x55dd8d629a49 - <alloc[2182bb758b4b3781]::boxed::Box<dyn core[df12db4294e9bfd3]::ops::function::FnOnce<(), Output = ()> + core[df12db4294e9bfd3]::marker::Send> as core[df12db4294e9bfd3]::ops::function::FnOnce<()>>::call_once
[INFO] [stdout]                                at /rustc/dfb0accb7f508ae8be965d8629557221c889dd98/library/alloc/src/boxed.rs:2320:9
[INFO] [stdout]   43:     0x55dd8d629a49 - <std[70759c8f55707aa4]::sys::thread::unix::Thread>::new::thread_start
[INFO] [stdout]                                at /rustc/dfb0accb7f508ae8be965d8629557221c889dd98/library/std/src/sys/thread/unix.rs:123:17
[INFO] [stdout]   44:     0x79611ae82dfa - <unknown>
[INFO] [stdout]   45:     0x79611af163d4 - clone
[INFO] [stdout]   46:                0x0 - <unknown>
[INFO] [stdout] 
[INFO] [stdout] 
[INFO] [stdout] failures:
[INFO] [stdout]     commands::install::remote::detached::tests::detached_launch_command_runs_installer_detached_and_reports_pid
[INFO] [stdout]     commands::install::remote::runtime::runtime_probe_tests::process_probe_accepts_current_child_after_watched_process_exits
[INFO] [stdout]     commands::install::remote::runtime::runtime_probe_tests::process_probe_accepts_in_tree_symlink_after_respawn
[INFO] [stdout]     commands::install::remote::runtime::runtime_probe_tests::process_probe_accepts_original_watched_app
[INFO] [stdout]     commands::install::remote::runtime::runtime_probe_tests::process_probe_rejects_retained_symlink_target_changed_between_releases
[INFO] [stdout]     commands::install::remote::runtime::runtime_probe_tests::process_probe_rejects_supervisor_id_prefix_match
[INFO] [stdout]     commands::install::remote::runtime::runtime_probe_tests::process_probe_requires_parent_proof_for_legacy_watch_without_start_time
[INFO] [stdout] 
[INFO] [stdout] test result: FAILED. 244 passed; 7 failed; 0 ignored; 0 measured; 0 filtered out; finished in 131.31s
[INFO] [stdout] 
[INFO] [stderr] error: test failed, to rerun pass `--bin surge`
[INFO] running `Command { std: "docker" "inspect" "5b13ef7c0046a24abd891cf0df608fc5ce0cf2f00adbeacb913c6b5ce989c172", kill_on_drop: false }`
[INFO] running `Command { std: "docker" "rm" "-f" "5b13ef7c0046a24abd891cf0df608fc5ce0cf2f00adbeacb913c6b5ce989c172", kill_on_drop: false }`
[INFO] [stdout] 5b13ef7c0046a24abd891cf0df608fc5ce0cf2f00adbeacb913c6b5ce989c172
