[INFO] fetching crate supabasic-rs 0.1.0...
[INFO] testing supabasic-rs-0.1.0 against 1.99.0-beta.8 for beta-1.100-2
[INFO] extracting crate supabasic-rs 0.1.0 into /workspace/builds/worker-3-tc1/source
[INFO] started tweaking crates.io crate supabasic-rs 0.1.0
[INFO] removed 0 missing tests
[INFO] finished tweaking crates.io crate supabasic-rs 0.1.0
[INFO] tweaked toml for crates.io crate supabasic-rs 0.1.0 written to /workspace/builds/worker-3-tc1/source/Cargo.toml
[INFO] validating manifest of crates.io crate supabasic-rs 0.1.0 on toolchain 1.99.0-beta.8
[INFO] running `Command { std: CARGO_HOME="/workspace/cargo-home" RUSTUP_HOME="/workspace/rustup-home" "/workspace/cargo-home/bin/cargo" "+1.99.0-beta.8" "metadata" "--manifest-path" "Cargo.toml" "--no-deps", kill_on_drop: false }`
[INFO] crate crates.io crate supabasic-rs 0.1.0 already has a lockfile, it will not be regenerated
[INFO] running `Command { std: CARGO_HOME="/workspace/cargo-home" RUSTUP_HOME="/workspace/rustup-home" "/workspace/cargo-home/bin/cargo" "+1.99.0-beta.8" "fetch" "--manifest-path" "Cargo.toml", kill_on_drop: false }`
[INFO] [stderr]  Downloading crates ...
[INFO] [stderr]   Downloaded serde v1.0.225
[INFO] [stderr]   Downloaded serde_derive v1.0.225
[INFO] [stderr]   Downloaded wasm-bindgen-futures v0.4.53
[INFO] [stderr]   Downloaded serde_core v1.0.225
[INFO] [stderr]   Downloaded wasm-bindgen-shared v0.2.103
[INFO] [stderr]   Downloaded potential_utf v0.1.3
[INFO] [stderr]   Downloaded wasm-bindgen-macro v0.2.103
[INFO] [stderr]   Downloaded wasm-bindgen-macro-support v0.2.103
[INFO] [stderr]   Downloaded find-msvc-tools v0.1.2
[INFO] [stderr]   Downloaded wasm-bindgen-backend v0.2.103
[INFO] [stderr]   Downloaded wasm-bindgen v0.2.103
[INFO] [stderr]   Downloaded tempfile v3.22.0
[INFO] [stderr]   Downloaded js-sys v0.3.80
[INFO] [stderr]   Downloaded cc v1.2.38
[INFO] [stderr]   Downloaded indexmap v2.11.4
[INFO] [stderr]   Downloaded web-sys v0.3.80
[INFO] running `Command { std: "docker" "create" "-v" "/var/lib/crater-agent-workspace/builds/worker-3-tc1/source:/opt/rustwide/workdir:ro,Z" "-v" "/var/lib/crater-agent-workspace/builds/worker-3-tc1/target:/opt/rustwide/target:rw,Z" "-v" "/var/lib/crater-agent-workspace/cargo-home:/opt/rustwide/cargo-home:ro,Z" "-v" "/var/lib/crater-agent-workspace/rustup-home:/opt/rustwide/rustup-home:ro,Z" "-m" "1610612736" "--network" "none" "ghcr.io/rust-lang/crates-build-env/linux@sha256:3111399a4047eeb3a02b7a90e478d715f38a8c6669b5c4b49d30a17385265909" "sleep" "infinity", kill_on_drop: false }`
[INFO] [stdout] 5d4eb9ff6c326e41004fba9021d445e03a75f46e7615e908d232a45b6899ef19
[INFO] running `Command { std: "docker" "start" "5d4eb9ff6c326e41004fba9021d445e03a75f46e7615e908d232a45b6899ef19", kill_on_drop: false }`
[INFO] running `Command { std: "docker" "inspect" "5d4eb9ff6c326e41004fba9021d445e03a75f46e7615e908d232a45b6899ef19", kill_on_drop: false }`
[INFO] running `Command { std: "docker" "exec" "-e" "SOURCE_DIR=/opt/rustwide/workdir" "-e" "CARGO_HOME=/opt/rustwide/cargo-home" "-e" "RUSTUP_HOME=/opt/rustwide/rustup-home" "-e" "CARGO_TARGET_DIR=/opt/rustwide/target" "-w" "/opt/rustwide/workdir" "--user" "0:0" "5d4eb9ff6c326e41004fba9021d445e03a75f46e7615e908d232a45b6899ef19" "/opt/rustwide/cargo-home/bin/cargo" "+1.99.0-beta.8" "metadata" "--no-deps" "--format-version=1", kill_on_drop: false }`
[INFO] running `Command { std: "docker" "inspect" "5d4eb9ff6c326e41004fba9021d445e03a75f46e7615e908d232a45b6899ef19", kill_on_drop: false }`
[INFO] running `Command { std: "docker" "exec" "-e" "SOURCE_DIR=/opt/rustwide/workdir" "-e" "CARGO_HOME=/opt/rustwide/cargo-home" "-e" "RUSTUP_HOME=/opt/rustwide/rustup-home" "-e" "CARGO_TARGET_DIR=/opt/rustwide/target" "-e" "CARGO_INCREMENTAL=0" "-e" "RUST_BACKTRACE=full" "-e" "RUSTFLAGS=--cap-lints=warn" "-e" "RUSTDOCFLAGS=--cap-lints=warn" "-w" "/opt/rustwide/workdir" "--user" "0:0" "5d4eb9ff6c326e41004fba9021d445e03a75f46e7615e908d232a45b6899ef19" "/opt/rustwide/cargo-home/bin/cargo" "+1.99.0-beta.8" "build" "--frozen" "--message-format=json", kill_on_drop: false }`
[INFO] [stderr]    Compiling proc-macro2 v1.0.101
[INFO] [stderr]    Compiling unicode-ident v1.0.19
[INFO] [stderr]    Compiling libc v0.2.175
[INFO] [stderr]    Compiling find-msvc-tools v0.1.2
[INFO] [stderr]    Compiling cfg-if v1.0.3
[INFO] [stderr]    Compiling smallvec v1.15.1
[INFO] [stderr]    Compiling stable_deref_trait v1.2.0
[INFO] [stderr]    Compiling lock_api v0.4.13
[INFO] [stderr]    Compiling parking_lot_core v0.9.11
[INFO] [stderr]    Compiling bytes v1.10.1
[INFO] [stderr]    Compiling itoa v1.0.15
[INFO] [stderr]    Compiling cc v1.2.38
[INFO] [stderr]    Compiling futures-core v0.3.31
[INFO] [stderr]    Compiling writeable v0.6.1
[INFO] [stderr]    Compiling litemap v0.8.0
[INFO] [stderr]    Compiling serde_core v1.0.225
[INFO] [stderr]    Compiling icu_normalizer_data v2.0.0
[INFO] [stderr]    Compiling icu_properties_data v2.0.1
[INFO] [stderr]    Compiling memchr v2.7.5
[INFO] [stderr]    Compiling http v0.2.12
[INFO] [stderr]    Compiling tracing-core v0.1.34
[INFO] [stderr]    Compiling futures-sink v0.3.31
[INFO] [stderr]    Compiling foreign-types-shared v0.1.1
[INFO] [stderr]    Compiling openssl v0.10.73
[INFO] [stderr]    Compiling futures-task v0.3.31
[INFO] [stderr]    Compiling futures-io v0.3.31
[INFO] [stderr]    Compiling indexmap v2.11.4
[INFO] [stderr]    Compiling quote v1.0.40
[INFO] [stderr]    Compiling syn v2.0.106
[INFO] [stderr]    Compiling mio v1.0.4
[INFO] [stderr]    Compiling signal-hook-registry v1.4.6
[INFO] [stderr]    Compiling parking_lot v0.12.4
[INFO] [stderr]    Compiling socket2 v0.6.0
[INFO] [stderr]    Compiling getrandom v0.2.16
[INFO] [stderr]    Compiling futures-util v0.3.31
[INFO] [stderr]    Compiling tracing v0.1.41
[INFO] [stderr]    Compiling foreign-types v0.3.2
[INFO] [stderr]    Compiling rustls v0.21.12
[INFO] [stderr]    Compiling native-tls v0.2.14
[INFO] [stderr]    Compiling bitflags v2.9.4
[INFO] [stderr]    Compiling serde v1.0.225
[INFO] [stderr]    Compiling http-body v0.4.6
[INFO] [stderr]    Compiling socket2 v0.5.10
[INFO] [stderr]    Compiling openssl-sys v0.9.109
[INFO] [stderr]    Compiling ring v0.17.14
[INFO] [stderr]    Compiling futures-channel v0.3.31
[INFO] [stderr]    Compiling openssl-probe v0.1.6
[INFO] [stderr]    Compiling ryu v1.0.20
[INFO] [stderr]    Compiling serde_json v1.0.145
[INFO] [stderr]    Compiling base64 v0.21.7
[INFO] [stderr]    Compiling encoding_rs v0.8.35
[INFO] [stderr]    Compiling mime v0.3.17
[INFO] [stderr]    Compiling rustls-pemfile v1.0.4
[INFO] [stderr]    Compiling ipnet v2.11.0
[INFO] [stderr]    Compiling sync_wrapper v0.1.2
[INFO] [stderr]    Compiling synstructure v0.13.2
[INFO] [stderr]    Compiling zerofrom-derive v0.1.6
[INFO] [stderr]    Compiling yoke-derive v0.8.0
[INFO] [stderr]    Compiling zerovec-derive v0.11.1
[INFO] [stderr]    Compiling displaydoc v0.2.5
[INFO] [stderr]    Compiling tokio-macros v2.5.0
[INFO] [stderr]    Compiling openssl-macros v0.1.1
[INFO] [stderr]    Compiling serde_derive v1.0.225
[INFO] [stderr]    Compiling rustls-webpki v0.101.7
[INFO] [stderr]    Compiling tokio v1.47.1
[INFO] [stderr]    Compiling sct v0.7.1
[INFO] [stderr]    Compiling zerofrom v0.1.6
[INFO] [stderr]    Compiling yoke v0.8.0
[INFO] [stderr]    Compiling zerovec v0.11.4
[INFO] [stderr]    Compiling zerotrie v0.2.2
[INFO] [stderr]    Compiling tinystr v0.8.1
[INFO] [stderr]    Compiling potential_utf v0.1.3
[INFO] [stderr]    Compiling icu_collections v2.0.0
[INFO] [stderr]    Compiling icu_locale_core v2.0.0
[INFO] [stderr]    Compiling icu_provider v2.0.0
[INFO] [stderr]    Compiling serde_urlencoded v0.7.1
[INFO] [stderr]    Compiling icu_normalizer v2.0.0
[INFO] [stderr]    Compiling icu_properties v2.0.1
[INFO] [stderr]    Compiling idna_adapter v1.2.1
[INFO] [stderr]    Compiling idna v1.1.0
[INFO] [stderr]    Compiling url v2.5.7
[INFO] [stderr]    Compiling tokio-util v0.7.16
[INFO] [stderr]    Compiling tokio-native-tls v0.3.1
[INFO] [stderr]    Compiling tokio-rustls v0.24.1
[INFO] [stderr]    Compiling h2 v0.3.27
[INFO] [stderr]    Compiling hyper v0.14.32
[INFO] [stderr]    Compiling hyper-tls v0.5.0
[INFO] [stderr]    Compiling hyper-rustls v0.24.2
[INFO] [stderr]    Compiling reqwest v0.11.27
[INFO] [stderr]    Compiling supabasic-rs v0.1.0 (/opt/rustwide/workdir)
[INFO] [stderr]     Finished `dev` profile [unoptimized + debuginfo] target(s) in 1m 29s
[INFO] running `Command { std: "docker" "inspect" "5d4eb9ff6c326e41004fba9021d445e03a75f46e7615e908d232a45b6899ef19", kill_on_drop: false }`
[INFO] running `Command { std: "docker" "exec" "-e" "SOURCE_DIR=/opt/rustwide/workdir" "-e" "CARGO_HOME=/opt/rustwide/cargo-home" "-e" "RUSTUP_HOME=/opt/rustwide/rustup-home" "-e" "CARGO_TARGET_DIR=/opt/rustwide/target" "-e" "CARGO_INCREMENTAL=0" "-e" "RUST_BACKTRACE=full" "-e" "RUSTFLAGS=--cap-lints=warn" "-e" "RUSTDOCFLAGS=--cap-lints=warn" "-w" "/opt/rustwide/workdir" "--user" "0:0" "5d4eb9ff6c326e41004fba9021d445e03a75f46e7615e908d232a45b6899ef19" "/opt/rustwide/cargo-home/bin/cargo" "+1.99.0-beta.8" "test" "--frozen" "--no-run" "--message-format=json", kill_on_drop: false }`
[INFO] [stderr]    Compiling dotenvy v0.15.7
[INFO] [stderr]    Compiling supabasic-rs v0.1.0 (/opt/rustwide/workdir)
[INFO] [stderr]     Finished `test` profile [unoptimized + debuginfo] target(s) in 2.33s
[INFO] running `Command { std: "docker" "inspect" "5d4eb9ff6c326e41004fba9021d445e03a75f46e7615e908d232a45b6899ef19", kill_on_drop: false }`
[INFO] running `Command { std: "docker" "exec" "-e" "SOURCE_DIR=/opt/rustwide/workdir" "-e" "CARGO_HOME=/opt/rustwide/cargo-home" "-e" "RUSTUP_HOME=/opt/rustwide/rustup-home" "-e" "CARGO_TARGET_DIR=/opt/rustwide/target" "-e" "CARGO_INCREMENTAL=0" "-e" "RUST_BACKTRACE=full" "-e" "RUSTFLAGS=--cap-lints=warn" "-e" "RUSTDOCFLAGS=--cap-lints=warn" "-w" "/opt/rustwide/workdir" "--user" "0:0" "5d4eb9ff6c326e41004fba9021d445e03a75f46e7615e908d232a45b6899ef19" "/opt/rustwide/cargo-home/bin/cargo" "+1.99.0-beta.8" "test" "--frozen", kill_on_drop: false }`
[INFO] [stderr]     Finished `test` profile [unoptimized + debuginfo] target(s) in 0.15s
[INFO] [stderr]      Running unittests src/lib.rs (/opt/rustwide/target/debug/deps/supabasic_rs-07ba453758b72d0e)
[INFO] [stdout] 
[INFO] [stdout] running 0 tests
[INFO] [stdout] 
[INFO] [stdout] test result: ok. 0 passed; 0 failed; 0 ignored; 0 measured; 0 filtered out; finished in 0.00s
[INFO] [stdout] 
[INFO] [stderr]      Running unittests src/main.rs (/opt/rustwide/target/debug/deps/supabasic_rs-762a34ad255c4ea4)
[INFO] [stdout] 
[INFO] [stdout] running 0 tests
[INFO] [stdout] 
[INFO] [stdout] test result: ok. 0 passed; 0 failed; 0 ignored; 0 measured; 0 filtered out; finished in 0.00s
[INFO] [stdout] 
[INFO] [stderr]      Running tests/basic.rs (/opt/rustwide/target/debug/deps/basic-cea3379a4105c45d)
[INFO] [stdout] 
[INFO] [stdout] running 1 test
[INFO] [stdout] test it_works ... ok
[INFO] [stdout] 
[INFO] [stdout] test result: ok. 1 passed; 0 failed; 0 ignored; 0 measured; 0 filtered out; finished in 0.00s
[INFO] [stdout] 
[INFO] [stderr]      Running tests/client.rs (/opt/rustwide/target/debug/deps/client-008a93ca5e0528ba)
[INFO] [stdout] 
[INFO] [stdout] running 1 test
[INFO] [stdout] test test_select_and_insert ... FAILED
[INFO] [stdout] 
[INFO] [stdout] failures:
[INFO] [stdout] 
[INFO] [stdout] ---- test_select_and_insert stdout ----
[INFO] [stdout] 
[INFO] [stdout] thread 'test_select_and_insert' (1583) panicked at tests/client.rs:9:40:
[INFO] [stdout] called `Result::unwrap()` on an `Err` value: NotPresent
[INFO] [stdout] stack backtrace:
[INFO] [stdout]    0:     0x57cf77665fd1 - std[70759c8f55707aa4]::backtrace_rs::backtrace::libunwind::trace
[INFO] [stdout]                                at /rustc/dfb0accb7f508ae8be965d8629557221c889dd98/library/std/src/../../backtrace/src/backtrace/libunwind.rs:117:9
[INFO] [stdout]    1:     0x57cf77665fd1 - std[70759c8f55707aa4]::backtrace_rs::backtrace::trace_unsynchronized::<std[70759c8f55707aa4]::sys::backtrace::_print_fmt::{closure#1}>
[INFO] [stdout]                                at /rustc/dfb0accb7f508ae8be965d8629557221c889dd98/library/std/src/../../backtrace/src/backtrace/mod.rs:66:14
[INFO] [stdout]    2:     0x57cf77665fd1 - std[70759c8f55707aa4]::sys::backtrace::_print_fmt
[INFO] [stdout]                                at /rustc/dfb0accb7f508ae8be965d8629557221c889dd98/library/std/src/sys/backtrace.rs:74:9
[INFO] [stdout]    3:     0x57cf77665fd1 - <<std[70759c8f55707aa4]::sys::backtrace::BacktraceLock>::print::DisplayBacktrace as core[df12db4294e9bfd3]::fmt::Display>::fmt
[INFO] [stdout]                                at /rustc/dfb0accb7f508ae8be965d8629557221c889dd98/library/std/src/sys/backtrace.rs:44:26
[INFO] [stdout]    4:     0x57cf7767c52a - <core[df12db4294e9bfd3]::fmt::rt::Argument>::fmt
[INFO] [stdout]                                at /rustc/dfb0accb7f508ae8be965d8629557221c889dd98/library/core/src/fmt/rt.rs:152:76
[INFO] [stdout]    5:     0x57cf7767c52a - core[df12db4294e9bfd3]::fmt::write
[INFO] [stdout]    6:     0x57cf7766ab0c - core[df12db4294e9bfd3]::io::write::default_write_fmt::<alloc[2182bb758b4b3781]::vec::Vec<u8>>
[INFO] [stdout]                                at /rustc/dfb0accb7f508ae8be965d8629557221c889dd98/library/core/src/io/write.rs:402:11
[INFO] [stdout]    7:     0x57cf7766ab0c - <alloc[2182bb758b4b3781]::vec::Vec<u8> as core[df12db4294e9bfd3]::io::write::Write>::write_fmt
[INFO] [stdout]                                at /rustc/dfb0accb7f508ae8be965d8629557221c889dd98/library/core/src/io/write.rs:335:13
[INFO] [stdout]    8:     0x57cf77641106 - <std[70759c8f55707aa4]::sys::backtrace::BacktraceLock>::print
[INFO] [stdout]                                at /rustc/dfb0accb7f508ae8be965d8629557221c889dd98/library/std/src/sys/backtrace.rs:47:9
[INFO] [stdout]    9:     0x57cf77641106 - std[70759c8f55707aa4]::panicking::default_hook::{closure#0}
[INFO] [stdout]                                at /rustc/dfb0accb7f508ae8be965d8629557221c889dd98/library/std/src/panicking.rs:292:27
[INFO] [stdout]   10:     0x57cf7765dee9 - std[70759c8f55707aa4]::panicking::default_hook
[INFO] [stdout]                                at /rustc/dfb0accb7f508ae8be965d8629557221c889dd98/library/std/src/panicking.rs:316:9
[INFO] [stdout]   11:     0x57cf77079d90 - <alloc[2182bb758b4b3781]::boxed::Box<dyn for<'a, 'b> core[df12db4294e9bfd3]::ops::function::Fn<(&'a std[70759c8f55707aa4]::panic::PanicHookInfo<'b>,), Output = ()> + core[df12db4294e9bfd3]::marker::Send + core[df12db4294e9bfd3]::marker::Sync> as core[df12db4294e9bfd3]::ops::function::Fn<(&std[70759c8f55707aa4]::panic::PanicHookInfo,)>>::call
[INFO] [stdout]                                at /rustc/dfb0accb7f508ae8be965d8629557221c889dd98/library/alloc/src/boxed.rs:2334:9
[INFO] [stdout]   12:     0x57cf77079d90 - test[9d35eded1c95d3be]::test_main_inner::<test[9d35eded1c95d3be]::test_main_static::{closure#0}>::{closure#0}
[INFO] [stdout]                                at /rustc/dfb0accb7f508ae8be965d8629557221c889dd98/library/test/src/lib.rs:155:21
[INFO] [stdout]   13:     0x57cf7765e212 - <alloc[2182bb758b4b3781]::boxed::Box<dyn for<'a, 'b> core[df12db4294e9bfd3]::ops::function::Fn<(&'a std[70759c8f55707aa4]::panic::PanicHookInfo<'b>,), Output = ()> + core[df12db4294e9bfd3]::marker::Send + core[df12db4294e9bfd3]::marker::Sync> as core[df12db4294e9bfd3]::ops::function::Fn<(&std[70759c8f55707aa4]::panic::PanicHookInfo,)>>::call
[INFO] [stdout]                                at /rustc/dfb0accb7f508ae8be965d8629557221c889dd98/library/alloc/src/boxed.rs:2334:9
[INFO] [stdout]   14:     0x57cf7765e212 - std[70759c8f55707aa4]::panicking::panic_with_hook
[INFO] [stdout]                                at /rustc/dfb0accb7f508ae8be965d8629557221c889dd98/library/std/src/panicking.rs:823:13
[INFO] [stdout]   15:     0x57cf776411b2 - std[70759c8f55707aa4]::panicking::panic_handler::{closure#0}
[INFO] [stdout]                                at /rustc/dfb0accb7f508ae8be965d8629557221c889dd98/library/std/src/panicking.rs:688:13
[INFO] [stdout]   16:     0x57cf77639c19 - std[70759c8f55707aa4]::sys::backtrace::__rust_end_short_backtrace::<std[70759c8f55707aa4]::panicking::panic_handler::{closure#0}, !>
[INFO] [stdout]                                at /rustc/dfb0accb7f508ae8be965d8629557221c889dd98/library/std/src/sys/backtrace.rs:182:18
[INFO] [stdout]   17:     0x57cf7764203d - __rustc[8fa7c3cbc660c2b3]::rust_begin_unwind
[INFO] [stdout]                                at /rustc/dfb0accb7f508ae8be965d8629557221c889dd98/library/std/src/panicking.rs:679:5
[INFO] [stdout]   18:     0x57cf7767cd7c - core[df12db4294e9bfd3]::panicking::panic_fmt
[INFO] [stdout]                                at /rustc/dfb0accb7f508ae8be965d8629557221c889dd98/library/core/src/panicking.rs:80:14
[INFO] [stdout]   19:     0x57cf7767caa2 - core[df12db4294e9bfd3]::result::unwrap_failed
[INFO] [stdout]                                at /rustc/dfb0accb7f508ae8be965d8629557221c889dd98/library/core/src/result.rs:1871:5
[INFO] [stdout]   20:     0x57cf7706993f - <core[df12db4294e9bfd3]::result::Result<alloc[2182bb758b4b3781]::string::String, std[70759c8f55707aa4]::env::VarError>>::unwrap
[INFO] [stdout]                                at /rustc/dfb0accb7f508ae8be965d8629557221c889dd98/library/core/src/result.rs:1232:23
[INFO] [stdout]   21:     0x57cf7706993f - client[71570ca51c8780c9]::test_select_and_insert::{closure#0}
[INFO] [stdout]                                at /opt/rustwide/workdir/tests/client.rs:9:40
[INFO] [stdout]   22:     0x57cf7706cf72 - <core[df12db4294e9bfd3]::pin::Pin<&mut dyn core[df12db4294e9bfd3]::future::future::Future<Output = ()>> as core[df12db4294e9bfd3]::future::future::Future>::poll
[INFO] [stdout]                                at /rustc/dfb0accb7f508ae8be965d8629557221c889dd98/library/core/src/future/future.rs:133:9
[INFO] [stdout]   23:     0x57cf7706cfed - <core[df12db4294e9bfd3]::pin::Pin<&mut core[df12db4294e9bfd3]::pin::Pin<&mut dyn core[df12db4294e9bfd3]::future::future::Future<Output = ()>>> as core[df12db4294e9bfd3]::future::future::Future>::poll
[INFO] [stdout]                                at /rustc/dfb0accb7f508ae8be965d8629557221c889dd98/library/core/src/future/future.rs:133:9
[INFO] [stdout]   24:     0x57cf77062ebd - <tokio[3d911ac72ca74d62]::runtime::scheduler::current_thread::CoreGuard>::block_on::<core[df12db4294e9bfd3]::pin::Pin<&mut core[df12db4294e9bfd3]::pin::Pin<&mut dyn core[df12db4294e9bfd3]::future::future::Future<Output = ()>>>>::{closure#0}::{closure#0}::{closure#0}
[INFO] [stdout]                                at /opt/rustwide/cargo-home/registry/src/index.crates.io-1949cf8c6b5b557f/tokio-1.47.1/src/runtime/scheduler/current_thread/mod.rs:742:70
[INFO] [stdout]   25:     0x57cf77062de5 - tokio[3d911ac72ca74d62]::task::coop::with_budget::<core[df12db4294e9bfd3]::task::poll::Poll<()>, <tokio[3d911ac72ca74d62]::runtime::scheduler::current_thread::CoreGuard>::block_on<core[df12db4294e9bfd3]::pin::Pin<&mut core[df12db4294e9bfd3]::pin::Pin<&mut dyn core[df12db4294e9bfd3]::future::future::Future<Output = ()>>>>::{closure#0}::{closure#0}::{closure#0}>
[INFO] [stdout]                                at /opt/rustwide/cargo-home/registry/src/index.crates.io-1949cf8c6b5b557f/tokio-1.47.1/src/task/coop/mod.rs:167:5
[INFO] [stdout]   26:     0x57cf77062de5 - tokio[3d911ac72ca74d62]::task::coop::budget::<core[df12db4294e9bfd3]::task::poll::Poll<()>, <tokio[3d911ac72ca74d62]::runtime::scheduler::current_thread::CoreGuard>::block_on<core[df12db4294e9bfd3]::pin::Pin<&mut core[df12db4294e9bfd3]::pin::Pin<&mut dyn core[df12db4294e9bfd3]::future::future::Future<Output = ()>>>>::{closure#0}::{closure#0}::{closure#0}>
[INFO] [stdout]                                at /opt/rustwide/cargo-home/registry/src/index.crates.io-1949cf8c6b5b557f/tokio-1.47.1/src/task/coop/mod.rs:133:5
[INFO] [stdout]   27:     0x57cf77062de5 - <tokio[3d911ac72ca74d62]::runtime::scheduler::current_thread::CoreGuard>::block_on::<core[df12db4294e9bfd3]::pin::Pin<&mut core[df12db4294e9bfd3]::pin::Pin<&mut dyn core[df12db4294e9bfd3]::future::future::Future<Output = ()>>>>::{closure#0}::{closure#0}
[INFO] [stdout]                                at /opt/rustwide/cargo-home/registry/src/index.crates.io-1949cf8c6b5b557f/tokio-1.47.1/src/runtime/scheduler/current_thread/mod.rs:742:25
[INFO] [stdout]   28:     0x57cf7705a4b2 - <tokio[3d911ac72ca74d62]::runtime::scheduler::current_thread::Context>::enter::<core[df12db4294e9bfd3]::task::poll::Poll<()>, <tokio[3d911ac72ca74d62]::runtime::scheduler::current_thread::CoreGuard>::block_on<core[df12db4294e9bfd3]::pin::Pin<&mut core[df12db4294e9bfd3]::pin::Pin<&mut dyn core[df12db4294e9bfd3]::future::future::Future<Output = ()>>>>::{closure#0}::{closure#0}>
[INFO] [stdout]                                at /opt/rustwide/cargo-home/registry/src/index.crates.io-1949cf8c6b5b557f/tokio-1.47.1/src/runtime/scheduler/current_thread/mod.rs:432:19
[INFO] [stdout]   29:     0x57cf7706165d - <tokio[3d911ac72ca74d62]::runtime::scheduler::current_thread::CoreGuard>::block_on::<core[df12db4294e9bfd3]::pin::Pin<&mut core[df12db4294e9bfd3]::pin::Pin<&mut dyn core[df12db4294e9bfd3]::future::future::Future<Output = ()>>>>::{closure#0}
[INFO] [stdout]                                at /opt/rustwide/cargo-home/registry/src/index.crates.io-1949cf8c6b5b557f/tokio-1.47.1/src/runtime/scheduler/current_thread/mod.rs:741:44
[INFO] [stdout]   30:     0x57cf77060944 - <tokio[3d911ac72ca74d62]::runtime::scheduler::current_thread::CoreGuard>::enter::<<tokio[3d911ac72ca74d62]::runtime::scheduler::current_thread::CoreGuard>::block_on<core[df12db4294e9bfd3]::pin::Pin<&mut core[df12db4294e9bfd3]::pin::Pin<&mut dyn core[df12db4294e9bfd3]::future::future::Future<Output = ()>>>>::{closure#0}, core[df12db4294e9bfd3]::option::Option<()>>::{closure#0}
[INFO] [stdout]                                at /opt/rustwide/cargo-home/registry/src/index.crates.io-1949cf8c6b5b557f/tokio-1.47.1/src/runtime/scheduler/current_thread/mod.rs:829:68
[INFO] [stdout]   31:     0x57cf7705995b - <tokio[3d911ac72ca74d62]::runtime::context::scoped::Scoped<tokio[3d911ac72ca74d62]::runtime::scheduler::Context>>::set::<<tokio[3d911ac72ca74d62]::runtime::scheduler::current_thread::CoreGuard>::enter<<tokio[3d911ac72ca74d62]::runtime::scheduler::current_thread::CoreGuard>::block_on<core[df12db4294e9bfd3]::pin::Pin<&mut core[df12db4294e9bfd3]::pin::Pin<&mut dyn core[df12db4294e9bfd3]::future::future::Future<Output = ()>>>>::{closure#0}, core[df12db4294e9bfd3]::option::Option<()>>::{closure#0}, (alloc[2182bb758b4b3781]::boxed::Box<tokio[3d911ac72ca74d62]::runtime::scheduler::current_thread::Core>, core[df12db4294e9bfd3]::option::Option<()>)>
[INFO] [stdout]                                at /opt/rustwide/cargo-home/registry/src/index.crates.io-1949cf8c6b5b557f/tokio-1.47.1/src/runtime/context/scoped.rs:40:9
[INFO] [stdout]   32:     0x57cf770622b9 - tokio[3d911ac72ca74d62]::runtime::context::set_scheduler::<(alloc[2182bb758b4b3781]::boxed::Box<tokio[3d911ac72ca74d62]::runtime::scheduler::current_thread::Core>, core[df12db4294e9bfd3]::option::Option<()>), <tokio[3d911ac72ca74d62]::runtime::scheduler::current_thread::CoreGuard>::enter<<tokio[3d911ac72ca74d62]::runtime::scheduler::current_thread::CoreGuard>::block_on<core[df12db4294e9bfd3]::pin::Pin<&mut core[df12db4294e9bfd3]::pin::Pin<&mut dyn core[df12db4294e9bfd3]::future::future::Future<Output = ()>>>>::{closure#0}, core[df12db4294e9bfd3]::option::Option<()>>::{closure#0}>::{closure#0}
[INFO] [stdout]                                at /opt/rustwide/cargo-home/registry/src/index.crates.io-1949cf8c6b5b557f/tokio-1.47.1/src/runtime/context.rs:176:38
[INFO] [stdout]   33:     0x57cf7705b3ff - <std[70759c8f55707aa4]::thread::local::LocalKey<tokio[3d911ac72ca74d62]::runtime::context::Context>>::try_with::<tokio[3d911ac72ca74d62]::runtime::context::set_scheduler<(alloc[2182bb758b4b3781]::boxed::Box<tokio[3d911ac72ca74d62]::runtime::scheduler::current_thread::Core>, core[df12db4294e9bfd3]::option::Option<()>), <tokio[3d911ac72ca74d62]::runtime::scheduler::current_thread::CoreGuard>::enter<<tokio[3d911ac72ca74d62]::runtime::scheduler::current_thread::CoreGuard>::block_on<core[df12db4294e9bfd3]::pin::Pin<&mut core[df12db4294e9bfd3]::pin::Pin<&mut dyn core[df12db4294e9bfd3]::future::future::Future<Output = ()>>>>::{closure#0}, core[df12db4294e9bfd3]::option::Option<()>>::{closure#0}>::{closure#0}, (alloc[2182bb758b4b3781]::boxed::Box<tokio[3d911ac72ca74d62]::runtime::scheduler::current_thread::Core>, core[df12db4294e9bfd3]::option::Option<()>)>
[INFO] [stdout]                                at /rustc/dfb0accb7f508ae8be965d8629557221c889dd98/library/std/src/thread/local.rs:463:12
[INFO] [stdout]   34:     0x57cf7705afae - <std[70759c8f55707aa4]::thread::local::LocalKey<tokio[3d911ac72ca74d62]::runtime::context::Context>>::with::<tokio[3d911ac72ca74d62]::runtime::context::set_scheduler<(alloc[2182bb758b4b3781]::boxed::Box<tokio[3d911ac72ca74d62]::runtime::scheduler::current_thread::Core>, core[df12db4294e9bfd3]::option::Option<()>), <tokio[3d911ac72ca74d62]::runtime::scheduler::current_thread::CoreGuard>::enter<<tokio[3d911ac72ca74d62]::runtime::scheduler::current_thread::CoreGuard>::block_on<core[df12db4294e9bfd3]::pin::Pin<&mut core[df12db4294e9bfd3]::pin::Pin<&mut dyn core[df12db4294e9bfd3]::future::future::Future<Output = ()>>>>::{closure#0}, core[df12db4294e9bfd3]::option::Option<()>>::{closure#0}>::{closure#0}, (alloc[2182bb758b4b3781]::boxed::Box<tokio[3d911ac72ca74d62]::runtime::scheduler::current_thread::Core>, core[df12db4294e9bfd3]::option::Option<()>)>
[INFO] [stdout]                                at /rustc/dfb0accb7f508ae8be965d8629557221c889dd98/library/std/src/thread/local.rs:427:20
[INFO] [stdout]   35:     0x57cf7705e69d - tokio[3d911ac72ca74d62]::runtime::context::set_scheduler::<(alloc[2182bb758b4b3781]::boxed::Box<tokio[3d911ac72ca74d62]::runtime::scheduler::current_thread::Core>, core[df12db4294e9bfd3]::option::Option<()>), <tokio[3d911ac72ca74d62]::runtime::scheduler::current_thread::CoreGuard>::enter<<tokio[3d911ac72ca74d62]::runtime::scheduler::current_thread::CoreGuard>::block_on<core[df12db4294e9bfd3]::pin::Pin<&mut core[df12db4294e9bfd3]::pin::Pin<&mut dyn core[df12db4294e9bfd3]::future::future::Future<Output = ()>>>>::{closure#0}, core[df12db4294e9bfd3]::option::Option<()>>::{closure#0}>
[INFO] [stdout]                                at /opt/rustwide/cargo-home/registry/src/index.crates.io-1949cf8c6b5b557f/tokio-1.47.1/src/runtime/context.rs:176:17
[INFO] [stdout]   36:     0x57cf7705c480 - <tokio[3d911ac72ca74d62]::runtime::scheduler::current_thread::CoreGuard>::enter::<<tokio[3d911ac72ca74d62]::runtime::scheduler::current_thread::CoreGuard>::block_on<core[df12db4294e9bfd3]::pin::Pin<&mut core[df12db4294e9bfd3]::pin::Pin<&mut dyn core[df12db4294e9bfd3]::future::future::Future<Output = ()>>>>::{closure#0}, core[df12db4294e9bfd3]::option::Option<()>>
[INFO] [stdout]                                at /opt/rustwide/cargo-home/registry/src/index.crates.io-1949cf8c6b5b557f/tokio-1.47.1/src/runtime/scheduler/current_thread/mod.rs:829:27
[INFO] [stdout]   37:     0x57cf7705c776 - <tokio[3d911ac72ca74d62]::runtime::scheduler::current_thread::CoreGuard>::block_on::<core[df12db4294e9bfd3]::pin::Pin<&mut core[df12db4294e9bfd3]::pin::Pin<&mut dyn core[df12db4294e9bfd3]::future::future::Future<Output = ()>>>>
[INFO] [stdout]                                at /opt/rustwide/cargo-home/registry/src/index.crates.io-1949cf8c6b5b557f/tokio-1.47.1/src/runtime/scheduler/current_thread/mod.rs:729:24
[INFO] [stdout]   38:     0x57cf770604e0 - <tokio[3d911ac72ca74d62]::runtime::scheduler::current_thread::CurrentThread>::block_on::<core[df12db4294e9bfd3]::pin::Pin<&mut dyn core[df12db4294e9bfd3]::future::future::Future<Output = ()>>>::{closure#0}
[INFO] [stdout]                                at /opt/rustwide/cargo-home/registry/src/index.crates.io-1949cf8c6b5b557f/tokio-1.47.1/src/runtime/scheduler/current_thread/mod.rs:200:33
[INFO] [stdout]   39:     0x57cf7705ec38 - tokio[3d911ac72ca74d62]::runtime::context::runtime::enter_runtime::<<tokio[3d911ac72ca74d62]::runtime::scheduler::current_thread::CurrentThread>::block_on<core[df12db4294e9bfd3]::pin::Pin<&mut dyn core[df12db4294e9bfd3]::future::future::Future<Output = ()>>>::{closure#0}, ()>
[INFO] [stdout]                                at /opt/rustwide/cargo-home/registry/src/index.crates.io-1949cf8c6b5b557f/tokio-1.47.1/src/runtime/context/runtime.rs:65:16
[INFO] [stdout]   40:     0x57cf77059b94 - <tokio[3d911ac72ca74d62]::runtime::scheduler::current_thread::CurrentThread>::block_on::<core[df12db4294e9bfd3]::pin::Pin<&mut dyn core[df12db4294e9bfd3]::future::future::Future<Output = ()>>>
[INFO] [stdout]                                at /opt/rustwide/cargo-home/registry/src/index.crates.io-1949cf8c6b5b557f/tokio-1.47.1/src/runtime/scheduler/current_thread/mod.rs:188:9
[INFO] [stdout]   41:     0x57cf770650bf - <tokio[3d911ac72ca74d62]::runtime::runtime::Runtime>::block_on_inner::<core[df12db4294e9bfd3]::pin::Pin<&mut dyn core[df12db4294e9bfd3]::future::future::Future<Output = ()>>>
[INFO] [stdout]                                at /opt/rustwide/cargo-home/registry/src/index.crates.io-1949cf8c6b5b557f/tokio-1.47.1/src/runtime/runtime.rs:356:52
[INFO] [stdout]   42:     0x57cf7706520b - <tokio[3d911ac72ca74d62]::runtime::runtime::Runtime>::block_on::<core[df12db4294e9bfd3]::pin::Pin<&mut dyn core[df12db4294e9bfd3]::future::future::Future<Output = ()>>>
[INFO] [stdout]                                at /opt/rustwide/cargo-home/registry/src/index.crates.io-1949cf8c6b5b557f/tokio-1.47.1/src/runtime/runtime.rs:330:18
[INFO] [stdout]   43:     0x57cf7706a974 - client[71570ca51c8780c9]::test_select_and_insert
[INFO] [stdout]                                at /opt/rustwide/workdir/tests/client.rs:33:29
[INFO] [stdout]   44:     0x57cf77069757 - client[71570ca51c8780c9]::test_select_and_insert::{closure#0}
[INFO] [stdout]                                at /opt/rustwide/workdir/tests/client.rs:7:34
[INFO] [stdout]   45:     0x57cf77064ec6 - <client[71570ca51c8780c9]::test_select_and_insert::{closure#0} as core[df12db4294e9bfd3]::ops::function::FnOnce<()>>::call_once
[INFO] [stdout]                                at /rustc/dfb0accb7f508ae8be965d8629557221c889dd98/library/core/src/ops/function.rs:250:5
[INFO] [stdout]   46:     0x57cf7706d07b - <fn() -> core[df12db4294e9bfd3]::result::Result<(), alloc[2182bb758b4b3781]::string::String> as core[df12db4294e9bfd3]::ops::function::FnOnce<()>>::call_once
[INFO] [stdout]                                at /rustc/dfb0accb7f508ae8be965d8629557221c889dd98/library/core/src/ops/function.rs:250:5
[INFO] [stdout]   47:     0x57cf7706d07b - test[9d35eded1c95d3be]::__rust_begin_short_backtrace::<core[df12db4294e9bfd3]::result::Result<(), alloc[2182bb758b4b3781]::string::String>, fn() -> core[df12db4294e9bfd3]::result::Result<(), alloc[2182bb758b4b3781]::string::String>>
[INFO] [stdout]                                at /rustc/dfb0accb7f508ae8be965d8629557221c889dd98/library/test/src/lib.rs:733:18
[INFO] [stdout]   48:     0x57cf7707a6e5 - test[9d35eded1c95d3be]::run_test_in_process::{closure#0}
[INFO] [stdout]                                at /rustc/dfb0accb7f508ae8be965d8629557221c889dd98/library/test/src/lib.rs:756:74
[INFO] [stdout]   49:     0x57cf7707a6e5 - <core[df12db4294e9bfd3]::panic::unwind_safe::AssertUnwindSafe<test[9d35eded1c95d3be]::run_test_in_process::{closure#0}> as core[df12db4294e9bfd3]::ops::function::FnOnce<()>>::call_once
[INFO] [stdout]                                at /rustc/dfb0accb7f508ae8be965d8629557221c889dd98/library/core/src/panic/unwind_safe.rs:275:9
[INFO] [stdout]   50:     0x57cf7707a6e5 - std[70759c8f55707aa4]::panicking::catch_unwind::do_call::<core[df12db4294e9bfd3]::panic::unwind_safe::AssertUnwindSafe<test[9d35eded1c95d3be]::run_test_in_process::{closure#0}>, core[df12db4294e9bfd3]::result::Result<(), alloc[2182bb758b4b3781]::string::String>>
[INFO] [stdout]                                at /rustc/dfb0accb7f508ae8be965d8629557221c889dd98/library/std/src/panicking.rs:576:43
[INFO] [stdout]   51:     0x57cf7707a6e5 - std[70759c8f55707aa4]::panicking::catch_unwind::<core[df12db4294e9bfd3]::result::Result<(), alloc[2182bb758b4b3781]::string::String>, core[df12db4294e9bfd3]::panic::unwind_safe::AssertUnwindSafe<test[9d35eded1c95d3be]::run_test_in_process::{closure#0}>>
[INFO] [stdout]                                at /rustc/dfb0accb7f508ae8be965d8629557221c889dd98/library/std/src/panicking.rs:544:19
[INFO] [stdout]   52:     0x57cf7707a6e5 - std[70759c8f55707aa4]::panic::catch_unwind::<core[df12db4294e9bfd3]::panic::unwind_safe::AssertUnwindSafe<test[9d35eded1c95d3be]::run_test_in_process::{closure#0}>, core[df12db4294e9bfd3]::result::Result<(), alloc[2182bb758b4b3781]::string::String>>
[INFO] [stdout]                                at /rustc/dfb0accb7f508ae8be965d8629557221c889dd98/library/std/src/panic.rs:359:14
[INFO] [stdout]   53:     0x57cf7707a6e5 - test[9d35eded1c95d3be]::run_test_in_process
[INFO] [stdout]                                at /rustc/dfb0accb7f508ae8be965d8629557221c889dd98/library/test/src/lib.rs:756:27
[INFO] [stdout]   54:     0x57cf7707a6e5 - test[9d35eded1c95d3be]::run_test::{closure#0}
[INFO] [stdout]                                at /rustc/dfb0accb7f508ae8be965d8629557221c889dd98/library/test/src/lib.rs:677:43
[INFO] [stdout]   55:     0x57cf77073fa4 - test[9d35eded1c95d3be]::run_test::{closure#1}
[INFO] [stdout]                                at /rustc/dfb0accb7f508ae8be965d8629557221c889dd98/library/test/src/lib.rs:707:41
[INFO] [stdout]   56:     0x57cf77073fa4 - std[70759c8f55707aa4]::sys::backtrace::__rust_begin_short_backtrace::<test[9d35eded1c95d3be]::run_test::{closure#1}, ()>
[INFO] [stdout]                                at /rustc/dfb0accb7f508ae8be965d8629557221c889dd98/library/std/src/sys/backtrace.rs:166:18
[INFO] [stdout]   57:     0x57cf7707d842 - std[70759c8f55707aa4]::thread::lifecycle::spawn_unchecked::<test[9d35eded1c95d3be]::run_test::{closure#1}, ()>::{closure#1}::{closure#0}
[INFO] [stdout]                                at /rustc/dfb0accb7f508ae8be965d8629557221c889dd98/library/std/src/thread/lifecycle.rs:70:13
[INFO] [stdout]   58:     0x57cf7707d842 - <core[df12db4294e9bfd3]::panic::unwind_safe::AssertUnwindSafe<std[70759c8f55707aa4]::thread::lifecycle::spawn_unchecked<test[9d35eded1c95d3be]::run_test::{closure#1}, ()>::{closure#1}::{closure#0}> as core[df12db4294e9bfd3]::ops::function::FnOnce<()>>::call_once
[INFO] [stdout]                                at /rustc/dfb0accb7f508ae8be965d8629557221c889dd98/library/core/src/panic/unwind_safe.rs:275:9
[INFO] [stdout]   59:     0x57cf7707d842 - std[70759c8f55707aa4]::panicking::catch_unwind::do_call::<core[df12db4294e9bfd3]::panic::unwind_safe::AssertUnwindSafe<std[70759c8f55707aa4]::thread::lifecycle::spawn_unchecked<test[9d35eded1c95d3be]::run_test::{closure#1}, ()>::{closure#1}::{closure#0}>, ()>
[INFO] [stdout]                                at /rustc/dfb0accb7f508ae8be965d8629557221c889dd98/library/std/src/panicking.rs:576:43
[INFO] [stdout]   60:     0x57cf7707d842 - std[70759c8f55707aa4]::panicking::catch_unwind::<(), core[df12db4294e9bfd3]::panic::unwind_safe::AssertUnwindSafe<std[70759c8f55707aa4]::thread::lifecycle::spawn_unchecked<test[9d35eded1c95d3be]::run_test::{closure#1}, ()>::{closure#1}::{closure#0}>>
[INFO] [stdout]                                at /rustc/dfb0accb7f508ae8be965d8629557221c889dd98/library/std/src/panicking.rs:544:19
[INFO] [stdout]   61:     0x57cf7707d842 - std[70759c8f55707aa4]::panic::catch_unwind::<core[df12db4294e9bfd3]::panic::unwind_safe::AssertUnwindSafe<std[70759c8f55707aa4]::thread::lifecycle::spawn_unchecked<test[9d35eded1c95d3be]::run_test::{closure#1}, ()>::{closure#1}::{closure#0}>, ()>
[INFO] [stdout]                                at /rustc/dfb0accb7f508ae8be965d8629557221c889dd98/library/std/src/panic.rs:359:14
[INFO] [stdout]   62:     0x57cf7707d842 - std[70759c8f55707aa4]::thread::lifecycle::spawn_unchecked::<test[9d35eded1c95d3be]::run_test::{closure#1}, ()>::{closure#1}
[INFO] [stdout]                                at /rustc/dfb0accb7f508ae8be965d8629557221c889dd98/library/std/src/thread/lifecycle.rs:68:26
[INFO] [stdout]   63:     0x57cf7707d842 - <std[70759c8f55707aa4]::thread::lifecycle::spawn_unchecked<test[9d35eded1c95d3be]::run_test::{closure#1}, ()>::{closure#1} as core[df12db4294e9bfd3]::ops::function::FnOnce<()>>::call_once::{shim:vtable#0}
[INFO] [stdout]                                at /rustc/dfb0accb7f508ae8be965d8629557221c889dd98/library/core/src/ops/function.rs:250:5
[INFO] [stdout]   64:     0x57cf776654f9 - <alloc[2182bb758b4b3781]::boxed::Box<dyn core[df12db4294e9bfd3]::ops::function::FnOnce<(), Output = ()> + core[df12db4294e9bfd3]::marker::Send> as core[df12db4294e9bfd3]::ops::function::FnOnce<()>>::call_once
[INFO] [stdout]                                at /rustc/dfb0accb7f508ae8be965d8629557221c889dd98/library/alloc/src/boxed.rs:2320:9
[INFO] [stdout]   65:     0x57cf776654f9 - <std[70759c8f55707aa4]::sys::thread::unix::Thread>::new::thread_start
[INFO] [stdout]                                at /rustc/dfb0accb7f508ae8be965d8629557221c889dd98/library/std/src/sys/thread/unix.rs:123:17
[INFO] [stdout]   66:     0x7cfa8fa31dfa - <unknown>
[INFO] [stdout]   67:     0x7cfa8fac53d4 - clone
[INFO] [stdout]   68:                0x0 - <unknown>
[INFO] [stdout] 
[INFO] [stdout] 
[INFO] [stdout] failures:
[INFO] [stdout]     test_select_and_insert
[INFO] [stdout] 
[INFO] [stdout] test result: FAILED. 0 passed; 1 failed; 0 ignored; 0 measured; 0 filtered out; finished in 0.09s
[INFO] [stdout] 
[INFO] [stderr] error: test failed, to rerun pass `--test client`
[INFO] running `Command { std: "docker" "inspect" "5d4eb9ff6c326e41004fba9021d445e03a75f46e7615e908d232a45b6899ef19", kill_on_drop: false }`
[INFO] running `Command { std: "docker" "rm" "-f" "5d4eb9ff6c326e41004fba9021d445e03a75f46e7615e908d232a45b6899ef19", kill_on_drop: false }`
[INFO] [stdout] 5d4eb9ff6c326e41004fba9021d445e03a75f46e7615e908d232a45b6899ef19
